INSERT INTO config.marc_subfield(marc_format, marc_record_type, tag, code, description,
                                 repeatable, mandatory, hidden)
VALUES (1, 'authority', '700', 'p', $$Name of part/section of a work$$,
TRUE, FALSE, FALSE);
INSERT INTO config.marc_subfield(marc_format, marc_record_type, tag, code, description,
                                 repeatable, mandatory, hidden)
VALUES (1, 'authority', '700', 'q', $$Fuller form of name$$,
FALSE, FALSE, FALSE);
INSERT INTO config.marc_subfield(marc_format, marc_record_type, tag, code, description,
                                 repeatable, mandatory, hidden)
VALUES (1, 'authority', '700', 'r', $$Key for music$$,
FALSE, FALSE, FALSE);
INSERT INTO config.marc_subfield(marc_format, marc_record_type, tag, code, description,
                                 repeatable, mandatory, hidden)
VALUES (1, 'authority', '700', 's', $$Version$$,
FALSE, FALSE, FALSE);
INSERT INTO config.marc_subfield(marc_format, marc_record_type, tag, code, description,
                                 repeatable, mandatory, hidden)
VALUES (1, 'authority', '700', 't', $$Title of a work$$,
FALSE, FALSE, FALSE);
INSERT INTO config.marc_subfield(marc_format, marc_record_type, tag, code, description,
                                 repeatable, mandatory, hidden)
VALUES (1, 'authority', '700', 'v', $$Form subdivision$$,
TRUE, FALSE, FALSE);
INSERT INTO config.marc_subfield(marc_format, marc_record_type, tag, code, description,
                                 repeatable, mandatory, hidden)
VALUES (1, 'authority', '700', 'w', $$Control subfield$$,
FALSE, FALSE, FALSE);
INSERT INTO config.marc_field(marc_format, marc_record_type, tag, name, description,
                              fixed_field, repeatable, mandatory, hidden)
VALUES (1, 'authority', '710', $$Established Heading Linking Entry-Corporate Name$$, $$Corporate name that is equivalent to the name contained in the 110 field of the same record. It links headings within a system or from different thesauri or authority files.$$,
FALSE, TRUE, FALSE, FALSE);
INSERT INTO config.record_attr_definition(name, label)
VALUES ('marc21_authority_710_ind_1', 'MARC 21 authority field 710 indicator position 1');
INSERT INTO config.coded_value_map(ctype, code, value, opac_visible, is_simple)
VALUES ('marc21_authority_710_ind_1', '0', $$Inverted name$$, FALSE, TRUE);
INSERT INTO config.coded_value_map(ctype, code, value, opac_visible, is_simple)
VALUES ('marc21_authority_710_ind_1', '1', $$Jurisdiction name$$, FALSE, TRUE);
INSERT INTO config.coded_value_map(ctype, code, value, opac_visible, is_simple)
VALUES ('marc21_authority_710_ind_1', '2', $$Name in direct order$$, FALSE, TRUE);
INSERT INTO config.record_attr_definition(name, label)
VALUES ('marc21_authority_710_ind_2', 'MARC 21 authority field 710 indicator position 2');
INSERT INTO config.coded_value_map(ctype, code, value, opac_visible, is_simple)
VALUES ('marc21_authority_710_ind_2', '0', $$Library of Congress Subject Headings$$, FALSE, TRUE);
INSERT INTO config.coded_value_map(ctype, code, value, opac_visible, is_simple)
VALUES ('marc21_authority_710_ind_2', '1', $$LC subject headings for children's literature$$, FALSE, TRUE);
INSERT INTO config.coded_value_map(ctype, code, value, opac_visible, is_simple)
VALUES ('marc21_authority_710_ind_2', '2', $$Medical Subject Headings$$, FALSE, TRUE);
INSERT INTO config.coded_value_map(ctype, code, value, opac_visible, is_simple)
VALUES ('marc21_authority_710_ind_2', '3', $$National Agricultural Library subject authority file$$, FALSE, TRUE);
INSERT INTO config.coded_value_map(ctype, code, value, opac_visible, is_simple)
VALUES ('marc21_authority_710_ind_2', '4', $$Source not specified$$, FALSE, TRUE);
INSERT INTO config.coded_value_map(ctype, code, value, opac_visible, is_simple)
VALUES ('marc21_authority_710_ind_2', '5', $$Canadian Subject Headings$$, FALSE, TRUE);
INSERT INTO config.coded_value_map(ctype, code, value, opac_visible, is_simple)
VALUES ('marc21_authority_710_ind_2', '6', $$Répertoire de vedettes-matière$$, FALSE, TRUE);
INSERT INTO config.coded_value_map(ctype, code, value, opac_visible, is_simple)
VALUES ('marc21_authority_710_ind_2', '7', $$Source specified in subfield $2$$, FALSE, TRUE);
INSERT INTO config.marc_subfield(marc_format, marc_record_type, tag, code, description,
                                 repeatable, mandatory, hidden)
VALUES (1, 'authority', '710', 'a', $$Corporate name or jurisdiction name as entry element$$,
FALSE, FALSE, FALSE);
INSERT INTO config.marc_subfield(marc_format, marc_record_type, tag, code, description,
                                 repeatable, mandatory, hidden)
VALUES (1, 'authority', '710', 'b', $$Subordinate unit$$,
TRUE, FALSE, FALSE);
INSERT INTO config.marc_subfield(marc_format, marc_record_type, tag, code, description,
                                 repeatable, mandatory, hidden)
VALUES (1, 'authority', '710', 'c', $$Location of meeting$$,
FALSE, FALSE, FALSE);
INSERT INTO config.marc_subfield(marc_format, marc_record_type, tag, code, description,
                                 repeatable, mandatory, hidden)
VALUES (1, 'authority', '710', 'd', $$Date of meeting or treaty signing$$,
TRUE, FALSE, FALSE);
INSERT INTO config.marc_subfield(marc_format, marc_record_type, tag, code, description,
                                 repeatable, mandatory, hidden)
VALUES (1, 'authority', '710', 'e', $$Relator term$$,
TRUE, FALSE, FALSE);
INSERT INTO config.marc_subfield(marc_format, marc_record_type, tag, code, description,
                                 repeatable, mandatory, hidden)
VALUES (1, 'authority', '710', 'f', $$Date of a work$$,
FALSE, FALSE, FALSE);
INSERT INTO config.marc_subfield(marc_format, marc_record_type, tag, code, description,
                                 repeatable, mandatory, hidden)
VALUES (1, 'authority', '710', 'g', $$Miscellaneous information$$,
FALSE, FALSE, FALSE);
INSERT INTO config.marc_subfield(marc_format, marc_record_type, tag, code, description,
                                 repeatable, mandatory, hidden)
VALUES (1, 'authority', '710', 'h', $$Medium$$,
FALSE, FALSE, FALSE);
INSERT INTO config.marc_subfield(marc_format, marc_record_type, tag, code, description,
                                 repeatable, mandatory, hidden)
VALUES (1, 'authority', '710', 'k', $$Form subheading$$,
TRUE, FALSE, FALSE);
INSERT INTO config.marc_subfield(marc_format, marc_record_type, tag, code, description,
                                 repeatable, mandatory, hidden)
VALUES (1, 'authority', '710', 'l', $$Language of a work$$,
FALSE, FALSE, FALSE);
INSERT INTO config.marc_subfield(marc_format, marc_record_type, tag, code, description,
                                 repeatable, mandatory, hidden)
VALUES (1, 'authority', '710', 'm', $$Medium of performance for music$$,
TRUE, FALSE, FALSE);
INSERT INTO config.marc_subfield(marc_format, marc_record_type, tag, code, description,
                                 repeatable, mandatory, hidden)
VALUES (1, 'authority', '710', 'n', $$Number of part/section/meeting$$,
TRUE, FALSE, FALSE);
INSERT INTO config.marc_subfield(marc_format, marc_record_type, tag, code, description,
                                 repeatable, mandatory, hidden)
VALUES (1, 'authority', '710', 'o', $$Arranged statement for music$$,
FALSE, FALSE, FALSE);
INSERT INTO config.marc_subfield(marc_format, marc_record_type, tag, code, description,
                                 repeatable, mandatory, hidden)
VALUES (1, 'authority', '710', 'p', $$Name of part/section of a work$$,
TRUE, FALSE, FALSE);
INSERT INTO config.marc_subfield(marc_format, marc_record_type, tag, code, description,
                                 repeatable, mandatory, hidden)
VALUES (1, 'authority', '710', 'r', $$Key for music$$,
FALSE, FALSE, FALSE);
INSERT INTO config.marc_subfield(marc_format, marc_record_type, tag, code, description,
                                 repeatable, mandatory, hidden)
VALUES (1, 'authority', '710', 's', $$Version$$,
FALSE, FALSE, FALSE);
INSERT INTO config.marc_subfield(marc_format, marc_record_type, tag, code, description,
                                 repeatable, mandatory, hidden)
VALUES (1, 'authority', '710', 't', $$Title of a work$$,
FALSE, FALSE, FALSE);
INSERT INTO config.marc_subfield(marc_format, marc_record_type, tag, code, description,
                                 repeatable, mandatory, hidden)
VALUES (1, 'authority', '710', 'v', $$Form subdivision$$,
TRUE, FALSE, FALSE);
INSERT INTO config.marc_subfield(marc_format, marc_record_type, tag, code, description,
                                 repeatable, mandatory, hidden)
VALUES (1, 'authority', '710', 'w', $$Control subfield$$,
FALSE, FALSE, FALSE);
INSERT INTO config.marc_field(marc_format, marc_record_type, tag, name, description,
                              fixed_field, repeatable, mandatory, hidden)
VALUES (1, 'authority', '711', $$Established Heading Linking Entry-Meeting Name$$, $$Meeting name that is equivalent to the name contained in the 111 field of the same record. It links headings within a system or from different thesauri or authority files.$$,
FALSE, TRUE, FALSE, FALSE);
INSERT INTO config.record_attr_definition(name, label)
VALUES ('marc21_authority_711_ind_1', 'MARC 21 authority field 711 indicator position 1');
INSERT INTO config.coded_value_map(ctype, code, value, opac_visible, is_simple)
VALUES ('marc21_authority_711_ind_1', '0', $$Inverted name$$, FALSE, TRUE);
INSERT INTO config.coded_value_map(ctype, code, value, opac_visible, is_simple)
VALUES ('marc21_authority_711_ind_1', '1', $$Jurisdiction name$$, FALSE, TRUE);
INSERT INTO config.coded_value_map(ctype, code, value, opac_visible, is_simple)
VALUES ('marc21_authority_711_ind_1', '2', $$Name in direct order$$, FALSE, TRUE);
INSERT INTO config.record_attr_definition(name, label)
VALUES ('marc21_authority_711_ind_2', 'MARC 21 authority field 711 indicator position 2');
INSERT INTO config.coded_value_map(ctype, code, value, opac_visible, is_simple)
VALUES ('marc21_authority_711_ind_2', '0', $$Library of Congress Subject Headings$$, FALSE, TRUE);
INSERT INTO config.coded_value_map(ctype, code, value, opac_visible, is_simple)
VALUES ('marc21_authority_711_ind_2', '1', $$LC subject headings for children's literature$$, FALSE, TRUE);
INSERT INTO config.coded_value_map(ctype, code, value, opac_visible, is_simple)
VALUES ('marc21_authority_711_ind_2', '2', $$Medical Subject Headings$$, FALSE, TRUE);
INSERT INTO config.coded_value_map(ctype, code, value, opac_visible, is_simple)
VALUES ('marc21_authority_711_ind_2', '3', $$National Agricultural Library subject authority file$$, FALSE, TRUE);
INSERT INTO config.coded_value_map(ctype, code, value, opac_visible, is_simple)
VALUES ('marc21_authority_711_ind_2', '4', $$Source not specified$$, FALSE, TRUE);
INSERT INTO config.coded_value_map(ctype, code, value, opac_visible, is_simple)
VALUES ('marc21_authority_711_ind_2', '5', $$Canadian Subject Headings$$, FALSE, TRUE);
INSERT INTO config.coded_value_map(ctype, code, value, opac_visible, is_simple)
VALUES ('marc21_authority_711_ind_2', '6', $$Répertoire de vedettes-matière$$, FALSE, TRUE);
INSERT INTO config.coded_value_map(ctype, code, value, opac_visible, is_simple)
VALUES ('marc21_authority_711_ind_2', '7', $$Source specified in subfield $2$$, FALSE, TRUE);
INSERT INTO config.marc_subfield(marc_format, marc_record_type, tag, code, description,
                                 repeatable, mandatory, hidden)
VALUES (1, 'authority', '711', 'a', $$Meeting name or jurisdiction name as entry element$$,
FALSE, FALSE, FALSE);
INSERT INTO config.marc_subfield(marc_format, marc_record_type, tag, code, description,
                                 repeatable, mandatory, hidden)
VALUES (1, 'authority', '711', 'c', $$Location of meeting$$,
FALSE, FALSE, FALSE);
INSERT INTO config.marc_subfield(marc_format, marc_record_type, tag, code, description,
                                 repeatable, mandatory, hidden)
VALUES (1, 'authority', '711', 'd', $$Date of meeting$$,
FALSE, FALSE, FALSE);
INSERT INTO config.marc_subfield(marc_format, marc_record_type, tag, code, description,
                                 repeatable, mandatory, hidden)
VALUES (1, 'authority', '711', 'e', $$Subordinate unit$$,
TRUE, FALSE, FALSE);
INSERT INTO config.marc_subfield(marc_format, marc_record_type, tag, code, description,
                                 repeatable, mandatory, hidden)
VALUES (1, 'authority', '711', 'f', $$Date of a work$$,
FALSE, FALSE, FALSE);
INSERT INTO config.marc_subfield(marc_format, marc_record_type, tag, code, description,
                                 repeatable, mandatory, hidden)
VALUES (1, 'authority', '711', 'g', $$Miscellaneous information$$,
FALSE, FALSE, FALSE);
INSERT INTO config.marc_subfield(marc_format, marc_record_type, tag, code, description,
                                 repeatable, mandatory, hidden)
VALUES (1, 'authority', '711', 'h', $$Medium$$,
FALSE, FALSE, FALSE);
INSERT INTO config.marc_subfield(marc_format, marc_record_type, tag, code, description,
                                 repeatable, mandatory, hidden)
VALUES (1, 'authority', '711', 'j', $$Relator term$$,
TRUE, FALSE, FALSE);
INSERT INTO config.marc_subfield(marc_format, marc_record_type, tag, code, description,
                                 repeatable, mandatory, hidden)
VALUES (1, 'authority', '711', 'k', $$Form subheading$$,
TRUE, FALSE, FALSE);
INSERT INTO config.marc_subfield(marc_format, marc_record_type, tag, code, description,
                                 repeatable, mandatory, hidden)
VALUES (1, 'authority', '711', 'l', $$Language of a work$$,
FALSE, FALSE, FALSE);
INSERT INTO config.marc_subfield(marc_format, marc_record_type, tag, code, description,
                                 repeatable, mandatory, hidden)
VALUES (1, 'authority', '711', 'n', $$Number of part/section/meeting$$,
TRUE, FALSE, FALSE);
INSERT INTO config.marc_subfield(marc_format, marc_record_type, tag, code, description,
                                 repeatable, mandatory, hidden)
VALUES (1, 'authority', '711', 'p', $$Name of part/section of a work$$,
TRUE, FALSE, FALSE);
INSERT INTO config.marc_subfield(marc_format, marc_record_type, tag, code, description,
                                 repeatable, mandatory, hidden)
VALUES (1, 'authority', '711', 'q', $$Name of meeting following jurisdiction name entry element$$,
FALSE, FALSE, FALSE);
INSERT INTO config.marc_subfield(marc_format, marc_record_type, tag, code, description,
                                 repeatable, mandatory, hidden)
VALUES (1, 'authority', '711', 's', $$Version$$,
FALSE, FALSE, FALSE);
INSERT INTO config.marc_subfield(marc_format, marc_record_type, tag, code, description,
                                 repeatable, mandatory, hidden)
VALUES (1, 'authority', '711', 't', $$Title of a work$$,
FALSE, FALSE, FALSE);
INSERT INTO config.marc_subfield(marc_format, marc_record_type, tag, code, description,
                                 repeatable, mandatory, hidden)
VALUES (1, 'authority', '711', 'v', $$Form subdivision$$,
TRUE, FALSE, FALSE);
INSERT INTO config.marc_subfield(marc_format, marc_record_type, tag, code, description,
                                 repeatable, mandatory, hidden)
VALUES (1, 'authority', '711', 'w', $$Control subfield$$,
FALSE, FALSE, FALSE);
INSERT INTO config.marc_field(marc_format, marc_record_type, tag, name, description,
                              fixed_field, repeatable, mandatory, hidden)
VALUES (1, 'authority', '730', $$Established Heading Linking Entry-Uniform Title$$, $$Uniform title that is equivalent to the title contained in the 130 field of the same record. It links equivalent headings within a system or from different thesauri or authority files.$$,
FALSE, TRUE, FALSE, FALSE);
INSERT INTO config.record_attr_definition(name, label)
VALUES ('marc21_authority_730_ind_1', 'MARC 21 authority field 730 indicator position 1');
INSERT INTO config.coded_value_map(ctype, code, value, opac_visible, is_simple)
VALUES ('marc21_authority_730_ind_1', '#', $$Undefined$$, FALSE, TRUE);
INSERT INTO config.record_attr_definition(name, label)
VALUES ('marc21_authority_730_ind_2', 'MARC 21 authority field 730 indicator position 2');
INSERT INTO config.coded_value_map(ctype, code, value, opac_visible, is_simple)
VALUES ('marc21_authority_730_ind_2', '0', $$Library of Congress Subject Headings$$, FALSE, TRUE);
INSERT INTO config.coded_value_map(ctype, code, value, opac_visible, is_simple)
VALUES ('marc21_authority_730_ind_2', '1', $$LC subject headings for children's literature$$, FALSE, TRUE);
INSERT INTO config.coded_value_map(ctype, code, value, opac_visible, is_simple)
VALUES ('marc21_authority_730_ind_2', '2', $$Medical Subject Headings$$, FALSE, TRUE);
INSERT INTO config.coded_value_map(ctype, code, value, opac_visible, is_simple)
VALUES ('marc21_authority_730_ind_2', '3', $$National Agricultural Library subject authority file$$, FALSE, TRUE);
INSERT INTO config.coded_value_map(ctype, code, value, opac_visible, is_simple)
VALUES ('marc21_authority_730_ind_2', '4', $$Source not specified$$, FALSE, TRUE);
INSERT INTO config.coded_value_map(ctype, code, value, opac_visible, is_simple)
VALUES ('marc21_authority_730_ind_2', '5', $$Canadian Subject Headings$$, FALSE, TRUE);
INSERT INTO config.coded_value_map(ctype, code, value, opac_visible, is_simple)
VALUES ('marc21_authority_730_ind_2', '6', $$Répertoire de vedettes-matière$$, FALSE, TRUE);
INSERT INTO config.coded_value_map(ctype, code, value, opac_visible, is_simple)
VALUES ('marc21_authority_730_ind_2', '7', $$Source specified in subfield $2$$, FALSE, TRUE);
INSERT INTO config.marc_subfield(marc_format, marc_record_type, tag, code, description,
                                 repeatable, mandatory, hidden)
VALUES (1, 'authority', '730', 'a', $$Uniform title$$,
FALSE, FALSE, FALSE);
INSERT INTO config.marc_subfield(marc_format, marc_record_type, tag, code, description,
                                 repeatable, mandatory, hidden)
VALUES (1, 'authority', '730', 'd', $$Date of treaty signing$$,
TRUE, FALSE, FALSE);
INSERT INTO config.marc_subfield(marc_format, marc_record_type, tag, code, description,
                                 repeatable, mandatory, hidden)
VALUES (1, 'authority', '730', 'f', $$Date of a work$$,
FALSE, FALSE, FALSE);
INSERT INTO config.marc_subfield(marc_format, marc_record_type, tag, code, description,
                                 repeatable, mandatory, hidden)
VALUES (1, 'authority', '730', 'g', $$Miscellaneous information$$,
FALSE, FALSE, FALSE);
INSERT INTO config.marc_subfield(marc_format, marc_record_type, tag, code, description,
                                 repeatable, mandatory, hidden)
VALUES (1, 'authority', '730', 'h', $$Medium$$,
FALSE, FALSE, FALSE);
INSERT INTO config.marc_subfield(marc_format, marc_record_type, tag, code, description,
                                 repeatable, mandatory, hidden)
VALUES (1, 'authority', '730', 'k', $$Form subheading$$,
TRUE, FALSE, FALSE);
INSERT INTO config.marc_subfield(marc_format, marc_record_type, tag, code, description,
                                 repeatable, mandatory, hidden)
VALUES (1, 'authority', '730', 'l', $$Language of a work$$,
FALSE, FALSE, FALSE);
INSERT INTO config.marc_subfield(marc_format, marc_record_type, tag, code, description,
                                 repeatable, mandatory, hidden)
VALUES (1, 'authority', '730', 'm', $$Medium of performance for music$$,
TRUE, FALSE, FALSE);
INSERT INTO config.marc_subfield(marc_format, marc_record_type, tag, code, description,
                                 repeatable, mandatory, hidden)
VALUES (1, 'authority', '730', 'n', $$Number of part/section of a work$$,
TRUE, FALSE, FALSE);
INSERT INTO config.marc_subfield(marc_format, marc_record_type, tag, code, description,
                                 repeatable, mandatory, hidden)
VALUES (1, 'authority', '730', 'o', $$Arranged statement for music$$,
FALSE, FALSE, FALSE);
INSERT INTO config.marc_subfield(marc_format, marc_record_type, tag, code, description,
                                 repeatable, mandatory, hidden)
VALUES (1, 'authority', '730', 'p', $$Name of part/section of a work$$,
TRUE, FALSE, FALSE);
INSERT INTO config.marc_subfield(marc_format, marc_record_type, tag, code, description,
                                 repeatable, mandatory, hidden)
VALUES (1, 'authority', '730', 'r', $$Key for music$$,
FALSE, FALSE, FALSE);
INSERT INTO config.marc_subfield(marc_format, marc_record_type, tag, code, description,
                                 repeatable, mandatory, hidden)
VALUES (1, 'authority', '730', 's', $$Version$$,
FALSE, FALSE, FALSE);
INSERT INTO config.marc_subfield(marc_format, marc_record_type, tag, code, description,
                                 repeatable, mandatory, hidden)
VALUES (1, 'authority', '730', 't', $$Title of a work$$,
FALSE, FALSE, FALSE);
INSERT INTO config.marc_subfield(marc_format, marc_record_type, tag, code, description,
                                 repeatable, mandatory, hidden)
VALUES (1, 'authority', '730', 'v', $$Form subdivision$$,
TRUE, FALSE, FALSE);
INSERT INTO config.marc_subfield(marc_format, marc_record_type, tag, code, description,
                                 repeatable, mandatory, hidden)
VALUES (1, 'authority', '730', 'w', $$Control subfield$$,
FALSE, FALSE, FALSE);
INSERT INTO config.marc_field(marc_format, marc_record_type, tag, name, description,
                              fixed_field, repeatable, mandatory, hidden)
VALUES (1, 'authority', '748', $$Established Heading Linking Entry-Chronological Term$$, $$Chronological term that is equivalent to the 148 chronological term or 182 chronological subdivision heading field of the same record. It links headings within a system or from different thesauri or authority files.$$,
FALSE, TRUE, FALSE, FALSE);
INSERT INTO config.record_attr_definition(name, label)
VALUES ('marc21_authority_748_ind_1', 'MARC 21 authority field 748 indicator position 1');
INSERT INTO config.coded_value_map(ctype, code, value, opac_visible, is_simple)
VALUES ('marc21_authority_748_ind_1', '#', $$Undefined$$, FALSE, TRUE);
INSERT INTO config.record_attr_definition(name, label)
VALUES ('marc21_authority_748_ind_2', 'MARC 21 authority field 748 indicator position 2');
INSERT INTO config.coded_value_map(ctype, code, value, opac_visible, is_simple)
VALUES ('marc21_authority_748_ind_2', '0', $$Library of Congress Subject Headings$$, FALSE, TRUE);
INSERT INTO config.coded_value_map(ctype, code, value, opac_visible, is_simple)
VALUES ('marc21_authority_748_ind_2', '1', $$LC subject headings for children's literature$$, FALSE, TRUE);
INSERT INTO config.coded_value_map(ctype, code, value, opac_visible, is_simple)
VALUES ('marc21_authority_748_ind_2', '2', $$Medical Subject Headings$$, FALSE, TRUE);
INSERT INTO config.coded_value_map(ctype, code, value, opac_visible, is_simple)
VALUES ('marc21_authority_748_ind_2', '3', $$National Agricultural Library subject authority file$$, FALSE, TRUE);
INSERT INTO config.coded_value_map(ctype, code, value, opac_visible, is_simple)
VALUES ('marc21_authority_748_ind_2', '4', $$Source not specified$$, FALSE, TRUE);
INSERT INTO config.coded_value_map(ctype, code, value, opac_visible, is_simple)
VALUES ('marc21_authority_748_ind_2', '5', $$Canadian Subject Headings$$, FALSE, TRUE);
INSERT INTO config.coded_value_map(ctype, code, value, opac_visible, is_simple)
VALUES ('marc21_authority_748_ind_2', '6', $$Répertoire de vedettes-matière$$, FALSE, TRUE);
INSERT INTO config.coded_value_map(ctype, code, value, opac_visible, is_simple)
VALUES ('marc21_authority_748_ind_2', '7', $$Source specified in subfield $2$$, FALSE, TRUE);
INSERT INTO config.marc_subfield(marc_format, marc_record_type, tag, code, description,
                                 repeatable, mandatory, hidden)
VALUES (1, 'authority', '748', 'a', $$Chronological term$$,
FALSE, FALSE, FALSE);
INSERT INTO config.marc_subfield(marc_format, marc_record_type, tag, code, description,
                                 repeatable, mandatory, hidden)
VALUES (1, 'authority', '748', 'v', $$Form subdivision$$,
TRUE, FALSE, FALSE);
INSERT INTO config.marc_subfield(marc_format, marc_record_type, tag, code, description,
                                 repeatable, mandatory, hidden)
VALUES (1, 'authority', '748', 'w', $$Control subfield$$,
FALSE, FALSE, FALSE);
INSERT INTO config.marc_field(marc_format, marc_record_type, tag, name, description,
                              fixed_field, repeatable, mandatory, hidden)
VALUES (1, 'authority', '750', $$Established Heading Linking Entry-Topical Term$$, $$Topical term that is equivalent to the 150 topical term or 180 general subdivision heading field of the same record. It links headings within a system or from different thesauri or authority files.$$,
FALSE, TRUE, FALSE, FALSE);
INSERT INTO config.record_attr_definition(name, label)
VALUES ('marc21_authority_750_ind_1', 'MARC 21 authority field 750 indicator position 1');
INSERT INTO config.coded_value_map(ctype, code, value, opac_visible, is_simple)
VALUES ('marc21_authority_750_ind_1', '#', $$Undefined$$, FALSE, TRUE);
INSERT INTO config.record_attr_definition(name, label)
VALUES ('marc21_authority_750_ind_2', 'MARC 21 authority field 750 indicator position 2');
INSERT INTO config.coded_value_map(ctype, code, value, opac_visible, is_simple)
VALUES ('marc21_authority_750_ind_2', '0', $$Library of Congress Subject Headings$$, FALSE, TRUE);
INSERT INTO config.coded_value_map(ctype, code, value, opac_visible, is_simple)
VALUES ('marc21_authority_750_ind_2', '1', $$LC subject headings for children's literature$$, FALSE, TRUE);
INSERT INTO config.coded_value_map(ctype, code, value, opac_visible, is_simple)
VALUES ('marc21_authority_750_ind_2', '2', $$Medical Subject Headings$$, FALSE, TRUE);
INSERT INTO config.coded_value_map(ctype, code, value, opac_visible, is_simple)
VALUES ('marc21_authority_750_ind_2', '3', $$National Agricultural Library subject authority file$$, FALSE, TRUE);
INSERT INTO config.coded_value_map(ctype, code, value, opac_visible, is_simple)
VALUES ('marc21_authority_750_ind_2', '4', $$Source not specified$$, FALSE, TRUE);
INSERT INTO config.coded_value_map(ctype, code, value, opac_visible, is_simple)
VALUES ('marc21_authority_750_ind_2', '5', $$Canadian Subject Headings$$, FALSE, TRUE);
INSERT INTO config.coded_value_map(ctype, code, value, opac_visible, is_simple)
VALUES ('marc21_authority_750_ind_2', '6', $$Répertoire de vedettes-matière$$, FALSE, TRUE);
INSERT INTO config.coded_value_map(ctype, code, value, opac_visible, is_simple)
VALUES ('marc21_authority_750_ind_2', '7', $$Source specified in subfield $2$$, FALSE, TRUE);
INSERT INTO config.marc_subfield(marc_format, marc_record_type, tag, code, description,
                                 repeatable, mandatory, hidden)
VALUES (1, 'authority', '750', 'a', $$Topical term or geographic name entry element$$,
FALSE, FALSE, FALSE);
INSERT INTO config.marc_subfield(marc_format, marc_record_type, tag, code, description,
                                 repeatable, mandatory, hidden)
VALUES (1, 'authority', '750', 'b', $$Topical term following geographic name entry element$$,
FALSE, FALSE, FALSE);
INSERT INTO config.marc_subfield(marc_format, marc_record_type, tag, code, description,
                                 repeatable, mandatory, hidden)
VALUES (1, 'authority', '750', 'v', $$Form subdivision$$,
TRUE, FALSE, FALSE);
INSERT INTO config.marc_subfield(marc_format, marc_record_type, tag, code, description,
                                 repeatable, mandatory, hidden)
VALUES (1, 'authority', '750', 'w', $$Control subfield$$,
FALSE, FALSE, FALSE);
INSERT INTO config.marc_field(marc_format, marc_record_type, tag, name, description,
                              fixed_field, repeatable, mandatory, hidden)
VALUES (1, 'authority', '751', $$Established Heading Linking Entry-Geographic Name$$, $$Geographic name that is equivalent to the 151 geographic name or 181 geographic subdivision field of the same record. It links headings within a system or from different thesauri or authority files.$$,
FALSE, TRUE, FALSE, FALSE);
INSERT INTO config.record_attr_definition(name, label)
VALUES ('marc21_authority_751_ind_1', 'MARC 21 authority field 751 indicator position 1');
INSERT INTO config.coded_value_map(ctype, code, value, opac_visible, is_simple)
VALUES ('marc21_authority_751_ind_1', '#', $$Undefined$$, FALSE, TRUE);
INSERT INTO config.record_attr_definition(name, label)
VALUES ('marc21_authority_751_ind_2', 'MARC 21 authority field 751 indicator position 2');
INSERT INTO config.coded_value_map(ctype, code, value, opac_visible, is_simple)
VALUES ('marc21_authority_751_ind_2', '0', $$Library of Congress Subject Headings$$, FALSE, TRUE);
INSERT INTO config.coded_value_map(ctype, code, value, opac_visible, is_simple)
VALUES ('marc21_authority_751_ind_2', '1', $$LC subject headings for children's literature$$, FALSE, TRUE);
INSERT INTO config.coded_value_map(ctype, code, value, opac_visible, is_simple)
VALUES ('marc21_authority_751_ind_2', '2', $$Medical Subject Headings$$, FALSE, TRUE);
INSERT INTO config.coded_value_map(ctype, code, value, opac_visible, is_simple)
VALUES ('marc21_authority_751_ind_2', '3', $$National Agricultural Library subject authority file$$, FALSE, TRUE);
INSERT INTO config.coded_value_map(ctype, code, value, opac_visible, is_simple)
VALUES ('marc21_authority_751_ind_2', '4', $$Source not specified$$, FALSE, TRUE);
INSERT INTO config.coded_value_map(ctype, code, value, opac_visible, is_simple)
VALUES ('marc21_authority_751_ind_2', '5', $$Canadian Subject Headings$$, FALSE, TRUE);
INSERT INTO config.coded_value_map(ctype, code, value, opac_visible, is_simple)
VALUES ('marc21_authority_751_ind_2', '6', $$Répertoire de vedettes-matière$$, FALSE, TRUE);
INSERT INTO config.coded_value_map(ctype, code, value, opac_visible, is_simple)
VALUES ('marc21_authority_751_ind_2', '7', $$Source specified in subfield $2$$, FALSE, TRUE);
INSERT INTO config.marc_subfield(marc_format, marc_record_type, tag, code, description,
                                 repeatable, mandatory, hidden)
VALUES (1, 'authority', '751', 'a', $$Geographic name$$,
FALSE, FALSE, FALSE);
INSERT INTO config.marc_subfield(marc_format, marc_record_type, tag, code, description,
                                 repeatable, mandatory, hidden)
VALUES (1, 'authority', '751', 'v', $$Form subdivision$$,
TRUE, FALSE, FALSE);
INSERT INTO config.marc_subfield(marc_format, marc_record_type, tag, code, description,
                                 repeatable, mandatory, hidden)
VALUES (1, 'authority', '751', 'w', $$Control subfield$$,
FALSE, FALSE, FALSE);
INSERT INTO config.marc_field(marc_format, marc_record_type, tag, name, description,
                              fixed_field, repeatable, mandatory, hidden)
VALUES (1, 'authority', '755', $$Established Heading Linking Entry-Genre/Form Term$$, $$Genre/form term that is equivalent to the 155 genre/form term or 185 form subdivision heading field of the same record. It links headings within a system or from different thesauri or authority files.$$,
FALSE, TRUE, FALSE, FALSE);
INSERT INTO config.record_attr_definition(name, label)
VALUES ('marc21_authority_755_ind_1', 'MARC 21 authority field 755 indicator position 1');
INSERT INTO config.coded_value_map(ctype, code, value, opac_visible, is_simple)
VALUES ('marc21_authority_755_ind_1', '#', $$Undefined$$, FALSE, TRUE);
INSERT INTO config.record_attr_definition(name, label)
VALUES ('marc21_authority_755_ind_2', 'MARC 21 authority field 755 indicator position 2');
INSERT INTO config.coded_value_map(ctype, code, value, opac_visible, is_simple)
VALUES ('marc21_authority_755_ind_2', '0', $$Library of Congress Subject Headings$$, FALSE, TRUE);
INSERT INTO config.coded_value_map(ctype, code, value, opac_visible, is_simple)
VALUES ('marc21_authority_755_ind_2', '1', $$LC subject headings for children's literature$$, FALSE, TRUE);
INSERT INTO config.coded_value_map(ctype, code, value, opac_visible, is_simple)
VALUES ('marc21_authority_755_ind_2', '2', $$Medical Subject Headings$$, FALSE, TRUE);
INSERT INTO config.coded_value_map(ctype, code, value, opac_visible, is_simple)
VALUES ('marc21_authority_755_ind_2', '3', $$National Agricultural Library subject authority file$$, FALSE, TRUE);
INSERT INTO config.coded_value_map(ctype, code, value, opac_visible, is_simple)
VALUES ('marc21_authority_755_ind_2', '4', $$Source not specified$$, FALSE, TRUE);
INSERT INTO config.coded_value_map(ctype, code, value, opac_visible, is_simple)
VALUES ('marc21_authority_755_ind_2', '5', $$Canadian Subject Headings$$, FALSE, TRUE);
INSERT INTO config.coded_value_map(ctype, code, value, opac_visible, is_simple)
VALUES ('marc21_authority_755_ind_2', '6', $$Répertoire de vedettes-matière$$, FALSE, TRUE);
INSERT INTO config.coded_value_map(ctype, code, value, opac_visible, is_simple)
VALUES ('marc21_authority_755_ind_2', '7', $$Source specified in subfield $2$$, FALSE, TRUE);
INSERT INTO config.marc_subfield(marc_format, marc_record_type, tag, code, description,
                                 repeatable, mandatory, hidden)
VALUES (1, 'authority', '755', 'a', $$Genre/form term as entry element$$,
FALSE, FALSE, FALSE);
INSERT INTO config.marc_subfield(marc_format, marc_record_type, tag, code, description,
                                 repeatable, mandatory, hidden)
VALUES (1, 'authority', '755', 'v', $$Form subdivision$$,
TRUE, FALSE, FALSE);
INSERT INTO config.marc_subfield(marc_format, marc_record_type, tag, code, description,
                                 repeatable, mandatory, hidden)
VALUES (1, 'authority', '755', 'w', $$Control subfield$$,
FALSE, FALSE, FALSE);
INSERT INTO config.marc_field(marc_format, marc_record_type, tag, name, description,
                              fixed_field, repeatable, mandatory, hidden)
VALUES (1, 'authority', '780', $$Subdivision Linking Entry-General Subdivision$$, $$General subdivision term that is equivalent to the 150 topical term or 180 general subdivision field of the same record. It links headings within a system or from different thesauri or authority files.$$,
FALSE, TRUE, FALSE, FALSE);
INSERT INTO config.record_attr_definition(name, label)
VALUES ('marc21_authority_780_ind_1', 'MARC 21 authority field 780 indicator position 1');
INSERT INTO config.coded_value_map(ctype, code, value, opac_visible, is_simple)
VALUES ('marc21_authority_780_ind_1', '#', $$Undefined$$, FALSE, TRUE);
INSERT INTO config.record_attr_definition(name, label)
VALUES ('marc21_authority_780_ind_2', 'MARC 21 authority field 780 indicator position 2');
INSERT INTO config.coded_value_map(ctype, code, value, opac_visible, is_simple)
VALUES ('marc21_authority_780_ind_2', '0', $$Library of Congress Subject Headings$$, FALSE, TRUE);
INSERT INTO config.coded_value_map(ctype, code, value, opac_visible, is_simple)
VALUES ('marc21_authority_780_ind_2', '1', $$LC subject headings for children's literature$$, FALSE, TRUE);
INSERT INTO config.coded_value_map(ctype, code, value, opac_visible, is_simple)
VALUES ('marc21_authority_780_ind_2', '2', $$Medical Subject Headings$$, FALSE, TRUE);
INSERT INTO config.coded_value_map(ctype, code, value, opac_visible, is_simple)
VALUES ('marc21_authority_780_ind_2', '3', $$National Agricultural Library subject authority file$$, FALSE, TRUE);
INSERT INTO config.coded_value_map(ctype, code, value, opac_visible, is_simple)
VALUES ('marc21_authority_780_ind_2', '4', $$Source not specified$$, FALSE, TRUE);
INSERT INTO config.coded_value_map(ctype, code, value, opac_visible, is_simple)
VALUES ('marc21_authority_780_ind_2', '5', $$Canadian Subject Headings$$, FALSE, TRUE);
INSERT INTO config.coded_value_map(ctype, code, value, opac_visible, is_simple)
VALUES ('marc21_authority_780_ind_2', '6', $$Répertoire de vedettes-matière$$, FALSE, TRUE);
INSERT INTO config.coded_value_map(ctype, code, value, opac_visible, is_simple)
VALUES ('marc21_authority_780_ind_2', '7', $$Source specified in subfield $2$$, FALSE, TRUE);
INSERT INTO config.marc_subfield(marc_format, marc_record_type, tag, code, description,
                                 repeatable, mandatory, hidden)
VALUES (1, 'authority', '780', 'v', $$Form subdivision$$,
TRUE, FALSE, FALSE);
INSERT INTO config.marc_subfield(marc_format, marc_record_type, tag, code, description,
                                 repeatable, mandatory, hidden)
VALUES (1, 'authority', '780', 'w', $$Control subfield$$,
FALSE, FALSE, FALSE);
INSERT INTO config.marc_subfield(marc_format, marc_record_type, tag, code, description,
                                 repeatable, mandatory, hidden)
VALUES (1, 'authority', '780', 'a', $$Link not displayed$$,
TRUE, FALSE, FALSE);
INSERT INTO config.marc_subfield(marc_format, marc_record_type, tag, code, description,
                                 repeatable, mandatory, hidden)
VALUES (1, 'authority', '780', 'b', $$Link not displayed, field 788 used$$,
TRUE, FALSE, FALSE);
INSERT INTO config.marc_subfield(marc_format, marc_record_type, tag, code, description,
                                 repeatable, mandatory, hidden)
VALUES (1, 'authority', '780', 'c', $$Link not displayed, non-7XX field used$$,
TRUE, FALSE, FALSE);
INSERT INTO config.marc_subfield(marc_format, marc_record_type, tag, code, description,
                                 repeatable, mandatory, hidden)
VALUES (1, 'authority', '780', 'n', $$Not applicable$$,
TRUE, FALSE, FALSE);
INSERT INTO config.marc_field(marc_format, marc_record_type, tag, name, description,
                              fixed_field, repeatable, mandatory, hidden)
VALUES (1, 'authority', '781', $$Subdivision Linking Entry-Geographic Subdivision$$, $$Geographic subdivision name that is equivalent to the 151 geographic name or 181 geographic subdivision field of the same record. It links headings within a system or from different thesauri or authority files.$$,
FALSE, TRUE, FALSE, FALSE);
INSERT INTO config.record_attr_definition(name, label)
VALUES ('marc21_authority_781_ind_1', 'MARC 21 authority field 781 indicator position 1');
INSERT INTO config.coded_value_map(ctype, code, value, opac_visible, is_simple)
VALUES ('marc21_authority_781_ind_1', '#', $$Undefined$$, FALSE, TRUE);
INSERT INTO config.record_attr_definition(name, label)
VALUES ('marc21_authority_781_ind_2', 'MARC 21 authority field 781 indicator position 2');
INSERT INTO config.coded_value_map(ctype, code, value, opac_visible, is_simple)
VALUES ('marc21_authority_781_ind_2', '0', $$Library of Congress Subject Headings$$, FALSE, TRUE);
INSERT INTO config.coded_value_map(ctype, code, value, opac_visible, is_simple)
VALUES ('marc21_authority_781_ind_2', '1', $$LC subject headings for children's literature$$, FALSE, TRUE);
INSERT INTO config.coded_value_map(ctype, code, value, opac_visible, is_simple)
VALUES ('marc21_authority_781_ind_2', '2', $$Medical Subject Headings$$, FALSE, TRUE);
INSERT INTO config.coded_value_map(ctype, code, value, opac_visible, is_simple)
VALUES ('marc21_authority_781_ind_2', '3', $$National Agricultural Library subject authority file$$, FALSE, TRUE);
INSERT INTO config.coded_value_map(ctype, code, value, opac_visible, is_simple)
VALUES ('marc21_authority_781_ind_2', '4', $$Source not specified$$, FALSE, TRUE);
INSERT INTO config.coded_value_map(ctype, code, value, opac_visible, is_simple)
VALUES ('marc21_authority_781_ind_2', '5', $$Canadian Subject Headings$$, FALSE, TRUE);
INSERT INTO config.coded_value_map(ctype, code, value, opac_visible, is_simple)
VALUES ('marc21_authority_781_ind_2', '6', $$Répertoire de vedettes-matière$$, FALSE, TRUE);
INSERT INTO config.coded_value_map(ctype, code, value, opac_visible, is_simple)
VALUES ('marc21_authority_781_ind_2', '7', $$Source specified in subfield $2$$, FALSE, TRUE);
INSERT INTO config.marc_subfield(marc_format, marc_record_type, tag, code, description,
                                 repeatable, mandatory, hidden)
VALUES (1, 'authority', '781', 'v', $$Form subdivision$$,
TRUE, FALSE, FALSE);
INSERT INTO config.marc_subfield(marc_format, marc_record_type, tag, code, description,
                                 repeatable, mandatory, hidden)
VALUES (1, 'authority', '781', 'w', $$Control subfield$$,
FALSE, FALSE, FALSE);
INSERT INTO config.marc_subfield(marc_format, marc_record_type, tag, code, description,
                                 repeatable, mandatory, hidden)
VALUES (1, 'authority', '781', 'a', $$Link not displayed$$,
TRUE, FALSE, FALSE);
INSERT INTO config.marc_subfield(marc_format, marc_record_type, tag, code, description,
                                 repeatable, mandatory, hidden)
VALUES (1, 'authority', '781', 'b', $$Link not displayed, field 788 used$$,
TRUE, FALSE, FALSE);
INSERT INTO config.marc_subfield(marc_format, marc_record_type, tag, code, description,
                                 repeatable, mandatory, hidden)
VALUES (1, 'authority', '781', 'c', $$Link not displayed, non-7XX field used$$,
TRUE, FALSE, FALSE);
INSERT INTO config.marc_subfield(marc_format, marc_record_type, tag, code, description,
                                 repeatable, mandatory, hidden)
VALUES (1, 'authority', '781', 'n', $$Not applicable$$,
TRUE, FALSE, FALSE);
INSERT INTO config.marc_field(marc_format, marc_record_type, tag, name, description,
                              fixed_field, repeatable, mandatory, hidden)
VALUES (1, 'authority', '782', $$Subdivision Linking Entry-Chronological Subdivision$$, $$Chronological subdivision term that is equivalent to the 150 topical term or 182 chronological subdivision field of the same record. It links headings within a system or from different thesauri or authority files.$$,
FALSE, TRUE, FALSE, FALSE);
INSERT INTO config.record_attr_definition(name, label)
VALUES ('marc21_authority_782_ind_1', 'MARC 21 authority field 782 indicator position 1');
INSERT INTO config.coded_value_map(ctype, code, value, opac_visible, is_simple)
VALUES ('marc21_authority_782_ind_1', '#', $$Undefined$$, FALSE, TRUE);
INSERT INTO config.record_attr_definition(name, label)
VALUES ('marc21_authority_782_ind_2', 'MARC 21 authority field 782 indicator position 2');
INSERT INTO config.coded_value_map(ctype, code, value, opac_visible, is_simple)
VALUES ('marc21_authority_782_ind_2', '0', $$Library of Congress Subject Headings$$, FALSE, TRUE);
INSERT INTO config.coded_value_map(ctype, code, value, opac_visible, is_simple)
VALUES ('marc21_authority_782_ind_2', '1', $$LC subject headings for children's literature$$, FALSE, TRUE);
INSERT INTO config.coded_value_map(ctype, code, value, opac_visible, is_simple)
VALUES ('marc21_authority_782_ind_2', '2', $$Medical Subject Headings$$, FALSE, TRUE);
INSERT INTO config.coded_value_map(ctype, code, value, opac_visible, is_simple)
VALUES ('marc21_authority_782_ind_2', '3', $$National Agricultural Library subject authority file$$, FALSE, TRUE);
INSERT INTO config.coded_value_map(ctype, code, value, opac_visible, is_simple)
VALUES ('marc21_authority_782_ind_2', '4', $$Source not specified$$, FALSE, TRUE);
INSERT INTO config.coded_value_map(ctype, code, value, opac_visible, is_simple)
VALUES ('marc21_authority_782_ind_2', '5', $$Canadian Subject Headings$$, FALSE, TRUE);
INSERT INTO config.coded_value_map(ctype, code, value, opac_visible, is_simple)
VALUES ('marc21_authority_782_ind_2', '6', $$Répertoire de vedettes-matière$$, FALSE, TRUE);
INSERT INTO config.coded_value_map(ctype, code, value, opac_visible, is_simple)
VALUES ('marc21_authority_782_ind_2', '7', $$Source specified in subfield $2$$, FALSE, TRUE);
INSERT INTO config.marc_subfield(marc_format, marc_record_type, tag, code, description,
                                 repeatable, mandatory, hidden)
VALUES (1, 'authority', '782', 'v', $$Form subdivision$$,
TRUE, FALSE, FALSE);
INSERT INTO config.marc_subfield(marc_format, marc_record_type, tag, code, description,
                                 repeatable, mandatory, hidden)
VALUES (1, 'authority', '782', 'w', $$Control subfield$$,
FALSE, FALSE, FALSE);
INSERT INTO config.marc_subfield(marc_format, marc_record_type, tag, code, description,
                                 repeatable, mandatory, hidden)
VALUES (1, 'authority', '782', 'a', $$Link not displayed$$,
TRUE, FALSE, FALSE);
INSERT INTO config.marc_subfield(marc_format, marc_record_type, tag, code, description,
                                 repeatable, mandatory, hidden)
VALUES (1, 'authority', '782', 'b', $$Link not displayed, field 788 used$$,
TRUE, FALSE, FALSE);
INSERT INTO config.marc_subfield(marc_format, marc_record_type, tag, code, description,
                                 repeatable, mandatory, hidden)
VALUES (1, 'authority', '782', 'c', $$Link not displayed, non-7XX field used$$,
TRUE, FALSE, FALSE);
INSERT INTO config.marc_subfield(marc_format, marc_record_type, tag, code, description,
                                 repeatable, mandatory, hidden)
VALUES (1, 'authority', '782', 'n', $$Not applicable$$,
TRUE, FALSE, FALSE);
INSERT INTO config.marc_field(marc_format, marc_record_type, tag, name, description,
                              fixed_field, repeatable, mandatory, hidden)
VALUES (1, 'authority', '785', $$Subdivision Linking Entry-Form Subdivision$$, $$Form subdivision term that is equivalent to the 155 genre/form or 185 form subdivision field of the same record. It links headings within a system or from different thesauri or authority files.$$,
FALSE, TRUE, FALSE, FALSE);
INSERT INTO config.record_attr_definition(name, label)
VALUES ('marc21_authority_785_ind_1', 'MARC 21 authority field 785 indicator position 1');
INSERT INTO config.coded_value_map(ctype, code, value, opac_visible, is_simple)
VALUES ('marc21_authority_785_ind_1', '#', $$Undefined$$, FALSE, TRUE);
INSERT INTO config.record_attr_definition(name, label)
VALUES ('marc21_authority_785_ind_2', 'MARC 21 authority field 785 indicator position 2');
INSERT INTO config.coded_value_map(ctype, code, value, opac_visible, is_simple)
VALUES ('marc21_authority_785_ind_2', '0', $$Library of Congress Subject Headings$$, FALSE, TRUE);
INSERT INTO config.coded_value_map(ctype, code, value, opac_visible, is_simple)
VALUES ('marc21_authority_785_ind_2', '1', $$LC subject headings for children's literature$$, FALSE, TRUE);
INSERT INTO config.coded_value_map(ctype, code, value, opac_visible, is_simple)
VALUES ('marc21_authority_785_ind_2', '2', $$Medical Subject Headings$$, FALSE, TRUE);
INSERT INTO config.coded_value_map(ctype, code, value, opac_visible, is_simple)
VALUES ('marc21_authority_785_ind_2', '3', $$National Agricultural Library subject authority file$$, FALSE, TRUE);
INSERT INTO config.coded_value_map(ctype, code, value, opac_visible, is_simple)
VALUES ('marc21_authority_785_ind_2', '4', $$Source not specified$$, FALSE, TRUE);
INSERT INTO config.coded_value_map(ctype, code, value, opac_visible, is_simple)
VALUES ('marc21_authority_785_ind_2', '5', $$Canadian Subject Headings$$, FALSE, TRUE);
INSERT INTO config.coded_value_map(ctype, code, value, opac_visible, is_simple)
VALUES ('marc21_authority_785_ind_2', '6', $$Répertoire de vedettes-matière$$, FALSE, TRUE);
INSERT INTO config.coded_value_map(ctype, code, value, opac_visible, is_simple)
VALUES ('marc21_authority_785_ind_2', '7', $$Source specified in subfield $2$$, FALSE, TRUE);
INSERT INTO config.marc_subfield(marc_format, marc_record_type, tag, code, description,
                                 repeatable, mandatory, hidden)
VALUES (1, 'authority', '785', 'v', $$Form subdivision$$,
TRUE, FALSE, FALSE);
INSERT INTO config.marc_subfield(marc_format, marc_record_type, tag, code, description,
                                 repeatable, mandatory, hidden)
VALUES (1, 'authority', '785', 'w', $$Control subfield$$,
FALSE, FALSE, FALSE);
INSERT INTO config.marc_subfield(marc_format, marc_record_type, tag, code, description,
                                 repeatable, mandatory, hidden)
VALUES (1, 'authority', '785', 'a', $$Link not displayed$$,
TRUE, FALSE, FALSE);
INSERT INTO config.marc_subfield(marc_format, marc_record_type, tag, code, description,
                                 repeatable, mandatory, hidden)
VALUES (1, 'authority', '785', 'b', $$Link not displayed, field 788 used$$,
TRUE, FALSE, FALSE);
INSERT INTO config.marc_subfield(marc_format, marc_record_type, tag, code, description,
                                 repeatable, mandatory, hidden)
VALUES (1, 'authority', '785', 'c', $$Link not displayed, non-7XX field used$$,
TRUE, FALSE, FALSE);
INSERT INTO config.marc_subfield(marc_format, marc_record_type, tag, code, description,
                                 repeatable, mandatory, hidden)
VALUES (1, 'authority', '785', 'n', $$Not applicable$$,
TRUE, FALSE, FALSE);
INSERT INTO config.marc_field(marc_format, marc_record_type, tag, name, description,
                              fixed_field, repeatable, mandatory, hidden)
VALUES (1, 'authority', '788', $$Complex Linking Entry Data$$, $$Explanatory text and the headings referred to when the linking relationship between headings from different subject heading systems or thesauri cannot be adequately conveyed by fields 700-785. No subelements of the are separately subfield coded. Adjacent headings referred to may be contained in a single subfield $a. The heading referred to may be an established heading or a subject subdivision that is not equivalent to but is related to the heading in the 1XX field.$$,
FALSE, FALSE, FALSE, FALSE);
INSERT INTO config.record_attr_definition(name, label)
VALUES ('marc21_authority_788_ind_1', 'MARC 21 authority field 788 indicator position 1');
INSERT INTO config.coded_value_map(ctype, code, value, opac_visible, is_simple)
VALUES ('marc21_authority_788_ind_1', '#', $$Undefined$$, FALSE, TRUE);
INSERT INTO config.record_attr_definition(name, label)
VALUES ('marc21_authority_788_ind_2', 'MARC 21 authority field 788 indicator position 2');
INSERT INTO config.coded_value_map(ctype, code, value, opac_visible, is_simple)
VALUES ('marc21_authority_788_ind_2', '0', $$Library of Congress Subject Headings$$, FALSE, TRUE);
INSERT INTO config.coded_value_map(ctype, code, value, opac_visible, is_simple)
VALUES ('marc21_authority_788_ind_2', '1', $$LC subject headings for children's literature$$, FALSE, TRUE);
INSERT INTO config.coded_value_map(ctype, code, value, opac_visible, is_simple)
VALUES ('marc21_authority_788_ind_2', '2', $$Medical Subject Headings$$, FALSE, TRUE);
INSERT INTO config.coded_value_map(ctype, code, value, opac_visible, is_simple)
VALUES ('marc21_authority_788_ind_2', '3', $$National Agricultural Library subject authority file$$, FALSE, TRUE);
INSERT INTO config.coded_value_map(ctype, code, value, opac_visible, is_simple)
VALUES ('marc21_authority_788_ind_2', '4', $$Source not specified$$, FALSE, TRUE);
INSERT INTO config.coded_value_map(ctype, code, value, opac_visible, is_simple)
VALUES ('marc21_authority_788_ind_2', '5', $$Canadian Subject Headings$$, FALSE, TRUE);
INSERT INTO config.coded_value_map(ctype, code, value, opac_visible, is_simple)
VALUES ('marc21_authority_788_ind_2', '6', $$Répertoire de vedettes-matière$$, FALSE, TRUE);
INSERT INTO config.coded_value_map(ctype, code, value, opac_visible, is_simple)
VALUES ('marc21_authority_788_ind_2', '7', $$Source specified in subfield $2$$, FALSE, TRUE);
INSERT INTO config.marc_subfield(marc_format, marc_record_type, tag, code, description,
                                 repeatable, mandatory, hidden)
VALUES (1, 'authority', '788', 'a', $$Heading referred to$$,
TRUE, FALSE, FALSE);
INSERT INTO config.marc_subfield(marc_format, marc_record_type, tag, code, description,
                                 repeatable, mandatory, hidden)
VALUES (1, 'authority', '788', 'i', $$Explanatory text$$,
TRUE, FALSE, FALSE);
INSERT INTO config.marc_subfield(marc_format, marc_record_type, tag, code, description,
                                 repeatable, mandatory, hidden)
VALUES (1, 'authority', '788', '2', $$Source of heading or term$$,
FALSE, FALSE, FALSE);
INSERT INTO config.marc_subfield(marc_format, marc_record_type, tag, code, description,
                                 repeatable, mandatory, hidden)
VALUES (1, 'authority', '788', '5', $$Institution to which field applies$$,
TRUE, FALSE, FALSE);
INSERT INTO config.marc_subfield(marc_format, marc_record_type, tag, code, description,
                                 repeatable, mandatory, hidden)
VALUES (1, 'authority', '788', '6', $$Linkage$$,
FALSE, FALSE, FALSE);
INSERT INTO config.marc_subfield(marc_format, marc_record_type, tag, code, description,
                                 repeatable, mandatory, hidden)
VALUES (1, 'authority', '788', '8', $$Field link and sequence number$$,
TRUE, FALSE, FALSE);
INSERT INTO config.marc_field(marc_format, marc_record_type, tag, name, description,
                              fixed_field, repeatable, mandatory, hidden)
VALUES (1, 'authority', '856', $$Electronic Location and Access$$, $$Information needed to locate and access electronic information. The field may be used in an authority record to provide supplementary information available electronically about the entity for which the record was created.$$,
FALSE, TRUE, FALSE, FALSE);
INSERT INTO config.record_attr_definition(name, label)
VALUES ('marc21_authority_856_ind_1', 'MARC 21 authority field 856 indicator position 1');
INSERT INTO config.coded_value_map(ctype, code, value, opac_visible, is_simple)
VALUES ('marc21_authority_856_ind_1', '#', $$No information provided$$, FALSE, TRUE);
INSERT INTO config.coded_value_map(ctype, code, value, opac_visible, is_simple)
VALUES ('marc21_authority_856_ind_1', '0', $$Email$$, FALSE, TRUE);
INSERT INTO config.coded_value_map(ctype, code, value, opac_visible, is_simple)
VALUES ('marc21_authority_856_ind_1', '1', $$FTP$$, FALSE, TRUE);
INSERT INTO config.coded_value_map(ctype, code, value, opac_visible, is_simple)
VALUES ('marc21_authority_856_ind_1', '2', $$Remote login (Telnet)$$, FALSE, TRUE);
INSERT INTO config.coded_value_map(ctype, code, value, opac_visible, is_simple)
VALUES ('marc21_authority_856_ind_1', '3', $$Dial-up$$, FALSE, TRUE);
INSERT INTO config.coded_value_map(ctype, code, value, opac_visible, is_simple)
VALUES ('marc21_authority_856_ind_1', '4', $$HTTP$$, FALSE, TRUE);
INSERT INTO config.coded_value_map(ctype, code, value, opac_visible, is_simple)
VALUES ('marc21_authority_856_ind_1', '7', $$Method specified in subfield $2$$, FALSE, TRUE);
INSERT INTO config.record_attr_definition(name, label)
VALUES ('marc21_authority_856_ind_2', 'MARC 21 authority field 856 indicator position 2');
INSERT INTO config.coded_value_map(ctype, code, value, opac_visible, is_simple)
VALUES ('marc21_authority_856_ind_2', '#', $$No information provided$$, FALSE, TRUE);
INSERT INTO config.coded_value_map(ctype, code, value, opac_visible, is_simple)
VALUES ('marc21_authority_856_ind_2', '0', $$Resource$$, FALSE, TRUE);
INSERT INTO config.coded_value_map(ctype, code, value, opac_visible, is_simple)
VALUES ('marc21_authority_856_ind_2', '1', $$Version of resource$$, FALSE, TRUE);
INSERT INTO config.coded_value_map(ctype, code, value, opac_visible, is_simple)
VALUES ('marc21_authority_856_ind_2', '2', $$Related resource$$, FALSE, TRUE);
INSERT INTO config.coded_value_map(ctype, code, value, opac_visible, is_simple)
VALUES ('marc21_authority_856_ind_2', '8', $$No display constant generated$$, FALSE, TRUE);
INSERT INTO config.marc_subfield(marc_format, marc_record_type, tag, code, description,
                                 repeatable, mandatory, hidden)
VALUES (1, 'authority', '856', 'a', $$Host name$$,
TRUE, FALSE, FALSE);
INSERT INTO config.marc_subfield(marc_format, marc_record_type, tag, code, description,
                                 repeatable, mandatory, hidden)
VALUES (1, 'authority', '856', 'b', $$Access number$$,
TRUE, FALSE, FALSE);
INSERT INTO config.marc_subfield(marc_format, marc_record_type, tag, code, description,
                                 repeatable, mandatory, hidden)
VALUES (1, 'authority', '856', 'c', $$Compression information$$,
TRUE, FALSE, FALSE);
INSERT INTO config.marc_subfield(marc_format, marc_record_type, tag, code, description,
                                 repeatable, mandatory, hidden)
VALUES (1, 'authority', '856', 'd', $$Path$$,
TRUE, FALSE, FALSE);
INSERT INTO config.marc_subfield(marc_format, marc_record_type, tag, code, description,
                                 repeatable, mandatory, hidden)
VALUES (1, 'authority', '856', 'f', $$Electronic name$$,
TRUE, FALSE, FALSE);
INSERT INTO config.marc_subfield(marc_format, marc_record_type, tag, code, description,
                                 repeatable, mandatory, hidden)
VALUES (1, 'authority', '856', 'h', $$Processor of request$$,
FALSE, FALSE, FALSE);
INSERT INTO config.marc_subfield(marc_format, marc_record_type, tag, code, description,
                                 repeatable, mandatory, hidden)
VALUES (1, 'authority', '856', 'i', $$Instruction$$,
TRUE, FALSE, FALSE);
INSERT INTO config.marc_subfield(marc_format, marc_record_type, tag, code, description,
                                 repeatable, mandatory, hidden)
VALUES (1, 'authority', '856', 'j', $$Bits per second$$,
FALSE, FALSE, FALSE);
INSERT INTO config.marc_subfield(marc_format, marc_record_type, tag, code, description,
                                 repeatable, mandatory, hidden)
VALUES (1, 'authority', '856', 'k', $$Password$$,
FALSE, FALSE, FALSE);
INSERT INTO config.marc_subfield(marc_format, marc_record_type, tag, code, description,
                                 repeatable, mandatory, hidden)
VALUES (1, 'authority', '856', 'l', $$Logon$$,
FALSE, FALSE, FALSE);
INSERT INTO config.marc_subfield(marc_format, marc_record_type, tag, code, description,
                                 repeatable, mandatory, hidden)
VALUES (1, 'authority', '856', 'm', $$Contact for access assistance$$,
TRUE, FALSE, FALSE);
INSERT INTO config.marc_subfield(marc_format, marc_record_type, tag, code, description,
                                 repeatable, mandatory, hidden)
VALUES (1, 'authority', '856', 'n', $$Name of location of host$$,
FALSE, FALSE, FALSE);
INSERT INTO config.marc_subfield(marc_format, marc_record_type, tag, code, description,
                                 repeatable, mandatory, hidden)
VALUES (1, 'authority', '856', 'o', $$Operating system$$,
FALSE, FALSE, FALSE);
INSERT INTO config.marc_subfield(marc_format, marc_record_type, tag, code, description,
                                 repeatable, mandatory, hidden)
VALUES (1, 'authority', '856', 'p', $$Port$$,
FALSE, FALSE, FALSE);
INSERT INTO config.marc_subfield(marc_format, marc_record_type, tag, code, description,
                                 repeatable, mandatory, hidden)
VALUES (1, 'authority', '856', 'q', $$Electronic format type$$,
FALSE, FALSE, FALSE);
INSERT INTO config.marc_subfield(marc_format, marc_record_type, tag, code, description,
                                 repeatable, mandatory, hidden)
VALUES (1, 'authority', '856', 'r', $$Settings$$,
FALSE, FALSE, FALSE);
INSERT INTO config.marc_subfield(marc_format, marc_record_type, tag, code, description,
                                 repeatable, mandatory, hidden)
VALUES (1, 'authority', '856', 's', $$File size$$,
TRUE, FALSE, FALSE);
INSERT INTO config.marc_subfield(marc_format, marc_record_type, tag, code, description,
                                 repeatable, mandatory, hidden)
VALUES (1, 'authority', '856', 't', $$Terminal emulation$$,
TRUE, FALSE, FALSE);
INSERT INTO config.marc_subfield(marc_format, marc_record_type, tag, code, description,
                                 repeatable, mandatory, hidden)
VALUES (1, 'authority', '856', 'u', $$Uniform Resource Identifier$$,
TRUE, FALSE, FALSE);
INSERT INTO config.marc_subfield(marc_format, marc_record_type, tag, code, description,
                                 repeatable, mandatory, hidden)
VALUES (1, 'authority', '856', 'v', $$Hours access method available$$,
TRUE, FALSE, FALSE);
INSERT INTO config.marc_subfield(marc_format, marc_record_type, tag, code, description,
                                 repeatable, mandatory, hidden)
VALUES (1, 'authority', '856', 'w', $$Record control number$$,
TRUE, FALSE, FALSE);
INSERT INTO config.marc_subfield(marc_format, marc_record_type, tag, code, description,
                                 repeatable, mandatory, hidden)
VALUES (1, 'authority', '856', 'x', $$Nonpublic note$$,
TRUE, FALSE, FALSE);
INSERT INTO config.marc_subfield(marc_format, marc_record_type, tag, code, description,
                                 repeatable, mandatory, hidden)
VALUES (1, 'authority', '856', 'y', $$Link text$$,
TRUE, FALSE, FALSE);
INSERT INTO config.marc_subfield(marc_format, marc_record_type, tag, code, description,
                                 repeatable, mandatory, hidden)
VALUES (1, 'authority', '856', 'z', $$Public note$$,
TRUE, FALSE, FALSE);
INSERT INTO config.marc_subfield(marc_format, marc_record_type, tag, code, description,
                                 repeatable, mandatory, hidden)
VALUES (1, 'authority', '856', '2', $$Access method$$,
FALSE, FALSE, FALSE);
INSERT INTO config.marc_subfield(marc_format, marc_record_type, tag, code, description,
                                 repeatable, mandatory, hidden)
VALUES (1, 'authority', '856', '3', $$Materials specified$$,
FALSE, FALSE, FALSE);
INSERT INTO config.marc_subfield(marc_format, marc_record_type, tag, code, description,
                                 repeatable, mandatory, hidden)
VALUES (1, 'authority', '856', '6', $$Linkage$$,
FALSE, FALSE, FALSE);
INSERT INTO config.marc_subfield(marc_format, marc_record_type, tag, code, description,
                                 repeatable, mandatory, hidden)
VALUES (1, 'authority', '856', '8', $$Field link and sequence number$$,
TRUE, FALSE, FALSE);
INSERT INTO config.marc_field(marc_format, marc_record_type, tag, name, description,
                              fixed_field, repeatable, mandatory, hidden)
VALUES (1, 'authority', '880', $$Alternate Graphic Representation$$, $$Full content-designated representation, in a different script, of another field in the same record. Field 880 is linked to the associated regular field by subfield $6 (Linkage). A subfield $6 in the associated field also links that field to the 880 field. The data in field 880 may be in more than one script.$$,
FALSE, TRUE, FALSE, FALSE);
INSERT INTO config.marc_subfield(marc_format, marc_record_type, tag, code, description,
                                 repeatable, mandatory, hidden)
VALUES (1, 'authority', '880', '6', $$Linkage$$,
FALSE, FALSE, FALSE);
INSERT INTO config.marc_field(marc_format, marc_record_type, tag, name, description,
                              fixed_field, repeatable, mandatory, hidden)
VALUES (1, 'serial', '001', $$Control Number$$, $$System control number assigned to a separate holdings record. For interchange purposes, documentation of the structure of the control number and input conventions are provided to exchange partners by the organization initiating the interchange.$$,
TRUE, FALSE, FALSE, FALSE);
INSERT INTO config.marc_field(marc_format, marc_record_type, tag, name, description,
                              fixed_field, repeatable, mandatory, hidden)
VALUES (1, 'serial', '003', $$Control Number Identifier$$, $$MARC code for the agency whose system control number is present in field 001 (Control Number).$$,
TRUE, FALSE, FALSE, FALSE);
INSERT INTO config.marc_field(marc_format, marc_record_type, tag, name, description,
                              fixed_field, repeatable, mandatory, hidden)
VALUES (1, 'serial', '004', $$Control Number for Related Bibliographic Record$$, $$System control number of the MARC bibliographic record for which a separate holdings record was created.$$,
TRUE, FALSE, FALSE, FALSE);
INSERT INTO config.marc_field(marc_format, marc_record_type, tag, name, description,
                              fixed_field, repeatable, mandatory, hidden)
VALUES (1, 'serial', '005', $$Date and Time of Latest Transaction$$, $$Sixteen characters that specify the date and time of the latest record transaction and serve as a version identifier for the record. They are recorded according to (ISO 8601). The date requires 8 numeric characters in the pattern (4 for the year, 2 for the month, and 2 for the day). The time requires 8 numeric characters in the pattern (2 for the hour, 2 for the minute, 2 for the second, and 2 for a decimal fraction of the second, including the decimal point)expressed in terms of the 24-hour (00-23) clock.$$,
TRUE, FALSE, FALSE, FALSE);
INSERT INTO config.marc_field(marc_format, marc_record_type, tag, name, description,
                              fixed_field, repeatable, mandatory, hidden)
VALUES (1, 'serial', '007', $$Physical Description Fixed Field$$, $$Codes that describe the physical characteristics of the copy of the bibliographic item for which holdings are recorded. See the description of in the for complete character position definitions and the content designators defined for this field. The Category of material code (007/00) may be described textually in field 842 (Textual Physical Form Designator).$$,
TRUE, FALSE, FALSE, FALSE);
INSERT INTO config.marc_field(marc_format, marc_record_type, tag, name, description,
                              fixed_field, repeatable, mandatory, hidden)
VALUES (1, 'serial', '008', $$Fixed-Length Data Elements-General Information$$, $$Thirty-two character positions (00-31) that contain data elements that provide coded information about the record. The data elements are positionally defined. Each defined character position must contain either a defined code or a fill character ( | ). The fill character is used when no attempt is made to supply a defined code for a specific character position.$$,
TRUE, FALSE, FALSE, FALSE);
INSERT INTO config.marc_field(marc_format, marc_record_type, tag, name, description,
                              fixed_field, repeatable, mandatory, hidden)
VALUES (1, 'serial', '010', $$Library of Congress Control Number$$, $$Control number, assigned by the Library of Congress, of the related MARC bibliographic record for which a separate holdings record is made.$$,
FALSE, FALSE, FALSE, FALSE);
INSERT INTO config.record_attr_definition(name, label)
VALUES ('marc21_serial_010_ind_1', 'MARC 21 serial field 010 indicator position 1');
INSERT INTO config.coded_value_map(ctype, code, value, opac_visible, is_simple)
VALUES ('marc21_serial_010_ind_1', '#', $$Undefined$$, FALSE, TRUE);
INSERT INTO config.record_attr_definition(name, label)
VALUES ('marc21_serial_010_ind_2', 'MARC 21 serial field 010 indicator position 2');
INSERT INTO config.coded_value_map(ctype, code, value, opac_visible, is_simple)
VALUES ('marc21_serial_010_ind_2', '#', $$Undefined$$, FALSE, TRUE);
INSERT INTO config.marc_subfield(marc_format, marc_record_type, tag, code, description,
                                 repeatable, mandatory, hidden)
VALUES (1, 'serial', '010', 'a', $$LC control number$$,
FALSE, FALSE, FALSE);
INSERT INTO config.marc_subfield(marc_format, marc_record_type, tag, code, description,
                                 repeatable, mandatory, hidden)
VALUES (1, 'serial', '010', 'b', $$NUCMC control number$$,
TRUE, FALSE, FALSE);
INSERT INTO config.marc_subfield(marc_format, marc_record_type, tag, code, description,
                                 repeatable, mandatory, hidden)
VALUES (1, 'serial', '010', 'z', $$Canceled or invalid LC control number$$,
TRUE, FALSE, FALSE);
INSERT INTO config.marc_subfield(marc_format, marc_record_type, tag, code, description,
                                 repeatable, mandatory, hidden)
VALUES (1, 'serial', '010', '8', $$Field link and sequence number$$,
TRUE, FALSE, FALSE);
INSERT INTO config.marc_field(marc_format, marc_record_type, tag, name, description,
                              fixed_field, repeatable, mandatory, hidden)
VALUES (1, 'serial', '014', $$Linkage Number$$, $$Control number, assigned by a bibliographic network, of a separate holdings record or its related bibliographic record for which a separate holdings record is made.$$,
FALSE, TRUE, FALSE, FALSE);
INSERT INTO config.record_attr_definition(name, label)
VALUES ('marc21_serial_014_ind_1', 'MARC 21 serial field 014 indicator position 1');
INSERT INTO config.coded_value_map(ctype, code, value, opac_visible, is_simple)
VALUES ('marc21_serial_014_ind_1', '0', $$Holdings record number$$, FALSE, TRUE);
INSERT INTO config.coded_value_map(ctype, code, value, opac_visible, is_simple)
VALUES ('marc21_serial_014_ind_1', '1', $$Bibliographic record number$$, FALSE, TRUE);
INSERT INTO config.record_attr_definition(name, label)
VALUES ('marc21_serial_014_ind_2', 'MARC 21 serial field 014 indicator position 2');
INSERT INTO config.coded_value_map(ctype, code, value, opac_visible, is_simple)
VALUES ('marc21_serial_014_ind_2', '#', $$Undefined$$, FALSE, TRUE);
INSERT INTO config.marc_subfield(marc_format, marc_record_type, tag, code, description,
                                 repeatable, mandatory, hidden)
VALUES (1, 'serial', '014', 'a', $$Linkage number$$,
FALSE, FALSE, FALSE);
INSERT INTO config.marc_subfield(marc_format, marc_record_type, tag, code, description,
                                 repeatable, mandatory, hidden)
VALUES (1, 'serial', '014', 'b', $$Source of number$$,
FALSE, FALSE, FALSE);
INSERT INTO config.marc_subfield(marc_format, marc_record_type, tag, code, description,
                                 repeatable, mandatory, hidden)
VALUES (1, 'serial', '014', 'z', $$Canceled or invalid linkage number$$,
TRUE, FALSE, FALSE);
INSERT INTO config.marc_subfield(marc_format, marc_record_type, tag, code, description,
                                 repeatable, mandatory, hidden)
VALUES (1, 'serial', '014', '6', $$Linkage$$,
FALSE, FALSE, FALSE);
INSERT INTO config.marc_field(marc_format, marc_record_type, tag, name, description,
                              fixed_field, repeatable, mandatory, hidden)
VALUES (1, 'serial', '016', $$National Bibliographic Agency Control Number$$, $$Control number, assigned by a national bibliographic agency other than the Library of Congress, of the related bibliographic record for which a separate holdings record is made.$$,
FALSE, TRUE, FALSE, FALSE);
INSERT INTO config.record_attr_definition(name, label)
VALUES ('marc21_serial_016_ind_1', 'MARC 21 serial field 016 indicator position 1');
INSERT INTO config.coded_value_map(ctype, code, value, opac_visible, is_simple)
VALUES ('marc21_serial_016_ind_1', '#', $$Library and Archives Canada$$, FALSE, TRUE);
INSERT INTO config.coded_value_map(ctype, code, value, opac_visible, is_simple)
VALUES ('marc21_serial_016_ind_1', '7', $$Source specified in subfield $2$$, FALSE, TRUE);
INSERT INTO config.record_attr_definition(name, label)
VALUES ('marc21_serial_016_ind_2', 'MARC 21 serial field 016 indicator position 2');
INSERT INTO config.coded_value_map(ctype, code, value, opac_visible, is_simple)
VALUES ('marc21_serial_016_ind_2', '#', $$Undefined$$, FALSE, TRUE);
INSERT INTO config.marc_subfield(marc_format, marc_record_type, tag, code, description,
                                 repeatable, mandatory, hidden)
VALUES (1, 'serial', '016', 'a', $$Record control number$$,
FALSE, FALSE, FALSE);
INSERT INTO config.marc_subfield(marc_format, marc_record_type, tag, code, description,
                                 repeatable, mandatory, hidden)
VALUES (1, 'serial', '016', 'z', $$Canceled or invalid control number$$,
TRUE, FALSE, FALSE);
INSERT INTO config.marc_subfield(marc_format, marc_record_type, tag, code, description,
                                 repeatable, mandatory, hidden)
VALUES (1, 'serial', '016', '2', $$Source$$,
FALSE, FALSE, FALSE);
INSERT INTO config.marc_subfield(marc_format, marc_record_type, tag, code, description,
                                 repeatable, mandatory, hidden)
VALUES (1, 'serial', '016', '8', $$Field link and sequence number$$,
TRUE, FALSE, FALSE);
INSERT INTO config.marc_field(marc_format, marc_record_type, tag, name, description,
                              fixed_field, repeatable, mandatory, hidden)
VALUES (1, 'serial', '017', $$Copyright or Legal Deposit Number$$, $$Copyright registration or legal deposit number for an item that was acquired by copyright or legal deposit.$$,
FALSE, TRUE, FALSE, FALSE);
INSERT INTO config.record_attr_definition(name, label)
VALUES ('marc21_serial_017_ind_1', 'MARC 21 serial field 017 indicator position 1');
INSERT INTO config.coded_value_map(ctype, code, value, opac_visible, is_simple)
VALUES ('marc21_serial_017_ind_1', '#', $$Undefined$$, FALSE, TRUE);
INSERT INTO config.record_attr_definition(name, label)
VALUES ('marc21_serial_017_ind_2', 'MARC 21 serial field 017 indicator position 2');
INSERT INTO config.coded_value_map(ctype, code, value, opac_visible, is_simple)
VALUES ('marc21_serial_017_ind_2', '#', $$Copyright or legal deposit number$$, FALSE, TRUE);
INSERT INTO config.coded_value_map(ctype, code, value, opac_visible, is_simple)
VALUES ('marc21_serial_017_ind_2', '8', $$No display constant generated$$, FALSE, TRUE);
INSERT INTO config.marc_subfield(marc_format, marc_record_type, tag, code, description,
                                 repeatable, mandatory, hidden)
VALUES (1, 'serial', '017', 'a', $$Copyright or legal deposit number$$,
TRUE, FALSE, FALSE);
INSERT INTO config.marc_subfield(marc_format, marc_record_type, tag, code, description,
                                 repeatable, mandatory, hidden)
VALUES (1, 'serial', '017', 'b', $$Assigning agency$$,
FALSE, FALSE, FALSE);
INSERT INTO config.marc_subfield(marc_format, marc_record_type, tag, code, description,
                                 repeatable, mandatory, hidden)
VALUES (1, 'serial', '017', 'd', $$Date$$,
FALSE, FALSE, FALSE);
INSERT INTO config.marc_subfield(marc_format, marc_record_type, tag, code, description,
                                 repeatable, mandatory, hidden)
VALUES (1, 'serial', '017', 'i', $$Display text$$,
FALSE, FALSE, FALSE);
INSERT INTO config.marc_subfield(marc_format, marc_record_type, tag, code, description,
                                 repeatable, mandatory, hidden)
VALUES (1, 'serial', '017', 'z', $$Canceled/invalid copyright or legal deposit number$$,
TRUE, FALSE, FALSE);
INSERT INTO config.marc_subfield(marc_format, marc_record_type, tag, code, description,
                                 repeatable, mandatory, hidden)
VALUES (1, 'serial', '017', '2', $$Source$$,
FALSE, FALSE, FALSE);
INSERT INTO config.marc_subfield(marc_format, marc_record_type, tag, code, description,
                                 repeatable, mandatory, hidden)
VALUES (1, 'serial', '017', '6', $$Linkage$$,
FALSE, FALSE, FALSE);
INSERT INTO config.marc_subfield(marc_format, marc_record_type, tag, code, description,
                                 repeatable, mandatory, hidden)
VALUES (1, 'serial', '017', '8', $$Field link and sequence number$$,
TRUE, FALSE, FALSE);
INSERT INTO config.marc_field(marc_format, marc_record_type, tag, name, description,
                              fixed_field, repeatable, mandatory, hidden)
VALUES (1, 'serial', '020', $$International Standard Book Number$$, $$International Standard Book Number (ISBN) copied from subfield $a of field 020 (International Standard Book Number) of the MARC bibliographic record that represents the description of the item for which a separate holdings record is created.$$,
FALSE, TRUE, FALSE, FALSE);
INSERT INTO config.record_attr_definition(name, label)
VALUES ('marc21_serial_020_ind_1', 'MARC 21 serial field 020 indicator position 1');
INSERT INTO config.coded_value_map(ctype, code, value, opac_visible, is_simple)
VALUES ('marc21_serial_020_ind_1', '#', $$Undefined$$, FALSE, TRUE);
INSERT INTO config.record_attr_definition(name, label)
VALUES ('marc21_serial_020_ind_2', 'MARC 21 serial field 020 indicator position 2');
INSERT INTO config.coded_value_map(ctype, code, value, opac_visible, is_simple)
VALUES ('marc21_serial_020_ind_2', '#', $$Undefined$$, FALSE, TRUE);
INSERT INTO config.marc_subfield(marc_format, marc_record_type, tag, code, description,
                                 repeatable, mandatory, hidden)
VALUES (1, 'serial', '020', 'a', $$International Standard Book Number$$,
FALSE, FALSE, FALSE);
INSERT INTO config.marc_subfield(marc_format, marc_record_type, tag, code, description,
                                 repeatable, mandatory, hidden)
VALUES (1, 'serial', '020', 'c', $$Terms of availability$$,
FALSE, FALSE, FALSE);
INSERT INTO config.marc_subfield(marc_format, marc_record_type, tag, code, description,
                                 repeatable, mandatory, hidden)
VALUES (1, 'serial', '020', 'z', $$Canceled/invalid ISBN$$,
TRUE, FALSE, FALSE);
INSERT INTO config.marc_subfield(marc_format, marc_record_type, tag, code, description,
                                 repeatable, mandatory, hidden)
VALUES (1, 'serial', '020', '6', $$Linkage$$,
FALSE, FALSE, FALSE);
INSERT INTO config.marc_subfield(marc_format, marc_record_type, tag, code, description,
                                 repeatable, mandatory, hidden)
VALUES (1, 'serial', '020', '8', $$Field link and sequence number$$,
TRUE, FALSE, FALSE);
INSERT INTO config.marc_field(marc_format, marc_record_type, tag, name, description,
                              fixed_field, repeatable, mandatory, hidden)
VALUES (1, 'serial', '022', $$International Standard Serial Number$$, $$International Standard Serial Number (ISSN) copied from subfield $a of field 022 (International Standard Serial Number) of the MARC bibliographic record that represents the description of the item for which a separate holdings record is created.$$,
FALSE, TRUE, FALSE, FALSE);
INSERT INTO config.record_attr_definition(name, label)
VALUES ('marc21_serial_022_ind_1', 'MARC 21 serial field 022 indicator position 1');
INSERT INTO config.coded_value_map(ctype, code, value, opac_visible, is_simple)
VALUES ('marc21_serial_022_ind_1', '#', $$No level specified$$, FALSE, TRUE);
INSERT INTO config.coded_value_map(ctype, code, value, opac_visible, is_simple)
VALUES ('marc21_serial_022_ind_1', '0', $$Continuing resource of international interest$$, FALSE, TRUE);
INSERT INTO config.coded_value_map(ctype, code, value, opac_visible, is_simple)
VALUES ('marc21_serial_022_ind_1', '1', $$Continuing resource not of international interest$$, FALSE, TRUE);
INSERT INTO config.record_attr_definition(name, label)
VALUES ('marc21_serial_022_ind_2', 'MARC 21 serial field 022 indicator position 2');
INSERT INTO config.coded_value_map(ctype, code, value, opac_visible, is_simple)
VALUES ('marc21_serial_022_ind_2', '#', $$Undefined$$, FALSE, TRUE);
INSERT INTO config.marc_subfield(marc_format, marc_record_type, tag, code, description,
                                 repeatable, mandatory, hidden)
VALUES (1, 'serial', '022', 'a', $$International Standard Serial Number$$,
FALSE, FALSE, FALSE);
INSERT INTO config.marc_subfield(marc_format, marc_record_type, tag, code, description,
                                 repeatable, mandatory, hidden)
VALUES (1, 'serial', '022', 'l', $$ISSN-L$$,
FALSE, FALSE, FALSE);
INSERT INTO config.marc_subfield(marc_format, marc_record_type, tag, code, description,
                                 repeatable, mandatory, hidden)
VALUES (1, 'serial', '022', 'm', $$Canceled ISSN-L$$,
TRUE, FALSE, FALSE);
INSERT INTO config.marc_subfield(marc_format, marc_record_type, tag, code, description,
                                 repeatable, mandatory, hidden)
VALUES (1, 'serial', '022', 'y', $$Incorrect ISSN$$,
TRUE, FALSE, FALSE);
INSERT INTO config.marc_subfield(marc_format, marc_record_type, tag, code, description,
                                 repeatable, mandatory, hidden)
VALUES (1, 'serial', '022', 'z', $$Canceled ISSN$$,
TRUE, FALSE, FALSE);
INSERT INTO config.marc_subfield(marc_format, marc_record_type, tag, code, description,
                                 repeatable, mandatory, hidden)
VALUES (1, 'serial', '022', '6', $$Linkage$$,
FALSE, FALSE, FALSE);
INSERT INTO config.marc_subfield(marc_format, marc_record_type, tag, code, description,
                                 repeatable, mandatory, hidden)
VALUES (1, 'serial', '022', '8', $$Field link and sequence number$$,
TRUE, FALSE, FALSE);
INSERT INTO config.marc_field(marc_format, marc_record_type, tag, name, description,
                              fixed_field, repeatable, mandatory, hidden)
VALUES (1, 'serial', '024', $$Other Standard Identifier$$, $$Standard number or code published on an item which cannot be accommodated in another field (e.g., field 020 (International Standard Book Number), 022 (International Standard Serial Number), 027 (Standard Technical Report Number)). The type of standard number or code is identified in the first indicator position or in subfield $2 (Source of number or code).$$,
FALSE, TRUE, FALSE, FALSE);
INSERT INTO config.record_attr_definition(name, label)
VALUES ('marc21_serial_024_ind_1', 'MARC 21 serial field 024 indicator position 1');
INSERT INTO config.coded_value_map(ctype, code, value, opac_visible, is_simple)
VALUES ('marc21_serial_024_ind_1', '0', $$International Standard Recording Code$$, FALSE, TRUE);
INSERT INTO config.coded_value_map(ctype, code, value, opac_visible, is_simple)
VALUES ('marc21_serial_024_ind_1', '1', $$Universal Product Code$$, FALSE, TRUE);
INSERT INTO config.coded_value_map(ctype, code, value, opac_visible, is_simple)
VALUES ('marc21_serial_024_ind_1', '2', $$International Standard Music Number$$, FALSE, TRUE);
INSERT INTO config.coded_value_map(ctype, code, value, opac_visible, is_simple)
VALUES ('marc21_serial_024_ind_1', '3', $$International Article Number$$, FALSE, TRUE);
INSERT INTO config.coded_value_map(ctype, code, value, opac_visible, is_simple)
VALUES ('marc21_serial_024_ind_1', '4', $$Serial Item and Contribution Identifier$$, FALSE, TRUE);
INSERT INTO config.coded_value_map(ctype, code, value, opac_visible, is_simple)
VALUES ('marc21_serial_024_ind_1', '7', $$Source specified in subfield $2$$, FALSE, TRUE);
INSERT INTO config.coded_value_map(ctype, code, value, opac_visible, is_simple)
VALUES ('marc21_serial_024_ind_1', '8', $$Unspecified type of standard number or code$$, FALSE, TRUE);
INSERT INTO config.record_attr_definition(name, label)
VALUES ('marc21_serial_024_ind_2', 'MARC 21 serial field 024 indicator position 2');
INSERT INTO config.coded_value_map(ctype, code, value, opac_visible, is_simple)
VALUES ('marc21_serial_024_ind_2', '#', $$No information provided$$, FALSE, TRUE);
INSERT INTO config.coded_value_map(ctype, code, value, opac_visible, is_simple)
VALUES ('marc21_serial_024_ind_2', '0', $$No difference$$, FALSE, TRUE);
INSERT INTO config.coded_value_map(ctype, code, value, opac_visible, is_simple)
VALUES ('marc21_serial_024_ind_2', '1', $$Difference$$, FALSE, TRUE);
INSERT INTO config.marc_subfield(marc_format, marc_record_type, tag, code, description,
                                 repeatable, mandatory, hidden)
VALUES (1, 'serial', '024', 'a', $$Standard number or code$$,
FALSE, FALSE, FALSE);
INSERT INTO config.marc_subfield(marc_format, marc_record_type, tag, code, description,
                                 repeatable, mandatory, hidden)
VALUES (1, 'serial', '024', 'c', $$Terms of availability$$,
FALSE, FALSE, FALSE);
INSERT INTO config.marc_subfield(marc_format, marc_record_type, tag, code, description,
                                 repeatable, mandatory, hidden)
VALUES (1, 'serial', '024', 'd', $$Additional codes following the standard number or code$$,
FALSE, FALSE, FALSE);
INSERT INTO config.marc_subfield(marc_format, marc_record_type, tag, code, description,
                                 repeatable, mandatory, hidden)
VALUES (1, 'serial', '024', 'z', $$Canceled/invalid standard number or code$$,
TRUE, FALSE, FALSE);
INSERT INTO config.marc_subfield(marc_format, marc_record_type, tag, code, description,
                                 repeatable, mandatory, hidden)
VALUES (1, 'serial', '024', '2', $$Source of number or code$$,
FALSE, FALSE, FALSE);
INSERT INTO config.marc_subfield(marc_format, marc_record_type, tag, code, description,
                                 repeatable, mandatory, hidden)
VALUES (1, 'serial', '024', '6', $$Linkage$$,
FALSE, FALSE, FALSE);
INSERT INTO config.marc_subfield(marc_format, marc_record_type, tag, code, description,
                                 repeatable, mandatory, hidden)
VALUES (1, 'serial', '024', '8', $$Field link and sequence number$$,
TRUE, FALSE, FALSE);
INSERT INTO config.marc_field(marc_format, marc_record_type, tag, name, description,
                              fixed_field, repeatable, mandatory, hidden)
VALUES (1, 'serial', '027', $$Standard Technical Report Number$$, $$International Standard Technical Report number (ISRN) or a Standard Technical Report Number (STRN) copied from subfield $a of field 027 of the MARC bibliographic record that represents the description of the item for which a separate holdings record is created.$$,
FALSE, TRUE, FALSE, FALSE);
INSERT INTO config.record_attr_definition(name, label)
VALUES ('marc21_serial_027_ind_1', 'MARC 21 serial field 027 indicator position 1');
INSERT INTO config.coded_value_map(ctype, code, value, opac_visible, is_simple)
VALUES ('marc21_serial_027_ind_1', '#', $$Undefined$$, FALSE, TRUE);
INSERT INTO config.record_attr_definition(name, label)
VALUES ('marc21_serial_027_ind_2', 'MARC 21 serial field 027 indicator position 2');
INSERT INTO config.coded_value_map(ctype, code, value, opac_visible, is_simple)
VALUES ('marc21_serial_027_ind_2', '#', $$Undefined$$, FALSE, TRUE);
INSERT INTO config.marc_subfield(marc_format, marc_record_type, tag, code, description,
                                 repeatable, mandatory, hidden)
VALUES (1, 'serial', '027', 'a', $$Standard Technical Report Number$$,
FALSE, FALSE, FALSE);
INSERT INTO config.marc_subfield(marc_format, marc_record_type, tag, code, description,
                                 repeatable, mandatory, hidden)
VALUES (1, 'serial', '027', 'z', $$Canceled/invalid STRN$$,
TRUE, FALSE, FALSE);
INSERT INTO config.marc_subfield(marc_format, marc_record_type, tag, code, description,
                                 repeatable, mandatory, hidden)
VALUES (1, 'serial', '027', '6', $$Linkage$$,
FALSE, FALSE, FALSE);
INSERT INTO config.marc_subfield(marc_format, marc_record_type, tag, code, description,
                                 repeatable, mandatory, hidden)
VALUES (1, 'serial', '027', '8', $$Field link and sequence number$$,
TRUE, FALSE, FALSE);
INSERT INTO config.marc_field(marc_format, marc_record_type, tag, name, description,
                              fixed_field, repeatable, mandatory, hidden)
VALUES (1, 'serial', '030', $$CODEN Designation$$, $$CODEN designation, a unique identifier for scientific and technical periodical titles, copied from field 030 of the MARC bibliographic record that represents the description of the item for which a separate holdings record is created.$$,
FALSE, FALSE, FALSE, FALSE);
INSERT INTO config.record_attr_definition(name, label)
VALUES ('marc21_serial_030_ind_1', 'MARC 21 serial field 030 indicator position 1');
INSERT INTO config.coded_value_map(ctype, code, value, opac_visible, is_simple)
VALUES ('marc21_serial_030_ind_1', '#', $$Undefined$$, FALSE, TRUE);
INSERT INTO config.record_attr_definition(name, label)
VALUES ('marc21_serial_030_ind_2', 'MARC 21 serial field 030 indicator position 2');
INSERT INTO config.coded_value_map(ctype, code, value, opac_visible, is_simple)
VALUES ('marc21_serial_030_ind_2', '#', $$Undefined$$, FALSE, TRUE);
INSERT INTO config.marc_subfield(marc_format, marc_record_type, tag, code, description,
                                 repeatable, mandatory, hidden)
VALUES (1, 'serial', '030', 'a', $$CODEN$$,
FALSE, FALSE, FALSE);
INSERT INTO config.marc_subfield(marc_format, marc_record_type, tag, code, description,
                                 repeatable, mandatory, hidden)
VALUES (1, 'serial', '030', 'z', $$Canceled/invalid CODEN$$,
TRUE, FALSE, FALSE);
INSERT INTO config.marc_subfield(marc_format, marc_record_type, tag, code, description,
                                 repeatable, mandatory, hidden)
VALUES (1, 'serial', '030', '6', $$Linkage$$,
FALSE, FALSE, FALSE);
INSERT INTO config.marc_subfield(marc_format, marc_record_type, tag, code, description,
                                 repeatable, mandatory, hidden)
VALUES (1, 'serial', '030', '8', $$Field link and sequence number$$,
TRUE, FALSE, FALSE);
INSERT INTO config.marc_field(marc_format, marc_record_type, tag, name, description,
                              fixed_field, repeatable, mandatory, hidden)
VALUES (1, 'serial', '035', $$System Control Number$$, $$Control number, assigned by any agency, of a holdings record or a related bibliographic record for which a separate holdings record is made.$$,
FALSE, TRUE, FALSE, FALSE);
INSERT INTO config.record_attr_definition(name, label)
VALUES ('marc21_serial_035_ind_1', 'MARC 21 serial field 035 indicator position 1');
INSERT INTO config.coded_value_map(ctype, code, value, opac_visible, is_simple)
VALUES ('marc21_serial_035_ind_1', '#', $$Undefined$$, FALSE, TRUE);
INSERT INTO config.record_attr_definition(name, label)
VALUES ('marc21_serial_035_ind_2', 'MARC 21 serial field 035 indicator position 2');
INSERT INTO config.coded_value_map(ctype, code, value, opac_visible, is_simple)
VALUES ('marc21_serial_035_ind_2', '#', $$Undefined$$, FALSE, TRUE);
INSERT INTO config.marc_subfield(marc_format, marc_record_type, tag, code, description,
                                 repeatable, mandatory, hidden)
VALUES (1, 'serial', '035', 'a', $$System control number$$,
FALSE, FALSE, FALSE);
INSERT INTO config.marc_subfield(marc_format, marc_record_type, tag, code, description,
                                 repeatable, mandatory, hidden)
VALUES (1, 'serial', '035', 'z', $$Canceled or invalid control number$$,
TRUE, FALSE, FALSE);
INSERT INTO config.marc_subfield(marc_format, marc_record_type, tag, code, description,
                                 repeatable, mandatory, hidden)
VALUES (1, 'serial', '035', '6', $$Linkage$$,
FALSE, FALSE, FALSE);
INSERT INTO config.marc_subfield(marc_format, marc_record_type, tag, code, description,
                                 repeatable, mandatory, hidden)
VALUES (1, 'serial', '035', '8', $$Field link and sequence number$$,
TRUE, FALSE, FALSE);
INSERT INTO config.marc_field(marc_format, marc_record_type, tag, name, description,
                              fixed_field, repeatable, mandatory, hidden)
VALUES (1, 'serial', '040', $$Record Source$$, $$MARC code for or the name of the organization(s) that created the original, assigned MARC content designation and transcribed the record into machine-readable form, or modified an existing MARC record. These data and the code in 008/39 (Cataloging source) specify the parties responsible for the content, content designation, and transcription of the bibliographic record.$$,
FALSE, FALSE, FALSE, FALSE);
INSERT INTO config.record_attr_definition(name, label)
VALUES ('marc21_serial_040_ind_1', 'MARC 21 serial field 040 indicator position 1');
INSERT INTO config.coded_value_map(ctype, code, value, opac_visible, is_simple)
VALUES ('marc21_serial_040_ind_1', '#', $$Undefined$$, FALSE, TRUE);
INSERT INTO config.record_attr_definition(name, label)
VALUES ('marc21_serial_040_ind_2', 'MARC 21 serial field 040 indicator position 2');
INSERT INTO config.coded_value_map(ctype, code, value, opac_visible, is_simple)
VALUES ('marc21_serial_040_ind_2', '#', $$Undefined$$, FALSE, TRUE);
INSERT INTO config.marc_subfield(marc_format, marc_record_type, tag, code, description,
                                 repeatable, mandatory, hidden)
VALUES (1, 'serial', '040', 'a', $$Original cataloging agency$$,
FALSE, FALSE, FALSE);
INSERT INTO config.marc_subfield(marc_format, marc_record_type, tag, code, description,
                                 repeatable, mandatory, hidden)
VALUES (1, 'serial', '040', 'b', $$Language of cataloging$$,
FALSE, FALSE, FALSE);
INSERT INTO config.marc_subfield(marc_format, marc_record_type, tag, code, description,
                                 repeatable, mandatory, hidden)
VALUES (1, 'serial', '040', 'c', $$Transcribing agency$$,
FALSE, FALSE, FALSE);
INSERT INTO config.marc_subfield(marc_format, marc_record_type, tag, code, description,
                                 repeatable, mandatory, hidden)
VALUES (1, 'serial', '040', 'd', $$Modifying agency$$,
TRUE, FALSE, FALSE);
INSERT INTO config.marc_subfield(marc_format, marc_record_type, tag, code, description,
                                 repeatable, mandatory, hidden)
VALUES (1, 'serial', '040', '6', $$Linkage$$,
FALSE, FALSE, FALSE);
INSERT INTO config.marc_subfield(marc_format, marc_record_type, tag, code, description,
                                 repeatable, mandatory, hidden)
VALUES (1, 'serial', '040', '8', $$Field link and sequence number$$,
TRUE, FALSE, FALSE);
INSERT INTO config.marc_field(marc_format, marc_record_type, tag, name, description,
                              fixed_field, repeatable, mandatory, hidden)
VALUES (1, 'serial', '066', $$Character Sets Present$$, $$Used in records encoded with characters from sets other than ISO 10646 (or Unicode) to specify the character sets for data content that are present in the record. A detailed description of the standard escape sequences used in MARC records is provided in .$$,
FALSE, FALSE, FALSE, FALSE);
INSERT INTO config.record_attr_definition(name, label)
VALUES ('marc21_serial_066_ind_1', 'MARC 21 serial field 066 indicator position 1');
INSERT INTO config.coded_value_map(ctype, code, value, opac_visible, is_simple)
VALUES ('marc21_serial_066_ind_1', '#', $$Undefined$$, FALSE, TRUE);
INSERT INTO config.record_attr_definition(name, label)
VALUES ('marc21_serial_066_ind_2', 'MARC 21 serial field 066 indicator position 2');
INSERT INTO config.coded_value_map(ctype, code, value, opac_visible, is_simple)
VALUES ('marc21_serial_066_ind_2', '#', $$Undefined$$, FALSE, TRUE);
INSERT INTO config.marc_subfield(marc_format, marc_record_type, tag, code, description,
                                 repeatable, mandatory, hidden)
VALUES (1, 'serial', '066', 'a', $$Primary G0 character set$$,
FALSE, FALSE, FALSE);
INSERT INTO config.marc_subfield(marc_format, marc_record_type, tag, code, description,
                                 repeatable, mandatory, hidden)
VALUES (1, 'serial', '066', 'b', $$Primary G1 character set$$,
FALSE, FALSE, FALSE);
INSERT INTO config.marc_subfield(marc_format, marc_record_type, tag, code, description,
                                 repeatable, mandatory, hidden)
VALUES (1, 'serial', '066', 'c', $$Alternate G0 or G1 character set$$,
TRUE, FALSE, FALSE);
INSERT INTO config.marc_field(marc_format, marc_record_type, tag, name, description,
                              fixed_field, repeatable, mandatory, hidden)
VALUES (1, 'serial', '337', $$Media Type$$, $$Media type reflects the general type of intermediation device required to view, play, run, etc., the content of a resource. Used as an alternative to or in addition to the coded expression of Media type in field 007/00 (Category of material). Field 337 information enables indication of more specific media types and media types from various lists.$$,
FALSE, TRUE, FALSE, FALSE);
INSERT INTO config.record_attr_definition(name, label)
VALUES ('marc21_serial_337_ind_1', 'MARC 21 serial field 337 indicator position 1');
INSERT INTO config.coded_value_map(ctype, code, value, opac_visible, is_simple)
VALUES ('marc21_serial_337_ind_1', '#', $$Undefined$$, FALSE, TRUE);
INSERT INTO config.record_attr_definition(name, label)
VALUES ('marc21_serial_337_ind_2', 'MARC 21 serial field 337 indicator position 2');
INSERT INTO config.coded_value_map(ctype, code, value, opac_visible, is_simple)
VALUES ('marc21_serial_337_ind_2', '#', $$Undefined$$, FALSE, TRUE);
INSERT INTO config.marc_subfield(marc_format, marc_record_type, tag, code, description,
                                 repeatable, mandatory, hidden)
VALUES (1, 'serial', '337', 'a', $$Media type term$$,
TRUE, FALSE, FALSE);
INSERT INTO config.marc_subfield(marc_format, marc_record_type, tag, code, description,
                                 repeatable, mandatory, hidden)
VALUES (1, 'serial', '337', 'b', $$Media type code$$,
TRUE, FALSE, FALSE);
INSERT INTO config.marc_subfield(marc_format, marc_record_type, tag, code, description,
                                 repeatable, mandatory, hidden)
VALUES (1, 'serial', '337', '2', $$Source$$,
FALSE, FALSE, FALSE);
INSERT INTO config.marc_subfield(marc_format, marc_record_type, tag, code, description,
                                 repeatable, mandatory, hidden)
VALUES (1, 'serial', '337', '3', $$Materials specified$$,
FALSE, FALSE, FALSE);
INSERT INTO config.marc_subfield(marc_format, marc_record_type, tag, code, description,
                                 repeatable, mandatory, hidden)
VALUES (1, 'serial', '337', '6', $$Linkage$$,
FALSE, FALSE, FALSE);
INSERT INTO config.marc_subfield(marc_format, marc_record_type, tag, code, description,
                                 repeatable, mandatory, hidden)
VALUES (1, 'serial', '337', '8', $$Field link and sequence number$$,
TRUE, FALSE, FALSE);
INSERT INTO config.marc_field(marc_format, marc_record_type, tag, name, description,
                              fixed_field, repeatable, mandatory, hidden)
VALUES (1, 'serial', '338', $$Carrier Type$$, $$Carrier type reflects the format of the storage medium and housing of a carrier in combination with the media type (which indicates the intermediation device required to view, play, run, etc., the content of a resource). Used as an alternative to or in addition to the coded expression of carrier type in field 007/01 (Specific material designation). Field 338 information enables indication of more specific carrier types and carrier types from various lists.$$,
FALSE, TRUE, FALSE, FALSE);
INSERT INTO config.record_attr_definition(name, label)
VALUES ('marc21_serial_338_ind_1', 'MARC 21 serial field 338 indicator position 1');
INSERT INTO config.coded_value_map(ctype, code, value, opac_visible, is_simple)
VALUES ('marc21_serial_338_ind_1', '#', $$Undefined$$, FALSE, TRUE);
INSERT INTO config.record_attr_definition(name, label)
VALUES ('marc21_serial_338_ind_2', 'MARC 21 serial field 338 indicator position 2');
INSERT INTO config.coded_value_map(ctype, code, value, opac_visible, is_simple)
VALUES ('marc21_serial_338_ind_2', '#', $$Undefined$$, FALSE, TRUE);
INSERT INTO config.marc_subfield(marc_format, marc_record_type, tag, code, description,
                                 repeatable, mandatory, hidden)
VALUES (1, 'serial', '338', 'a', $$Carrier type term$$,
TRUE, FALSE, FALSE);
INSERT INTO config.marc_subfield(marc_format, marc_record_type, tag, code, description,
                                 repeatable, mandatory, hidden)
VALUES (1, 'serial', '338', '2', $$Source$$,
FALSE, FALSE, FALSE);
INSERT INTO config.marc_subfield(marc_format, marc_record_type, tag, code, description,
                                 repeatable, mandatory, hidden)
VALUES (1, 'serial', '338', '3', $$Materials specified$$,
FALSE, FALSE, FALSE);
INSERT INTO config.marc_subfield(marc_format, marc_record_type, tag, code, description,
                                 repeatable, mandatory, hidden)
VALUES (1, 'serial', '338', '6', $$Linkage$$,
FALSE, FALSE, FALSE);
INSERT INTO config.marc_subfield(marc_format, marc_record_type, tag, code, description,
                                 repeatable, mandatory, hidden)
VALUES (1, 'serial', '338', '8', $$Field link and sequence number$$,
TRUE, FALSE, FALSE);
INSERT INTO config.marc_field(marc_format, marc_record_type, tag, name, description,
                              fixed_field, repeatable, mandatory, hidden)
VALUES (1, 'serial', '506', $$Restrictions on Access Note$$, $$Information about restrictions imposed on access to the described materials.$$,
FALSE, TRUE, FALSE, FALSE);
INSERT INTO config.record_attr_definition(name, label)
VALUES ('marc21_serial_506_ind_1', 'MARC 21 serial field 506 indicator position 1');
INSERT INTO config.coded_value_map(ctype, code, value, opac_visible, is_simple)
VALUES ('marc21_serial_506_ind_1', '#', $$No information provided$$, FALSE, TRUE);
INSERT INTO config.coded_value_map(ctype, code, value, opac_visible, is_simple)
VALUES ('marc21_serial_506_ind_1', '0', $$No restrictions$$, FALSE, TRUE);
INSERT INTO config.coded_value_map(ctype, code, value, opac_visible, is_simple)
VALUES ('marc21_serial_506_ind_1', '1', $$Restrictions apply$$, FALSE, TRUE);
INSERT INTO config.record_attr_definition(name, label)
VALUES ('marc21_serial_506_ind_2', 'MARC 21 serial field 506 indicator position 2');
INSERT INTO config.coded_value_map(ctype, code, value, opac_visible, is_simple)
VALUES ('marc21_serial_506_ind_2', '#', $$Undefined$$, FALSE, TRUE);
INSERT INTO config.marc_subfield(marc_format, marc_record_type, tag, code, description,
                                 repeatable, mandatory, hidden)
VALUES (1, 'serial', '506', 'a', $$Terms governing access$$,
FALSE, FALSE, FALSE);
INSERT INTO config.marc_subfield(marc_format, marc_record_type, tag, code, description,
                                 repeatable, mandatory, hidden)
VALUES (1, 'serial', '506', 'b', $$Jurisdiction$$,
TRUE, FALSE, FALSE);
INSERT INTO config.marc_subfield(marc_format, marc_record_type, tag, code, description,
                                 repeatable, mandatory, hidden)
VALUES (1, 'serial', '506', 'c', $$Physical access provisions$$,
TRUE, FALSE, FALSE);
INSERT INTO config.marc_subfield(marc_format, marc_record_type, tag, code, description,
                                 repeatable, mandatory, hidden)
VALUES (1, 'serial', '506', 'd', $$Authorized users$$,
TRUE, FALSE, FALSE);
INSERT INTO config.marc_subfield(marc_format, marc_record_type, tag, code, description,
                                 repeatable, mandatory, hidden)
VALUES (1, 'serial', '506', 'e', $$Authorization$$,
TRUE, FALSE, FALSE);
INSERT INTO config.marc_subfield(marc_format, marc_record_type, tag, code, description,
                                 repeatable, mandatory, hidden)
VALUES (1, 'serial', '506', 'f', $$Standardized terminology for access restriction$$,
TRUE, FALSE, FALSE);
INSERT INTO config.marc_subfield(marc_format, marc_record_type, tag, code, description,
                                 repeatable, mandatory, hidden)
VALUES (1, 'serial', '506', 'u', $$Uniform Resource Identifier$$,
TRUE, FALSE, FALSE);
INSERT INTO config.marc_subfield(marc_format, marc_record_type, tag, code, description,
                                 repeatable, mandatory, hidden)
VALUES (1, 'serial', '506', '2', $$Source of term$$,
FALSE, FALSE, FALSE);
INSERT INTO config.marc_subfield(marc_format, marc_record_type, tag, code, description,
                                 repeatable, mandatory, hidden)
VALUES (1, 'serial', '506', '3', $$Materials specified$$,
FALSE, FALSE, FALSE);
INSERT INTO config.marc_subfield(marc_format, marc_record_type, tag, code, description,
                                 repeatable, mandatory, hidden)
VALUES (1, 'serial', '506', '5', $$Institution to which field applies$$,
FALSE, FALSE, FALSE);
INSERT INTO config.marc_subfield(marc_format, marc_record_type, tag, code, description,
                                 repeatable, mandatory, hidden)
VALUES (1, 'serial', '506', '6', $$Linkage$$,
FALSE, FALSE, FALSE);
INSERT INTO config.marc_subfield(marc_format, marc_record_type, tag, code, description,
                                 repeatable, mandatory, hidden)
VALUES (1, 'serial', '506', '8', $$Field link and sequence number$$,
TRUE, FALSE, FALSE);
INSERT INTO config.marc_field(marc_format, marc_record_type, tag, name, description,
                              fixed_field, repeatable, mandatory, hidden)
VALUES (1, 'serial', '538', $$System Details Note$$, $$Technical information about an item, such as the presence or absence of certain kinds of codes; or the physical characteristics of a computer file, such as recording densities, parity, blocking factors, mode of access, software programming language, computer requirements, peripheral requirements, trade name or recording systems, number of lines of resolution, and modulation frequency. For sound and videorecordings, information about the trade name or recording system(s) (e.g., VHS), modulation frequency and number of lines of resolution may be included.$$,
FALSE, TRUE, FALSE, FALSE);
INSERT INTO config.record_attr_definition(name, label)
VALUES ('marc21_serial_538_ind_1', 'MARC 21 serial field 538 indicator position 1');
INSERT INTO config.coded_value_map(ctype, code, value, opac_visible, is_simple)
VALUES ('marc21_serial_538_ind_1', '#', $$Undefined$$, FALSE, TRUE);
INSERT INTO config.record_attr_definition(name, label)
VALUES ('marc21_serial_538_ind_2', 'MARC 21 serial field 538 indicator position 2');
INSERT INTO config.coded_value_map(ctype, code, value, opac_visible, is_simple)
VALUES ('marc21_serial_538_ind_2', '#', $$Undefined$$, FALSE, TRUE);
INSERT INTO config.marc_subfield(marc_format, marc_record_type, tag, code, description,
                                 repeatable, mandatory, hidden)
VALUES (1, 'serial', '538', 'a', $$System details note$$,
FALSE, FALSE, FALSE);
INSERT INTO config.marc_subfield(marc_format, marc_record_type, tag, code, description,
                                 repeatable, mandatory, hidden)
VALUES (1, 'serial', '538', 'i', $$Display text$$,
FALSE, FALSE, FALSE);
INSERT INTO config.marc_subfield(marc_format, marc_record_type, tag, code, description,
                                 repeatable, mandatory, hidden)
VALUES (1, 'serial', '538', 'u', $$Uniform Resource Identifier$$,
TRUE, FALSE, FALSE);
INSERT INTO config.marc_subfield(marc_format, marc_record_type, tag, code, description,
                                 repeatable, mandatory, hidden)
VALUES (1, 'serial', '538', '3', $$Materials specified$$,
FALSE, FALSE, FALSE);
INSERT INTO config.marc_subfield(marc_format, marc_record_type, tag, code, description,
                                 repeatable, mandatory, hidden)
VALUES (1, 'serial', '538', '5', $$Institution to which field applies$$,
TRUE, FALSE, FALSE);
INSERT INTO config.marc_subfield(marc_format, marc_record_type, tag, code, description,
                                 repeatable, mandatory, hidden)
VALUES (1, 'serial', '538', '6', $$Linkage$$,
FALSE, FALSE, FALSE);
INSERT INTO config.marc_subfield(marc_format, marc_record_type, tag, code, description,
                                 repeatable, mandatory, hidden)
VALUES (1, 'serial', '538', '8', $$Field link and sequence number$$,
TRUE, FALSE, FALSE);
INSERT INTO config.marc_field(marc_format, marc_record_type, tag, name, description,
                              fixed_field, repeatable, mandatory, hidden)
VALUES (1, 'serial', '541', $$Immediate Source of Acquisition Note$$, $$Information on the immediate source of acquisition of the described materials. Used primarily for original or historical items or other archival collections.$$,
FALSE, TRUE, FALSE, FALSE);
INSERT INTO config.record_attr_definition(name, label)
VALUES ('marc21_serial_541_ind_1', 'MARC 21 serial field 541 indicator position 1');
INSERT INTO config.coded_value_map(ctype, code, value, opac_visible, is_simple)
VALUES ('marc21_serial_541_ind_1', '#', $$No information provided$$, FALSE, TRUE);
INSERT INTO config.coded_value_map(ctype, code, value, opac_visible, is_simple)
VALUES ('marc21_serial_541_ind_1', '0', $$Private$$, FALSE, TRUE);
INSERT INTO config.coded_value_map(ctype, code, value, opac_visible, is_simple)
VALUES ('marc21_serial_541_ind_1', '1', $$Not private$$, FALSE, TRUE);
INSERT INTO config.record_attr_definition(name, label)
VALUES ('marc21_serial_541_ind_2', 'MARC 21 serial field 541 indicator position 2');
INSERT INTO config.coded_value_map(ctype, code, value, opac_visible, is_simple)
VALUES ('marc21_serial_541_ind_2', '#', $$Undefined$$, FALSE, TRUE);
INSERT INTO config.marc_subfield(marc_format, marc_record_type, tag, code, description,
                                 repeatable, mandatory, hidden)
VALUES (1, 'serial', '541', 'a', $$Source of acquisition$$,
FALSE, FALSE, FALSE);
INSERT INTO config.marc_subfield(marc_format, marc_record_type, tag, code, description,
                                 repeatable, mandatory, hidden)
VALUES (1, 'serial', '541', 'b', $$Address$$,
FALSE, FALSE, FALSE);
INSERT INTO config.marc_subfield(marc_format, marc_record_type, tag, code, description,
                                 repeatable, mandatory, hidden)
VALUES (1, 'serial', '541', 'c', $$Method of acquisition$$,
FALSE, FALSE, FALSE);
INSERT INTO config.marc_subfield(marc_format, marc_record_type, tag, code, description,
                                 repeatable, mandatory, hidden)
VALUES (1, 'serial', '541', 'd', $$Date of acquisition$$,
FALSE, FALSE, FALSE);
INSERT INTO config.marc_subfield(marc_format, marc_record_type, tag, code, description,
                                 repeatable, mandatory, hidden)
VALUES (1, 'serial', '541', 'e', $$Accession number$$,
FALSE, FALSE, FALSE);
INSERT INTO config.marc_subfield(marc_format, marc_record_type, tag, code, description,
                                 repeatable, mandatory, hidden)
VALUES (1, 'serial', '541', 'f', $$Owner$$,
FALSE, FALSE, FALSE);
INSERT INTO config.marc_subfield(marc_format, marc_record_type, tag, code, description,
                                 repeatable, mandatory, hidden)
VALUES (1, 'serial', '541', 'h', $$Purchase price$$,
FALSE, FALSE, FALSE);
INSERT INTO config.marc_subfield(marc_format, marc_record_type, tag, code, description,
                                 repeatable, mandatory, hidden)
VALUES (1, 'serial', '541', 'n', $$Extent$$,
TRUE, FALSE, FALSE);
INSERT INTO config.marc_subfield(marc_format, marc_record_type, tag, code, description,
                                 repeatable, mandatory, hidden)
VALUES (1, 'serial', '541', 'o', $$Type of unit$$,
TRUE, FALSE, FALSE);
INSERT INTO config.marc_subfield(marc_format, marc_record_type, tag, code, description,
                                 repeatable, mandatory, hidden)
VALUES (1, 'serial', '541', '3', $$Materials specified$$,
FALSE, FALSE, FALSE);
INSERT INTO config.marc_subfield(marc_format, marc_record_type, tag, code, description,
                                 repeatable, mandatory, hidden)
VALUES (1, 'serial', '541', '5', $$Institution to which field applies$$,
FALSE, FALSE, FALSE);
INSERT INTO config.marc_subfield(marc_format, marc_record_type, tag, code, description,
                                 repeatable, mandatory, hidden)
VALUES (1, 'serial', '541', '6', $$Linkage$$,
FALSE, FALSE, FALSE);
INSERT INTO config.marc_subfield(marc_format, marc_record_type, tag, code, description,
                                 repeatable, mandatory, hidden)
VALUES (1, 'serial', '541', '8', $$Field link and sequence number$$,
TRUE, FALSE, FALSE);
INSERT INTO config.marc_field(marc_format, marc_record_type, tag, name, description,
                              fixed_field, repeatable, mandatory, hidden)
VALUES (1, 'serial', '561', $$Ownership and Custodial History$$, $$Information concerning the ownership and custodial history of the described materials from the time of their creation to the time of their accessioning, including the time at which individual items or group of items were first brought together in their current arrangement or collation.$$,
FALSE, TRUE, FALSE, FALSE);
INSERT INTO config.record_attr_definition(name, label)
VALUES ('marc21_serial_561_ind_1', 'MARC 21 serial field 561 indicator position 1');
INSERT INTO config.coded_value_map(ctype, code, value, opac_visible, is_simple)
VALUES ('marc21_serial_561_ind_1', '#', $$No information provided$$, FALSE, TRUE);
INSERT INTO config.coded_value_map(ctype, code, value, opac_visible, is_simple)
VALUES ('marc21_serial_561_ind_1', '0', $$Private$$, FALSE, TRUE);
INSERT INTO config.coded_value_map(ctype, code, value, opac_visible, is_simple)
VALUES ('marc21_serial_561_ind_1', '1', $$Not private$$, FALSE, TRUE);
INSERT INTO config.record_attr_definition(name, label)
VALUES ('marc21_serial_561_ind_2', 'MARC 21 serial field 561 indicator position 2');
INSERT INTO config.coded_value_map(ctype, code, value, opac_visible, is_simple)
VALUES ('marc21_serial_561_ind_2', '#', $$Undefined$$, FALSE, TRUE);
INSERT INTO config.marc_subfield(marc_format, marc_record_type, tag, code, description,
                                 repeatable, mandatory, hidden)
VALUES (1, 'serial', '561', 'a', $$History$$,
FALSE, FALSE, FALSE);
INSERT INTO config.marc_subfield(marc_format, marc_record_type, tag, code, description,
                                 repeatable, mandatory, hidden)
VALUES (1, 'serial', '561', '3', $$Materials specified$$,
FALSE, FALSE, FALSE);
INSERT INTO config.marc_subfield(marc_format, marc_record_type, tag, code, description,
                                 repeatable, mandatory, hidden)
VALUES (1, 'serial', '561', '5', $$Institution to which field applies$$,
FALSE, FALSE, FALSE);
INSERT INTO config.marc_subfield(marc_format, marc_record_type, tag, code, description,
                                 repeatable, mandatory, hidden)
VALUES (1, 'serial', '561', '6', $$Linkage$$,
FALSE, FALSE, FALSE);
INSERT INTO config.marc_subfield(marc_format, marc_record_type, tag, code, description,
                                 repeatable, mandatory, hidden)
VALUES (1, 'serial', '561', '8', $$Field link and sequence number$$,
TRUE, FALSE, FALSE);
INSERT INTO config.marc_field(marc_format, marc_record_type, tag, name, description,
                              fixed_field, repeatable, mandatory, hidden)
VALUES (1, 'serial', '562', $$Copy and Version Identification Note$$, $$Information that distinguishes the copy(s) or version(s) of materials held by an archive or manuscript repository when more than one copy or version exists or could exist.$$,
FALSE, TRUE, FALSE, FALSE);
INSERT INTO config.record_attr_definition(name, label)
VALUES ('marc21_serial_562_ind_1', 'MARC 21 serial field 562 indicator position 1');
INSERT INTO config.coded_value_map(ctype, code, value, opac_visible, is_simple)
VALUES ('marc21_serial_562_ind_1', '#', $$Undefined$$, FALSE, TRUE);
INSERT INTO config.record_attr_definition(name, label)
VALUES ('marc21_serial_562_ind_2', 'MARC 21 serial field 562 indicator position 2');
INSERT INTO config.coded_value_map(ctype, code, value, opac_visible, is_simple)
VALUES ('marc21_serial_562_ind_2', '#', $$Undefined$$, FALSE, TRUE);
INSERT INTO config.marc_subfield(marc_format, marc_record_type, tag, code, description,
                                 repeatable, mandatory, hidden)
VALUES (1, 'serial', '562', 'a', $$Identifying markings$$,
TRUE, FALSE, FALSE);
INSERT INTO config.marc_subfield(marc_format, marc_record_type, tag, code, description,
                                 repeatable, mandatory, hidden)
VALUES (1, 'serial', '562', 'b', $$Copy identification$$,
TRUE, FALSE, FALSE);
INSERT INTO config.marc_subfield(marc_format, marc_record_type, tag, code, description,
                                 repeatable, mandatory, hidden)
VALUES (1, 'serial', '562', 'c', $$Version identification$$,
TRUE, FALSE, FALSE);
INSERT INTO config.marc_subfield(marc_format, marc_record_type, tag, code, description,
                                 repeatable, mandatory, hidden)
VALUES (1, 'serial', '562', 'd', $$Presentation format$$,
TRUE, FALSE, FALSE);
INSERT INTO config.marc_subfield(marc_format, marc_record_type, tag, code, description,
                                 repeatable, mandatory, hidden)
VALUES (1, 'serial', '562', 'e', $$Number of copies$$,
TRUE, FALSE, FALSE);
INSERT INTO config.marc_subfield(marc_format, marc_record_type, tag, code, description,
                                 repeatable, mandatory, hidden)
VALUES (1, 'serial', '562', '3', $$Materials specified$$,
FALSE, FALSE, FALSE);
INSERT INTO config.marc_subfield(marc_format, marc_record_type, tag, code, description,
                                 repeatable, mandatory, hidden)
VALUES (1, 'serial', '562', '5', $$Institution to which field applies$$,
FALSE, FALSE, FALSE);
INSERT INTO config.marc_subfield(marc_format, marc_record_type, tag, code, description,
                                 repeatable, mandatory, hidden)
VALUES (1, 'serial', '562', '6', $$Linkage$$,
FALSE, FALSE, FALSE);
INSERT INTO config.marc_subfield(marc_format, marc_record_type, tag, code, description,
                                 repeatable, mandatory, hidden)
VALUES (1, 'serial', '562', '8', $$Field link and sequence number$$,
TRUE, FALSE, FALSE);
INSERT INTO config.marc_field(marc_format, marc_record_type, tag, name, description,
                              fixed_field, repeatable, mandatory, hidden)
VALUES (1, 'serial', '563', $$Binding Information$$, $$Binding information intended primarily for use with antiquarian materials, rare books, and other special collections.$$,
FALSE, TRUE, FALSE, FALSE);
INSERT INTO config.record_attr_definition(name, label)
VALUES ('marc21_serial_563_ind_1', 'MARC 21 serial field 563 indicator position 1');
INSERT INTO config.coded_value_map(ctype, code, value, opac_visible, is_simple)
VALUES ('marc21_serial_563_ind_1', '#', $$Undefined$$, FALSE, TRUE);
INSERT INTO config.record_attr_definition(name, label)
VALUES ('marc21_serial_563_ind_2', 'MARC 21 serial field 563 indicator position 2');
INSERT INTO config.coded_value_map(ctype, code, value, opac_visible, is_simple)
VALUES ('marc21_serial_563_ind_2', '#', $$Undefined$$, FALSE, TRUE);
INSERT INTO config.marc_subfield(marc_format, marc_record_type, tag, code, description,
                                 repeatable, mandatory, hidden)
VALUES (1, 'serial', '563', 'a', $$Binding note$$,
FALSE, FALSE, FALSE);
INSERT INTO config.marc_subfield(marc_format, marc_record_type, tag, code, description,
                                 repeatable, mandatory, hidden)
VALUES (1, 'serial', '563', 'u', $$Uniform Resource Identifier$$,
TRUE, FALSE, FALSE);
INSERT INTO config.marc_subfield(marc_format, marc_record_type, tag, code, description,
                                 repeatable, mandatory, hidden)
VALUES (1, 'serial', '563', '3', $$Materials specified$$,
FALSE, FALSE, FALSE);
INSERT INTO config.marc_subfield(marc_format, marc_record_type, tag, code, description,
                                 repeatable, mandatory, hidden)
VALUES (1, 'serial', '563', '5', $$Institution to which field applies$$,
FALSE, FALSE, FALSE);
INSERT INTO config.marc_subfield(marc_format, marc_record_type, tag, code, description,
                                 repeatable, mandatory, hidden)
VALUES (1, 'serial', '563', '6', $$Linkage$$,
FALSE, FALSE, FALSE);
INSERT INTO config.marc_subfield(marc_format, marc_record_type, tag, code, description,
                                 repeatable, mandatory, hidden)
VALUES (1, 'serial', '563', '8', $$Field link and sequence number$$,
TRUE, FALSE, FALSE);
INSERT INTO config.marc_field(marc_format, marc_record_type, tag, name, description,
                              fixed_field, repeatable, mandatory, hidden)
VALUES (1, 'serial', '583', $$Action Note$$, $$Information about processing and reference or preservation actions related to the bibliographic item for which a separate holdings record is created. For those using the field to record preservation activities, a list of may be used and the authority for the terminology may be indicated in subfield $2.$$,
FALSE, TRUE, FALSE, FALSE);
INSERT INTO config.record_attr_definition(name, label)
VALUES ('marc21_serial_583_ind_1', 'MARC 21 serial field 583 indicator position 1');
INSERT INTO config.coded_value_map(ctype, code, value, opac_visible, is_simple)
VALUES ('marc21_serial_583_ind_1', '#', $$No information provided$$, FALSE, TRUE);
INSERT INTO config.coded_value_map(ctype, code, value, opac_visible, is_simple)
VALUES ('marc21_serial_583_ind_1', '0', $$Private$$, FALSE, TRUE);
INSERT INTO config.coded_value_map(ctype, code, value, opac_visible, is_simple)
VALUES ('marc21_serial_583_ind_1', '1', $$Not private$$, FALSE, TRUE);
INSERT INTO config.record_attr_definition(name, label)
VALUES ('marc21_serial_583_ind_2', 'MARC 21 serial field 583 indicator position 2');
INSERT INTO config.coded_value_map(ctype, code, value, opac_visible, is_simple)
VALUES ('marc21_serial_583_ind_2', '#', $$Undefined$$, FALSE, TRUE);
INSERT INTO config.marc_subfield(marc_format, marc_record_type, tag, code, description,
                                 repeatable, mandatory, hidden)
VALUES (1, 'serial', '583', 'a', $$Action$$,
FALSE, FALSE, FALSE);
INSERT INTO config.marc_subfield(marc_format, marc_record_type, tag, code, description,
                                 repeatable, mandatory, hidden)
VALUES (1, 'serial', '583', 'b', $$Action identification$$,
TRUE, FALSE, FALSE);
INSERT INTO config.marc_subfield(marc_format, marc_record_type, tag, code, description,
                                 repeatable, mandatory, hidden)
VALUES (1, 'serial', '583', 'c', $$Time/date of action$$,
TRUE, FALSE, FALSE);
INSERT INTO config.marc_subfield(marc_format, marc_record_type, tag, code, description,
                                 repeatable, mandatory, hidden)
VALUES (1, 'serial', '583', 'd', $$Action interval$$,
TRUE, FALSE, FALSE);
INSERT INTO config.marc_subfield(marc_format, marc_record_type, tag, code, description,
                                 repeatable, mandatory, hidden)
VALUES (1, 'serial', '583', 'e', $$Contingency for action$$,
TRUE, FALSE, FALSE);
INSERT INTO config.marc_subfield(marc_format, marc_record_type, tag, code, description,
                                 repeatable, mandatory, hidden)
VALUES (1, 'serial', '583', 'f', $$Authorization$$,
TRUE, FALSE, FALSE);
INSERT INTO config.marc_subfield(marc_format, marc_record_type, tag, code, description,
                                 repeatable, mandatory, hidden)
VALUES (1, 'serial', '583', 'h', $$Jurisdiction$$,
TRUE, FALSE, FALSE);
INSERT INTO config.marc_subfield(marc_format, marc_record_type, tag, code, description,
                                 repeatable, mandatory, hidden)
VALUES (1, 'serial', '583', 'i', $$Method of action$$,
TRUE, FALSE, FALSE);
INSERT INTO config.marc_subfield(marc_format, marc_record_type, tag, code, description,
                                 repeatable, mandatory, hidden)
VALUES (1, 'serial', '583', 'j', $$Site of action$$,
TRUE, FALSE, FALSE);
INSERT INTO config.marc_subfield(marc_format, marc_record_type, tag, code, description,
                                 repeatable, mandatory, hidden)
VALUES (1, 'serial', '583', 'k', $$Action agent$$,
TRUE, FALSE, FALSE);
INSERT INTO config.marc_subfield(marc_format, marc_record_type, tag, code, description,
                                 repeatable, mandatory, hidden)
VALUES (1, 'serial', '583', 'l', $$Status$$,
TRUE, FALSE, FALSE);
INSERT INTO config.marc_subfield(marc_format, marc_record_type, tag, code, description,
                                 repeatable, mandatory, hidden)
VALUES (1, 'serial', '583', 'n', $$Extent$$,
TRUE, FALSE, FALSE);
INSERT INTO config.marc_subfield(marc_format, marc_record_type, tag, code, description,
                                 repeatable, mandatory, hidden)
VALUES (1, 'serial', '583', 'o', $$Type of unit$$,
TRUE, FALSE, FALSE);
INSERT INTO config.marc_subfield(marc_format, marc_record_type, tag, code, description,
                                 repeatable, mandatory, hidden)
VALUES (1, 'serial', '583', 'u', $$Uniform Resource Identifier$$,
TRUE, FALSE, FALSE);
INSERT INTO config.marc_subfield(marc_format, marc_record_type, tag, code, description,
                                 repeatable, mandatory, hidden)
VALUES (1, 'serial', '583', 'x', $$Nonpublic note$$,
TRUE, FALSE, FALSE);
INSERT INTO config.marc_subfield(marc_format, marc_record_type, tag, code, description,
                                 repeatable, mandatory, hidden)
VALUES (1, 'serial', '583', 'z', $$Public note$$,
TRUE, FALSE, FALSE);
INSERT INTO config.marc_subfield(marc_format, marc_record_type, tag, code, description,
                                 repeatable, mandatory, hidden)
VALUES (1, 'serial', '583', '2', $$Source of term$$,
FALSE, FALSE, FALSE);
INSERT INTO config.marc_subfield(marc_format, marc_record_type, tag, code, description,
                                 repeatable, mandatory, hidden)
VALUES (1, 'serial', '583', '3', $$Materials specified$$,
FALSE, FALSE, FALSE);
INSERT INTO config.marc_subfield(marc_format, marc_record_type, tag, code, description,
                                 repeatable, mandatory, hidden)
VALUES (1, 'serial', '583', '5', $$Institution to which field applies$$,
FALSE, FALSE, FALSE);
INSERT INTO config.marc_subfield(marc_format, marc_record_type, tag, code, description,
                                 repeatable, mandatory, hidden)
VALUES (1, 'serial', '583', '6', $$Linkage$$,
FALSE, FALSE, FALSE);
INSERT INTO config.marc_subfield(marc_format, marc_record_type, tag, code, description,
                                 repeatable, mandatory, hidden)
VALUES (1, 'serial', '583', '8', $$Field link and sequence number$$,
TRUE, FALSE, FALSE);
INSERT INTO config.marc_field(marc_format, marc_record_type, tag, name, description,
                              fixed_field, repeatable, mandatory, hidden)
VALUES (1, 'serial', '841', $$Holdings Coded Data Values$$, $$When holdings data are embedded in a bibliographic record, this field contains certain coded information that would apply to the holdings information if it were in a separate holdings record in field 008 (Fixed-Length Data Elements).$$,
FALSE, FALSE, FALSE, FALSE);
INSERT INTO config.record_attr_definition(name, label)
VALUES ('marc21_serial_841_ind_1', 'MARC 21 serial field 841 indicator position 1');
INSERT INTO config.coded_value_map(ctype, code, value, opac_visible, is_simple)
VALUES ('marc21_serial_841_ind_1', '#', $$Undefined$$, FALSE, TRUE);
INSERT INTO config.record_attr_definition(name, label)
VALUES ('marc21_serial_841_ind_2', 'MARC 21 serial field 841 indicator position 2');
INSERT INTO config.coded_value_map(ctype, code, value, opac_visible, is_simple)
VALUES ('marc21_serial_841_ind_2', '#', $$Undefined$$, FALSE, TRUE);
INSERT INTO config.marc_subfield(marc_format, marc_record_type, tag, code, description,
                                 repeatable, mandatory, hidden)
VALUES (1, 'serial', '841', 'a', $$Type of record$$,
FALSE, FALSE, FALSE);
INSERT INTO config.marc_subfield(marc_format, marc_record_type, tag, code, description,
                                 repeatable, mandatory, hidden)
VALUES (1, 'serial', '841', 'b', $$Fixed-length data elements$$,
FALSE, FALSE, FALSE);
INSERT INTO config.marc_subfield(marc_format, marc_record_type, tag, code, description,
                                 repeatable, mandatory, hidden)
VALUES (1, 'serial', '841', 'e', $$Encoding level$$,
FALSE, FALSE, FALSE);
INSERT INTO config.marc_field(marc_format, marc_record_type, tag, name, description,
                              fixed_field, repeatable, mandatory, hidden)
VALUES (1, 'serial', '842', $$Textual Physical Form Designator$$, $$Designation in textual form of the physical form of the item. The physical form designator specifies the physical medium or form, or type of material of the unit held. The general physical form designator in coded form is recorded in field 007 (Physical Description Fixed Field).$$,
FALSE, FALSE, FALSE, FALSE);
INSERT INTO config.record_attr_definition(name, label)
VALUES ('marc21_serial_842_ind_1', 'MARC 21 serial field 842 indicator position 1');
INSERT INTO config.coded_value_map(ctype, code, value, opac_visible, is_simple)
VALUES ('marc21_serial_842_ind_1', '#', $$Undefined$$, FALSE, TRUE);
INSERT INTO config.record_attr_definition(name, label)
VALUES ('marc21_serial_842_ind_2', 'MARC 21 serial field 842 indicator position 2');
INSERT INTO config.coded_value_map(ctype, code, value, opac_visible, is_simple)
VALUES ('marc21_serial_842_ind_2', '#', $$Undefined$$, FALSE, TRUE);
INSERT INTO config.marc_subfield(marc_format, marc_record_type, tag, code, description,
                                 repeatable, mandatory, hidden)
VALUES (1, 'serial', '842', 'a', $$Textual physical form designator$$,
FALSE, FALSE, FALSE);
INSERT INTO config.marc_subfield(marc_format, marc_record_type, tag, code, description,
                                 repeatable, mandatory, hidden)
VALUES (1, 'serial', '842', '6', $$Linkage$$,
FALSE, FALSE, FALSE);
INSERT INTO config.marc_subfield(marc_format, marc_record_type, tag, code, description,
                                 repeatable, mandatory, hidden)
VALUES (1, 'serial', '842', '8', $$Field link and sequence number$$,
TRUE, FALSE, FALSE);
INSERT INTO config.marc_field(marc_format, marc_record_type, tag, name, description,
                              fixed_field, repeatable, mandatory, hidden)
VALUES (1, 'serial', '843', $$Reproduction Note$$, $$Description of an item that is a reproduction of original materials. Used when an institution chooses to have the main portion of the bibliographic record description reflect the original and the notes in field 843 reflect information about the copy.$$,
FALSE, TRUE, FALSE, FALSE);
INSERT INTO config.record_attr_definition(name, label)
VALUES ('marc21_serial_843_ind_1', 'MARC 21 serial field 843 indicator position 1');
INSERT INTO config.coded_value_map(ctype, code, value, opac_visible, is_simple)
VALUES ('marc21_serial_843_ind_1', '#', $$Undefined$$, FALSE, TRUE);
INSERT INTO config.record_attr_definition(name, label)
VALUES ('marc21_serial_843_ind_2', 'MARC 21 serial field 843 indicator position 2');
INSERT INTO config.coded_value_map(ctype, code, value, opac_visible, is_simple)
VALUES ('marc21_serial_843_ind_2', '#', $$Undefined$$, FALSE, TRUE);
INSERT INTO config.marc_subfield(marc_format, marc_record_type, tag, code, description,
                                 repeatable, mandatory, hidden)
VALUES (1, 'serial', '843', 'a', $$Type of reproduction$$,
FALSE, FALSE, FALSE);
INSERT INTO config.marc_subfield(marc_format, marc_record_type, tag, code, description,
                                 repeatable, mandatory, hidden)
VALUES (1, 'serial', '843', 'b', $$Place of reproduction$$,
TRUE, FALSE, FALSE);
INSERT INTO config.marc_subfield(marc_format, marc_record_type, tag, code, description,
                                 repeatable, mandatory, hidden)
VALUES (1, 'serial', '843', 'c', $$Agency responsible for reproduction$$,
TRUE, FALSE, FALSE);
INSERT INTO config.marc_subfield(marc_format, marc_record_type, tag, code, description,
                                 repeatable, mandatory, hidden)
VALUES (1, 'serial', '843', 'd', $$Date of reproduction$$,
FALSE, FALSE, FALSE);
INSERT INTO config.marc_subfield(marc_format, marc_record_type, tag, code, description,
                                 repeatable, mandatory, hidden)
VALUES (1, 'serial', '843', 'e', $$Physical description of reproduction$$,
FALSE, FALSE, FALSE);
INSERT INTO config.marc_subfield(marc_format, marc_record_type, tag, code, description,
                                 repeatable, mandatory, hidden)
VALUES (1, 'serial', '843', 'f', $$Series statement of reproduction$$,
TRUE, FALSE, FALSE);
INSERT INTO config.marc_subfield(marc_format, marc_record_type, tag, code, description,
                                 repeatable, mandatory, hidden)
VALUES (1, 'serial', '843', 'm', $$Dates of publication and/or sequential designation of issues reproduced$$,
TRUE, FALSE, FALSE);
INSERT INTO config.marc_subfield(marc_format, marc_record_type, tag, code, description,
                                 repeatable, mandatory, hidden)
VALUES (1, 'serial', '843', 'n', $$Note about reproduction$$,
TRUE, FALSE, FALSE);
INSERT INTO config.marc_subfield(marc_format, marc_record_type, tag, code, description,
                                 repeatable, mandatory, hidden)
VALUES (1, 'serial', '843', '3', $$Materials specified$$,
FALSE, FALSE, FALSE);
INSERT INTO config.marc_subfield(marc_format, marc_record_type, tag, code, description,
                                 repeatable, mandatory, hidden)
VALUES (1, 'serial', '843', '5', $$Institution to which field applies$$,
FALSE, FALSE, FALSE);
INSERT INTO config.marc_subfield(marc_format, marc_record_type, tag, code, description,
                                 repeatable, mandatory, hidden)
VALUES (1, 'serial', '843', '6', $$Linkage$$,
FALSE, FALSE, FALSE);
INSERT INTO config.marc_subfield(marc_format, marc_record_type, tag, code, description,
                                 repeatable, mandatory, hidden)
VALUES (1, 'serial', '843', '7', $$Fixed-length data elements of reproduction$$,
FALSE, FALSE, FALSE);
INSERT INTO config.marc_subfield(marc_format, marc_record_type, tag, code, description,
                                 repeatable, mandatory, hidden)
VALUES (1, 'serial', '843', '8', $$Field link and sequence number$$,
TRUE, FALSE, FALSE);
INSERT INTO config.marc_field(marc_format, marc_record_type, tag, name, description,
                              fixed_field, repeatable, mandatory, hidden)
VALUES (1, 'serial', '844', $$Name of Unit$$, $$Bibliographic title or a supplied designation describing a basic bibliographic unit, supplementary material, or an index. A supplement or index designation used as a caption is contained in fields 853-855 (Captions and Pattern), subfield $a-$h (Enumeration captions).$$,
FALSE, FALSE, FALSE, FALSE);
INSERT INTO config.record_attr_definition(name, label)
VALUES ('marc21_serial_844_ind_1', 'MARC 21 serial field 844 indicator position 1');
INSERT INTO config.coded_value_map(ctype, code, value, opac_visible, is_simple)
VALUES ('marc21_serial_844_ind_1', '#', $$Undefined$$, FALSE, TRUE);
INSERT INTO config.record_attr_definition(name, label)
VALUES ('marc21_serial_844_ind_2', 'MARC 21 serial field 844 indicator position 2');
INSERT INTO config.coded_value_map(ctype, code, value, opac_visible, is_simple)
VALUES ('marc21_serial_844_ind_2', '#', $$Undefined$$, FALSE, TRUE);
INSERT INTO config.marc_subfield(marc_format, marc_record_type, tag, code, description,
                                 repeatable, mandatory, hidden)
VALUES (1, 'serial', '844', 'a', $$Name of unit$$,
FALSE, FALSE, FALSE);
INSERT INTO config.marc_subfield(marc_format, marc_record_type, tag, code, description,
                                 repeatable, mandatory, hidden)
VALUES (1, 'serial', '844', '6', $$Linkage$$,
FALSE, FALSE, FALSE);
INSERT INTO config.marc_subfield(marc_format, marc_record_type, tag, code, description,
                                 repeatable, mandatory, hidden)
VALUES (1, 'serial', '844', '8', $$Field link and sequence number$$,
TRUE, FALSE, FALSE);
INSERT INTO config.marc_field(marc_format, marc_record_type, tag, name, description,
                              fixed_field, repeatable, mandatory, hidden)
VALUES (1, 'serial', '845', $$Terms Governing Use and Reproduction Note$$, $$Terms governing the use and reproduction of a bibliographic item when the holding organization will lend (008/20, Lending policy, code a) and reproduce (008/21, Reproduction policy, code a) the item.$$,
FALSE, TRUE, FALSE, FALSE);
INSERT INTO config.record_attr_definition(name, label)
VALUES ('marc21_serial_845_ind_1', 'MARC 21 serial field 845 indicator position 1');
INSERT INTO config.coded_value_map(ctype, code, value, opac_visible, is_simple)
VALUES ('marc21_serial_845_ind_1', '#', $$Undefined$$, FALSE, TRUE);
INSERT INTO config.record_attr_definition(name, label)
VALUES ('marc21_serial_845_ind_2', 'MARC 21 serial field 845 indicator position 2');
INSERT INTO config.coded_value_map(ctype, code, value, opac_visible, is_simple)
VALUES ('marc21_serial_845_ind_2', '#', $$Undefined$$, FALSE, TRUE);
INSERT INTO config.marc_subfield(marc_format, marc_record_type, tag, code, description,
                                 repeatable, mandatory, hidden)
VALUES (1, 'serial', '845', 'a', $$Terms governing use and reproduction$$,
FALSE, FALSE, FALSE);
INSERT INTO config.marc_subfield(marc_format, marc_record_type, tag, code, description,
                                 repeatable, mandatory, hidden)
VALUES (1, 'serial', '845', 'b', $$Jurisdiction$$,
FALSE, FALSE, FALSE);
INSERT INTO config.marc_subfield(marc_format, marc_record_type, tag, code, description,
                                 repeatable, mandatory, hidden)
VALUES (1, 'serial', '845', 'c', $$Authorization$$,
FALSE, FALSE, FALSE);
INSERT INTO config.marc_subfield(marc_format, marc_record_type, tag, code, description,
                                 repeatable, mandatory, hidden)
VALUES (1, 'serial', '845', 'd', $$Authorized users$$,
FALSE, FALSE, FALSE);
INSERT INTO config.marc_subfield(marc_format, marc_record_type, tag, code, description,
                                 repeatable, mandatory, hidden)
VALUES (1, 'serial', '845', 'u', $$Uniform Resource Identifier$$,
TRUE, FALSE, FALSE);
INSERT INTO config.marc_subfield(marc_format, marc_record_type, tag, code, description,
                                 repeatable, mandatory, hidden)
VALUES (1, 'serial', '845', '3', $$Materials specified$$,
FALSE, FALSE, FALSE);
INSERT INTO config.marc_subfield(marc_format, marc_record_type, tag, code, description,
                                 repeatable, mandatory, hidden)
VALUES (1, 'serial', '845', '5', $$Institution to which field applies$$,
FALSE, FALSE, FALSE);
INSERT INTO config.marc_subfield(marc_format, marc_record_type, tag, code, description,
                                 repeatable, mandatory, hidden)
VALUES (1, 'serial', '845', '6', $$Linkage$$,
FALSE, FALSE, FALSE);
INSERT INTO config.marc_subfield(marc_format, marc_record_type, tag, code, description,
                                 repeatable, mandatory, hidden)
VALUES (1, 'serial', '845', '8', $$Field link and sequence number$$,
TRUE, FALSE, FALSE);
INSERT INTO config.marc_field(marc_format, marc_record_type, tag, name, description,
                              fixed_field, repeatable, mandatory, hidden)
VALUES (1, 'serial', '852', $$Location$$, $$Organization holding the item or from which it is available. May also contain detailed information about how to locate the item in a collection.$$,
FALSE, TRUE, FALSE, FALSE);
INSERT INTO config.record_attr_definition(name, label)
VALUES ('marc21_serial_852_ind_1', 'MARC 21 serial field 852 indicator position 1');
INSERT INTO config.coded_value_map(ctype, code, value, opac_visible, is_simple)
VALUES ('marc21_serial_852_ind_1', '#', $$No information provided$$, FALSE, TRUE);
INSERT INTO config.coded_value_map(ctype, code, value, opac_visible, is_simple)
VALUES ('marc21_serial_852_ind_1', '0', $$Library of Congress classification$$, FALSE, TRUE);
INSERT INTO config.coded_value_map(ctype, code, value, opac_visible, is_simple)
VALUES ('marc21_serial_852_ind_1', '1', $$Dewey Decimal classification$$, FALSE, TRUE);
INSERT INTO config.coded_value_map(ctype, code, value, opac_visible, is_simple)
VALUES ('marc21_serial_852_ind_1', '2', $$National Library of Medicine classification$$, FALSE, TRUE);
INSERT INTO config.coded_value_map(ctype, code, value, opac_visible, is_simple)
VALUES ('marc21_serial_852_ind_1', '3', $$Superintendent of Documents classification$$, FALSE, TRUE);
INSERT INTO config.coded_value_map(ctype, code, value, opac_visible, is_simple)
VALUES ('marc21_serial_852_ind_1', '4', $$Shelving control number$$, FALSE, TRUE);
INSERT INTO config.coded_value_map(ctype, code, value, opac_visible, is_simple)
VALUES ('marc21_serial_852_ind_1', '5', $$Title$$, FALSE, TRUE);
INSERT INTO config.coded_value_map(ctype, code, value, opac_visible, is_simple)
VALUES ('marc21_serial_852_ind_1', '6', $$Shelved separately$$, FALSE, TRUE);
INSERT INTO config.coded_value_map(ctype, code, value, opac_visible, is_simple)
VALUES ('marc21_serial_852_ind_1', '7', $$Source specified in subfield $2$$, FALSE, TRUE);
INSERT INTO config.coded_value_map(ctype, code, value, opac_visible, is_simple)
VALUES ('marc21_serial_852_ind_1', '8', $$Other scheme$$, FALSE, TRUE);
INSERT INTO config.record_attr_definition(name, label)
VALUES ('marc21_serial_852_ind_2', 'MARC 21 serial field 852 indicator position 2');
INSERT INTO config.coded_value_map(ctype, code, value, opac_visible, is_simple)
VALUES ('marc21_serial_852_ind_2', '#', $$No information provided$$, FALSE, TRUE);
INSERT INTO config.coded_value_map(ctype, code, value, opac_visible, is_simple)
VALUES ('marc21_serial_852_ind_2', '0', $$Not enumeration$$, FALSE, TRUE);
INSERT INTO config.coded_value_map(ctype, code, value, opac_visible, is_simple)
VALUES ('marc21_serial_852_ind_2', '1', $$Primary enumeration$$, FALSE, TRUE);
INSERT INTO config.coded_value_map(ctype, code, value, opac_visible, is_simple)
VALUES ('marc21_serial_852_ind_2', '2', $$Alternative enumeration$$, FALSE, TRUE);
INSERT INTO config.marc_subfield(marc_format, marc_record_type, tag, code, description,
                                 repeatable, mandatory, hidden)
VALUES (1, 'serial', '852', 'a', $$Location$$,
FALSE, FALSE, FALSE);
INSERT INTO config.marc_subfield(marc_format, marc_record_type, tag, code, description,
                                 repeatable, mandatory, hidden)
VALUES (1, 'serial', '852', 'b', $$Sublocation or collection$$,
TRUE, FALSE, FALSE);
INSERT INTO config.marc_subfield(marc_format, marc_record_type, tag, code, description,
                                 repeatable, mandatory, hidden)
VALUES (1, 'serial', '852', 'c', $$Shelving location$$,
TRUE, FALSE, FALSE);
INSERT INTO config.marc_subfield(marc_format, marc_record_type, tag, code, description,
                                 repeatable, mandatory, hidden)
VALUES (1, 'serial', '852', 'd', $$Former shelving location$$,
TRUE, FALSE, FALSE);
INSERT INTO config.marc_subfield(marc_format, marc_record_type, tag, code, description,
                                 repeatable, mandatory, hidden)
VALUES (1, 'serial', '852', 'e', $$Address$$,
TRUE, FALSE, FALSE);
INSERT INTO config.marc_subfield(marc_format, marc_record_type, tag, code, description,
                                 repeatable, mandatory, hidden)
VALUES (1, 'serial', '852', 'f', $$Coded location qualifier$$,
TRUE, FALSE, FALSE);
INSERT INTO config.marc_subfield(marc_format, marc_record_type, tag, code, description,
                                 repeatable, mandatory, hidden)
VALUES (1, 'serial', '852', 'g', $$Non-coded location qualifier$$,
TRUE, FALSE, FALSE);
INSERT INTO config.marc_subfield(marc_format, marc_record_type, tag, code, description,
                                 repeatable, mandatory, hidden)
VALUES (1, 'serial', '852', 'h', $$Classification part$$,
FALSE, FALSE, FALSE);
INSERT INTO config.marc_subfield(marc_format, marc_record_type, tag, code, description,
                                 repeatable, mandatory, hidden)
VALUES (1, 'serial', '852', 'i', $$Item part$$,
TRUE, FALSE, FALSE);
INSERT INTO config.marc_subfield(marc_format, marc_record_type, tag, code, description,
                                 repeatable, mandatory, hidden)
VALUES (1, 'serial', '852', 'j', $$Shelving control number$$,
FALSE, FALSE, FALSE);
INSERT INTO config.marc_subfield(marc_format, marc_record_type, tag, code, description,
                                 repeatable, mandatory, hidden)
VALUES (1, 'serial', '852', 'k', $$Call number prefix$$,
TRUE, FALSE, FALSE);
INSERT INTO config.marc_subfield(marc_format, marc_record_type, tag, code, description,
                                 repeatable, mandatory, hidden)
VALUES (1, 'serial', '852', 'l', $$Shelving form of title$$,
FALSE, FALSE, FALSE);
INSERT INTO config.marc_subfield(marc_format, marc_record_type, tag, code, description,
                                 repeatable, mandatory, hidden)
VALUES (1, 'serial', '852', 'm', $$Call number suffix$$,
TRUE, FALSE, FALSE);
INSERT INTO config.marc_subfield(marc_format, marc_record_type, tag, code, description,
                                 repeatable, mandatory, hidden)
VALUES (1, 'serial', '852', 'n', $$Country code$$,
FALSE, FALSE, FALSE);
INSERT INTO config.marc_subfield(marc_format, marc_record_type, tag, code, description,
                                 repeatable, mandatory, hidden)
VALUES (1, 'serial', '852', 'p', $$Piece designation$$,
FALSE, FALSE, FALSE);
INSERT INTO config.marc_subfield(marc_format, marc_record_type, tag, code, description,
                                 repeatable, mandatory, hidden)
VALUES (1, 'serial', '852', 'q', $$Piece physical condition$$,
FALSE, FALSE, FALSE);
INSERT INTO config.marc_subfield(marc_format, marc_record_type, tag, code, description,
                                 repeatable, mandatory, hidden)
VALUES (1, 'serial', '852', 's', $$Copyright article-fee code$$,
TRUE, FALSE, FALSE);
INSERT INTO config.marc_subfield(marc_format, marc_record_type, tag, code, description,
                                 repeatable, mandatory, hidden)
VALUES (1, 'serial', '852', 't', $$Copy number$$,
FALSE, FALSE, FALSE);
INSERT INTO config.marc_subfield(marc_format, marc_record_type, tag, code, description,
                                 repeatable, mandatory, hidden)
VALUES (1, 'serial', '852', 'u', $$Uniform Resource Identifier$$,
TRUE, FALSE, FALSE);
INSERT INTO config.marc_subfield(marc_format, marc_record_type, tag, code, description,
                                 repeatable, mandatory, hidden)
VALUES (1, 'serial', '852', 'x', $$Nonpublic note$$,
TRUE, FALSE, FALSE);
INSERT INTO config.marc_subfield(marc_format, marc_record_type, tag, code, description,
                                 repeatable, mandatory, hidden)
VALUES (1, 'serial', '852', 'z', $$Public note$$,
TRUE, FALSE, FALSE);
INSERT INTO config.marc_subfield(marc_format, marc_record_type, tag, code, description,
                                 repeatable, mandatory, hidden)
VALUES (1, 'serial', '852', '2', $$Source of classification or shelving scheme$$,
FALSE, FALSE, FALSE);
INSERT INTO config.marc_subfield(marc_format, marc_record_type, tag, code, description,
                                 repeatable, mandatory, hidden)
VALUES (1, 'serial', '852', '3', $$Materials specified$$,
FALSE, FALSE, FALSE);
INSERT INTO config.marc_subfield(marc_format, marc_record_type, tag, code, description,
                                 repeatable, mandatory, hidden)
VALUES (1, 'serial', '852', '6', $$Linkage$$,
FALSE, FALSE, FALSE);
INSERT INTO config.marc_subfield(marc_format, marc_record_type, tag, code, description,
                                 repeatable, mandatory, hidden)
VALUES (1, 'serial', '852', '8', $$Sequence number$$,
FALSE, FALSE, FALSE);
INSERT INTO config.marc_field(marc_format, marc_record_type, tag, name, description,
                              fixed_field, repeatable, mandatory, hidden)
VALUES (1, 'serial', '853', $$Captions and Pattern - Basic Bibliographic Unit$$, $$Captions that identify the enumeration and chronology levels and codes that define the publication pattern of the holdings described in the 863-865 Enumeration and Chronology fields. Any related 853-855 and 863-865 fields are linked by a number in subfield $8 (Field link and sequence number).$$,
FALSE, TRUE, FALSE, FALSE);
INSERT INTO config.record_attr_definition(name, label)
VALUES ('marc21_serial_853_ind_1', 'MARC 21 serial field 853 indicator position 1');
INSERT INTO config.coded_value_map(ctype, code, value, opac_visible, is_simple)
VALUES ('marc21_serial_853_ind_1', '0', $$Cannot compress or expand$$, FALSE, TRUE);
INSERT INTO config.coded_value_map(ctype, code, value, opac_visible, is_simple)
VALUES ('marc21_serial_853_ind_1', '1', $$Can compress but not expand$$, FALSE, TRUE);
INSERT INTO config.coded_value_map(ctype, code, value, opac_visible, is_simple)
VALUES ('marc21_serial_853_ind_1', '2', $$Can compress or expand$$, FALSE, TRUE);
INSERT INTO config.coded_value_map(ctype, code, value, opac_visible, is_simple)
VALUES ('marc21_serial_853_ind_1', '3', $$Unknown$$, FALSE, TRUE);
INSERT INTO config.record_attr_definition(name, label)
VALUES ('marc21_serial_853_ind_2', 'MARC 21 serial field 853 indicator position 2');
INSERT INTO config.coded_value_map(ctype, code, value, opac_visible, is_simple)
VALUES ('marc21_serial_853_ind_2', '0', $$Captions verified; all levels present$$, FALSE, TRUE);
INSERT INTO config.coded_value_map(ctype, code, value, opac_visible, is_simple)
VALUES ('marc21_serial_853_ind_2', '1', $$Captions verified; all levels may not be present$$, FALSE, TRUE);
INSERT INTO config.coded_value_map(ctype, code, value, opac_visible, is_simple)
VALUES ('marc21_serial_853_ind_2', '2', $$Captions unverified; all levels present$$, FALSE, TRUE);
INSERT INTO config.coded_value_map(ctype, code, value, opac_visible, is_simple)
VALUES ('marc21_serial_853_ind_2', '3', $$Captions unverified; all levels may not be present$$, FALSE, TRUE);
INSERT INTO config.marc_subfield(marc_format, marc_record_type, tag, code, description,
                                 repeatable, mandatory, hidden)
VALUES (1, 'serial', '853', 'a', $$First level of enumeration$$,
TRUE, FALSE, FALSE);
INSERT INTO config.marc_subfield(marc_format, marc_record_type, tag, code, description,
                                 repeatable, mandatory, hidden)
VALUES (1, 'serial', '853', 'b', $$Second level of enumeration$$,
TRUE, FALSE, FALSE);
INSERT INTO config.marc_subfield(marc_format, marc_record_type, tag, code, description,
                                 repeatable, mandatory, hidden)
VALUES (1, 'serial', '853', 'c', $$Third level of enumeration$$,
TRUE, FALSE, FALSE);
INSERT INTO config.marc_subfield(marc_format, marc_record_type, tag, code, description,
                                 repeatable, mandatory, hidden)
VALUES (1, 'serial', '853', 'd', $$Fourth level of enumeration$$,
TRUE, FALSE, FALSE);
INSERT INTO config.marc_subfield(marc_format, marc_record_type, tag, code, description,
                                 repeatable, mandatory, hidden)
VALUES (1, 'serial', '853', 'e', $$Fifth level of enumeration$$,
TRUE, FALSE, FALSE);
INSERT INTO config.marc_subfield(marc_format, marc_record_type, tag, code, description,
                                 repeatable, mandatory, hidden)
VALUES (1, 'serial', '853', 'f', $$Sixth level of enumeration$$,
TRUE, FALSE, FALSE);
INSERT INTO config.marc_subfield(marc_format, marc_record_type, tag, code, description,
                                 repeatable, mandatory, hidden)
VALUES (1, 'serial', '853', 'g', $$Alternative numbering scheme, first level of enumeration$$,
TRUE, FALSE, FALSE);
INSERT INTO config.marc_subfield(marc_format, marc_record_type, tag, code, description,
                                 repeatable, mandatory, hidden)
VALUES (1, 'serial', '853', 'h', $$Alternative numbering scheme, second level of enumeration$$,
TRUE, FALSE, FALSE);
INSERT INTO config.marc_subfield(marc_format, marc_record_type, tag, code, description,
                                 repeatable, mandatory, hidden)
VALUES (1, 'serial', '853', 'i', $$First level of chronology$$,
TRUE, FALSE, FALSE);
INSERT INTO config.marc_subfield(marc_format, marc_record_type, tag, code, description,
                                 repeatable, mandatory, hidden)
VALUES (1, 'serial', '853', 'j', $$Second level of chronology$$,
TRUE, FALSE, FALSE);
INSERT INTO config.marc_subfield(marc_format, marc_record_type, tag, code, description,
                                 repeatable, mandatory, hidden)
VALUES (1, 'serial', '853', 'k', $$Third level of chronology$$,
TRUE, FALSE, FALSE);
INSERT INTO config.marc_subfield(marc_format, marc_record_type, tag, code, description,
                                 repeatable, mandatory, hidden)
VALUES (1, 'serial', '853', 'l', $$Fourth level of chronology$$,
TRUE, FALSE, FALSE);
INSERT INTO config.marc_subfield(marc_format, marc_record_type, tag, code, description,
                                 repeatable, mandatory, hidden)
VALUES (1, 'serial', '853', 'm', $$Alternative numbering scheme, chronology$$,
TRUE, FALSE, FALSE);
INSERT INTO config.marc_subfield(marc_format, marc_record_type, tag, code, description,
                                 repeatable, mandatory, hidden)
VALUES (1, 'serial', '853', 'n', $$Pattern note$$,
TRUE, FALSE, FALSE);
INSERT INTO config.marc_subfield(marc_format, marc_record_type, tag, code, description,
                                 repeatable, mandatory, hidden)
VALUES (1, 'serial', '853', 'o', $$Type of unit$$,
TRUE, FALSE, FALSE);
INSERT INTO config.marc_subfield(marc_format, marc_record_type, tag, code, description,
                                 repeatable, mandatory, hidden)
VALUES (1, 'serial', '853', 'p', $$Number of pieces per issuance$$,
TRUE, FALSE, FALSE);
INSERT INTO config.marc_subfield(marc_format, marc_record_type, tag, code, description,
                                 repeatable, mandatory, hidden)
VALUES (1, 'serial', '853', 't', $$Copy$$,
TRUE, FALSE, FALSE);
INSERT INTO config.marc_subfield(marc_format, marc_record_type, tag, code, description,
                                 repeatable, mandatory, hidden)
VALUES (1, 'serial', '853', 'u', $$Bibliographic units per next higher level$$,
TRUE, FALSE, FALSE);
INSERT INTO config.marc_subfield(marc_format, marc_record_type, tag, code, description,
                                 repeatable, mandatory, hidden)
VALUES (1, 'serial', '853', 'v', $$Numbering continuity$$,
TRUE, FALSE, FALSE);
INSERT INTO config.marc_subfield(marc_format, marc_record_type, tag, code, description,
                                 repeatable, mandatory, hidden)
VALUES (1, 'serial', '853', 'w', $$Frequency$$,
TRUE, FALSE, FALSE);
INSERT INTO config.marc_subfield(marc_format, marc_record_type, tag, code, description,
                                 repeatable, mandatory, hidden)
VALUES (1, 'serial', '853', 'x', $$Calendar change$$,
TRUE, FALSE, FALSE);
INSERT INTO config.marc_subfield(marc_format, marc_record_type, tag, code, description,
                                 repeatable, mandatory, hidden)
VALUES (1, 'serial', '853', 'y', $$Regularity pattern$$,
TRUE, FALSE, FALSE);
INSERT INTO config.marc_subfield(marc_format, marc_record_type, tag, code, description,
                                 repeatable, mandatory, hidden)
VALUES (1, 'serial', '853', 'z', $$Numbering scheme$$,
TRUE, FALSE, FALSE);
INSERT INTO config.marc_subfield(marc_format, marc_record_type, tag, code, description,
                                 repeatable, mandatory, hidden)
VALUES (1, 'serial', '853', '2', $$Source of caption abbreviation$$,
TRUE, FALSE, FALSE);
INSERT INTO config.marc_subfield(marc_format, marc_record_type, tag, code, description,
                                 repeatable, mandatory, hidden)
VALUES (1, 'serial', '853', '3', $$Materials specified$$,
TRUE, FALSE, FALSE);
INSERT INTO config.marc_subfield(marc_format, marc_record_type, tag, code, description,
                                 repeatable, mandatory, hidden)
VALUES (1, 'serial', '853', '6', $$Linkage$$,
TRUE, FALSE, FALSE);
INSERT INTO config.marc_subfield(marc_format, marc_record_type, tag, code, description,
                                 repeatable, mandatory, hidden)
VALUES (1, 'serial', '853', '8', $$Field link and sequence number$$,
TRUE, FALSE, FALSE);
INSERT INTO config.marc_field(marc_format, marc_record_type, tag, name, description,
                              fixed_field, repeatable, mandatory, hidden)
VALUES (1, 'serial', '854', $$Captions and Pattern - Supplementary Material$$, $$Captions that identify the enumeration and chronology levels and codes that define the publication pattern of the holdings described in the 863-865 Enumeration and Chronology fields. Any related 853-855 and 863-865 fields are linked by a number in subfield $8 (Field link and sequence number).$$,
FALSE, TRUE, FALSE, FALSE);
INSERT INTO config.record_attr_definition(name, label)
VALUES ('marc21_serial_854_ind_1', 'MARC 21 serial field 854 indicator position 1');
INSERT INTO config.coded_value_map(ctype, code, value, opac_visible, is_simple)
VALUES ('marc21_serial_854_ind_1', '0', $$Cannot compress or expand$$, FALSE, TRUE);
INSERT INTO config.coded_value_map(ctype, code, value, opac_visible, is_simple)
VALUES ('marc21_serial_854_ind_1', '1', $$Can compress but not expand$$, FALSE, TRUE);
INSERT INTO config.coded_value_map(ctype, code, value, opac_visible, is_simple)
VALUES ('marc21_serial_854_ind_1', '2', $$Can compress or expand$$, FALSE, TRUE);
INSERT INTO config.coded_value_map(ctype, code, value, opac_visible, is_simple)
VALUES ('marc21_serial_854_ind_1', '3', $$Unknown$$, FALSE, TRUE);
INSERT INTO config.record_attr_definition(name, label)
VALUES ('marc21_serial_854_ind_2', 'MARC 21 serial field 854 indicator position 2');
INSERT INTO config.coded_value_map(ctype, code, value, opac_visible, is_simple)
VALUES ('marc21_serial_854_ind_2', '0', $$Captions verified; all levels present$$, FALSE, TRUE);
INSERT INTO config.coded_value_map(ctype, code, value, opac_visible, is_simple)
VALUES ('marc21_serial_854_ind_2', '1', $$Captions verified; all levels may not be present$$, FALSE, TRUE);
INSERT INTO config.coded_value_map(ctype, code, value, opac_visible, is_simple)
VALUES ('marc21_serial_854_ind_2', '2', $$Captions unverified; all levels present$$, FALSE, TRUE);
INSERT INTO config.coded_value_map(ctype, code, value, opac_visible, is_simple)
VALUES ('marc21_serial_854_ind_2', '3', $$Captions unverified; all levels may not be present$$, FALSE, TRUE);
INSERT INTO config.marc_subfield(marc_format, marc_record_type, tag, code, description,
                                 repeatable, mandatory, hidden)
VALUES (1, 'serial', '854', 'a', $$First level of enumeration$$,
TRUE, FALSE, FALSE);
INSERT INTO config.marc_subfield(marc_format, marc_record_type, tag, code, description,
                                 repeatable, mandatory, hidden)
VALUES (1, 'serial', '854', 'b', $$Second level of enumeration$$,
TRUE, FALSE, FALSE);
INSERT INTO config.marc_subfield(marc_format, marc_record_type, tag, code, description,
                                 repeatable, mandatory, hidden)
VALUES (1, 'serial', '854', 'c', $$Third level of enumeration$$,
TRUE, FALSE, FALSE);
INSERT INTO config.marc_subfield(marc_format, marc_record_type, tag, code, description,
                                 repeatable, mandatory, hidden)
VALUES (1, 'serial', '854', 'd', $$Fourth level of enumeration$$,
TRUE, FALSE, FALSE);
INSERT INTO config.marc_subfield(marc_format, marc_record_type, tag, code, description,
                                 repeatable, mandatory, hidden)
VALUES (1, 'serial', '854', 'e', $$Fifth level of enumeration$$,
TRUE, FALSE, FALSE);
INSERT INTO config.marc_subfield(marc_format, marc_record_type, tag, code, description,
                                 repeatable, mandatory, hidden)
VALUES (1, 'serial', '854', 'f', $$Sixth level of enumeration$$,
TRUE, FALSE, FALSE);
INSERT INTO config.marc_subfield(marc_format, marc_record_type, tag, code, description,
                                 repeatable, mandatory, hidden)
VALUES (1, 'serial', '854', 'g', $$Alternative numbering scheme, first level of enumeration$$,
TRUE, FALSE, FALSE);
INSERT INTO config.marc_subfield(marc_format, marc_record_type, tag, code, description,
                                 repeatable, mandatory, hidden)
VALUES (1, 'serial', '854', 'h', $$Alternative numbering scheme, second level of enumeration$$,
TRUE, FALSE, FALSE);
INSERT INTO config.marc_subfield(marc_format, marc_record_type, tag, code, description,
                                 repeatable, mandatory, hidden)
VALUES (1, 'serial', '854', 'i', $$First level of chronology$$,
TRUE, FALSE, FALSE);
INSERT INTO config.marc_subfield(marc_format, marc_record_type, tag, code, description,
                                 repeatable, mandatory, hidden)
VALUES (1, 'serial', '854', 'j', $$Second level of chronology$$,
TRUE, FALSE, FALSE);
INSERT INTO config.marc_subfield(marc_format, marc_record_type, tag, code, description,
                                 repeatable, mandatory, hidden)
VALUES (1, 'serial', '854', 'k', $$Third level of chronology$$,
TRUE, FALSE, FALSE);
INSERT INTO config.marc_subfield(marc_format, marc_record_type, tag, code, description,
                                 repeatable, mandatory, hidden)
VALUES (1, 'serial', '854', 'l', $$Fourth level of chronology$$,
TRUE, FALSE, FALSE);
INSERT INTO config.marc_subfield(marc_format, marc_record_type, tag, code, description,
                                 repeatable, mandatory, hidden)
VALUES (1, 'serial', '854', 'm', $$Alternative numbering scheme, chronology$$,
TRUE, FALSE, FALSE);
INSERT INTO config.marc_subfield(marc_format, marc_record_type, tag, code, description,
                                 repeatable, mandatory, hidden)
VALUES (1, 'serial', '854', 'n', $$Pattern note$$,
TRUE, FALSE, FALSE);
INSERT INTO config.marc_subfield(marc_format, marc_record_type, tag, code, description,
                                 repeatable, mandatory, hidden)
VALUES (1, 'serial', '854', 'o', $$Type of unit$$,
TRUE, FALSE, FALSE);
INSERT INTO config.marc_subfield(marc_format, marc_record_type, tag, code, description,
                                 repeatable, mandatory, hidden)
VALUES (1, 'serial', '854', 'p', $$Number of pieces per issuance$$,
TRUE, FALSE, FALSE);
INSERT INTO config.marc_subfield(marc_format, marc_record_type, tag, code, description,
                                 repeatable, mandatory, hidden)
VALUES (1, 'serial', '854', 't', $$Copy$$,
TRUE, FALSE, FALSE);
INSERT INTO config.marc_subfield(marc_format, marc_record_type, tag, code, description,
                                 repeatable, mandatory, hidden)
VALUES (1, 'serial', '854', 'u', $$Bibliographic units per next higher level$$,
TRUE, FALSE, FALSE);
INSERT INTO config.marc_subfield(marc_format, marc_record_type, tag, code, description,
                                 repeatable, mandatory, hidden)
VALUES (1, 'serial', '854', 'v', $$Numbering continuity$$,
TRUE, FALSE, FALSE);
INSERT INTO config.marc_subfield(marc_format, marc_record_type, tag, code, description,
                                 repeatable, mandatory, hidden)
VALUES (1, 'serial', '854', 'w', $$Frequency$$,
TRUE, FALSE, FALSE);
INSERT INTO config.marc_subfield(marc_format, marc_record_type, tag, code, description,
                                 repeatable, mandatory, hidden)
VALUES (1, 'serial', '854', 'x', $$Calendar change$$,
TRUE, FALSE, FALSE);
INSERT INTO config.marc_subfield(marc_format, marc_record_type, tag, code, description,
                                 repeatable, mandatory, hidden)
VALUES (1, 'serial', '854', 'y', $$Regularity pattern$$,
TRUE, FALSE, FALSE);
INSERT INTO config.marc_subfield(marc_format, marc_record_type, tag, code, description,
                                 repeatable, mandatory, hidden)
VALUES (1, 'serial', '854', 'z', $$Numbering scheme$$,
TRUE, FALSE, FALSE);
INSERT INTO config.marc_subfield(marc_format, marc_record_type, tag, code, description,
                                 repeatable, mandatory, hidden)
VALUES (1, 'serial', '854', '2', $$Source of caption abbreviation$$,
TRUE, FALSE, FALSE);
INSERT INTO config.marc_subfield(marc_format, marc_record_type, tag, code, description,
                                 repeatable, mandatory, hidden)
VALUES (1, 'serial', '854', '3', $$Materials specified$$,
TRUE, FALSE, FALSE);
INSERT INTO config.marc_subfield(marc_format, marc_record_type, tag, code, description,
                                 repeatable, mandatory, hidden)
VALUES (1, 'serial', '854', '6', $$Linkage$$,
TRUE, FALSE, FALSE);
INSERT INTO config.marc_subfield(marc_format, marc_record_type, tag, code, description,
                                 repeatable, mandatory, hidden)
VALUES (1, 'serial', '854', '8', $$Field link and sequence number$$,
TRUE, FALSE, FALSE);
INSERT INTO config.marc_field(marc_format, marc_record_type, tag, name, description,
                              fixed_field, repeatable, mandatory, hidden)
VALUES (1, 'serial', '855', $$Captions and Pattern - Indexes$$, $$Captions that identify the enumeration and chronology levels and codes that define the publication pattern of the holdings described in the 863-865 Enumeration and Chronology fields. Any related 853-855 and 863-865 fields are linked by a number in subfield $8 (Field link and sequence number).$$,
FALSE, TRUE, FALSE, FALSE);
INSERT INTO config.record_attr_definition(name, label)
VALUES ('marc21_serial_855_ind_1', 'MARC 21 serial field 855 indicator position 1');
INSERT INTO config.coded_value_map(ctype, code, value, opac_visible, is_simple)
VALUES ('marc21_serial_855_ind_1', '#', $$Undefined$$, FALSE, TRUE);
INSERT INTO config.record_attr_definition(name, label)
VALUES ('marc21_serial_855_ind_2', 'MARC 21 serial field 855 indicator position 2');
INSERT INTO config.coded_value_map(ctype, code, value, opac_visible, is_simple)
VALUES ('marc21_serial_855_ind_2', '#', $$Undefined$$, FALSE, TRUE);
INSERT INTO config.marc_subfield(marc_format, marc_record_type, tag, code, description,
                                 repeatable, mandatory, hidden)
VALUES (1, 'serial', '855', 'a', $$First level of enumeration$$,
TRUE, FALSE, FALSE);
INSERT INTO config.marc_subfield(marc_format, marc_record_type, tag, code, description,
                                 repeatable, mandatory, hidden)
VALUES (1, 'serial', '855', 'b', $$Second level of enumeration$$,
TRUE, FALSE, FALSE);
INSERT INTO config.marc_subfield(marc_format, marc_record_type, tag, code, description,
                                 repeatable, mandatory, hidden)
VALUES (1, 'serial', '855', 'c', $$Third level of enumeration$$,
TRUE, FALSE, FALSE);
INSERT INTO config.marc_subfield(marc_format, marc_record_type, tag, code, description,
                                 repeatable, mandatory, hidden)
VALUES (1, 'serial', '855', 'd', $$Fourth level of enumeration$$,
TRUE, FALSE, FALSE);
INSERT INTO config.marc_subfield(marc_format, marc_record_type, tag, code, description,
                                 repeatable, mandatory, hidden)
VALUES (1, 'serial', '855', 'e', $$Fifth level of enumeration$$,
TRUE, FALSE, FALSE);
INSERT INTO config.marc_subfield(marc_format, marc_record_type, tag, code, description,
                                 repeatable, mandatory, hidden)
VALUES (1, 'serial', '855', 'f', $$Sixth level of enumeration$$,
TRUE, FALSE, FALSE);
INSERT INTO config.marc_subfield(marc_format, marc_record_type, tag, code, description,
                                 repeatable, mandatory, hidden)
VALUES (1, 'serial', '855', 'g', $$Alternative numbering scheme, first level of enumeration$$,
TRUE, FALSE, FALSE);
INSERT INTO config.marc_subfield(marc_format, marc_record_type, tag, code, description,
                                 repeatable, mandatory, hidden)
VALUES (1, 'serial', '855', 'h', $$Alternative numbering scheme, second level of enumeration$$,
TRUE, FALSE, FALSE);
INSERT INTO config.marc_subfield(marc_format, marc_record_type, tag, code, description,
                                 repeatable, mandatory, hidden)
VALUES (1, 'serial', '855', 'i', $$First level of chronology$$,
TRUE, FALSE, FALSE);
INSERT INTO config.marc_subfield(marc_format, marc_record_type, tag, code, description,
                                 repeatable, mandatory, hidden)
VALUES (1, 'serial', '855', 'j', $$Second level of chronology$$,
TRUE, FALSE, FALSE);
INSERT INTO config.marc_subfield(marc_format, marc_record_type, tag, code, description,
                                 repeatable, mandatory, hidden)
VALUES (1, 'serial', '855', 'k', $$Third level of chronology$$,
TRUE, FALSE, FALSE);
INSERT INTO config.marc_subfield(marc_format, marc_record_type, tag, code, description,
                                 repeatable, mandatory, hidden)
VALUES (1, 'serial', '855', 'l', $$Fourth level of chronology$$,
TRUE, FALSE, FALSE);
INSERT INTO config.marc_subfield(marc_format, marc_record_type, tag, code, description,
                                 repeatable, mandatory, hidden)
VALUES (1, 'serial', '855', 'm', $$Alternative numbering scheme, chronology$$,
TRUE, FALSE, FALSE);
INSERT INTO config.marc_subfield(marc_format, marc_record_type, tag, code, description,
                                 repeatable, mandatory, hidden)
VALUES (1, 'serial', '855', 'n', $$Pattern note$$,
TRUE, FALSE, FALSE);
INSERT INTO config.marc_subfield(marc_format, marc_record_type, tag, code, description,
                                 repeatable, mandatory, hidden)
VALUES (1, 'serial', '855', 'o', $$Type of unit$$,
TRUE, FALSE, FALSE);
INSERT INTO config.marc_subfield(marc_format, marc_record_type, tag, code, description,
                                 repeatable, mandatory, hidden)
VALUES (1, 'serial', '855', 'p', $$Number of pieces per issuance$$,
TRUE, FALSE, FALSE);
INSERT INTO config.marc_subfield(marc_format, marc_record_type, tag, code, description,
                                 repeatable, mandatory, hidden)
VALUES (1, 'serial', '855', 't', $$Copy$$,
TRUE, FALSE, FALSE);
INSERT INTO config.marc_subfield(marc_format, marc_record_type, tag, code, description,
                                 repeatable, mandatory, hidden)
VALUES (1, 'serial', '855', 'u', $$Bibliographic units per next higher level$$,
TRUE, FALSE, FALSE);
INSERT INTO config.marc_subfield(marc_format, marc_record_type, tag, code, description,
                                 repeatable, mandatory, hidden)
VALUES (1, 'serial', '855', 'v', $$Numbering continuity$$,
TRUE, FALSE, FALSE);
INSERT INTO config.marc_subfield(marc_format, marc_record_type, tag, code, description,
                                 repeatable, mandatory, hidden)
VALUES (1, 'serial', '855', 'w', $$Frequency$$,
TRUE, FALSE, FALSE);
INSERT INTO config.marc_subfield(marc_format, marc_record_type, tag, code, description,
                                 repeatable, mandatory, hidden)
VALUES (1, 'serial', '855', 'x', $$Calendar change$$,
TRUE, FALSE, FALSE);
INSERT INTO config.marc_subfield(marc_format, marc_record_type, tag, code, description,
                                 repeatable, mandatory, hidden)
VALUES (1, 'serial', '855', 'y', $$Regularity pattern$$,
TRUE, FALSE, FALSE);
INSERT INTO config.marc_subfield(marc_format, marc_record_type, tag, code, description,
                                 repeatable, mandatory, hidden)
VALUES (1, 'serial', '855', 'z', $$Numbering scheme$$,
TRUE, FALSE, FALSE);
INSERT INTO config.marc_subfield(marc_format, marc_record_type, tag, code, description,
                                 repeatable, mandatory, hidden)
VALUES (1, 'serial', '855', '2', $$Source of caption abbreviation$$,
TRUE, FALSE, FALSE);
INSERT INTO config.marc_subfield(marc_format, marc_record_type, tag, code, description,
                                 repeatable, mandatory, hidden)
VALUES (1, 'serial', '855', '3', $$Materials specified$$,
TRUE, FALSE, FALSE);
INSERT INTO config.marc_subfield(marc_format, marc_record_type, tag, code, description,
                                 repeatable, mandatory, hidden)
VALUES (1, 'serial', '855', '6', $$Linkage$$,
TRUE, FALSE, FALSE);
INSERT INTO config.marc_subfield(marc_format, marc_record_type, tag, code, description,
                                 repeatable, mandatory, hidden)
VALUES (1, 'serial', '855', '8', $$Field link and sequence number$$,
TRUE, FALSE, FALSE);
INSERT INTO config.marc_field(marc_format, marc_record_type, tag, name, description,
                              fixed_field, repeatable, mandatory, hidden)
VALUES (1, 'serial', '856', $$Electronic Location and Access$$, $$Information required to locate an electronic resource. The information identifies the electronic location containing the resource or from which it is available. It also contains information needed to retrieve the resource by the access method identified in the first indicator position. The relationship of the electronic location and access information in field 856 to the resource identified by the record as a whole is identified by the second indicator. The information contained in this field is sufficient to allow for the electronic transfer of a file, subscription to an electronic journal, or logon to an electronic resource. In some cases, only unique data elements are recorded which allow the user to access a locator table on a remote host containing the remaining information needed to access the resource.$$,
FALSE, TRUE, FALSE, FALSE);
INSERT INTO config.record_attr_definition(name, label)
VALUES ('marc21_serial_856_ind_1', 'MARC 21 serial field 856 indicator position 1');
INSERT INTO config.coded_value_map(ctype, code, value, opac_visible, is_simple)
VALUES ('marc21_serial_856_ind_1', '#', $$No information provided$$, FALSE, TRUE);
INSERT INTO config.coded_value_map(ctype, code, value, opac_visible, is_simple)
VALUES ('marc21_serial_856_ind_1', '0', $$Email$$, FALSE, TRUE);
INSERT INTO config.coded_value_map(ctype, code, value, opac_visible, is_simple)
VALUES ('marc21_serial_856_ind_1', '1', $$FTP$$, FALSE, TRUE);
INSERT INTO config.coded_value_map(ctype, code, value, opac_visible, is_simple)
VALUES ('marc21_serial_856_ind_1', '2', $$Remote login (Telnet)$$, FALSE, TRUE);
INSERT INTO config.coded_value_map(ctype, code, value, opac_visible, is_simple)
VALUES ('marc21_serial_856_ind_1', '3', $$Dial-up$$, FALSE, TRUE);
INSERT INTO config.coded_value_map(ctype, code, value, opac_visible, is_simple)
VALUES ('marc21_serial_856_ind_1', '4', $$HTTP$$, FALSE, TRUE);
INSERT INTO config.coded_value_map(ctype, code, value, opac_visible, is_simple)
VALUES ('marc21_serial_856_ind_1', '7', $$Method specified in subfield $2$$, FALSE, TRUE);
INSERT INTO config.record_attr_definition(name, label)
VALUES ('marc21_serial_856_ind_2', 'MARC 21 serial field 856 indicator position 2');
INSERT INTO config.coded_value_map(ctype, code, value, opac_visible, is_simple)
VALUES ('marc21_serial_856_ind_2', '#', $$No information provided$$, FALSE, TRUE);
INSERT INTO config.coded_value_map(ctype, code, value, opac_visible, is_simple)
VALUES ('marc21_serial_856_ind_2', '0', $$Resource$$, FALSE, TRUE);
INSERT INTO config.coded_value_map(ctype, code, value, opac_visible, is_simple)
VALUES ('marc21_serial_856_ind_2', '1', $$Version of resource$$, FALSE, TRUE);
INSERT INTO config.coded_value_map(ctype, code, value, opac_visible, is_simple)
VALUES ('marc21_serial_856_ind_2', '2', $$Related resource$$, FALSE, TRUE);
INSERT INTO config.coded_value_map(ctype, code, value, opac_visible, is_simple)
VALUES ('marc21_serial_856_ind_2', '8', $$No display constant generated$$, FALSE, TRUE);
INSERT INTO config.marc_subfield(marc_format, marc_record_type, tag, code, description,
                                 repeatable, mandatory, hidden)
VALUES (1, 'serial', '856', 'a', $$Host name$$,
TRUE, FALSE, FALSE);
INSERT INTO config.marc_subfield(marc_format, marc_record_type, tag, code, description,
                                 repeatable, mandatory, hidden)
VALUES (1, 'serial', '856', 'b', $$Access number$$,
TRUE, FALSE, FALSE);
INSERT INTO config.marc_subfield(marc_format, marc_record_type, tag, code, description,
                                 repeatable, mandatory, hidden)
VALUES (1, 'serial', '856', 'c', $$Compression information$$,
TRUE, FALSE, FALSE);
INSERT INTO config.marc_subfield(marc_format, marc_record_type, tag, code, description,
                                 repeatable, mandatory, hidden)
VALUES (1, 'serial', '856', 'd', $$Path$$,
TRUE, FALSE, FALSE);
INSERT INTO config.marc_subfield(marc_format, marc_record_type, tag, code, description,
                                 repeatable, mandatory, hidden)
VALUES (1, 'serial', '856', 'f', $$Electronic name$$,
TRUE, FALSE, FALSE);
INSERT INTO config.marc_subfield(marc_format, marc_record_type, tag, code, description,
                                 repeatable, mandatory, hidden)
VALUES (1, 'serial', '856', 'h', $$Processor of request$$,
FALSE, FALSE, FALSE);
INSERT INTO config.marc_subfield(marc_format, marc_record_type, tag, code, description,
                                 repeatable, mandatory, hidden)
VALUES (1, 'serial', '856', 'i', $$Instruction$$,
TRUE, FALSE, FALSE);
INSERT INTO config.marc_subfield(marc_format, marc_record_type, tag, code, description,
                                 repeatable, mandatory, hidden)
VALUES (1, 'serial', '856', 'j', $$Bits per second$$,
FALSE, FALSE, FALSE);
INSERT INTO config.marc_subfield(marc_format, marc_record_type, tag, code, description,
                                 repeatable, mandatory, hidden)
VALUES (1, 'serial', '856', 'k', $$Password$$,
FALSE, FALSE, FALSE);
INSERT INTO config.marc_subfield(marc_format, marc_record_type, tag, code, description,
                                 repeatable, mandatory, hidden)
VALUES (1, 'serial', '856', 'l', $$Logon$$,
FALSE, FALSE, FALSE);
INSERT INTO config.marc_subfield(marc_format, marc_record_type, tag, code, description,
                                 repeatable, mandatory, hidden)
VALUES (1, 'serial', '856', 'm', $$Contact for access assistance$$,
TRUE, FALSE, FALSE);
INSERT INTO config.marc_subfield(marc_format, marc_record_type, tag, code, description,
                                 repeatable, mandatory, hidden)
VALUES (1, 'serial', '856', 'n', $$Name of location of host$$,
FALSE, FALSE, FALSE);
INSERT INTO config.marc_subfield(marc_format, marc_record_type, tag, code, description,
                                 repeatable, mandatory, hidden)
VALUES (1, 'serial', '856', 'o', $$Operating system$$,
FALSE, FALSE, FALSE);
INSERT INTO config.marc_subfield(marc_format, marc_record_type, tag, code, description,
                                 repeatable, mandatory, hidden)
VALUES (1, 'serial', '856', 'p', $$Port$$,
FALSE, FALSE, FALSE);
INSERT INTO config.marc_subfield(marc_format, marc_record_type, tag, code, description,
                                 repeatable, mandatory, hidden)
VALUES (1, 'serial', '856', 'q', $$Electronic format type$$,
FALSE, FALSE, FALSE);
INSERT INTO config.marc_subfield(marc_format, marc_record_type, tag, code, description,
                                 repeatable, mandatory, hidden)
VALUES (1, 'serial', '856', 'r', $$Settings$$,
FALSE, FALSE, FALSE);
INSERT INTO config.marc_subfield(marc_format, marc_record_type, tag, code, description,
                                 repeatable, mandatory, hidden)
VALUES (1, 'serial', '856', 's', $$File size$$,
TRUE, FALSE, FALSE);
INSERT INTO config.marc_subfield(marc_format, marc_record_type, tag, code, description,
                                 repeatable, mandatory, hidden)
VALUES (1, 'serial', '856', 't', $$Terminal emulation$$,
TRUE, FALSE, FALSE);
INSERT INTO config.marc_subfield(marc_format, marc_record_type, tag, code, description,
                                 repeatable, mandatory, hidden)
VALUES (1, 'serial', '856', 'u', $$Uniform Resource Identifier$$,
TRUE, FALSE, FALSE);
INSERT INTO config.marc_subfield(marc_format, marc_record_type, tag, code, description,
                                 repeatable, mandatory, hidden)
VALUES (1, 'serial', '856', 'v', $$Hours access method available$$,
TRUE, FALSE, FALSE);
INSERT INTO config.marc_subfield(marc_format, marc_record_type, tag, code, description,
                                 repeatable, mandatory, hidden)
VALUES (1, 'serial', '856', 'w', $$Record control number$$,
TRUE, FALSE, FALSE);
INSERT INTO config.marc_subfield(marc_format, marc_record_type, tag, code, description,
                                 repeatable, mandatory, hidden)
VALUES (1, 'serial', '856', 'x', $$Nonpublic note$$,
TRUE, FALSE, FALSE);
INSERT INTO config.marc_subfield(marc_format, marc_record_type, tag, code, description,
                                 repeatable, mandatory, hidden)
VALUES (1, 'serial', '856', 'y', $$Link text$$,
TRUE, FALSE, FALSE);
INSERT INTO config.marc_subfield(marc_format, marc_record_type, tag, code, description,
                                 repeatable, mandatory, hidden)
VALUES (1, 'serial', '856', 'z', $$Public note$$,
TRUE, FALSE, FALSE);
INSERT INTO config.marc_subfield(marc_format, marc_record_type, tag, code, description,
                                 repeatable, mandatory, hidden)
VALUES (1, 'serial', '856', '2', $$Access method$$,
FALSE, FALSE, FALSE);
INSERT INTO config.marc_subfield(marc_format, marc_record_type, tag, code, description,
                                 repeatable, mandatory, hidden)
VALUES (1, 'serial', '856', '3', $$Materials specified$$,
FALSE, FALSE, FALSE);
INSERT INTO config.marc_subfield(marc_format, marc_record_type, tag, code, description,
                                 repeatable, mandatory, hidden)
VALUES (1, 'serial', '856', '6', $$Linkage$$,
FALSE, FALSE, FALSE);
INSERT INTO config.marc_subfield(marc_format, marc_record_type, tag, code, description,
                                 repeatable, mandatory, hidden)
VALUES (1, 'serial', '856', '8', $$Field link and sequence number$$,
TRUE, FALSE, FALSE);
INSERT INTO config.marc_field(marc_format, marc_record_type, tag, name, description,
                              fixed_field, repeatable, mandatory, hidden)
VALUES (1, 'serial', '863', $$Enumeration and Chronology - Basic Bibliographic Unit$$, $$Description of the holdings of a bibliographic item in the collections of the reporting organization. The captions that identify the enumeration and chronology levels and the codes that define the publication pattern of the holdings are contained in the Captions and Pattern fields (853-855) that are linked to the 863-865 fields by a number in subfield $8 (Field link and sequence number).$$,
FALSE, TRUE, FALSE, FALSE);
INSERT INTO config.record_attr_definition(name, label)
VALUES ('marc21_serial_863_ind_1', 'MARC 21 serial field 863 indicator position 1');
INSERT INTO config.coded_value_map(ctype, code, value, opac_visible, is_simple)
VALUES ('marc21_serial_863_ind_1', '#', $$No information provided$$, FALSE, TRUE);
INSERT INTO config.coded_value_map(ctype, code, value, opac_visible, is_simple)
VALUES ('marc21_serial_863_ind_1', '3', $$Holdings level 3$$, FALSE, TRUE);
INSERT INTO config.coded_value_map(ctype, code, value, opac_visible, is_simple)
VALUES ('marc21_serial_863_ind_1', '4', $$Holdings level 4$$, FALSE, TRUE);
INSERT INTO config.coded_value_map(ctype, code, value, opac_visible, is_simple)
VALUES ('marc21_serial_863_ind_1', '5', $$Holdings level 4 with piece designation$$, FALSE, TRUE);
INSERT INTO config.record_attr_definition(name, label)
VALUES ('marc21_serial_863_ind_2', 'MARC 21 serial field 863 indicator position 2');
INSERT INTO config.coded_value_map(ctype, code, value, opac_visible, is_simple)
VALUES ('marc21_serial_863_ind_2', '#', $$No information provided$$, FALSE, TRUE);
INSERT INTO config.coded_value_map(ctype, code, value, opac_visible, is_simple)
VALUES ('marc21_serial_863_ind_2', '0', $$Compressed$$, FALSE, TRUE);
INSERT INTO config.coded_value_map(ctype, code, value, opac_visible, is_simple)
VALUES ('marc21_serial_863_ind_2', '1', $$Uncompressed$$, FALSE, TRUE);
INSERT INTO config.coded_value_map(ctype, code, value, opac_visible, is_simple)
VALUES ('marc21_serial_863_ind_2', '2', $$Compressed, use textual display$$, FALSE, TRUE);
INSERT INTO config.coded_value_map(ctype, code, value, opac_visible, is_simple)
VALUES ('marc21_serial_863_ind_2', '3', $$Uncompressed, use textual display$$, FALSE, TRUE);
INSERT INTO config.coded_value_map(ctype, code, value, opac_visible, is_simple)
VALUES ('marc21_serial_863_ind_2', '4', $$Item(s) not published$$, FALSE, TRUE);
INSERT INTO config.marc_subfield(marc_format, marc_record_type, tag, code, description,
                                 repeatable, mandatory, hidden)
VALUES (1, 'serial', '863', 'a', $$First level of enumeration$$,
TRUE, FALSE, FALSE);
INSERT INTO config.marc_subfield(marc_format, marc_record_type, tag, code, description,
                                 repeatable, mandatory, hidden)
VALUES (1, 'serial', '863', 'b', $$Second level of enumeration$$,
TRUE, FALSE, FALSE);
INSERT INTO config.marc_subfield(marc_format, marc_record_type, tag, code, description,
                                 repeatable, mandatory, hidden)
VALUES (1, 'serial', '863', 'c', $$Third level of enumeration$$,
TRUE, FALSE, FALSE);
INSERT INTO config.marc_subfield(marc_format, marc_record_type, tag, code, description,
                                 repeatable, mandatory, hidden)
VALUES (1, 'serial', '863', 'd', $$Fourth level of enumeration$$,
TRUE, FALSE, FALSE);
INSERT INTO config.marc_subfield(marc_format, marc_record_type, tag, code, description,
                                 repeatable, mandatory, hidden)
VALUES (1, 'serial', '863', 'e', $$Fifth level of enumeration$$,
TRUE, FALSE, FALSE);
INSERT INTO config.marc_subfield(marc_format, marc_record_type, tag, code, description,
                                 repeatable, mandatory, hidden)
VALUES (1, 'serial', '863', 'f', $$Sixth level of enumeration$$,
TRUE, FALSE, FALSE);
INSERT INTO config.marc_subfield(marc_format, marc_record_type, tag, code, description,
                                 repeatable, mandatory, hidden)
VALUES (1, 'serial', '863', 'g', $$Alternative numbering scheme, first level of enumeration$$,
TRUE, FALSE, FALSE);
INSERT INTO config.marc_subfield(marc_format, marc_record_type, tag, code, description,
                                 repeatable, mandatory, hidden)
VALUES (1, 'serial', '863', 'h', $$Alternative numbering scheme, second level of enumeration$$,
TRUE, FALSE, FALSE);
INSERT INTO config.marc_subfield(marc_format, marc_record_type, tag, code, description,
                                 repeatable, mandatory, hidden)
VALUES (1, 'serial', '863', 'i', $$First level of chronology$$,
TRUE, FALSE, FALSE);
INSERT INTO config.marc_subfield(marc_format, marc_record_type, tag, code, description,
                                 repeatable, mandatory, hidden)
VALUES (1, 'serial', '863', 'j', $$Second level of chronology$$,
TRUE, FALSE, FALSE);
INSERT INTO config.marc_subfield(marc_format, marc_record_type, tag, code, description,
                                 repeatable, mandatory, hidden)
VALUES (1, 'serial', '863', 'k', $$Third level of chronology$$,
TRUE, FALSE, FALSE);
INSERT INTO config.marc_subfield(marc_format, marc_record_type, tag, code, description,
                                 repeatable, mandatory, hidden)
VALUES (1, 'serial', '863', 'l', $$Fourth level of chronology$$,
TRUE, FALSE, FALSE);
INSERT INTO config.marc_subfield(marc_format, marc_record_type, tag, code, description,
                                 repeatable, mandatory, hidden)
VALUES (1, 'serial', '863', 'm', $$Alternative numbering scheme, chronology$$,
TRUE, FALSE, FALSE);
INSERT INTO config.marc_subfield(marc_format, marc_record_type, tag, code, description,
                                 repeatable, mandatory, hidden)
VALUES (1, 'serial', '863', 'n', $$Converted Gregorian year$$,
TRUE, FALSE, FALSE);
INSERT INTO config.marc_subfield(marc_format, marc_record_type, tag, code, description,
                                 repeatable, mandatory, hidden)
VALUES (1, 'serial', '863', 'o', $$Type of unit$$,
TRUE, FALSE, FALSE);
INSERT INTO config.marc_subfield(marc_format, marc_record_type, tag, code, description,
                                 repeatable, mandatory, hidden)
VALUES (1, 'serial', '863', 'p', $$Piece designation$$,
TRUE, FALSE, FALSE);
INSERT INTO config.marc_subfield(marc_format, marc_record_type, tag, code, description,
                                 repeatable, mandatory, hidden)
VALUES (1, 'serial', '863', 'q', $$Piece physical condition$$,
TRUE, FALSE, FALSE);
INSERT INTO config.marc_subfield(marc_format, marc_record_type, tag, code, description,
                                 repeatable, mandatory, hidden)
VALUES (1, 'serial', '863', 's', $$Copyright article-fee code$$,
TRUE, FALSE, FALSE);
INSERT INTO config.marc_subfield(marc_format, marc_record_type, tag, code, description,
                                 repeatable, mandatory, hidden)
VALUES (1, 'serial', '863', 't', $$Copy number$$,
TRUE, FALSE, FALSE);
INSERT INTO config.marc_subfield(marc_format, marc_record_type, tag, code, description,
                                 repeatable, mandatory, hidden)
VALUES (1, 'serial', '863', 'v', $$Issuing date$$,
TRUE, FALSE, FALSE);
INSERT INTO config.marc_subfield(marc_format, marc_record_type, tag, code, description,
                                 repeatable, mandatory, hidden)
VALUES (1, 'serial', '863', 'w', $$Break indicator$$,
TRUE, FALSE, FALSE);
INSERT INTO config.marc_subfield(marc_format, marc_record_type, tag, code, description,
                                 repeatable, mandatory, hidden)
VALUES (1, 'serial', '863', 'x', $$Nonpublic note$$,
TRUE, FALSE, FALSE);
INSERT INTO config.marc_subfield(marc_format, marc_record_type, tag, code, description,
                                 repeatable, mandatory, hidden)
VALUES (1, 'serial', '863', 'z', $$Public note$$,
TRUE, FALSE, FALSE);
INSERT INTO config.marc_subfield(marc_format, marc_record_type, tag, code, description,
                                 repeatable, mandatory, hidden)
VALUES (1, 'serial', '863', '6', $$Linkage$$,
TRUE, FALSE, FALSE);
INSERT INTO config.marc_subfield(marc_format, marc_record_type, tag, code, description,
                                 repeatable, mandatory, hidden)
VALUES (1, 'serial', '863', '8', $$Field link and sequence number$$,
TRUE, FALSE, FALSE);
INSERT INTO config.marc_field(marc_format, marc_record_type, tag, name, description,
                              fixed_field, repeatable, mandatory, hidden)
VALUES (1, 'serial', '864', $$Enumeration and Chronology - Supplementary Material$$, $$Description of the holdings of a bibliographic item in the collections of the reporting organization. The captions that identify the enumeration and chronology levels and the codes that define the publication pattern of the holdings are contained in the Captions and Pattern fields (853-855) that are linked to the 863-865 fields by a number in subfield $8 (Field link and sequence number).$$,
FALSE, TRUE, FALSE, FALSE);
INSERT INTO config.record_attr_definition(name, label)
VALUES ('marc21_serial_864_ind_1', 'MARC 21 serial field 864 indicator position 1');
INSERT INTO config.coded_value_map(ctype, code, value, opac_visible, is_simple)
VALUES ('marc21_serial_864_ind_1', '#', $$No information provided$$, FALSE, TRUE);
INSERT INTO config.coded_value_map(ctype, code, value, opac_visible, is_simple)
VALUES ('marc21_serial_864_ind_1', '3', $$Holdings level 3$$, FALSE, TRUE);
INSERT INTO config.coded_value_map(ctype, code, value, opac_visible, is_simple)
VALUES ('marc21_serial_864_ind_1', '4', $$Holdings level 4$$, FALSE, TRUE);
INSERT INTO config.coded_value_map(ctype, code, value, opac_visible, is_simple)
VALUES ('marc21_serial_864_ind_1', '5', $$Holdings level 4 with piece designation$$, FALSE, TRUE);
INSERT INTO config.record_attr_definition(name, label)
VALUES ('marc21_serial_864_ind_2', 'MARC 21 serial field 864 indicator position 2');
INSERT INTO config.coded_value_map(ctype, code, value, opac_visible, is_simple)
VALUES ('marc21_serial_864_ind_2', '#', $$No information provided$$, FALSE, TRUE);
INSERT INTO config.coded_value_map(ctype, code, value, opac_visible, is_simple)
VALUES ('marc21_serial_864_ind_2', '0', $$Compressed$$, FALSE, TRUE);
INSERT INTO config.coded_value_map(ctype, code, value, opac_visible, is_simple)
VALUES ('marc21_serial_864_ind_2', '1', $$Uncompressed$$, FALSE, TRUE);
INSERT INTO config.coded_value_map(ctype, code, value, opac_visible, is_simple)
VALUES ('marc21_serial_864_ind_2', '2', $$Compressed, use textual display$$, FALSE, TRUE);
INSERT INTO config.coded_value_map(ctype, code, value, opac_visible, is_simple)
VALUES ('marc21_serial_864_ind_2', '3', $$Uncompressed, use textual display$$, FALSE, TRUE);
INSERT INTO config.coded_value_map(ctype, code, value, opac_visible, is_simple)
VALUES ('marc21_serial_864_ind_2', '4', $$Item(s) not published$$, FALSE, TRUE);
INSERT INTO config.marc_subfield(marc_format, marc_record_type, tag, code, description,
                                 repeatable, mandatory, hidden)
VALUES (1, 'serial', '864', 'a', $$First level of enumeration$$,
TRUE, FALSE, FALSE);
INSERT INTO config.marc_subfield(marc_format, marc_record_type, tag, code, description,
                                 repeatable, mandatory, hidden)
VALUES (1, 'serial', '864', 'b', $$Second level of enumeration$$,
TRUE, FALSE, FALSE);
INSERT INTO config.marc_subfield(marc_format, marc_record_type, tag, code, description,
                                 repeatable, mandatory, hidden)
VALUES (1, 'serial', '864', 'c', $$Third level of enumeration$$,
TRUE, FALSE, FALSE);
INSERT INTO config.marc_subfield(marc_format, marc_record_type, tag, code, description,
                                 repeatable, mandatory, hidden)
VALUES (1, 'serial', '864', 'd', $$Fourth level of enumeration$$,
TRUE, FALSE, FALSE);
INSERT INTO config.marc_subfield(marc_format, marc_record_type, tag, code, description,
                                 repeatable, mandatory, hidden)
VALUES (1, 'serial', '864', 'e', $$Fifth level of enumeration$$,
TRUE, FALSE, FALSE);
INSERT INTO config.marc_subfield(marc_format, marc_record_type, tag, code, description,
                                 repeatable, mandatory, hidden)
VALUES (1, 'serial', '864', 'f', $$Sixth level of enumeration$$,
TRUE, FALSE, FALSE);
INSERT INTO config.marc_subfield(marc_format, marc_record_type, tag, code, description,
                                 repeatable, mandatory, hidden)
VALUES (1, 'serial', '864', 'g', $$Alternative numbering scheme, first level of enumeration$$,
TRUE, FALSE, FALSE);
INSERT INTO config.marc_subfield(marc_format, marc_record_type, tag, code, description,
                                 repeatable, mandatory, hidden)
VALUES (1, 'serial', '864', 'h', $$Alternative numbering scheme, second level of enumeration$$,
TRUE, FALSE, FALSE);
INSERT INTO config.marc_subfield(marc_format, marc_record_type, tag, code, description,
                                 repeatable, mandatory, hidden)
VALUES (1, 'serial', '864', 'i', $$First level of chronology$$,
TRUE, FALSE, FALSE);
INSERT INTO config.marc_subfield(marc_format, marc_record_type, tag, code, description,
                                 repeatable, mandatory, hidden)
VALUES (1, 'serial', '864', 'j', $$Second level of chronology$$,
TRUE, FALSE, FALSE);
INSERT INTO config.marc_subfield(marc_format, marc_record_type, tag, code, description,
                                 repeatable, mandatory, hidden)
VALUES (1, 'serial', '864', 'k', $$Third level of chronology$$,
TRUE, FALSE, FALSE);
INSERT INTO config.marc_subfield(marc_format, marc_record_type, tag, code, description,
                                 repeatable, mandatory, hidden)
VALUES (1, 'serial', '864', 'l', $$Fourth level of chronology$$,
TRUE, FALSE, FALSE);
INSERT INTO config.marc_subfield(marc_format, marc_record_type, tag, code, description,
                                 repeatable, mandatory, hidden)
VALUES (1, 'serial', '864', 'm', $$Alternative numbering scheme, chronology$$,
TRUE, FALSE, FALSE);
INSERT INTO config.marc_subfield(marc_format, marc_record_type, tag, code, description,
                                 repeatable, mandatory, hidden)
VALUES (1, 'serial', '864', 'n', $$Converted Gregorian year$$,
TRUE, FALSE, FALSE);
INSERT INTO config.marc_subfield(marc_format, marc_record_type, tag, code, description,
                                 repeatable, mandatory, hidden)
VALUES (1, 'serial', '864', 'o', $$Type of unit$$,
TRUE, FALSE, FALSE);
INSERT INTO config.marc_subfield(marc_format, marc_record_type, tag, code, description,
                                 repeatable, mandatory, hidden)
VALUES (1, 'serial', '864', 'p', $$Piece designation$$,
TRUE, FALSE, FALSE);
INSERT INTO config.marc_subfield(marc_format, marc_record_type, tag, code, description,
                                 repeatable, mandatory, hidden)
VALUES (1, 'serial', '864', 'q', $$Piece physical condition$$,
TRUE, FALSE, FALSE);
INSERT INTO config.marc_subfield(marc_format, marc_record_type, tag, code, description,
                                 repeatable, mandatory, hidden)
VALUES (1, 'serial', '864', 's', $$Copyright article-fee code$$,
TRUE, FALSE, FALSE);
INSERT INTO config.marc_subfield(marc_format, marc_record_type, tag, code, description,
                                 repeatable, mandatory, hidden)
VALUES (1, 'serial', '864', 't', $$Copy number$$,
TRUE, FALSE, FALSE);
INSERT INTO config.marc_subfield(marc_format, marc_record_type, tag, code, description,
                                 repeatable, mandatory, hidden)
VALUES (1, 'serial', '864', 'v', $$Issuing date$$,
TRUE, FALSE, FALSE);
INSERT INTO config.marc_subfield(marc_format, marc_record_type, tag, code, description,
                                 repeatable, mandatory, hidden)
VALUES (1, 'serial', '864', 'w', $$Break indicator$$,
TRUE, FALSE, FALSE);
INSERT INTO config.marc_subfield(marc_format, marc_record_type, tag, code, description,
                                 repeatable, mandatory, hidden)
VALUES (1, 'serial', '864', 'x', $$Nonpublic note$$,
TRUE, FALSE, FALSE);
INSERT INTO config.marc_subfield(marc_format, marc_record_type, tag, code, description,
                                 repeatable, mandatory, hidden)
VALUES (1, 'serial', '864', 'z', $$Public note$$,
TRUE, FALSE, FALSE);
INSERT INTO config.marc_subfield(marc_format, marc_record_type, tag, code, description,
                                 repeatable, mandatory, hidden)
VALUES (1, 'serial', '864', '6', $$Linkage$$,
TRUE, FALSE, FALSE);
INSERT INTO config.marc_subfield(marc_format, marc_record_type, tag, code, description,
                                 repeatable, mandatory, hidden)
VALUES (1, 'serial', '864', '8', $$Field link and sequence number$$,
TRUE, FALSE, FALSE);
INSERT INTO config.marc_field(marc_format, marc_record_type, tag, name, description,
                              fixed_field, repeatable, mandatory, hidden)
VALUES (1, 'serial', '865', $$Enumeration and Chronology - Indexes$$, $$Description of the holdings of a bibliographic item in the collections of the reporting organization. The captions that identify the enumeration and chronology levels and the codes that define the publication pattern of the holdings are contained in the Captions and Pattern fields (853-855) that are linked to the 863-865 fields by a number in subfield $8 (Field link and sequence number).$$,
FALSE, TRUE, FALSE, FALSE);
INSERT INTO config.record_attr_definition(name, label)
VALUES ('marc21_serial_865_ind_1', 'MARC 21 serial field 865 indicator position 1');
INSERT INTO config.coded_value_map(ctype, code, value, opac_visible, is_simple)
VALUES ('marc21_serial_865_ind_1', '#', $$No information provided$$, FALSE, TRUE);
INSERT INTO config.coded_value_map(ctype, code, value, opac_visible, is_simple)
VALUES ('marc21_serial_865_ind_1', '4', $$Holdings level 4$$, FALSE, TRUE);
INSERT INTO config.coded_value_map(ctype, code, value, opac_visible, is_simple)
VALUES ('marc21_serial_865_ind_1', '5', $$Holdings level 4 with piece designation$$, FALSE, TRUE);
INSERT INTO config.record_attr_definition(name, label)
VALUES ('marc21_serial_865_ind_2', 'MARC 21 serial field 865 indicator position 2');
INSERT INTO config.coded_value_map(ctype, code, value, opac_visible, is_simple)
VALUES ('marc21_serial_865_ind_2', '#', $$No information provided$$, FALSE, TRUE);
INSERT INTO config.coded_value_map(ctype, code, value, opac_visible, is_simple)
VALUES ('marc21_serial_865_ind_2', '1', $$Uncompressed$$, FALSE, TRUE);
INSERT INTO config.coded_value_map(ctype, code, value, opac_visible, is_simple)
VALUES ('marc21_serial_865_ind_2', '3', $$Uncompressed, use textual display$$, FALSE, TRUE);
INSERT INTO config.marc_subfield(marc_format, marc_record_type, tag, code, description,
                                 repeatable, mandatory, hidden)
VALUES (1, 'serial', '865', 'a', $$First level of enumeration$$,
TRUE, FALSE, FALSE);
INSERT INTO config.marc_subfield(marc_format, marc_record_type, tag, code, description,
                                 repeatable, mandatory, hidden)
VALUES (1, 'serial', '865', 'b', $$Second level of enumeration$$,
TRUE, FALSE, FALSE);
INSERT INTO config.marc_subfield(marc_format, marc_record_type, tag, code, description,
                                 repeatable, mandatory, hidden)
VALUES (1, 'serial', '865', 'c', $$Third level of enumeration$$,
TRUE, FALSE, FALSE);
INSERT INTO config.marc_subfield(marc_format, marc_record_type, tag, code, description,
                                 repeatable, mandatory, hidden)
VALUES (1, 'serial', '865', 'd', $$Fourth level of enumeration$$,
TRUE, FALSE, FALSE);
INSERT INTO config.marc_subfield(marc_format, marc_record_type, tag, code, description,
                                 repeatable, mandatory, hidden)
VALUES (1, 'serial', '865', 'e', $$Fifth level of enumeration$$,
TRUE, FALSE, FALSE);
INSERT INTO config.marc_subfield(marc_format, marc_record_type, tag, code, description,
                                 repeatable, mandatory, hidden)
VALUES (1, 'serial', '865', 'f', $$Sixth level of enumeration$$,
TRUE, FALSE, FALSE);
INSERT INTO config.marc_subfield(marc_format, marc_record_type, tag, code, description,
                                 repeatable, mandatory, hidden)
VALUES (1, 'serial', '865', 'g', $$Alternative numbering scheme, first level of enumeration$$,
TRUE, FALSE, FALSE);
INSERT INTO config.marc_subfield(marc_format, marc_record_type, tag, code, description,
                                 repeatable, mandatory, hidden)
VALUES (1, 'serial', '865', 'h', $$Alternative numbering scheme, second level of enumeration$$,
TRUE, FALSE, FALSE);
INSERT INTO config.marc_subfield(marc_format, marc_record_type, tag, code, description,
                                 repeatable, mandatory, hidden)
VALUES (1, 'serial', '865', 'i', $$First level of chronology$$,
TRUE, FALSE, FALSE);
INSERT INTO config.marc_subfield(marc_format, marc_record_type, tag, code, description,
                                 repeatable, mandatory, hidden)
VALUES (1, 'serial', '865', 'j', $$Second level of chronology$$,
TRUE, FALSE, FALSE);
INSERT INTO config.marc_subfield(marc_format, marc_record_type, tag, code, description,
                                 repeatable, mandatory, hidden)
VALUES (1, 'serial', '865', 'k', $$Third level of chronology$$,
TRUE, FALSE, FALSE);
INSERT INTO config.marc_subfield(marc_format, marc_record_type, tag, code, description,
                                 repeatable, mandatory, hidden)
VALUES (1, 'serial', '865', 'l', $$Fourth level of chronology$$,
TRUE, FALSE, FALSE);
INSERT INTO config.marc_subfield(marc_format, marc_record_type, tag, code, description,
                                 repeatable, mandatory, hidden)
VALUES (1, 'serial', '865', 'm', $$Alternative numbering scheme, chronology$$,
TRUE, FALSE, FALSE);
INSERT INTO config.marc_subfield(marc_format, marc_record_type, tag, code, description,
                                 repeatable, mandatory, hidden)
VALUES (1, 'serial', '865', 'n', $$Converted Gregorian year$$,
TRUE, FALSE, FALSE);
INSERT INTO config.marc_subfield(marc_format, marc_record_type, tag, code, description,
                                 repeatable, mandatory, hidden)
VALUES (1, 'serial', '865', 'o', $$Type of unit$$,
TRUE, FALSE, FALSE);
INSERT INTO config.marc_subfield(marc_format, marc_record_type, tag, code, description,
                                 repeatable, mandatory, hidden)
VALUES (1, 'serial', '865', 'p', $$Piece designation$$,
TRUE, FALSE, FALSE);
INSERT INTO config.marc_subfield(marc_format, marc_record_type, tag, code, description,
                                 repeatable, mandatory, hidden)
VALUES (1, 'serial', '865', 'q', $$Piece physical condition$$,
TRUE, FALSE, FALSE);
INSERT INTO config.marc_subfield(marc_format, marc_record_type, tag, code, description,
                                 repeatable, mandatory, hidden)
VALUES (1, 'serial', '865', 's', $$Copyright article-fee code$$,
TRUE, FALSE, FALSE);
INSERT INTO config.marc_subfield(marc_format, marc_record_type, tag, code, description,
                                 repeatable, mandatory, hidden)
VALUES (1, 'serial', '865', 't', $$Copy number$$,
TRUE, FALSE, FALSE);
INSERT INTO config.marc_subfield(marc_format, marc_record_type, tag, code, description,
                                 repeatable, mandatory, hidden)
VALUES (1, 'serial', '865', 'v', $$Issuing date$$,
TRUE, FALSE, FALSE);
INSERT INTO config.marc_subfield(marc_format, marc_record_type, tag, code, description,
                                 repeatable, mandatory, hidden)
VALUES (1, 'serial', '865', 'w', $$Break indicator$$,
TRUE, FALSE, FALSE);
INSERT INTO config.marc_subfield(marc_format, marc_record_type, tag, code, description,
                                 repeatable, mandatory, hidden)
VALUES (1, 'serial', '865', 'x', $$Nonpublic note$$,
TRUE, FALSE, FALSE);
INSERT INTO config.marc_subfield(marc_format, marc_record_type, tag, code, description,
                                 repeatable, mandatory, hidden)
VALUES (1, 'serial', '865', 'z', $$Public note$$,
TRUE, FALSE, FALSE);
INSERT INTO config.marc_subfield(marc_format, marc_record_type, tag, code, description,
                                 repeatable, mandatory, hidden)
VALUES (1, 'serial', '865', '6', $$Linkage$$,
TRUE, FALSE, FALSE);
INSERT INTO config.marc_subfield(marc_format, marc_record_type, tag, code, description,
                                 repeatable, mandatory, hidden)
VALUES (1, 'serial', '865', '8', $$Field link and sequence number$$,
TRUE, FALSE, FALSE);
INSERT INTO config.marc_field(marc_format, marc_record_type, tag, name, description,
                              fixed_field, repeatable, mandatory, hidden)
VALUES (1, 'serial', '866', $$Textual Holdings - Basic Bibliographic Unit$$, $$Textual description which may include both the captions and enumeration and chronology for the holdings of a bibliographic item in the collections of the reporting organization. These fields are normally not used in holdings for single-part items. They may be used the coded 853-855 Captions and Pattern and 863-865 Enumeration and Chronology fields for multipart and serial items when those fields cannot be used adequately to describe the holdings. The 866-868 fields may also be used an Enumeration and Chronology field and any related Captions and Pattern field to record and generate an alternative display for all or part of the enumeration and chronology and captions and pattern fields.$$,
FALSE, TRUE, FALSE, FALSE);
INSERT INTO config.record_attr_definition(name, label)
VALUES ('marc21_serial_866_ind_1', 'MARC 21 serial field 866 indicator position 1');
INSERT INTO config.coded_value_map(ctype, code, value, opac_visible, is_simple)
VALUES ('marc21_serial_866_ind_1', '#', $$No information provided$$, FALSE, TRUE);
INSERT INTO config.coded_value_map(ctype, code, value, opac_visible, is_simple)
VALUES ('marc21_serial_866_ind_1', '3', $$Holdings level 3$$, FALSE, TRUE);
INSERT INTO config.coded_value_map(ctype, code, value, opac_visible, is_simple)
VALUES ('marc21_serial_866_ind_1', '4', $$Holdings level 4$$, FALSE, TRUE);
INSERT INTO config.coded_value_map(ctype, code, value, opac_visible, is_simple)
VALUES ('marc21_serial_866_ind_1', '5', $$Holdings level 4 with piece designation$$, FALSE, TRUE);
INSERT INTO config.record_attr_definition(name, label)
VALUES ('marc21_serial_866_ind_2', 'MARC 21 serial field 866 indicator position 2');
INSERT INTO config.coded_value_map(ctype, code, value, opac_visible, is_simple)
VALUES ('marc21_serial_866_ind_2', '0', $$Non-standard$$, FALSE, TRUE);
INSERT INTO config.coded_value_map(ctype, code, value, opac_visible, is_simple)
VALUES ('marc21_serial_866_ind_2', '1', $$ANSI/NISO Z39.71 or ISO 10324$$, FALSE, TRUE);
INSERT INTO config.coded_value_map(ctype, code, value, opac_visible, is_simple)
VALUES ('marc21_serial_866_ind_2', '2', $$ANSI Z39.42$$, FALSE, TRUE);
INSERT INTO config.coded_value_map(ctype, code, value, opac_visible, is_simple)
VALUES ('marc21_serial_866_ind_2', '7', $$Source specified in subfield $2$$, FALSE, TRUE);
INSERT INTO config.marc_subfield(marc_format, marc_record_type, tag, code, description,
                                 repeatable, mandatory, hidden)
VALUES (1, 'serial', '866', 'a', $$Textual holdings$$,
TRUE, FALSE, FALSE);
INSERT INTO config.marc_subfield(marc_format, marc_record_type, tag, code, description,
                                 repeatable, mandatory, hidden)
VALUES (1, 'serial', '866', 'x', $$Nonpublic note$$,
TRUE, FALSE, FALSE);
INSERT INTO config.marc_subfield(marc_format, marc_record_type, tag, code, description,
                                 repeatable, mandatory, hidden)
VALUES (1, 'serial', '866', 'z', $$Public note$$,
TRUE, FALSE, FALSE);
INSERT INTO config.marc_subfield(marc_format, marc_record_type, tag, code, description,
                                 repeatable, mandatory, hidden)
VALUES (1, 'serial', '866', '2', $$Source of notation$$,
TRUE, FALSE, FALSE);
INSERT INTO config.marc_subfield(marc_format, marc_record_type, tag, code, description,
                                 repeatable, mandatory, hidden)
VALUES (1, 'serial', '866', '6', $$Linkage$$,
TRUE, FALSE, FALSE);
INSERT INTO config.marc_subfield(marc_format, marc_record_type, tag, code, description,
                                 repeatable, mandatory, hidden)
VALUES (1, 'serial', '866', '8', $$Field link and sequence number$$,
TRUE, FALSE, FALSE);
INSERT INTO config.marc_field(marc_format, marc_record_type, tag, name, description,
                              fixed_field, repeatable, mandatory, hidden)
VALUES (1, 'serial', '867', $$Textual Holdings - Supplementary Material$$, $$Textual description which may include both the captions and enumeration and chronology for the holdings of a bibliographic item in the collections of the reporting organization. These fields are normally not used in holdings for single-part items. They may be used the coded 853-855 Captions and Pattern and 863-865 Enumeration and Chronology fields for multipart and serial items when those fields cannot be used adequately to describe the holdings. The 866-868 fields may also be used an Enumeration and Chronology field and any related Captions and Pattern field to record and generate an alternative display for all or part of the enumeration and chronology and captions and pattern fields.$$,
FALSE, TRUE, FALSE, FALSE);
INSERT INTO config.record_attr_definition(name, label)
VALUES ('marc21_serial_867_ind_1', 'MARC 21 serial field 867 indicator position 1');
INSERT INTO config.coded_value_map(ctype, code, value, opac_visible, is_simple)
VALUES ('marc21_serial_867_ind_1', '#', $$No information provided$$, FALSE, TRUE);
INSERT INTO config.coded_value_map(ctype, code, value, opac_visible, is_simple)
VALUES ('marc21_serial_867_ind_1', '3', $$Holdings level 3$$, FALSE, TRUE);
INSERT INTO config.coded_value_map(ctype, code, value, opac_visible, is_simple)
VALUES ('marc21_serial_867_ind_1', '4', $$Holdings level 4$$, FALSE, TRUE);
INSERT INTO config.coded_value_map(ctype, code, value, opac_visible, is_simple)
VALUES ('marc21_serial_867_ind_1', '5', $$Holdings level 4 with piece designation$$, FALSE, TRUE);
INSERT INTO config.record_attr_definition(name, label)
VALUES ('marc21_serial_867_ind_2', 'MARC 21 serial field 867 indicator position 2');
INSERT INTO config.coded_value_map(ctype, code, value, opac_visible, is_simple)
VALUES ('marc21_serial_867_ind_2', '0', $$Non-standard$$, FALSE, TRUE);
INSERT INTO config.coded_value_map(ctype, code, value, opac_visible, is_simple)
VALUES ('marc21_serial_867_ind_2', '1', $$ANSI/NISO Z39.71 or ISO 10324$$, FALSE, TRUE);
INSERT INTO config.coded_value_map(ctype, code, value, opac_visible, is_simple)
VALUES ('marc21_serial_867_ind_2', '2', $$ANSI Z39.42$$, FALSE, TRUE);
INSERT INTO config.coded_value_map(ctype, code, value, opac_visible, is_simple)
VALUES ('marc21_serial_867_ind_2', '7', $$Source specified in subfield $2$$, FALSE, TRUE);
INSERT INTO config.marc_subfield(marc_format, marc_record_type, tag, code, description,
                                 repeatable, mandatory, hidden)
VALUES (1, 'serial', '867', 'a', $$Textual holdings$$,
TRUE, FALSE, FALSE);
INSERT INTO config.marc_subfield(marc_format, marc_record_type, tag, code, description,
                                 repeatable, mandatory, hidden)
VALUES (1, 'serial', '867', 'x', $$Nonpublic note$$,
TRUE, FALSE, FALSE);
INSERT INTO config.marc_subfield(marc_format, marc_record_type, tag, code, description,
                                 repeatable, mandatory, hidden)
VALUES (1, 'serial', '867', 'z', $$Public note$$,
TRUE, FALSE, FALSE);
INSERT INTO config.marc_subfield(marc_format, marc_record_type, tag, code, description,
                                 repeatable, mandatory, hidden)
VALUES (1, 'serial', '867', '2', $$Source of notation$$,
TRUE, FALSE, FALSE);
INSERT INTO config.marc_subfield(marc_format, marc_record_type, tag, code, description,
                                 repeatable, mandatory, hidden)
VALUES (1, 'serial', '867', '6', $$Linkage$$,
TRUE, FALSE, FALSE);
INSERT INTO config.marc_subfield(marc_format, marc_record_type, tag, code, description,
                                 repeatable, mandatory, hidden)
VALUES (1, 'serial', '867', '8', $$Field link and sequence number$$,
TRUE, FALSE, FALSE);
INSERT INTO config.marc_field(marc_format, marc_record_type, tag, name, description,
                              fixed_field, repeatable, mandatory, hidden)
VALUES (1, 'serial', '868', $$Textual Holdings - Indexes$$, $$Textual description which may include both the captions and enumeration and chronology for the holdings of a bibliographic item in the collections of the reporting organization. These fields are normally not used in holdings for single-part items. They may be used the coded 853-855 Captions and Pattern and 863-865 Enumeration and Chronology fields for multipart and serial items when those fields cannot be used adequately to describe the holdings. The 866-868 fields may also be used an Enumeration and Chronology field and any related Captions and Pattern field to record and generate an alternative display for all or part of the enumeration and chronology and captions and pattern fields.$$,
FALSE, TRUE, FALSE, FALSE);
INSERT INTO config.record_attr_definition(name, label)
VALUES ('marc21_serial_868_ind_1', 'MARC 21 serial field 868 indicator position 1');
INSERT INTO config.coded_value_map(ctype, code, value, opac_visible, is_simple)
VALUES ('marc21_serial_868_ind_1', '#', $$No information provided$$, FALSE, TRUE);
INSERT INTO config.coded_value_map(ctype, code, value, opac_visible, is_simple)
VALUES ('marc21_serial_868_ind_1', '3', $$Holdings level 3$$, FALSE, TRUE);
INSERT INTO config.coded_value_map(ctype, code, value, opac_visible, is_simple)
VALUES ('marc21_serial_868_ind_1', '4', $$Holdings level 4$$, FALSE, TRUE);
INSERT INTO config.coded_value_map(ctype, code, value, opac_visible, is_simple)
VALUES ('marc21_serial_868_ind_1', '5', $$Holdings level 4 with piece designation$$, FALSE, TRUE);
INSERT INTO config.record_attr_definition(name, label)
VALUES ('marc21_serial_868_ind_2', 'MARC 21 serial field 868 indicator position 2');
INSERT INTO config.coded_value_map(ctype, code, value, opac_visible, is_simple)
VALUES ('marc21_serial_868_ind_2', '0', $$Non-standard$$, FALSE, TRUE);
INSERT INTO config.coded_value_map(ctype, code, value, opac_visible, is_simple)
VALUES ('marc21_serial_868_ind_2', '1', $$ANSI/NISO Z39.71 or ISO 10324$$, FALSE, TRUE);
INSERT INTO config.coded_value_map(ctype, code, value, opac_visible, is_simple)
VALUES ('marc21_serial_868_ind_2', '2', $$ANSI Z39.42$$, FALSE, TRUE);
INSERT INTO config.coded_value_map(ctype, code, value, opac_visible, is_simple)
VALUES ('marc21_serial_868_ind_2', '7', $$Source specified in subfield $2$$, FALSE, TRUE);
INSERT INTO config.marc_subfield(marc_format, marc_record_type, tag, code, description,
                                 repeatable, mandatory, hidden)
VALUES (1, 'serial', '868', 'a', $$Textual holdings$$,
TRUE, FALSE, FALSE);
INSERT INTO config.marc_subfield(marc_format, marc_record_type, tag, code, description,
                                 repeatable, mandatory, hidden)
VALUES (1, 'serial', '868', 'x', $$Nonpublic note$$,
TRUE, FALSE, FALSE);
INSERT INTO config.marc_subfield(marc_format, marc_record_type, tag, code, description,
                                 repeatable, mandatory, hidden)
VALUES (1, 'serial', '868', 'z', $$Public note$$,
TRUE, FALSE, FALSE);
INSERT INTO config.marc_subfield(marc_format, marc_record_type, tag, code, description,
                                 repeatable, mandatory, hidden)
VALUES (1, 'serial', '868', '2', $$Source of notation$$,
TRUE, FALSE, FALSE);
INSERT INTO config.marc_subfield(marc_format, marc_record_type, tag, code, description,
                                 repeatable, mandatory, hidden)
VALUES (1, 'serial', '868', '6', $$Linkage$$,
TRUE, FALSE, FALSE);
INSERT INTO config.marc_subfield(marc_format, marc_record_type, tag, code, description,
                                 repeatable, mandatory, hidden)
VALUES (1, 'serial', '868', '8', $$Field link and sequence number$$,
TRUE, FALSE, FALSE);
INSERT INTO config.marc_field(marc_format, marc_record_type, tag, name, description,
                              fixed_field, repeatable, mandatory, hidden)
VALUES (1, 'serial', '876', $$Item Information - Basic Bibliographic Unit$$, $$Item level information about the pieces to the item specified in the holdings record. They contain various data elements that it may be desirable to record for specific items for use in acquisition or circulation applications, among others.$$,
FALSE, TRUE, FALSE, FALSE);
INSERT INTO config.record_attr_definition(name, label)
VALUES ('marc21_serial_876_ind_1', 'MARC 21 serial field 876 indicator position 1');
INSERT INTO config.coded_value_map(ctype, code, value, opac_visible, is_simple)
VALUES ('marc21_serial_876_ind_1', '#', $$Undefined$$, FALSE, TRUE);
INSERT INTO config.record_attr_definition(name, label)
VALUES ('marc21_serial_876_ind_2', 'MARC 21 serial field 876 indicator position 2');
INSERT INTO config.coded_value_map(ctype, code, value, opac_visible, is_simple)
VALUES ('marc21_serial_876_ind_2', '#', $$Undefined$$, FALSE, TRUE);
INSERT INTO config.marc_subfield(marc_format, marc_record_type, tag, code, description,
                                 repeatable, mandatory, hidden)
VALUES (1, 'serial', '876', 'a', $$Internal item number$$,
TRUE, FALSE, FALSE);
INSERT INTO config.marc_subfield(marc_format, marc_record_type, tag, code, description,
                                 repeatable, mandatory, hidden)
VALUES (1, 'serial', '876', 'b', $$Invalid or canceled internal item number$$,
TRUE, FALSE, FALSE);
INSERT INTO config.marc_subfield(marc_format, marc_record_type, tag, code, description,
                                 repeatable, mandatory, hidden)
VALUES (1, 'serial', '876', 'c', $$Cost$$,
TRUE, FALSE, FALSE);
INSERT INTO config.marc_subfield(marc_format, marc_record_type, tag, code, description,
                                 repeatable, mandatory, hidden)
VALUES (1, 'serial', '876', 'd', $$Date acquired$$,
TRUE, FALSE, FALSE);
INSERT INTO config.marc_subfield(marc_format, marc_record_type, tag, code, description,
                                 repeatable, mandatory, hidden)
VALUES (1, 'serial', '876', 'e', $$Source of acquisition$$,
TRUE, FALSE, FALSE);
INSERT INTO config.marc_subfield(marc_format, marc_record_type, tag, code, description,
                                 repeatable, mandatory, hidden)
VALUES (1, 'serial', '876', 'h', $$Use restrictions$$,
TRUE, FALSE, FALSE);
INSERT INTO config.marc_subfield(marc_format, marc_record_type, tag, code, description,
                                 repeatable, mandatory, hidden)
VALUES (1, 'serial', '876', 'j', $$Item status$$,
TRUE, FALSE, FALSE);
INSERT INTO config.marc_subfield(marc_format, marc_record_type, tag, code, description,
                                 repeatable, mandatory, hidden)
VALUES (1, 'serial', '876', 'l', $$Temporary location$$,
TRUE, FALSE, FALSE);
INSERT INTO config.marc_subfield(marc_format, marc_record_type, tag, code, description,
                                 repeatable, mandatory, hidden)
VALUES (1, 'serial', '876', 'p', $$Piece designation$$,
TRUE, FALSE, FALSE);
INSERT INTO config.marc_subfield(marc_format, marc_record_type, tag, code, description,
                                 repeatable, mandatory, hidden)
VALUES (1, 'serial', '876', 'r', $$Invalid or canceled piece designation$$,
TRUE, FALSE, FALSE);
INSERT INTO config.marc_subfield(marc_format, marc_record_type, tag, code, description,
                                 repeatable, mandatory, hidden)
VALUES (1, 'serial', '876', 't', $$Copy number$$,
TRUE, FALSE, FALSE);
INSERT INTO config.marc_subfield(marc_format, marc_record_type, tag, code, description,
                                 repeatable, mandatory, hidden)
VALUES (1, 'serial', '876', 'x', $$Nonpublic note$$,
TRUE, FALSE, FALSE);
INSERT INTO config.marc_subfield(marc_format, marc_record_type, tag, code, description,
                                 repeatable, mandatory, hidden)
VALUES (1, 'serial', '876', 'z', $$Public note$$,
TRUE, FALSE, FALSE);
INSERT INTO config.marc_subfield(marc_format, marc_record_type, tag, code, description,
                                 repeatable, mandatory, hidden)
VALUES (1, 'serial', '876', '3', $$Materials specified$$,
TRUE, FALSE, FALSE);
INSERT INTO config.marc_subfield(marc_format, marc_record_type, tag, code, description,
                                 repeatable, mandatory, hidden)
VALUES (1, 'serial', '876', '6', $$Linkage$$,
TRUE, FALSE, FALSE);
INSERT INTO config.marc_subfield(marc_format, marc_record_type, tag, code, description,
                                 repeatable, mandatory, hidden)
VALUES (1, 'serial', '876', '8', $$Field link and sequence number$$,
TRUE, FALSE, FALSE);
INSERT INTO config.marc_field(marc_format, marc_record_type, tag, name, description,
                              fixed_field, repeatable, mandatory, hidden)
VALUES (1, 'serial', '877', $$Item Information - Supplementary Material$$, $$Item level information about the pieces to the item specified in the holdings record. They contain various data elements that it may be desirable to record for specific items for use in acquisition or circulation applications, among others.$$,
FALSE, TRUE, FALSE, FALSE);
INSERT INTO config.record_attr_definition(name, label)
VALUES ('marc21_serial_877_ind_1', 'MARC 21 serial field 877 indicator position 1');
INSERT INTO config.coded_value_map(ctype, code, value, opac_visible, is_simple)
VALUES ('marc21_serial_877_ind_1', '#', $$Undefined$$, FALSE, TRUE);
INSERT INTO config.record_attr_definition(name, label)
VALUES ('marc21_serial_877_ind_2', 'MARC 21 serial field 877 indicator position 2');
INSERT INTO config.coded_value_map(ctype, code, value, opac_visible, is_simple)
VALUES ('marc21_serial_877_ind_2', '#', $$Undefined$$, FALSE, TRUE);
INSERT INTO config.marc_subfield(marc_format, marc_record_type, tag, code, description,
                                 repeatable, mandatory, hidden)
VALUES (1, 'serial', '877', 'a', $$Internal item number$$,
TRUE, FALSE, FALSE);
INSERT INTO config.marc_subfield(marc_format, marc_record_type, tag, code, description,
                                 repeatable, mandatory, hidden)
VALUES (1, 'serial', '877', 'b', $$Invalid or canceled internal item number$$,
TRUE, FALSE, FALSE);
INSERT INTO config.marc_subfield(marc_format, marc_record_type, tag, code, description,
                                 repeatable, mandatory, hidden)
VALUES (1, 'serial', '877', 'c', $$Cost$$,
TRUE, FALSE, FALSE);
INSERT INTO config.marc_subfield(marc_format, marc_record_type, tag, code, description,
                                 repeatable, mandatory, hidden)
VALUES (1, 'serial', '877', 'd', $$Date acquired$$,
TRUE, FALSE, FALSE);
INSERT INTO config.marc_subfield(marc_format, marc_record_type, tag, code, description,
                                 repeatable, mandatory, hidden)
VALUES (1, 'serial', '877', 'e', $$Source of acquisition$$,
TRUE, FALSE, FALSE);
INSERT INTO config.marc_subfield(marc_format, marc_record_type, tag, code, description,
                                 repeatable, mandatory, hidden)
VALUES (1, 'serial', '877', 'h', $$Use restrictions$$,
TRUE, FALSE, FALSE);
INSERT INTO config.marc_subfield(marc_format, marc_record_type, tag, code, description,
                                 repeatable, mandatory, hidden)
VALUES (1, 'serial', '877', 'j', $$Item status$$,
TRUE, FALSE, FALSE);
INSERT INTO config.marc_subfield(marc_format, marc_record_type, tag, code, description,
                                 repeatable, mandatory, hidden)
VALUES (1, 'serial', '877', 'l', $$Temporary location$$,
TRUE, FALSE, FALSE);
INSERT INTO config.marc_subfield(marc_format, marc_record_type, tag, code, description,
                                 repeatable, mandatory, hidden)
VALUES (1, 'serial', '877', 'p', $$Piece designation$$,
TRUE, FALSE, FALSE);
INSERT INTO config.marc_subfield(marc_format, marc_record_type, tag, code, description,
                                 repeatable, mandatory, hidden)
VALUES (1, 'serial', '877', 'r', $$Invalid or canceled piece designation$$,
TRUE, FALSE, FALSE);
INSERT INTO config.marc_subfield(marc_format, marc_record_type, tag, code, description,
                                 repeatable, mandatory, hidden)
VALUES (1, 'serial', '877', 't', $$Copy number$$,
TRUE, FALSE, FALSE);
INSERT INTO config.marc_subfield(marc_format, marc_record_type, tag, code, description,
                                 repeatable, mandatory, hidden)
VALUES (1, 'serial', '877', 'x', $$Nonpublic note$$,
TRUE, FALSE, FALSE);
INSERT INTO config.marc_subfield(marc_format, marc_record_type, tag, code, description,
                                 repeatable, mandatory, hidden)
VALUES (1, 'serial', '877', 'z', $$Public note$$,
TRUE, FALSE, FALSE);
INSERT INTO config.marc_subfield(marc_format, marc_record_type, tag, code, description,
                                 repeatable, mandatory, hidden)
VALUES (1, 'serial', '877', '3', $$Materials specified$$,
TRUE, FALSE, FALSE);
INSERT INTO config.marc_subfield(marc_format, marc_record_type, tag, code, description,
                                 repeatable, mandatory, hidden)
VALUES (1, 'serial', '877', '6', $$Linkage$$,
TRUE, FALSE, FALSE);
INSERT INTO config.marc_subfield(marc_format, marc_record_type, tag, code, description,
                                 repeatable, mandatory, hidden)
VALUES (1, 'serial', '877', '8', $$Field link and sequence number$$,
TRUE, FALSE, FALSE);
INSERT INTO config.marc_field(marc_format, marc_record_type, tag, name, description,
                              fixed_field, repeatable, mandatory, hidden)
VALUES (1, 'serial', '878', $$Item Information - Indexes$$, $$Item level information about the pieces to the item specified in the holdings record. They contain various data elements that it may be desirable to record for specific items for use in acquisition or circulation applications, among others.$$,
FALSE, TRUE, FALSE, FALSE);
INSERT INTO config.record_attr_definition(name, label)
VALUES ('marc21_serial_878_ind_1', 'MARC 21 serial field 878 indicator position 1');
INSERT INTO config.coded_value_map(ctype, code, value, opac_visible, is_simple)
VALUES ('marc21_serial_878_ind_1', '#', $$Undefined$$, FALSE, TRUE);
INSERT INTO config.record_attr_definition(name, label)
VALUES ('marc21_serial_878_ind_2', 'MARC 21 serial field 878 indicator position 2');
INSERT INTO config.coded_value_map(ctype, code, value, opac_visible, is_simple)
VALUES ('marc21_serial_878_ind_2', '#', $$Undefined$$, FALSE, TRUE);
INSERT INTO config.marc_subfield(marc_format, marc_record_type, tag, code, description,
                                 repeatable, mandatory, hidden)
VALUES (1, 'serial', '878', 'a', $$Internal item number$$,
TRUE, FALSE, FALSE);
INSERT INTO config.marc_subfield(marc_format, marc_record_type, tag, code, description,
                                 repeatable, mandatory, hidden)
VALUES (1, 'serial', '878', 'b', $$Invalid or canceled internal item number$$,
TRUE, FALSE, FALSE);
INSERT INTO config.marc_subfield(marc_format, marc_record_type, tag, code, description,
                                 repeatable, mandatory, hidden)
VALUES (1, 'serial', '878', 'c', $$Cost$$,
TRUE, FALSE, FALSE);
INSERT INTO config.marc_subfield(marc_format, marc_record_type, tag, code, description,
                                 repeatable, mandatory, hidden)
VALUES (1, 'serial', '878', 'd', $$Date acquired$$,
TRUE, FALSE, FALSE);
INSERT INTO config.marc_subfield(marc_format, marc_record_type, tag, code, description,
                                 repeatable, mandatory, hidden)
VALUES (1, 'serial', '878', 'e', $$Source of acquisition$$,
TRUE, FALSE, FALSE);
INSERT INTO config.marc_subfield(marc_format, marc_record_type, tag, code, description,
                                 repeatable, mandatory, hidden)
VALUES (1, 'serial', '878', 'h', $$Use restrictions$$,
TRUE, FALSE, FALSE);
INSERT INTO config.marc_subfield(marc_format, marc_record_type, tag, code, description,
                                 repeatable, mandatory, hidden)
VALUES (1, 'serial', '878', 'j', $$Item status$$,
TRUE, FALSE, FALSE);
INSERT INTO config.marc_subfield(marc_format, marc_record_type, tag, code, description,
                                 repeatable, mandatory, hidden)
VALUES (1, 'serial', '878', 'l', $$Temporary location$$,
TRUE, FALSE, FALSE);
INSERT INTO config.marc_subfield(marc_format, marc_record_type, tag, code, description,
                                 repeatable, mandatory, hidden)
VALUES (1, 'serial', '878', 'p', $$Piece designation$$,
TRUE, FALSE, FALSE);
INSERT INTO config.marc_subfield(marc_format, marc_record_type, tag, code, description,
                                 repeatable, mandatory, hidden)
VALUES (1, 'serial', '878', 'r', $$Invalid or canceled piece designation$$,
TRUE, FALSE, FALSE);
INSERT INTO config.marc_subfield(marc_format, marc_record_type, tag, code, description,
                                 repeatable, mandatory, hidden)
VALUES (1, 'serial', '878', 't', $$Copy number$$,
TRUE, FALSE, FALSE);
INSERT INTO config.marc_subfield(marc_format, marc_record_type, tag, code, description,
                                 repeatable, mandatory, hidden)
VALUES (1, 'serial', '878', 'x', $$Nonpublic note$$,
TRUE, FALSE, FALSE);
INSERT INTO config.marc_subfield(marc_format, marc_record_type, tag, code, description,
                                 repeatable, mandatory, hidden)
VALUES (1, 'serial', '878', 'z', $$Public note$$,
TRUE, FALSE, FALSE);
INSERT INTO config.marc_subfield(marc_format, marc_record_type, tag, code, description,
                                 repeatable, mandatory, hidden)
VALUES (1, 'serial', '878', '3', $$Materials specified$$,
TRUE, FALSE, FALSE);
INSERT INTO config.marc_subfield(marc_format, marc_record_type, tag, code, description,
                                 repeatable, mandatory, hidden)
VALUES (1, 'serial', '878', '6', $$Linkage$$,
TRUE, FALSE, FALSE);
INSERT INTO config.marc_subfield(marc_format, marc_record_type, tag, code, description,
                                 repeatable, mandatory, hidden)
VALUES (1, 'serial', '878', '8', $$Field link and sequence number$$,
TRUE, FALSE, FALSE);
INSERT INTO config.marc_field(marc_format, marc_record_type, tag, name, description,
                              fixed_field, repeatable, mandatory, hidden)
VALUES (1, 'serial', '880', $$Alternate Graphic Representation$$, $$Fully content-designated, alternate graphic representation of another field in the same record. Field 880 is linked to the associated regular field by subfield $6 (Linkage). A subfield $6 in the associated field links that field to the 880 field. When an associated field does not exist in the record, field 880 is constructed as if it did and a reserved occurrence number (00) is used to indicate the special situation. The data in field 880 may be in more than one script.$$,
FALSE, TRUE, FALSE, FALSE);
INSERT INTO config.marc_subfield(marc_format, marc_record_type, tag, code, description,
                                 repeatable, mandatory, hidden)
VALUES (1, 'serial', '880', '6', $$Linkage$$,
FALSE, FALSE, FALSE);

-- link RDA 33x record attributes to tag table
UPDATE config.marc_subfield set value_ctype = 'content_type'
WHERE  tag = '336' AND code = 'a' AND marc_record_type = 'biblio';
UPDATE config.marc_subfield set value_ctype = 'media_type'
WHERE  tag = '337' AND code = 'a' AND marc_record_type = 'biblio';
UPDATE config.marc_subfield set value_ctype = 'carrier_type'
WHERE  tag = '338' AND code = 'a' AND marc_record_type = 'biblio';

COMMIT;
