INSERT INTO config.marc_subfield(marc_format, marc_record_type, tag, code, description,
                                 repeatable, mandatory, hidden)
VALUES (1, 'biblio', '863', 'i', $$First level of chronology$$,
TRUE, FALSE, FALSE);
INSERT INTO config.marc_subfield(marc_format, marc_record_type, tag, code, description,
                                 repeatable, mandatory, hidden)
VALUES (1, 'biblio', '863', 'j', $$Second level of chronology$$,
TRUE, FALSE, FALSE);
INSERT INTO config.marc_subfield(marc_format, marc_record_type, tag, code, description,
                                 repeatable, mandatory, hidden)
VALUES (1, 'biblio', '863', 'k', $$Third level of chronology$$,
TRUE, FALSE, FALSE);
INSERT INTO config.marc_subfield(marc_format, marc_record_type, tag, code, description,
                                 repeatable, mandatory, hidden)
VALUES (1, 'biblio', '863', 'l', $$Fourth level of chronology$$,
TRUE, FALSE, FALSE);
INSERT INTO config.marc_subfield(marc_format, marc_record_type, tag, code, description,
                                 repeatable, mandatory, hidden)
VALUES (1, 'biblio', '863', 'm', $$Alternative numbering scheme, chronology$$,
TRUE, FALSE, FALSE);
INSERT INTO config.marc_subfield(marc_format, marc_record_type, tag, code, description,
                                 repeatable, mandatory, hidden)
VALUES (1, 'biblio', '863', 'n', $$Converted Gregorian year$$,
TRUE, FALSE, FALSE);
INSERT INTO config.marc_subfield(marc_format, marc_record_type, tag, code, description,
                                 repeatable, mandatory, hidden)
VALUES (1, 'biblio', '863', 'o', $$Type of unit$$,
TRUE, FALSE, FALSE);
INSERT INTO config.marc_subfield(marc_format, marc_record_type, tag, code, description,
                                 repeatable, mandatory, hidden)
VALUES (1, 'biblio', '863', 'p', $$Piece designation$$,
TRUE, FALSE, FALSE);
INSERT INTO config.marc_subfield(marc_format, marc_record_type, tag, code, description,
                                 repeatable, mandatory, hidden)
VALUES (1, 'biblio', '863', 'q', $$Piece physical condition$$,
TRUE, FALSE, FALSE);
INSERT INTO config.marc_subfield(marc_format, marc_record_type, tag, code, description,
                                 repeatable, mandatory, hidden)
VALUES (1, 'biblio', '863', 's', $$Copyright article-fee code$$,
TRUE, FALSE, FALSE);
INSERT INTO config.marc_subfield(marc_format, marc_record_type, tag, code, description,
                                 repeatable, mandatory, hidden)
VALUES (1, 'biblio', '863', 't', $$Copy number$$,
TRUE, FALSE, FALSE);
INSERT INTO config.marc_subfield(marc_format, marc_record_type, tag, code, description,
                                 repeatable, mandatory, hidden)
VALUES (1, 'biblio', '863', 'v', $$Issuing date$$,
TRUE, FALSE, FALSE);
INSERT INTO config.marc_subfield(marc_format, marc_record_type, tag, code, description,
                                 repeatable, mandatory, hidden)
VALUES (1, 'biblio', '863', 'w', $$Break indicator$$,
TRUE, FALSE, FALSE);
INSERT INTO config.marc_subfield(marc_format, marc_record_type, tag, code, description,
                                 repeatable, mandatory, hidden)
VALUES (1, 'biblio', '863', 'x', $$Nonpublic note$$,
TRUE, FALSE, FALSE);
INSERT INTO config.marc_subfield(marc_format, marc_record_type, tag, code, description,
                                 repeatable, mandatory, hidden)
VALUES (1, 'biblio', '863', 'z', $$Public note$$,
TRUE, FALSE, FALSE);
INSERT INTO config.marc_subfield(marc_format, marc_record_type, tag, code, description,
                                 repeatable, mandatory, hidden)
VALUES (1, 'biblio', '863', '6', $$Linkage$$,
TRUE, FALSE, FALSE);
INSERT INTO config.marc_subfield(marc_format, marc_record_type, tag, code, description,
                                 repeatable, mandatory, hidden)
VALUES (1, 'biblio', '863', '8', $$Field link and sequence number$$,
TRUE, FALSE, FALSE);
INSERT INTO config.marc_field(marc_format, marc_record_type, tag, name, description,
                              fixed_field, repeatable, mandatory, hidden)
VALUES (1, 'biblio', '864', $$Enumeration and Chronology - Supplementary Material$$, $$Description of the holdings of a bibliographic item in the collections of the reporting organization. The captions that identify the enumeration and chronology levels and the codes that define the publication pattern of the holdings are contained in the Captions and Pattern fields (853-855) that are linked to the 863-865 fields by a number in subfield $8 (Field link and sequence number).$$,
FALSE, TRUE, FALSE, FALSE);
INSERT INTO config.record_attr_definition(name, label)
VALUES ('marc21_biblio_864_ind_1', 'MARC 21 biblio field 864 indicator position 1');
INSERT INTO config.coded_value_map(ctype, code, value, opac_visible, is_simple)
VALUES ('marc21_biblio_864_ind_1', '#', $$No information provided$$, FALSE, TRUE);
INSERT INTO config.coded_value_map(ctype, code, value, opac_visible, is_simple)
VALUES ('marc21_biblio_864_ind_1', '3', $$Holdings level 3$$, FALSE, TRUE);
INSERT INTO config.coded_value_map(ctype, code, value, opac_visible, is_simple)
VALUES ('marc21_biblio_864_ind_1', '4', $$Holdings level 4$$, FALSE, TRUE);
INSERT INTO config.coded_value_map(ctype, code, value, opac_visible, is_simple)
VALUES ('marc21_biblio_864_ind_1', '5', $$Holdings level 4 with piece designation$$, FALSE, TRUE);
INSERT INTO config.record_attr_definition(name, label)
VALUES ('marc21_biblio_864_ind_2', 'MARC 21 biblio field 864 indicator position 2');
INSERT INTO config.coded_value_map(ctype, code, value, opac_visible, is_simple)
VALUES ('marc21_biblio_864_ind_2', '#', $$No information provided$$, FALSE, TRUE);
INSERT INTO config.coded_value_map(ctype, code, value, opac_visible, is_simple)
VALUES ('marc21_biblio_864_ind_2', '0', $$Compressed$$, FALSE, TRUE);
INSERT INTO config.coded_value_map(ctype, code, value, opac_visible, is_simple)
VALUES ('marc21_biblio_864_ind_2', '1', $$Uncompressed$$, FALSE, TRUE);
INSERT INTO config.coded_value_map(ctype, code, value, opac_visible, is_simple)
VALUES ('marc21_biblio_864_ind_2', '2', $$Compressed, use textual display$$, FALSE, TRUE);
INSERT INTO config.coded_value_map(ctype, code, value, opac_visible, is_simple)
VALUES ('marc21_biblio_864_ind_2', '3', $$Uncompressed, use textual display$$, FALSE, TRUE);
INSERT INTO config.coded_value_map(ctype, code, value, opac_visible, is_simple)
VALUES ('marc21_biblio_864_ind_2', '4', $$Item(s) not published$$, FALSE, TRUE);
INSERT INTO config.marc_subfield(marc_format, marc_record_type, tag, code, description,
                                 repeatable, mandatory, hidden)
VALUES (1, 'biblio', '864', 'a', $$First level of enumeration$$,
TRUE, FALSE, FALSE);
INSERT INTO config.marc_subfield(marc_format, marc_record_type, tag, code, description,
                                 repeatable, mandatory, hidden)
VALUES (1, 'biblio', '864', 'b', $$Second level of enumeration$$,
TRUE, FALSE, FALSE);
INSERT INTO config.marc_subfield(marc_format, marc_record_type, tag, code, description,
                                 repeatable, mandatory, hidden)
VALUES (1, 'biblio', '864', 'c', $$Third level of enumeration$$,
TRUE, FALSE, FALSE);
INSERT INTO config.marc_subfield(marc_format, marc_record_type, tag, code, description,
                                 repeatable, mandatory, hidden)
VALUES (1, 'biblio', '864', 'd', $$Fourth level of enumeration$$,
TRUE, FALSE, FALSE);
INSERT INTO config.marc_subfield(marc_format, marc_record_type, tag, code, description,
                                 repeatable, mandatory, hidden)
VALUES (1, 'biblio', '864', 'e', $$Fifth level of enumeration$$,
TRUE, FALSE, FALSE);
INSERT INTO config.marc_subfield(marc_format, marc_record_type, tag, code, description,
                                 repeatable, mandatory, hidden)
VALUES (1, 'biblio', '864', 'f', $$Sixth level of enumeration$$,
TRUE, FALSE, FALSE);
INSERT INTO config.marc_subfield(marc_format, marc_record_type, tag, code, description,
                                 repeatable, mandatory, hidden)
VALUES (1, 'biblio', '864', 'g', $$Alternative numbering scheme, first level of enumeration$$,
TRUE, FALSE, FALSE);
INSERT INTO config.marc_subfield(marc_format, marc_record_type, tag, code, description,
                                 repeatable, mandatory, hidden)
VALUES (1, 'biblio', '864', 'h', $$Alternative numbering scheme, second level of enumeration$$,
TRUE, FALSE, FALSE);
INSERT INTO config.marc_subfield(marc_format, marc_record_type, tag, code, description,
                                 repeatable, mandatory, hidden)
VALUES (1, 'biblio', '864', 'i', $$First level of chronology$$,
TRUE, FALSE, FALSE);
INSERT INTO config.marc_subfield(marc_format, marc_record_type, tag, code, description,
                                 repeatable, mandatory, hidden)
VALUES (1, 'biblio', '864', 'j', $$Second level of chronology$$,
TRUE, FALSE, FALSE);
INSERT INTO config.marc_subfield(marc_format, marc_record_type, tag, code, description,
                                 repeatable, mandatory, hidden)
VALUES (1, 'biblio', '864', 'k', $$Third level of chronology$$,
TRUE, FALSE, FALSE);
INSERT INTO config.marc_subfield(marc_format, marc_record_type, tag, code, description,
                                 repeatable, mandatory, hidden)
VALUES (1, 'biblio', '864', 'l', $$Fourth level of chronology$$,
TRUE, FALSE, FALSE);
INSERT INTO config.marc_subfield(marc_format, marc_record_type, tag, code, description,
                                 repeatable, mandatory, hidden)
VALUES (1, 'biblio', '864', 'm', $$Alternative numbering scheme, chronology$$,
TRUE, FALSE, FALSE);
INSERT INTO config.marc_subfield(marc_format, marc_record_type, tag, code, description,
                                 repeatable, mandatory, hidden)
VALUES (1, 'biblio', '864', 'n', $$Converted Gregorian year$$,
TRUE, FALSE, FALSE);
INSERT INTO config.marc_subfield(marc_format, marc_record_type, tag, code, description,
                                 repeatable, mandatory, hidden)
VALUES (1, 'biblio', '864', 'o', $$Type of unit$$,
TRUE, FALSE, FALSE);
INSERT INTO config.marc_subfield(marc_format, marc_record_type, tag, code, description,
                                 repeatable, mandatory, hidden)
VALUES (1, 'biblio', '864', 'p', $$Piece designation$$,
TRUE, FALSE, FALSE);
INSERT INTO config.marc_subfield(marc_format, marc_record_type, tag, code, description,
                                 repeatable, mandatory, hidden)
VALUES (1, 'biblio', '864', 'q', $$Piece physical condition$$,
TRUE, FALSE, FALSE);
INSERT INTO config.marc_subfield(marc_format, marc_record_type, tag, code, description,
                                 repeatable, mandatory, hidden)
VALUES (1, 'biblio', '864', 's', $$Copyright article-fee code$$,
TRUE, FALSE, FALSE);
INSERT INTO config.marc_subfield(marc_format, marc_record_type, tag, code, description,
                                 repeatable, mandatory, hidden)
VALUES (1, 'biblio', '864', 't', $$Copy number$$,
TRUE, FALSE, FALSE);
INSERT INTO config.marc_subfield(marc_format, marc_record_type, tag, code, description,
                                 repeatable, mandatory, hidden)
VALUES (1, 'biblio', '864', 'v', $$Issuing date$$,
TRUE, FALSE, FALSE);
INSERT INTO config.marc_subfield(marc_format, marc_record_type, tag, code, description,
                                 repeatable, mandatory, hidden)
VALUES (1, 'biblio', '864', 'w', $$Break indicator$$,
TRUE, FALSE, FALSE);
INSERT INTO config.marc_subfield(marc_format, marc_record_type, tag, code, description,
                                 repeatable, mandatory, hidden)
VALUES (1, 'biblio', '864', 'x', $$Nonpublic note$$,
TRUE, FALSE, FALSE);
INSERT INTO config.marc_subfield(marc_format, marc_record_type, tag, code, description,
                                 repeatable, mandatory, hidden)
VALUES (1, 'biblio', '864', 'z', $$Public note$$,
TRUE, FALSE, FALSE);
INSERT INTO config.marc_subfield(marc_format, marc_record_type, tag, code, description,
                                 repeatable, mandatory, hidden)
VALUES (1, 'biblio', '864', '6', $$Linkage$$,
TRUE, FALSE, FALSE);
INSERT INTO config.marc_subfield(marc_format, marc_record_type, tag, code, description,
                                 repeatable, mandatory, hidden)
VALUES (1, 'biblio', '864', '8', $$Field link and sequence number$$,
TRUE, FALSE, FALSE);
INSERT INTO config.marc_field(marc_format, marc_record_type, tag, name, description,
                              fixed_field, repeatable, mandatory, hidden)
VALUES (1, 'biblio', '865', $$Enumeration and Chronology - Indexes$$, $$Description of the holdings of a bibliographic item in the collections of the reporting organization. The captions that identify the enumeration and chronology levels and the codes that define the publication pattern of the holdings are contained in the Captions and Pattern fields (853-855) that are linked to the 863-865 fields by a number in subfield $8 (Field link and sequence number).$$,
FALSE, TRUE, FALSE, FALSE);
INSERT INTO config.record_attr_definition(name, label)
VALUES ('marc21_biblio_865_ind_1', 'MARC 21 biblio field 865 indicator position 1');
INSERT INTO config.coded_value_map(ctype, code, value, opac_visible, is_simple)
VALUES ('marc21_biblio_865_ind_1', '#', $$No information provided$$, FALSE, TRUE);
INSERT INTO config.coded_value_map(ctype, code, value, opac_visible, is_simple)
VALUES ('marc21_biblio_865_ind_1', '4', $$Holdings level 4$$, FALSE, TRUE);
INSERT INTO config.coded_value_map(ctype, code, value, opac_visible, is_simple)
VALUES ('marc21_biblio_865_ind_1', '5', $$Holdings level 4 with piece designation$$, FALSE, TRUE);
INSERT INTO config.record_attr_definition(name, label)
VALUES ('marc21_biblio_865_ind_2', 'MARC 21 biblio field 865 indicator position 2');
INSERT INTO config.coded_value_map(ctype, code, value, opac_visible, is_simple)
VALUES ('marc21_biblio_865_ind_2', '#', $$No information provided$$, FALSE, TRUE);
INSERT INTO config.coded_value_map(ctype, code, value, opac_visible, is_simple)
VALUES ('marc21_biblio_865_ind_2', '1', $$Uncompressed$$, FALSE, TRUE);
INSERT INTO config.coded_value_map(ctype, code, value, opac_visible, is_simple)
VALUES ('marc21_biblio_865_ind_2', '3', $$Uncompressed, use textual display$$, FALSE, TRUE);
INSERT INTO config.marc_subfield(marc_format, marc_record_type, tag, code, description,
                                 repeatable, mandatory, hidden)
VALUES (1, 'biblio', '865', 'a', $$First level of enumeration$$,
TRUE, FALSE, FALSE);
INSERT INTO config.marc_subfield(marc_format, marc_record_type, tag, code, description,
                                 repeatable, mandatory, hidden)
VALUES (1, 'biblio', '865', 'b', $$Second level of enumeration$$,
TRUE, FALSE, FALSE);
INSERT INTO config.marc_subfield(marc_format, marc_record_type, tag, code, description,
                                 repeatable, mandatory, hidden)
VALUES (1, 'biblio', '865', 'c', $$Third level of enumeration$$,
TRUE, FALSE, FALSE);
INSERT INTO config.marc_subfield(marc_format, marc_record_type, tag, code, description,
                                 repeatable, mandatory, hidden)
VALUES (1, 'biblio', '865', 'd', $$Fourth level of enumeration$$,
TRUE, FALSE, FALSE);
INSERT INTO config.marc_subfield(marc_format, marc_record_type, tag, code, description,
                                 repeatable, mandatory, hidden)
VALUES (1, 'biblio', '865', 'e', $$Fifth level of enumeration$$,
TRUE, FALSE, FALSE);
INSERT INTO config.marc_subfield(marc_format, marc_record_type, tag, code, description,
                                 repeatable, mandatory, hidden)
VALUES (1, 'biblio', '865', 'f', $$Sixth level of enumeration$$,
TRUE, FALSE, FALSE);
INSERT INTO config.marc_subfield(marc_format, marc_record_type, tag, code, description,
                                 repeatable, mandatory, hidden)
VALUES (1, 'biblio', '865', 'g', $$Alternative numbering scheme, first level of enumeration$$,
TRUE, FALSE, FALSE);
INSERT INTO config.marc_subfield(marc_format, marc_record_type, tag, code, description,
                                 repeatable, mandatory, hidden)
VALUES (1, 'biblio', '865', 'h', $$Alternative numbering scheme, second level of enumeration$$,
TRUE, FALSE, FALSE);
INSERT INTO config.marc_subfield(marc_format, marc_record_type, tag, code, description,
                                 repeatable, mandatory, hidden)
VALUES (1, 'biblio', '865', 'i', $$First level of chronology$$,
TRUE, FALSE, FALSE);
INSERT INTO config.marc_subfield(marc_format, marc_record_type, tag, code, description,
                                 repeatable, mandatory, hidden)
VALUES (1, 'biblio', '865', 'j', $$Second level of chronology$$,
TRUE, FALSE, FALSE);
INSERT INTO config.marc_subfield(marc_format, marc_record_type, tag, code, description,
                                 repeatable, mandatory, hidden)
VALUES (1, 'biblio', '865', 'k', $$Third level of chronology$$,
TRUE, FALSE, FALSE);
INSERT INTO config.marc_subfield(marc_format, marc_record_type, tag, code, description,
                                 repeatable, mandatory, hidden)
VALUES (1, 'biblio', '865', 'l', $$Fourth level of chronology$$,
TRUE, FALSE, FALSE);
INSERT INTO config.marc_subfield(marc_format, marc_record_type, tag, code, description,
                                 repeatable, mandatory, hidden)
VALUES (1, 'biblio', '865', 'm', $$Alternative numbering scheme, chronology$$,
TRUE, FALSE, FALSE);
INSERT INTO config.marc_subfield(marc_format, marc_record_type, tag, code, description,
                                 repeatable, mandatory, hidden)
VALUES (1, 'biblio', '865', 'n', $$Converted Gregorian year$$,
TRUE, FALSE, FALSE);
INSERT INTO config.marc_subfield(marc_format, marc_record_type, tag, code, description,
                                 repeatable, mandatory, hidden)
VALUES (1, 'biblio', '865', 'o', $$Type of unit$$,
TRUE, FALSE, FALSE);
INSERT INTO config.marc_subfield(marc_format, marc_record_type, tag, code, description,
                                 repeatable, mandatory, hidden)
VALUES (1, 'biblio', '865', 'p', $$Piece designation$$,
TRUE, FALSE, FALSE);
INSERT INTO config.marc_subfield(marc_format, marc_record_type, tag, code, description,
                                 repeatable, mandatory, hidden)
VALUES (1, 'biblio', '865', 'q', $$Piece physical condition$$,
TRUE, FALSE, FALSE);
INSERT INTO config.marc_subfield(marc_format, marc_record_type, tag, code, description,
                                 repeatable, mandatory, hidden)
VALUES (1, 'biblio', '865', 's', $$Copyright article-fee code$$,
TRUE, FALSE, FALSE);
INSERT INTO config.marc_subfield(marc_format, marc_record_type, tag, code, description,
                                 repeatable, mandatory, hidden)
VALUES (1, 'biblio', '865', 't', $$Copy number$$,
TRUE, FALSE, FALSE);
INSERT INTO config.marc_subfield(marc_format, marc_record_type, tag, code, description,
                                 repeatable, mandatory, hidden)
VALUES (1, 'biblio', '865', 'v', $$Issuing date$$,
TRUE, FALSE, FALSE);
INSERT INTO config.marc_subfield(marc_format, marc_record_type, tag, code, description,
                                 repeatable, mandatory, hidden)
VALUES (1, 'biblio', '865', 'w', $$Break indicator$$,
TRUE, FALSE, FALSE);
INSERT INTO config.marc_subfield(marc_format, marc_record_type, tag, code, description,
                                 repeatable, mandatory, hidden)
VALUES (1, 'biblio', '865', 'x', $$Nonpublic note$$,
TRUE, FALSE, FALSE);
INSERT INTO config.marc_subfield(marc_format, marc_record_type, tag, code, description,
                                 repeatable, mandatory, hidden)
VALUES (1, 'biblio', '865', 'z', $$Public note$$,
TRUE, FALSE, FALSE);
INSERT INTO config.marc_subfield(marc_format, marc_record_type, tag, code, description,
                                 repeatable, mandatory, hidden)
VALUES (1, 'biblio', '865', '6', $$Linkage$$,
TRUE, FALSE, FALSE);
INSERT INTO config.marc_subfield(marc_format, marc_record_type, tag, code, description,
                                 repeatable, mandatory, hidden)
VALUES (1, 'biblio', '865', '8', $$Field link and sequence number$$,
TRUE, FALSE, FALSE);
INSERT INTO config.marc_field(marc_format, marc_record_type, tag, name, description,
                              fixed_field, repeatable, mandatory, hidden)
VALUES (1, 'biblio', '866', $$Textual Holdings - Basic Bibliographic Unit$$, $$Textual description which may include both the captions and enumeration and chronology for the holdings of a bibliographic item in the collections of the reporting organization. These fields are normally not used in holdings for single-part items. They may be used the coded 853-855 Captions and Pattern and 863-865 Enumeration and Chronology fields for multipart and serial items when those fields cannot be used adequately to describe the holdings. The 866-868 fields may also be used an Enumeration and Chronology field and any related Captions and Pattern field to record and generate an alternative display for all or part of the enumeration and chronology and captions and pattern fields.$$,
FALSE, TRUE, FALSE, FALSE);
INSERT INTO config.record_attr_definition(name, label)
VALUES ('marc21_biblio_866_ind_1', 'MARC 21 biblio field 866 indicator position 1');
INSERT INTO config.coded_value_map(ctype, code, value, opac_visible, is_simple)
VALUES ('marc21_biblio_866_ind_1', '#', $$No information provided$$, FALSE, TRUE);
INSERT INTO config.coded_value_map(ctype, code, value, opac_visible, is_simple)
VALUES ('marc21_biblio_866_ind_1', '3', $$Holdings level 3$$, FALSE, TRUE);
INSERT INTO config.coded_value_map(ctype, code, value, opac_visible, is_simple)
VALUES ('marc21_biblio_866_ind_1', '4', $$Holdings level 4$$, FALSE, TRUE);
INSERT INTO config.coded_value_map(ctype, code, value, opac_visible, is_simple)
VALUES ('marc21_biblio_866_ind_1', '5', $$Holdings level 4 with piece designation$$, FALSE, TRUE);
INSERT INTO config.record_attr_definition(name, label)
VALUES ('marc21_biblio_866_ind_2', 'MARC 21 biblio field 866 indicator position 2');
INSERT INTO config.coded_value_map(ctype, code, value, opac_visible, is_simple)
VALUES ('marc21_biblio_866_ind_2', '0', $$Non-standard$$, FALSE, TRUE);
INSERT INTO config.coded_value_map(ctype, code, value, opac_visible, is_simple)
VALUES ('marc21_biblio_866_ind_2', '1', $$ANSI/NISO Z39.71 or ISO 10324$$, FALSE, TRUE);
INSERT INTO config.coded_value_map(ctype, code, value, opac_visible, is_simple)
VALUES ('marc21_biblio_866_ind_2', '2', $$ANSI Z39.42$$, FALSE, TRUE);
INSERT INTO config.coded_value_map(ctype, code, value, opac_visible, is_simple)
VALUES ('marc21_biblio_866_ind_2', '7', $$Source specified in subfield $2$$, FALSE, TRUE);
INSERT INTO config.marc_subfield(marc_format, marc_record_type, tag, code, description,
                                 repeatable, mandatory, hidden)
VALUES (1, 'biblio', '866', 'a', $$Textual holdings$$,
TRUE, FALSE, FALSE);
INSERT INTO config.marc_subfield(marc_format, marc_record_type, tag, code, description,
                                 repeatable, mandatory, hidden)
VALUES (1, 'biblio', '866', 'x', $$Nonpublic note$$,
TRUE, FALSE, FALSE);
INSERT INTO config.marc_subfield(marc_format, marc_record_type, tag, code, description,
                                 repeatable, mandatory, hidden)
VALUES (1, 'biblio', '866', 'z', $$Public note$$,
TRUE, FALSE, FALSE);
INSERT INTO config.marc_subfield(marc_format, marc_record_type, tag, code, description,
                                 repeatable, mandatory, hidden)
VALUES (1, 'biblio', '866', '2', $$Source of notation$$,
TRUE, FALSE, FALSE);
INSERT INTO config.marc_subfield(marc_format, marc_record_type, tag, code, description,
                                 repeatable, mandatory, hidden)
VALUES (1, 'biblio', '866', '6', $$Linkage$$,
TRUE, FALSE, FALSE);
INSERT INTO config.marc_subfield(marc_format, marc_record_type, tag, code, description,
                                 repeatable, mandatory, hidden)
VALUES (1, 'biblio', '866', '8', $$Field link and sequence number$$,
TRUE, FALSE, FALSE);
INSERT INTO config.marc_field(marc_format, marc_record_type, tag, name, description,
                              fixed_field, repeatable, mandatory, hidden)
VALUES (1, 'biblio', '867', $$Textual Holdings - Supplementary Material$$, $$Textual description which may include both the captions and enumeration and chronology for the holdings of a bibliographic item in the collections of the reporting organization. These fields are normally not used in holdings for single-part items. They may be used the coded 853-855 Captions and Pattern and 863-865 Enumeration and Chronology fields for multipart and serial items when those fields cannot be used adequately to describe the holdings. The 866-868 fields may also be used an Enumeration and Chronology field and any related Captions and Pattern field to record and generate an alternative display for all or part of the enumeration and chronology and captions and pattern fields.$$,
FALSE, TRUE, FALSE, FALSE);
INSERT INTO config.record_attr_definition(name, label)
VALUES ('marc21_biblio_867_ind_1', 'MARC 21 biblio field 867 indicator position 1');
INSERT INTO config.coded_value_map(ctype, code, value, opac_visible, is_simple)
VALUES ('marc21_biblio_867_ind_1', '#', $$No information provided$$, FALSE, TRUE);
INSERT INTO config.coded_value_map(ctype, code, value, opac_visible, is_simple)
VALUES ('marc21_biblio_867_ind_1', '3', $$Holdings level 3$$, FALSE, TRUE);
INSERT INTO config.coded_value_map(ctype, code, value, opac_visible, is_simple)
VALUES ('marc21_biblio_867_ind_1', '4', $$Holdings level 4$$, FALSE, TRUE);
INSERT INTO config.coded_value_map(ctype, code, value, opac_visible, is_simple)
VALUES ('marc21_biblio_867_ind_1', '5', $$Holdings level 4 with piece designation$$, FALSE, TRUE);
INSERT INTO config.record_attr_definition(name, label)
VALUES ('marc21_biblio_867_ind_2', 'MARC 21 biblio field 867 indicator position 2');
INSERT INTO config.coded_value_map(ctype, code, value, opac_visible, is_simple)
VALUES ('marc21_biblio_867_ind_2', '0', $$Non-standard$$, FALSE, TRUE);
INSERT INTO config.coded_value_map(ctype, code, value, opac_visible, is_simple)
VALUES ('marc21_biblio_867_ind_2', '1', $$ANSI/NISO Z39.71 or ISO 10324$$, FALSE, TRUE);
INSERT INTO config.coded_value_map(ctype, code, value, opac_visible, is_simple)
VALUES ('marc21_biblio_867_ind_2', '2', $$ANSI Z39.42$$, FALSE, TRUE);
INSERT INTO config.coded_value_map(ctype, code, value, opac_visible, is_simple)
VALUES ('marc21_biblio_867_ind_2', '7', $$Source specified in subfield $2$$, FALSE, TRUE);
INSERT INTO config.marc_subfield(marc_format, marc_record_type, tag, code, description,
                                 repeatable, mandatory, hidden)
VALUES (1, 'biblio', '867', 'a', $$Textual holdings$$,
TRUE, FALSE, FALSE);
INSERT INTO config.marc_subfield(marc_format, marc_record_type, tag, code, description,
                                 repeatable, mandatory, hidden)
VALUES (1, 'biblio', '867', 'x', $$Nonpublic note$$,
TRUE, FALSE, FALSE);
INSERT INTO config.marc_subfield(marc_format, marc_record_type, tag, code, description,
                                 repeatable, mandatory, hidden)
VALUES (1, 'biblio', '867', 'z', $$Public note$$,
TRUE, FALSE, FALSE);
INSERT INTO config.marc_subfield(marc_format, marc_record_type, tag, code, description,
                                 repeatable, mandatory, hidden)
VALUES (1, 'biblio', '867', '2', $$Source of notation$$,
TRUE, FALSE, FALSE);
INSERT INTO config.marc_subfield(marc_format, marc_record_type, tag, code, description,
                                 repeatable, mandatory, hidden)
VALUES (1, 'biblio', '867', '6', $$Linkage$$,
TRUE, FALSE, FALSE);
INSERT INTO config.marc_subfield(marc_format, marc_record_type, tag, code, description,
                                 repeatable, mandatory, hidden)
VALUES (1, 'biblio', '867', '8', $$Field link and sequence number$$,
TRUE, FALSE, FALSE);
INSERT INTO config.marc_field(marc_format, marc_record_type, tag, name, description,
                              fixed_field, repeatable, mandatory, hidden)
VALUES (1, 'biblio', '868', $$Textual Holdings - Indexes$$, $$Textual description which may include both the captions and enumeration and chronology for the holdings of a bibliographic item in the collections of the reporting organization. These fields are normally not used in holdings for single-part items. They may be used the coded 853-855 Captions and Pattern and 863-865 Enumeration and Chronology fields for multipart and serial items when those fields cannot be used adequately to describe the holdings. The 866-868 fields may also be used an Enumeration and Chronology field and any related Captions and Pattern field to record and generate an alternative display for all or part of the enumeration and chronology and captions and pattern fields.$$,
FALSE, TRUE, FALSE, FALSE);
INSERT INTO config.record_attr_definition(name, label)
VALUES ('marc21_biblio_868_ind_1', 'MARC 21 biblio field 868 indicator position 1');
INSERT INTO config.coded_value_map(ctype, code, value, opac_visible, is_simple)
VALUES ('marc21_biblio_868_ind_1', '#', $$No information provided$$, FALSE, TRUE);
INSERT INTO config.coded_value_map(ctype, code, value, opac_visible, is_simple)
VALUES ('marc21_biblio_868_ind_1', '3', $$Holdings level 3$$, FALSE, TRUE);
INSERT INTO config.coded_value_map(ctype, code, value, opac_visible, is_simple)
VALUES ('marc21_biblio_868_ind_1', '4', $$Holdings level 4$$, FALSE, TRUE);
INSERT INTO config.coded_value_map(ctype, code, value, opac_visible, is_simple)
VALUES ('marc21_biblio_868_ind_1', '5', $$Holdings level 4 with piece designation$$, FALSE, TRUE);
INSERT INTO config.record_attr_definition(name, label)
VALUES ('marc21_biblio_868_ind_2', 'MARC 21 biblio field 868 indicator position 2');
INSERT INTO config.coded_value_map(ctype, code, value, opac_visible, is_simple)
VALUES ('marc21_biblio_868_ind_2', '0', $$Non-standard$$, FALSE, TRUE);
INSERT INTO config.coded_value_map(ctype, code, value, opac_visible, is_simple)
VALUES ('marc21_biblio_868_ind_2', '1', $$ANSI/NISO Z39.71 or ISO 10324$$, FALSE, TRUE);
INSERT INTO config.coded_value_map(ctype, code, value, opac_visible, is_simple)
VALUES ('marc21_biblio_868_ind_2', '2', $$ANSI Z39.42$$, FALSE, TRUE);
INSERT INTO config.coded_value_map(ctype, code, value, opac_visible, is_simple)
VALUES ('marc21_biblio_868_ind_2', '7', $$Source specified in subfield $2$$, FALSE, TRUE);
INSERT INTO config.marc_subfield(marc_format, marc_record_type, tag, code, description,
                                 repeatable, mandatory, hidden)
VALUES (1, 'biblio', '868', 'a', $$Textual holdings$$,
TRUE, FALSE, FALSE);
INSERT INTO config.marc_subfield(marc_format, marc_record_type, tag, code, description,
                                 repeatable, mandatory, hidden)
VALUES (1, 'biblio', '868', 'x', $$Nonpublic note$$,
TRUE, FALSE, FALSE);
INSERT INTO config.marc_subfield(marc_format, marc_record_type, tag, code, description,
                                 repeatable, mandatory, hidden)
VALUES (1, 'biblio', '868', 'z', $$Public note$$,
TRUE, FALSE, FALSE);
INSERT INTO config.marc_subfield(marc_format, marc_record_type, tag, code, description,
                                 repeatable, mandatory, hidden)
VALUES (1, 'biblio', '868', '2', $$Source of notation$$,
TRUE, FALSE, FALSE);
INSERT INTO config.marc_subfield(marc_format, marc_record_type, tag, code, description,
                                 repeatable, mandatory, hidden)
VALUES (1, 'biblio', '868', '6', $$Linkage$$,
TRUE, FALSE, FALSE);
INSERT INTO config.marc_subfield(marc_format, marc_record_type, tag, code, description,
                                 repeatable, mandatory, hidden)
VALUES (1, 'biblio', '868', '8', $$Field link and sequence number$$,
TRUE, FALSE, FALSE);
INSERT INTO config.marc_field(marc_format, marc_record_type, tag, name, description,
                              fixed_field, repeatable, mandatory, hidden)
VALUES (1, 'biblio', '876', $$Item Information - Basic Bibliographic Unit$$, $$Item level information about the pieces to the item specified in the holdings record. They contain various data elements that it may be desirable to record for specific items for use in acquisition or circulation applications, among others.$$,
FALSE, TRUE, FALSE, FALSE);
INSERT INTO config.record_attr_definition(name, label)
VALUES ('marc21_biblio_876_ind_1', 'MARC 21 biblio field 876 indicator position 1');
INSERT INTO config.coded_value_map(ctype, code, value, opac_visible, is_simple)
VALUES ('marc21_biblio_876_ind_1', '#', $$Undefined$$, FALSE, TRUE);
INSERT INTO config.record_attr_definition(name, label)
VALUES ('marc21_biblio_876_ind_2', 'MARC 21 biblio field 876 indicator position 2');
INSERT INTO config.coded_value_map(ctype, code, value, opac_visible, is_simple)
VALUES ('marc21_biblio_876_ind_2', '#', $$Undefined$$, FALSE, TRUE);
INSERT INTO config.marc_subfield(marc_format, marc_record_type, tag, code, description,
                                 repeatable, mandatory, hidden)
VALUES (1, 'biblio', '876', 'a', $$Internal item number$$,
TRUE, FALSE, FALSE);
INSERT INTO config.marc_subfield(marc_format, marc_record_type, tag, code, description,
                                 repeatable, mandatory, hidden)
VALUES (1, 'biblio', '876', 'b', $$Invalid or canceled internal item number$$,
TRUE, FALSE, FALSE);
INSERT INTO config.marc_subfield(marc_format, marc_record_type, tag, code, description,
                                 repeatable, mandatory, hidden)
VALUES (1, 'biblio', '876', 'c', $$Cost$$,
TRUE, FALSE, FALSE);
INSERT INTO config.marc_subfield(marc_format, marc_record_type, tag, code, description,
                                 repeatable, mandatory, hidden)
VALUES (1, 'biblio', '876', 'd', $$Date acquired$$,
TRUE, FALSE, FALSE);
INSERT INTO config.marc_subfield(marc_format, marc_record_type, tag, code, description,
                                 repeatable, mandatory, hidden)
VALUES (1, 'biblio', '876', 'e', $$Source of acquisition$$,
TRUE, FALSE, FALSE);
INSERT INTO config.marc_subfield(marc_format, marc_record_type, tag, code, description,
                                 repeatable, mandatory, hidden)
VALUES (1, 'biblio', '876', 'h', $$Use restrictions$$,
TRUE, FALSE, FALSE);
INSERT INTO config.marc_subfield(marc_format, marc_record_type, tag, code, description,
                                 repeatable, mandatory, hidden)
VALUES (1, 'biblio', '876', 'j', $$Item status$$,
TRUE, FALSE, FALSE);
INSERT INTO config.marc_subfield(marc_format, marc_record_type, tag, code, description,
                                 repeatable, mandatory, hidden)
VALUES (1, 'biblio', '876', 'l', $$Temporary location$$,
TRUE, FALSE, FALSE);
INSERT INTO config.marc_subfield(marc_format, marc_record_type, tag, code, description,
                                 repeatable, mandatory, hidden)
VALUES (1, 'biblio', '876', 'p', $$Piece designation$$,
TRUE, FALSE, FALSE);
INSERT INTO config.marc_subfield(marc_format, marc_record_type, tag, code, description,
                                 repeatable, mandatory, hidden)
VALUES (1, 'biblio', '876', 'r', $$Invalid or canceled piece designation$$,
TRUE, FALSE, FALSE);
INSERT INTO config.marc_subfield(marc_format, marc_record_type, tag, code, description,
                                 repeatable, mandatory, hidden)
VALUES (1, 'biblio', '876', 't', $$Copy number$$,
TRUE, FALSE, FALSE);
INSERT INTO config.marc_subfield(marc_format, marc_record_type, tag, code, description,
                                 repeatable, mandatory, hidden)
VALUES (1, 'biblio', '876', 'x', $$Nonpublic note$$,
TRUE, FALSE, FALSE);
INSERT INTO config.marc_subfield(marc_format, marc_record_type, tag, code, description,
                                 repeatable, mandatory, hidden)
VALUES (1, 'biblio', '876', 'z', $$Public note$$,
TRUE, FALSE, FALSE);
INSERT INTO config.marc_subfield(marc_format, marc_record_type, tag, code, description,
                                 repeatable, mandatory, hidden)
VALUES (1, 'biblio', '876', '3', $$Materials specified$$,
TRUE, FALSE, FALSE);
INSERT INTO config.marc_subfield(marc_format, marc_record_type, tag, code, description,
                                 repeatable, mandatory, hidden)
VALUES (1, 'biblio', '876', '6', $$Linkage$$,
TRUE, FALSE, FALSE);
INSERT INTO config.marc_subfield(marc_format, marc_record_type, tag, code, description,
                                 repeatable, mandatory, hidden)
VALUES (1, 'biblio', '876', '8', $$Field link and sequence number$$,
TRUE, FALSE, FALSE);
INSERT INTO config.marc_field(marc_format, marc_record_type, tag, name, description,
                              fixed_field, repeatable, mandatory, hidden)
VALUES (1, 'biblio', '877', $$Item Information - Supplementary Material$$, $$Item level information about the pieces to the item specified in the holdings record. They contain various data elements that it may be desirable to record for specific items for use in acquisition or circulation applications, among others.$$,
FALSE, TRUE, FALSE, FALSE);
INSERT INTO config.record_attr_definition(name, label)
VALUES ('marc21_biblio_877_ind_1', 'MARC 21 biblio field 877 indicator position 1');
INSERT INTO config.coded_value_map(ctype, code, value, opac_visible, is_simple)
VALUES ('marc21_biblio_877_ind_1', '#', $$Undefined$$, FALSE, TRUE);
INSERT INTO config.record_attr_definition(name, label)
VALUES ('marc21_biblio_877_ind_2', 'MARC 21 biblio field 877 indicator position 2');
INSERT INTO config.coded_value_map(ctype, code, value, opac_visible, is_simple)
VALUES ('marc21_biblio_877_ind_2', '#', $$Undefined$$, FALSE, TRUE);
INSERT INTO config.marc_subfield(marc_format, marc_record_type, tag, code, description,
                                 repeatable, mandatory, hidden)
VALUES (1, 'biblio', '877', 'a', $$Internal item number$$,
TRUE, FALSE, FALSE);
INSERT INTO config.marc_subfield(marc_format, marc_record_type, tag, code, description,
                                 repeatable, mandatory, hidden)
VALUES (1, 'biblio', '877', 'b', $$Invalid or canceled internal item number$$,
TRUE, FALSE, FALSE);
INSERT INTO config.marc_subfield(marc_format, marc_record_type, tag, code, description,
                                 repeatable, mandatory, hidden)
VALUES (1, 'biblio', '877', 'c', $$Cost$$,
TRUE, FALSE, FALSE);
INSERT INTO config.marc_subfield(marc_format, marc_record_type, tag, code, description,
                                 repeatable, mandatory, hidden)
VALUES (1, 'biblio', '877', 'd', $$Date acquired$$,
TRUE, FALSE, FALSE);
INSERT INTO config.marc_subfield(marc_format, marc_record_type, tag, code, description,
                                 repeatable, mandatory, hidden)
VALUES (1, 'biblio', '877', 'e', $$Source of acquisition$$,
TRUE, FALSE, FALSE);
INSERT INTO config.marc_subfield(marc_format, marc_record_type, tag, code, description,
                                 repeatable, mandatory, hidden)
VALUES (1, 'biblio', '877', 'h', $$Use restrictions$$,
TRUE, FALSE, FALSE);
INSERT INTO config.marc_subfield(marc_format, marc_record_type, tag, code, description,
                                 repeatable, mandatory, hidden)
VALUES (1, 'biblio', '877', 'j', $$Item status$$,
TRUE, FALSE, FALSE);
INSERT INTO config.marc_subfield(marc_format, marc_record_type, tag, code, description,
                                 repeatable, mandatory, hidden)
VALUES (1, 'biblio', '877', 'l', $$Temporary location$$,
TRUE, FALSE, FALSE);
INSERT INTO config.marc_subfield(marc_format, marc_record_type, tag, code, description,
                                 repeatable, mandatory, hidden)
VALUES (1, 'biblio', '877', 'p', $$Piece designation$$,
TRUE, FALSE, FALSE);
INSERT INTO config.marc_subfield(marc_format, marc_record_type, tag, code, description,
                                 repeatable, mandatory, hidden)
VALUES (1, 'biblio', '877', 'r', $$Invalid or canceled piece designation$$,
TRUE, FALSE, FALSE);
INSERT INTO config.marc_subfield(marc_format, marc_record_type, tag, code, description,
                                 repeatable, mandatory, hidden)
VALUES (1, 'biblio', '877', 't', $$Copy number$$,
TRUE, FALSE, FALSE);
INSERT INTO config.marc_subfield(marc_format, marc_record_type, tag, code, description,
                                 repeatable, mandatory, hidden)
VALUES (1, 'biblio', '877', 'x', $$Nonpublic note$$,
TRUE, FALSE, FALSE);
INSERT INTO config.marc_subfield(marc_format, marc_record_type, tag, code, description,
                                 repeatable, mandatory, hidden)
VALUES (1, 'biblio', '877', 'z', $$Public note$$,
TRUE, FALSE, FALSE);
INSERT INTO config.marc_subfield(marc_format, marc_record_type, tag, code, description,
                                 repeatable, mandatory, hidden)
VALUES (1, 'biblio', '877', '3', $$Materials specified$$,
TRUE, FALSE, FALSE);
INSERT INTO config.marc_subfield(marc_format, marc_record_type, tag, code, description,
                                 repeatable, mandatory, hidden)
VALUES (1, 'biblio', '877', '6', $$Linkage$$,
TRUE, FALSE, FALSE);
INSERT INTO config.marc_subfield(marc_format, marc_record_type, tag, code, description,
                                 repeatable, mandatory, hidden)
VALUES (1, 'biblio', '877', '8', $$Field link and sequence number$$,
TRUE, FALSE, FALSE);
INSERT INTO config.marc_field(marc_format, marc_record_type, tag, name, description,
                              fixed_field, repeatable, mandatory, hidden)
VALUES (1, 'biblio', '878', $$Item Information - Indexes$$, $$Item level information about the pieces to the item specified in the holdings record. They contain various data elements that it may be desirable to record for specific items for use in acquisition or circulation applications, among others.$$,
FALSE, TRUE, FALSE, FALSE);
INSERT INTO config.record_attr_definition(name, label)
VALUES ('marc21_biblio_878_ind_1', 'MARC 21 biblio field 878 indicator position 1');
INSERT INTO config.coded_value_map(ctype, code, value, opac_visible, is_simple)
VALUES ('marc21_biblio_878_ind_1', '#', $$Undefined$$, FALSE, TRUE);
INSERT INTO config.record_attr_definition(name, label)
VALUES ('marc21_biblio_878_ind_2', 'MARC 21 biblio field 878 indicator position 2');
INSERT INTO config.coded_value_map(ctype, code, value, opac_visible, is_simple)
VALUES ('marc21_biblio_878_ind_2', '#', $$Undefined$$, FALSE, TRUE);
INSERT INTO config.marc_subfield(marc_format, marc_record_type, tag, code, description,
                                 repeatable, mandatory, hidden)
VALUES (1, 'biblio', '878', 'a', $$Internal item number$$,
TRUE, FALSE, FALSE);
INSERT INTO config.marc_subfield(marc_format, marc_record_type, tag, code, description,
                                 repeatable, mandatory, hidden)
VALUES (1, 'biblio', '878', 'b', $$Invalid or canceled internal item number$$,
TRUE, FALSE, FALSE);
INSERT INTO config.marc_subfield(marc_format, marc_record_type, tag, code, description,
                                 repeatable, mandatory, hidden)
VALUES (1, 'biblio', '878', 'c', $$Cost$$,
TRUE, FALSE, FALSE);
INSERT INTO config.marc_subfield(marc_format, marc_record_type, tag, code, description,
                                 repeatable, mandatory, hidden)
VALUES (1, 'biblio', '878', 'd', $$Date acquired$$,
TRUE, FALSE, FALSE);
INSERT INTO config.marc_subfield(marc_format, marc_record_type, tag, code, description,
                                 repeatable, mandatory, hidden)
VALUES (1, 'biblio', '878', 'e', $$Source of acquisition$$,
TRUE, FALSE, FALSE);
INSERT INTO config.marc_subfield(marc_format, marc_record_type, tag, code, description,
                                 repeatable, mandatory, hidden)
VALUES (1, 'biblio', '878', 'h', $$Use restrictions$$,
TRUE, FALSE, FALSE);
INSERT INTO config.marc_subfield(marc_format, marc_record_type, tag, code, description,
                                 repeatable, mandatory, hidden)
VALUES (1, 'biblio', '878', 'j', $$Item status$$,
TRUE, FALSE, FALSE);
INSERT INTO config.marc_subfield(marc_format, marc_record_type, tag, code, description,
                                 repeatable, mandatory, hidden)
VALUES (1, 'biblio', '878', 'l', $$Temporary location$$,
TRUE, FALSE, FALSE);
INSERT INTO config.marc_subfield(marc_format, marc_record_type, tag, code, description,
                                 repeatable, mandatory, hidden)
VALUES (1, 'biblio', '878', 'p', $$Piece designation$$,
TRUE, FALSE, FALSE);
INSERT INTO config.marc_subfield(marc_format, marc_record_type, tag, code, description,
                                 repeatable, mandatory, hidden)
VALUES (1, 'biblio', '878', 'r', $$Invalid or canceled piece designation$$,
TRUE, FALSE, FALSE);
INSERT INTO config.marc_subfield(marc_format, marc_record_type, tag, code, description,
                                 repeatable, mandatory, hidden)
VALUES (1, 'biblio', '878', 't', $$Copy number$$,
TRUE, FALSE, FALSE);
INSERT INTO config.marc_subfield(marc_format, marc_record_type, tag, code, description,
                                 repeatable, mandatory, hidden)
VALUES (1, 'biblio', '878', 'x', $$Nonpublic note$$,
TRUE, FALSE, FALSE);
INSERT INTO config.marc_subfield(marc_format, marc_record_type, tag, code, description,
                                 repeatable, mandatory, hidden)
VALUES (1, 'biblio', '878', 'z', $$Public note$$,
TRUE, FALSE, FALSE);
INSERT INTO config.marc_subfield(marc_format, marc_record_type, tag, code, description,
                                 repeatable, mandatory, hidden)
VALUES (1, 'biblio', '878', '3', $$Materials specified$$,
TRUE, FALSE, FALSE);
INSERT INTO config.marc_subfield(marc_format, marc_record_type, tag, code, description,
                                 repeatable, mandatory, hidden)
VALUES (1, 'biblio', '878', '6', $$Linkage$$,
TRUE, FALSE, FALSE);
INSERT INTO config.marc_subfield(marc_format, marc_record_type, tag, code, description,
                                 repeatable, mandatory, hidden)
VALUES (1, 'biblio', '878', '8', $$Field link and sequence number$$,
TRUE, FALSE, FALSE);
INSERT INTO config.marc_field(marc_format, marc_record_type, tag, name, description,
                              fixed_field, repeatable, mandatory, hidden)
VALUES (1, 'biblio', '880', $$Alternate Graphic Representation$$, $$Fully content-designated representation, in a different script, of another field in the same record. Field 880 is linked to the associated regular field by subfield $6 (Linkage). A subfield $6 in the associated field also links that field to the 880 field. The data in field 880 may be in more than one script.$$,
FALSE, TRUE, FALSE, FALSE);
INSERT INTO config.marc_subfield(marc_format, marc_record_type, tag, code, description,
                                 repeatable, mandatory, hidden)
VALUES (1, 'biblio', '880', '6', $$Linkage$$,
FALSE, FALSE, FALSE);
INSERT INTO config.marc_field(marc_format, marc_record_type, tag, name, description,
                              fixed_field, repeatable, mandatory, hidden)
VALUES (1, 'biblio', '882', $$Replacement Record Information$$, $$Information about the replacement bibliographic record in a deleted record. The replacement title(s) may be contained in subfield(s) $a.$$,
FALSE, FALSE, FALSE, FALSE);
INSERT INTO config.record_attr_definition(name, label)
VALUES ('marc21_biblio_882_ind_1', 'MARC 21 biblio field 882 indicator position 1');
INSERT INTO config.coded_value_map(ctype, code, value, opac_visible, is_simple)
VALUES ('marc21_biblio_882_ind_1', '#', $$Undefined$$, FALSE, TRUE);
INSERT INTO config.record_attr_definition(name, label)
VALUES ('marc21_biblio_882_ind_2', 'MARC 21 biblio field 882 indicator position 2');
INSERT INTO config.coded_value_map(ctype, code, value, opac_visible, is_simple)
VALUES ('marc21_biblio_882_ind_2', '#', $$Undefined$$, FALSE, TRUE);
INSERT INTO config.marc_subfield(marc_format, marc_record_type, tag, code, description,
                                 repeatable, mandatory, hidden)
VALUES (1, 'biblio', '882', 'a', $$Replacement title$$,
TRUE, FALSE, FALSE);
INSERT INTO config.marc_subfield(marc_format, marc_record_type, tag, code, description,
                                 repeatable, mandatory, hidden)
VALUES (1, 'biblio', '882', 'i', $$Explanatory text$$,
TRUE, FALSE, FALSE);
INSERT INTO config.marc_subfield(marc_format, marc_record_type, tag, code, description,
                                 repeatable, mandatory, hidden)
VALUES (1, 'biblio', '882', 'w', $$Replacement bibliographic record control number$$,
TRUE, FALSE, FALSE);
INSERT INTO config.marc_subfield(marc_format, marc_record_type, tag, code, description,
                                 repeatable, mandatory, hidden)
VALUES (1, 'biblio', '882', '6', $$Linkage$$,
FALSE, FALSE, FALSE);
INSERT INTO config.marc_subfield(marc_format, marc_record_type, tag, code, description,
                                 repeatable, mandatory, hidden)
VALUES (1, 'biblio', '882', '8', $$Field link and sequence number$$,
TRUE, FALSE, FALSE);
INSERT INTO config.marc_field(marc_format, marc_record_type, tag, name, description,
                              fixed_field, repeatable, mandatory, hidden)
VALUES (1, 'biblio', '886', $$Foreign MARC Information Field$$, $$Used when converting foreign MARC records into the MARC format. Contains data from a foreign MARC record for which there is no corresponding MARC field.$$,
FALSE, TRUE, FALSE, FALSE);
INSERT INTO config.record_attr_definition(name, label)
VALUES ('marc21_biblio_886_ind_1', 'MARC 21 biblio field 886 indicator position 1');
INSERT INTO config.coded_value_map(ctype, code, value, opac_visible, is_simple)
VALUES ('marc21_biblio_886_ind_1', '0', $$Leader$$, FALSE, TRUE);
INSERT INTO config.coded_value_map(ctype, code, value, opac_visible, is_simple)
VALUES ('marc21_biblio_886_ind_1', '1', $$Variable control fields (002-009)$$, FALSE, TRUE);
INSERT INTO config.coded_value_map(ctype, code, value, opac_visible, is_simple)
VALUES ('marc21_biblio_886_ind_1', '2', $$Variable data fields (010-999)$$, FALSE, TRUE);
INSERT INTO config.record_attr_definition(name, label)
VALUES ('marc21_biblio_886_ind_2', 'MARC 21 biblio field 886 indicator position 2');
INSERT INTO config.coded_value_map(ctype, code, value, opac_visible, is_simple)
VALUES ('marc21_biblio_886_ind_2', '#', $$Undefined$$, FALSE, TRUE);
INSERT INTO config.marc_subfield(marc_format, marc_record_type, tag, code, description,
                                 repeatable, mandatory, hidden)
VALUES (1, 'biblio', '886', 'a', $$Tag of the foreign MARC field$$,
FALSE, FALSE, FALSE);
INSERT INTO config.marc_subfield(marc_format, marc_record_type, tag, code, description,
                                 repeatable, mandatory, hidden)
VALUES (1, 'biblio', '886', 'b', $$Content of the foreign MARC field$$,
FALSE, FALSE, FALSE);
INSERT INTO config.marc_subfield(marc_format, marc_record_type, tag, code, description,
                                 repeatable, mandatory, hidden)
VALUES (1, 'biblio', '886', '2', $$Source of data$$,
FALSE, FALSE, FALSE);
INSERT INTO config.marc_field(marc_format, marc_record_type, tag, name, description,
                              fixed_field, repeatable, mandatory, hidden)
VALUES (1, 'biblio', '887', $$Non-MARC Information Field$$, $$Data from non-MARC records for which there are no corresponding MARC 21 fields. Used when converting non-MARC records into the MARC 21 format.$$,
FALSE, TRUE, FALSE, FALSE);
INSERT INTO config.record_attr_definition(name, label)
VALUES ('marc21_biblio_887_ind_1', 'MARC 21 biblio field 887 indicator position 1');
INSERT INTO config.coded_value_map(ctype, code, value, opac_visible, is_simple)
VALUES ('marc21_biblio_887_ind_1', '#', $$Undefined$$, FALSE, TRUE);
INSERT INTO config.record_attr_definition(name, label)
VALUES ('marc21_biblio_887_ind_2', 'MARC 21 biblio field 887 indicator position 2');
INSERT INTO config.coded_value_map(ctype, code, value, opac_visible, is_simple)
VALUES ('marc21_biblio_887_ind_2', '#', $$Undefined$$, FALSE, TRUE);
INSERT INTO config.marc_subfield(marc_format, marc_record_type, tag, code, description,
                                 repeatable, mandatory, hidden)
VALUES (1, 'biblio', '887', 'a', $$Content of non-MARC field$$,
FALSE, FALSE, FALSE);
INSERT INTO config.marc_subfield(marc_format, marc_record_type, tag, code, description,
                                 repeatable, mandatory, hidden)
VALUES (1, 'biblio', '887', '2', $$Source of data$$,
FALSE, FALSE, FALSE);
INSERT INTO config.marc_field(marc_format, marc_record_type, tag, name, description,
                              fixed_field, repeatable, mandatory, hidden)
VALUES (1, 'authority', '001', $$Control Number$$, $$Control number assigned by the organization creating, using, or distributing the record.$$,
TRUE, FALSE, FALSE, FALSE);
INSERT INTO config.marc_field(marc_format, marc_record_type, tag, name, description,
                              fixed_field, repeatable, mandatory, hidden)
VALUES (1, 'authority', '003', $$Control Number Identifier$$, $$MARC code for the agency whose system control number is contained in field 001 (Control Number).$$,
TRUE, FALSE, FALSE, FALSE);
INSERT INTO config.marc_field(marc_format, marc_record_type, tag, name, description,
                              fixed_field, repeatable, mandatory, hidden)
VALUES (1, 'authority', '005', $$Date and Time of Latest Transaction$$, $$Sixteen characters that specify the date and time of the latest record transaction and serve as a version identifier for the record. The data and time are recorded according to (ISO 8601) in the pattern and .$$,
TRUE, FALSE, FALSE, FALSE);
INSERT INTO config.marc_field(marc_format, marc_record_type, tag, name, description,
                              fixed_field, repeatable, mandatory, hidden)
VALUES (1, 'authority', '008', $$Fixed-Length Data Elements$$, $$Forty character positions (00-39) that contain positionally-defined data elements that provide coded information about the record as a whole or about special aspects of the 1XX heading or 4XX/5XX tracing fields. Undefined character positions contain a blank (#). All defined character positions must contain a defined code; for some 008 positions, this may be the fill character (|). The fill character may be used (in certain character positions) when a cataloging organization makes no attempt to code the character position. Field 008 is not repeatable.$$,
TRUE, FALSE, FALSE, FALSE);
INSERT INTO config.marc_field(marc_format, marc_record_type, tag, name, description,
                              fixed_field, repeatable, mandatory, hidden)
VALUES (1, 'authority', '010', $$Library of Congress Control Number$$, $$Unique number assigned to a record by the Library of Congress (LC) or a cooperative cataloging partner contributing authority records to the Name Authority Cooperative Program (NACO) database. The field is also assigned to records created by LC for the Library of Congress Subject Headings (LCSH).$$,
FALSE, FALSE, FALSE, FALSE);
INSERT INTO config.record_attr_definition(name, label)
VALUES ('marc21_authority_010_ind_1', 'MARC 21 authority field 010 indicator position 1');
INSERT INTO config.coded_value_map(ctype, code, value, opac_visible, is_simple)
VALUES ('marc21_authority_010_ind_1', '#', $$Undefined$$, FALSE, TRUE);
INSERT INTO config.record_attr_definition(name, label)
VALUES ('marc21_authority_010_ind_2', 'MARC 21 authority field 010 indicator position 2');
INSERT INTO config.coded_value_map(ctype, code, value, opac_visible, is_simple)
VALUES ('marc21_authority_010_ind_2', '#', $$Undefined$$, FALSE, TRUE);
INSERT INTO config.marc_subfield(marc_format, marc_record_type, tag, code, description,
                                 repeatable, mandatory, hidden)
VALUES (1, 'authority', '010', 'a', $$LC control number$$,
FALSE, FALSE, FALSE);
INSERT INTO config.marc_subfield(marc_format, marc_record_type, tag, code, description,
                                 repeatable, mandatory, hidden)
VALUES (1, 'authority', '010', 'z', $$Canceled/invalid LC control number$$,
TRUE, FALSE, FALSE);
INSERT INTO config.marc_subfield(marc_format, marc_record_type, tag, code, description,
                                 repeatable, mandatory, hidden)
VALUES (1, 'authority', '010', '8', $$Field link and sequence number$$,
TRUE, FALSE, FALSE);
INSERT INTO config.marc_field(marc_format, marc_record_type, tag, name, description,
                              fixed_field, repeatable, mandatory, hidden)
VALUES (1, 'authority', '014', $$Link to Bibliographic Record for Serial or Multipart Item$$, $$Control number from field 001 of a MARC 21 bibliographic record for a serial or a multipart item that is cataloged as a set.$$,
FALSE, TRUE, FALSE, FALSE);
INSERT INTO config.record_attr_definition(name, label)
VALUES ('marc21_authority_014_ind_1', 'MARC 21 authority field 014 indicator position 1');
INSERT INTO config.coded_value_map(ctype, code, value, opac_visible, is_simple)
VALUES ('marc21_authority_014_ind_1', '#', $$Undefined$$, FALSE, TRUE);
INSERT INTO config.record_attr_definition(name, label)
VALUES ('marc21_authority_014_ind_2', 'MARC 21 authority field 014 indicator position 2');
INSERT INTO config.coded_value_map(ctype, code, value, opac_visible, is_simple)
VALUES ('marc21_authority_014_ind_2', '#', $$Undefined$$, FALSE, TRUE);
INSERT INTO config.marc_subfield(marc_format, marc_record_type, tag, code, description,
                                 repeatable, mandatory, hidden)
VALUES (1, 'authority', '014', 'a', $$Control number of related bibliographic record$$,
FALSE, FALSE, FALSE);
INSERT INTO config.marc_subfield(marc_format, marc_record_type, tag, code, description,
                                 repeatable, mandatory, hidden)
VALUES (1, 'authority', '014', '6', $$Linkage$$,
FALSE, FALSE, FALSE);
INSERT INTO config.marc_subfield(marc_format, marc_record_type, tag, code, description,
                                 repeatable, mandatory, hidden)
VALUES (1, 'authority', '014', '8', $$Field link and sequence number$$,
TRUE, FALSE, FALSE);
INSERT INTO config.marc_field(marc_format, marc_record_type, tag, name, description,
                              fixed_field, repeatable, mandatory, hidden)
VALUES (1, 'authority', '016', $$National Bibliographic Agency Control Number$$, $$Unique numbers that have been assigned to a record by a national bibliographic agency other than the Library of Congress (Library of Congress control numbers are recorded in ).$$,
FALSE, TRUE, FALSE, FALSE);
INSERT INTO config.record_attr_definition(name, label)
VALUES ('marc21_authority_016_ind_1', 'MARC 21 authority field 016 indicator position 1');
INSERT INTO config.coded_value_map(ctype, code, value, opac_visible, is_simple)
VALUES ('marc21_authority_016_ind_1', '#', $$Library and Archives Canada$$, FALSE, TRUE);
INSERT INTO config.coded_value_map(ctype, code, value, opac_visible, is_simple)
VALUES ('marc21_authority_016_ind_1', '7', $$Source specified in subfield $2$$, FALSE, TRUE);
INSERT INTO config.record_attr_definition(name, label)
VALUES ('marc21_authority_016_ind_2', 'MARC 21 authority field 016 indicator position 2');
INSERT INTO config.coded_value_map(ctype, code, value, opac_visible, is_simple)
VALUES ('marc21_authority_016_ind_2', '#', $$Undefined$$, FALSE, TRUE);
INSERT INTO config.marc_subfield(marc_format, marc_record_type, tag, code, description,
                                 repeatable, mandatory, hidden)
VALUES (1, 'authority', '016', 'a', $$Record control number$$,
FALSE, FALSE, FALSE);
INSERT INTO config.marc_subfield(marc_format, marc_record_type, tag, code, description,
                                 repeatable, mandatory, hidden)
VALUES (1, 'authority', '016', 'z', $$Canceled or invalid record control number$$,
TRUE, FALSE, FALSE);
INSERT INTO config.marc_subfield(marc_format, marc_record_type, tag, code, description,
                                 repeatable, mandatory, hidden)
VALUES (1, 'authority', '016', '2', $$Source$$,
FALSE, FALSE, FALSE);
INSERT INTO config.marc_subfield(marc_format, marc_record_type, tag, code, description,
                                 repeatable, mandatory, hidden)
VALUES (1, 'authority', '016', '8', $$Field link and sequence number$$,
TRUE, FALSE, FALSE);
INSERT INTO config.marc_field(marc_format, marc_record_type, tag, name, description,
                              fixed_field, repeatable, mandatory, hidden)
VALUES (1, 'authority', '020', $$International Standard Book Number$$, $$International Standard Book Number (ISBN), terms of availability, and any canceled/invalid ISBN copied from field 020 of a MARC bibliographic record for a multipart item that is cataloged as a set.$$,
FALSE, TRUE, FALSE, FALSE);
INSERT INTO config.record_attr_definition(name, label)
VALUES ('marc21_authority_020_ind_1', 'MARC 21 authority field 020 indicator position 1');
INSERT INTO config.coded_value_map(ctype, code, value, opac_visible, is_simple)
VALUES ('marc21_authority_020_ind_1', '#', $$Undefined$$, FALSE, TRUE);
INSERT INTO config.record_attr_definition(name, label)
VALUES ('marc21_authority_020_ind_2', 'MARC 21 authority field 020 indicator position 2');
INSERT INTO config.coded_value_map(ctype, code, value, opac_visible, is_simple)
VALUES ('marc21_authority_020_ind_2', '#', $$Undefined$$, FALSE, TRUE);
INSERT INTO config.marc_subfield(marc_format, marc_record_type, tag, code, description,
                                 repeatable, mandatory, hidden)
VALUES (1, 'authority', '020', 'a', $$International Standard Book Number$$,
FALSE, FALSE, FALSE);
INSERT INTO config.marc_subfield(marc_format, marc_record_type, tag, code, description,
                                 repeatable, mandatory, hidden)
VALUES (1, 'authority', '020', 'c', $$Terms of availability$$,
FALSE, FALSE, FALSE);
INSERT INTO config.marc_subfield(marc_format, marc_record_type, tag, code, description,
                                 repeatable, mandatory, hidden)
VALUES (1, 'authority', '020', 'z', $$Canceled/invalid ISBN$$,
TRUE, FALSE, FALSE);
INSERT INTO config.marc_subfield(marc_format, marc_record_type, tag, code, description,
                                 repeatable, mandatory, hidden)
VALUES (1, 'authority', '020', '6', $$Linkage$$,
FALSE, FALSE, FALSE);
INSERT INTO config.marc_subfield(marc_format, marc_record_type, tag, code, description,
                                 repeatable, mandatory, hidden)
VALUES (1, 'authority', '020', '8', $$Field link and sequence number$$,
TRUE, FALSE, FALSE);
INSERT INTO config.marc_field(marc_format, marc_record_type, tag, name, description,
                              fixed_field, repeatable, mandatory, hidden)
VALUES (1, 'authority', '022', $$International Standard Serial Number$$, $$International Standard Serial Number (ISSN) and/or any incorrect and canceled ISSNs copied from field 022 of a MARC 21 bibliographic record for a continuing resource.$$,
FALSE, TRUE, FALSE, FALSE);
INSERT INTO config.record_attr_definition(name, label)
VALUES ('marc21_authority_022_ind_1', 'MARC 21 authority field 022 indicator position 1');
INSERT INTO config.coded_value_map(ctype, code, value, opac_visible, is_simple)
VALUES ('marc21_authority_022_ind_1', '#', $$Undefined$$, FALSE, TRUE);
INSERT INTO config.record_attr_definition(name, label)
VALUES ('marc21_authority_022_ind_2', 'MARC 21 authority field 022 indicator position 2');
INSERT INTO config.coded_value_map(ctype, code, value, opac_visible, is_simple)
VALUES ('marc21_authority_022_ind_2', '#', $$Undefined$$, FALSE, TRUE);
INSERT INTO config.marc_subfield(marc_format, marc_record_type, tag, code, description,
                                 repeatable, mandatory, hidden)
VALUES (1, 'authority', '022', 'a', $$International Standard Serial Number$$,
FALSE, FALSE, FALSE);
INSERT INTO config.marc_subfield(marc_format, marc_record_type, tag, code, description,
                                 repeatable, mandatory, hidden)
VALUES (1, 'authority', '022', 'l', $$ISSN-L$$,
FALSE, FALSE, FALSE);
INSERT INTO config.marc_subfield(marc_format, marc_record_type, tag, code, description,
                                 repeatable, mandatory, hidden)
VALUES (1, 'authority', '022', 'm', $$Canceled ISSN-L$$,
TRUE, FALSE, FALSE);
INSERT INTO config.marc_subfield(marc_format, marc_record_type, tag, code, description,
                                 repeatable, mandatory, hidden)
VALUES (1, 'authority', '022', 'y', $$Incorrect ISSN$$,
TRUE, FALSE, FALSE);
INSERT INTO config.marc_subfield(marc_format, marc_record_type, tag, code, description,
                                 repeatable, mandatory, hidden)
VALUES (1, 'authority', '022', 'z', $$Canceled ISSN$$,
TRUE, FALSE, FALSE);
INSERT INTO config.marc_subfield(marc_format, marc_record_type, tag, code, description,
                                 repeatable, mandatory, hidden)
VALUES (1, 'authority', '022', '6', $$Linkage$$,
FALSE, FALSE, FALSE);
INSERT INTO config.marc_subfield(marc_format, marc_record_type, tag, code, description,
                                 repeatable, mandatory, hidden)
VALUES (1, 'authority', '022', '8', $$Field link and sequence number$$,
TRUE, FALSE, FALSE);
INSERT INTO config.marc_field(marc_format, marc_record_type, tag, name, description,
                              fixed_field, repeatable, mandatory, hidden)
VALUES (1, 'authority', '024', $$Other Standard Identifier$$, $$Standard number or code associated with the entity named in the 1XX field which cannot be accommodated in another field (e.g., fields 020 (International Standard Book Number) and 022 (International Standard Serial Number)). The source of the standard number or code is identified in subfield $2 (Source of number or code).$$,
FALSE, TRUE, FALSE, FALSE);
INSERT INTO config.record_attr_definition(name, label)
VALUES ('marc21_authority_024_ind_1', 'MARC 21 authority field 024 indicator position 1');
INSERT INTO config.coded_value_map(ctype, code, value, opac_visible, is_simple)
VALUES ('marc21_authority_024_ind_1', '7', $$Source specified in subfield $2$$, FALSE, TRUE);
INSERT INTO config.coded_value_map(ctype, code, value, opac_visible, is_simple)
VALUES ('marc21_authority_024_ind_1', '8', $$Unspecified type of standard number or code$$, FALSE, TRUE);
INSERT INTO config.record_attr_definition(name, label)
VALUES ('marc21_authority_024_ind_2', 'MARC 21 authority field 024 indicator position 2');
INSERT INTO config.coded_value_map(ctype, code, value, opac_visible, is_simple)
VALUES ('marc21_authority_024_ind_2', '#', $$Undefined$$, FALSE, TRUE);
INSERT INTO config.marc_subfield(marc_format, marc_record_type, tag, code, description,
                                 repeatable, mandatory, hidden)
VALUES (1, 'authority', '024', 'a', $$Standard number or code$$,
FALSE, FALSE, FALSE);
INSERT INTO config.marc_subfield(marc_format, marc_record_type, tag, code, description,
                                 repeatable, mandatory, hidden)
VALUES (1, 'authority', '024', 'c', $$Terms of availability$$,
FALSE, FALSE, FALSE);
INSERT INTO config.marc_subfield(marc_format, marc_record_type, tag, code, description,
                                 repeatable, mandatory, hidden)
VALUES (1, 'authority', '024', 'd', $$Additional codes following the standard number or code$$,
FALSE, FALSE, FALSE);
INSERT INTO config.marc_subfield(marc_format, marc_record_type, tag, code, description,
                                 repeatable, mandatory, hidden)
VALUES (1, 'authority', '024', 'z', $$Canceled/invalid standard number or code$$,
TRUE, FALSE, FALSE);
INSERT INTO config.marc_subfield(marc_format, marc_record_type, tag, code, description,
                                 repeatable, mandatory, hidden)
VALUES (1, 'authority', '024', '2', $$Source of number or code$$,
FALSE, FALSE, FALSE);
INSERT INTO config.marc_subfield(marc_format, marc_record_type, tag, code, description,
                                 repeatable, mandatory, hidden)
VALUES (1, 'authority', '024', '6', $$Linkage$$,
FALSE, FALSE, FALSE);
INSERT INTO config.marc_subfield(marc_format, marc_record_type, tag, code, description,
                                 repeatable, mandatory, hidden)
VALUES (1, 'authority', '024', '8', $$Field link and sequence number$$,
TRUE, FALSE, FALSE);
INSERT INTO config.marc_field(marc_format, marc_record_type, tag, name, description,
                              fixed_field, repeatable, mandatory, hidden)
VALUES (1, 'authority', '031', $$Musical Incipits Information$$, $$Coded data representing the musical incipit for music using established notation schemes that employ ordinary ASCII symbols. Used in an established heading record primarily to identify music manuscripts, but can be applied to any material containing music.$$,
FALSE, TRUE, FALSE, FALSE);
INSERT INTO config.record_attr_definition(name, label)
VALUES ('marc21_authority_031_ind_1', 'MARC 21 authority field 031 indicator position 1');
INSERT INTO config.coded_value_map(ctype, code, value, opac_visible, is_simple)
VALUES ('marc21_authority_031_ind_1', '#', $$Undefined$$, FALSE, TRUE);
INSERT INTO config.record_attr_definition(name, label)
VALUES ('marc21_authority_031_ind_2', 'MARC 21 authority field 031 indicator position 2');
INSERT INTO config.coded_value_map(ctype, code, value, opac_visible, is_simple)
VALUES ('marc21_authority_031_ind_2', '#', $$Undefined$$, FALSE, TRUE);
INSERT INTO config.marc_subfield(marc_format, marc_record_type, tag, code, description,
                                 repeatable, mandatory, hidden)
VALUES (1, 'authority', '031', 'b', $$Number of movement$$,
FALSE, FALSE, FALSE);
INSERT INTO config.marc_subfield(marc_format, marc_record_type, tag, code, description,
                                 repeatable, mandatory, hidden)
VALUES (1, 'authority', '031', 'c', $$Number of excerpt$$,
FALSE, FALSE, FALSE);
INSERT INTO config.marc_subfield(marc_format, marc_record_type, tag, code, description,
                                 repeatable, mandatory, hidden)
VALUES (1, 'authority', '031', 'd', $$Caption or heading$$,
TRUE, FALSE, FALSE);
INSERT INTO config.marc_subfield(marc_format, marc_record_type, tag, code, description,
                                 repeatable, mandatory, hidden)
VALUES (1, 'authority', '031', 'e', $$Role$$,
FALSE, FALSE, FALSE);
INSERT INTO config.marc_subfield(marc_format, marc_record_type, tag, code, description,
                                 repeatable, mandatory, hidden)
VALUES (1, 'authority', '031', 'g', $$Clef$$,
FALSE, FALSE, FALSE);
INSERT INTO config.marc_subfield(marc_format, marc_record_type, tag, code, description,
                                 repeatable, mandatory, hidden)
VALUES (1, 'authority', '031', 'm', $$Voice/instrument$$,
FALSE, FALSE, FALSE);
INSERT INTO config.marc_subfield(marc_format, marc_record_type, tag, code, description,
                                 repeatable, mandatory, hidden)
VALUES (1, 'authority', '031', 'n', $$Key signature$$,
FALSE, FALSE, FALSE);
INSERT INTO config.marc_subfield(marc_format, marc_record_type, tag, code, description,
                                 repeatable, mandatory, hidden)
VALUES (1, 'authority', '031', 'o', $$Time signature$$,
FALSE, FALSE, FALSE);
INSERT INTO config.marc_subfield(marc_format, marc_record_type, tag, code, description,
                                 repeatable, mandatory, hidden)
VALUES (1, 'authority', '031', 'p', $$Musical notation$$,
FALSE, FALSE, FALSE);
INSERT INTO config.marc_subfield(marc_format, marc_record_type, tag, code, description,
                                 repeatable, mandatory, hidden)
VALUES (1, 'authority', '031', 'q', $$General note$$,
TRUE, FALSE, FALSE);
INSERT INTO config.marc_subfield(marc_format, marc_record_type, tag, code, description,
                                 repeatable, mandatory, hidden)
VALUES (1, 'authority', '031', 'r', $$Key or mode$$,
FALSE, FALSE, FALSE);
INSERT INTO config.marc_subfield(marc_format, marc_record_type, tag, code, description,
                                 repeatable, mandatory, hidden)
VALUES (1, 'authority', '031', 's', $$Coded validity note$$,
TRUE, FALSE, FALSE);
INSERT INTO config.marc_subfield(marc_format, marc_record_type, tag, code, description,
                                 repeatable, mandatory, hidden)
VALUES (1, 'authority', '031', 't', $$Text incipit$$,
TRUE, FALSE, FALSE);
INSERT INTO config.marc_subfield(marc_format, marc_record_type, tag, code, description,
                                 repeatable, mandatory, hidden)
VALUES (1, 'authority', '031', 'u', $$Uniform Resource Identifier$$,
TRUE, FALSE, FALSE);
INSERT INTO config.marc_subfield(marc_format, marc_record_type, tag, code, description,
                                 repeatable, mandatory, hidden)
VALUES (1, 'authority', '031', 'y', $$Link text$$,
TRUE, FALSE, FALSE);
INSERT INTO config.marc_subfield(marc_format, marc_record_type, tag, code, description,
                                 repeatable, mandatory, hidden)
VALUES (1, 'authority', '031', 'z', $$Public note$$,
TRUE, FALSE, FALSE);
INSERT INTO config.marc_subfield(marc_format, marc_record_type, tag, code, description,
                                 repeatable, mandatory, hidden)
VALUES (1, 'authority', '031', '2', $$System code$$,
FALSE, FALSE, FALSE);
INSERT INTO config.marc_subfield(marc_format, marc_record_type, tag, code, description,
                                 repeatable, mandatory, hidden)
VALUES (1, 'authority', '031', '6', $$Linkage$$,
FALSE, FALSE, FALSE);
INSERT INTO config.marc_subfield(marc_format, marc_record_type, tag, code, description,
                                 repeatable, mandatory, hidden)
VALUES (1, 'authority', '031', '8', $$Field link and sequence number$$,
TRUE, FALSE, FALSE);
INSERT INTO config.marc_field(marc_format, marc_record_type, tag, name, description,
                              fixed_field, repeatable, mandatory, hidden)
VALUES (1, 'authority', '034', $$Coded Cartographic Mathematical Data$$, $$Coded form of the cartographic mathematical data relevant to the entity described in the authority record. The data that is recorded usually derives from authoritative sources.$$,
FALSE, TRUE, FALSE, FALSE);
INSERT INTO config.record_attr_definition(name, label)
VALUES ('marc21_authority_034_ind_1', 'MARC 21 authority field 034 indicator position 1');
INSERT INTO config.coded_value_map(ctype, code, value, opac_visible, is_simple)
VALUES ('marc21_authority_034_ind_1', '#', $$Undefined$$, FALSE, TRUE);
INSERT INTO config.record_attr_definition(name, label)
VALUES ('marc21_authority_034_ind_2', 'MARC 21 authority field 034 indicator position 2');
INSERT INTO config.coded_value_map(ctype, code, value, opac_visible, is_simple)
VALUES ('marc21_authority_034_ind_2', '#', $$Not applicable$$, FALSE, TRUE);
INSERT INTO config.coded_value_map(ctype, code, value, opac_visible, is_simple)
VALUES ('marc21_authority_034_ind_2', '0', $$Outer ring$$, FALSE, TRUE);
INSERT INTO config.coded_value_map(ctype, code, value, opac_visible, is_simple)
VALUES ('marc21_authority_034_ind_2', '1', $$Exclusion ring$$, FALSE, TRUE);
INSERT INTO config.marc_subfield(marc_format, marc_record_type, tag, code, description,
                                 repeatable, mandatory, hidden)
VALUES (1, 'authority', '034', 'd', $$Coordinates$$,
TRUE, FALSE, FALSE);
INSERT INTO config.marc_subfield(marc_format, marc_record_type, tag, code, description,
                                 repeatable, mandatory, hidden)
VALUES (1, 'authority', '034', 'e', $$Coordinates$$,
TRUE, FALSE, FALSE);
INSERT INTO config.marc_subfield(marc_format, marc_record_type, tag, code, description,
                                 repeatable, mandatory, hidden)
VALUES (1, 'authority', '034', 'f', $$Coordinates$$,
TRUE, FALSE, FALSE);
INSERT INTO config.marc_subfield(marc_format, marc_record_type, tag, code, description,
                                 repeatable, mandatory, hidden)
VALUES (1, 'authority', '034', 'g', $$Coordinates$$,
TRUE, FALSE, FALSE);
INSERT INTO config.marc_subfield(marc_format, marc_record_type, tag, code, description,
                                 repeatable, mandatory, hidden)
VALUES (1, 'authority', '034', 'j', $$Declination$$,
TRUE, FALSE, FALSE);
INSERT INTO config.marc_subfield(marc_format, marc_record_type, tag, code, description,
                                 repeatable, mandatory, hidden)
VALUES (1, 'authority', '034', 'k', $$Declination$$,
TRUE, FALSE, FALSE);
INSERT INTO config.marc_subfield(marc_format, marc_record_type, tag, code, description,
                                 repeatable, mandatory, hidden)
VALUES (1, 'authority', '034', 'm', $$Right ascension$$,
TRUE, FALSE, FALSE);
INSERT INTO config.marc_subfield(marc_format, marc_record_type, tag, code, description,
                                 repeatable, mandatory, hidden)
VALUES (1, 'authority', '034', 'n', $$Right ascension$$,
TRUE, FALSE, FALSE);
INSERT INTO config.marc_subfield(marc_format, marc_record_type, tag, code, description,
                                 repeatable, mandatory, hidden)
VALUES (1, 'authority', '034', 'p', $$Equinox$$,
FALSE, FALSE, FALSE);
INSERT INTO config.marc_subfield(marc_format, marc_record_type, tag, code, description,
                                 repeatable, mandatory, hidden)
VALUES (1, 'authority', '034', 'r', $$Distance from earth$$,
FALSE, FALSE, FALSE);
INSERT INTO config.marc_subfield(marc_format, marc_record_type, tag, code, description,
                                 repeatable, mandatory, hidden)
VALUES (1, 'authority', '034', 's', $$G-ring latitude$$,
TRUE, FALSE, FALSE);
INSERT INTO config.marc_subfield(marc_format, marc_record_type, tag, code, description,
                                 repeatable, mandatory, hidden)
VALUES (1, 'authority', '034', 't', $$G-ring longitude$$,
TRUE, FALSE, FALSE);
INSERT INTO config.marc_subfield(marc_format, marc_record_type, tag, code, description,
                                 repeatable, mandatory, hidden)
VALUES (1, 'authority', '034', 'x', $$Beginning date$$,
FALSE, FALSE, FALSE);
INSERT INTO config.marc_subfield(marc_format, marc_record_type, tag, code, description,
                                 repeatable, mandatory, hidden)
VALUES (1, 'authority', '034', 'y', $$Ending date$$,
FALSE, FALSE, FALSE);
INSERT INTO config.marc_subfield(marc_format, marc_record_type, tag, code, description,
                                 repeatable, mandatory, hidden)
VALUES (1, 'authority', '034', 'z', $$Name of extraterrestrial body$$,
FALSE, FALSE, FALSE);
INSERT INTO config.marc_subfield(marc_format, marc_record_type, tag, code, description,
                                 repeatable, mandatory, hidden)
VALUES (1, 'authority', '034', '2', $$Source$$,
FALSE, FALSE, FALSE);
INSERT INTO config.marc_subfield(marc_format, marc_record_type, tag, code, description,
                                 repeatable, mandatory, hidden)
VALUES (1, 'authority', '034', '3', $$Materials specified$$,
FALSE, FALSE, FALSE);
INSERT INTO config.marc_subfield(marc_format, marc_record_type, tag, code, description,
                                 repeatable, mandatory, hidden)
VALUES (1, 'authority', '034', '6', $$Linkage$$,
FALSE, FALSE, FALSE);
INSERT INTO config.marc_subfield(marc_format, marc_record_type, tag, code, description,
                                 repeatable, mandatory, hidden)
VALUES (1, 'authority', '034', '8', $$Field link and sequence number$$,
TRUE, FALSE, FALSE);
INSERT INTO config.marc_field(marc_format, marc_record_type, tag, name, description,
                              fixed_field, repeatable, mandatory, hidden)
VALUES (1, 'authority', '035', $$System Control Number$$, $$Control number for the record in a system other than the one whose control number is contained in (Control Number), (Library of Congress Control Number), or (National Bibliographic Agency Control Number).$$,
FALSE, TRUE, FALSE, FALSE);
INSERT INTO config.record_attr_definition(name, label)
VALUES ('marc21_authority_035_ind_1', 'MARC 21 authority field 035 indicator position 1');
INSERT INTO config.coded_value_map(ctype, code, value, opac_visible, is_simple)
VALUES ('marc21_authority_035_ind_1', '#', $$Undefined$$, FALSE, TRUE);
INSERT INTO config.record_attr_definition(name, label)
VALUES ('marc21_authority_035_ind_2', 'MARC 21 authority field 035 indicator position 2');
INSERT INTO config.coded_value_map(ctype, code, value, opac_visible, is_simple)
VALUES ('marc21_authority_035_ind_2', '#', $$Undefined$$, FALSE, TRUE);
INSERT INTO config.marc_subfield(marc_format, marc_record_type, tag, code, description,
                                 repeatable, mandatory, hidden)
VALUES (1, 'authority', '035', 'a', $$System control number$$,
FALSE, FALSE, FALSE);
INSERT INTO config.marc_subfield(marc_format, marc_record_type, tag, code, description,
                                 repeatable, mandatory, hidden)
VALUES (1, 'authority', '035', 'z', $$Canceled/invalid system control number$$,
TRUE, FALSE, FALSE);
INSERT INTO config.marc_subfield(marc_format, marc_record_type, tag, code, description,
                                 repeatable, mandatory, hidden)
VALUES (1, 'authority', '035', '6', $$Linkage$$,
FALSE, FALSE, FALSE);
INSERT INTO config.marc_subfield(marc_format, marc_record_type, tag, code, description,
                                 repeatable, mandatory, hidden)
VALUES (1, 'authority', '035', '8', $$Field link and sequence number$$,
TRUE, FALSE, FALSE);
INSERT INTO config.marc_field(marc_format, marc_record_type, tag, name, description,
                              fixed_field, repeatable, mandatory, hidden)
VALUES (1, 'authority', '040', $$Cataloging Source$$, $$MARC code or the name of the organization(s) that created the original authority record, assigned MARC content designation and transcribed the record into machine-readable form, or modified an existing MARC record. These MARC codes and the code in 008/39 (Cataloging source) specify the parties responsible for content, content designation, and transcription of an the authority record. See: .$$,
FALSE, FALSE, FALSE, FALSE);
INSERT INTO config.record_attr_definition(name, label)
VALUES ('marc21_authority_040_ind_1', 'MARC 21 authority field 040 indicator position 1');
INSERT INTO config.coded_value_map(ctype, code, value, opac_visible, is_simple)
VALUES ('marc21_authority_040_ind_1', '#', $$Undefined$$, FALSE, TRUE);
INSERT INTO config.record_attr_definition(name, label)
VALUES ('marc21_authority_040_ind_2', 'MARC 21 authority field 040 indicator position 2');
INSERT INTO config.coded_value_map(ctype, code, value, opac_visible, is_simple)
VALUES ('marc21_authority_040_ind_2', '#', $$Undefined$$, FALSE, TRUE);
INSERT INTO config.marc_subfield(marc_format, marc_record_type, tag, code, description,
                                 repeatable, mandatory, hidden)
VALUES (1, 'authority', '040', 'a', $$Original cataloging agency$$,
FALSE, FALSE, FALSE);
INSERT INTO config.marc_subfield(marc_format, marc_record_type, tag, code, description,
                                 repeatable, mandatory, hidden)
VALUES (1, 'authority', '040', 'b', $$Language of cataloging$$,
FALSE, FALSE, FALSE);
INSERT INTO config.marc_subfield(marc_format, marc_record_type, tag, code, description,
                                 repeatable, mandatory, hidden)
VALUES (1, 'authority', '040', 'c', $$Transcribing agency$$,
FALSE, FALSE, FALSE);
INSERT INTO config.marc_subfield(marc_format, marc_record_type, tag, code, description,
                                 repeatable, mandatory, hidden)
VALUES (1, 'authority', '040', 'd', $$Modifying agency$$,
TRUE, FALSE, FALSE);
INSERT INTO config.marc_subfield(marc_format, marc_record_type, tag, code, description,
                                 repeatable, mandatory, hidden)
VALUES (1, 'authority', '040', 'e', $$Description conventions$$,
TRUE, FALSE, FALSE);
INSERT INTO config.marc_subfield(marc_format, marc_record_type, tag, code, description,
                                 repeatable, mandatory, hidden)
VALUES (1, 'authority', '040', 'f', $$Subject heading/thesaurus conventions$$,
FALSE, FALSE, FALSE);
INSERT INTO config.marc_subfield(marc_format, marc_record_type, tag, code, description,
                                 repeatable, mandatory, hidden)
VALUES (1, 'authority', '040', '6', $$Linkage$$,
FALSE, FALSE, FALSE);
INSERT INTO config.marc_subfield(marc_format, marc_record_type, tag, code, description,
                                 repeatable, mandatory, hidden)
VALUES (1, 'authority', '040', '8', $$Field link and sequence number$$,
TRUE, FALSE, FALSE);
INSERT INTO config.marc_field(marc_format, marc_record_type, tag, name, description,
                              fixed_field, repeatable, mandatory, hidden)
VALUES (1, 'authority', '042', $$Authentication Code$$, $$One or more authentication codes indicating that the record, existing in a national database, has been reviewed in a specific way. The codes are associated with specifically designated authentication agencies.$$,
FALSE, FALSE, FALSE, FALSE);
INSERT INTO config.record_attr_definition(name, label)
VALUES ('marc21_authority_042_ind_1', 'MARC 21 authority field 042 indicator position 1');
INSERT INTO config.coded_value_map(ctype, code, value, opac_visible, is_simple)
VALUES ('marc21_authority_042_ind_1', '#', $$Undefined$$, FALSE, TRUE);
INSERT INTO config.record_attr_definition(name, label)
VALUES ('marc21_authority_042_ind_2', 'MARC 21 authority field 042 indicator position 2');
INSERT INTO config.coded_value_map(ctype, code, value, opac_visible, is_simple)
VALUES ('marc21_authority_042_ind_2', '#', $$Undefined$$, FALSE, TRUE);
INSERT INTO config.marc_subfield(marc_format, marc_record_type, tag, code, description,
                                 repeatable, mandatory, hidden)
VALUES (1, 'authority', '042', 'a', $$Authentication code$$,
TRUE, FALSE, FALSE);
INSERT INTO config.marc_field(marc_format, marc_record_type, tag, name, description,
                              fixed_field, repeatable, mandatory, hidden)
VALUES (1, 'authority', '043', $$Geographic Area Code$$, $$Geographic area codes (GAC) associated with the 1XX heading in an established heading record or a subdivision record. Source of the code in subfield $a is . The source of a local code in subfield $b is indicated in subfield $2. The source of codes in subfield $c is , .$$,
FALSE, FALSE, FALSE, FALSE);
INSERT INTO config.record_attr_definition(name, label)
VALUES ('marc21_authority_043_ind_1', 'MARC 21 authority field 043 indicator position 1');
INSERT INTO config.coded_value_map(ctype, code, value, opac_visible, is_simple)
VALUES ('marc21_authority_043_ind_1', '#', $$Undefined$$, FALSE, TRUE);
INSERT INTO config.record_attr_definition(name, label)
VALUES ('marc21_authority_043_ind_2', 'MARC 21 authority field 043 indicator position 2');
INSERT INTO config.coded_value_map(ctype, code, value, opac_visible, is_simple)
VALUES ('marc21_authority_043_ind_2', '#', $$Undefined$$, FALSE, TRUE);
INSERT INTO config.marc_subfield(marc_format, marc_record_type, tag, code, description,
                                 repeatable, mandatory, hidden)
VALUES (1, 'authority', '043', 'a', $$Geographic area code$$,
TRUE, FALSE, FALSE);
INSERT INTO config.marc_subfield(marc_format, marc_record_type, tag, code, description,
                                 repeatable, mandatory, hidden)
VALUES (1, 'authority', '043', 'b', $$Local GAC code$$,
TRUE, FALSE, FALSE);
INSERT INTO config.marc_subfield(marc_format, marc_record_type, tag, code, description,
                                 repeatable, mandatory, hidden)
VALUES (1, 'authority', '043', 'c', $$ISO code$$,
TRUE, FALSE, FALSE);
INSERT INTO config.marc_subfield(marc_format, marc_record_type, tag, code, description,
                                 repeatable, mandatory, hidden)
VALUES (1, 'authority', '043', '2', $$Source of local code$$,
TRUE, FALSE, FALSE);
INSERT INTO config.marc_subfield(marc_format, marc_record_type, tag, code, description,
                                 repeatable, mandatory, hidden)
VALUES (1, 'authority', '043', '6', $$Linkage$$,
FALSE, FALSE, FALSE);
INSERT INTO config.marc_subfield(marc_format, marc_record_type, tag, code, description,
                                 repeatable, mandatory, hidden)
VALUES (1, 'authority', '043', '8', $$Field link and sequence number$$,
TRUE, FALSE, FALSE);
INSERT INTO config.marc_field(marc_format, marc_record_type, tag, name, description,
                              fixed_field, repeatable, mandatory, hidden)
VALUES (1, 'authority', '045', $$Time Period of Heading$$, $$Time period code (subfield $a) and/or a formatted time period (subfield $b or $c) associated with a 15X heading in an established heading record or a 18X heading in a subdivision record.$$,
FALSE, FALSE, FALSE, FALSE);
INSERT INTO config.record_attr_definition(name, label)
VALUES ('marc21_authority_045_ind_1', 'MARC 21 authority field 045 indicator position 1');
INSERT INTO config.coded_value_map(ctype, code, value, opac_visible, is_simple)
VALUES ('marc21_authority_045_ind_1', '#', $$Subfield $b or $c not present$$, FALSE, TRUE);
INSERT INTO config.coded_value_map(ctype, code, value, opac_visible, is_simple)
VALUES ('marc21_authority_045_ind_1', '0', $$Single date/time$$, FALSE, TRUE);
INSERT INTO config.coded_value_map(ctype, code, value, opac_visible, is_simple)
VALUES ('marc21_authority_045_ind_1', '1', $$Multiple single dates/times$$, FALSE, TRUE);
INSERT INTO config.coded_value_map(ctype, code, value, opac_visible, is_simple)
VALUES ('marc21_authority_045_ind_1', '2', $$Range of dates/times$$, FALSE, TRUE);
INSERT INTO config.record_attr_definition(name, label)
VALUES ('marc21_authority_045_ind_2', 'MARC 21 authority field 045 indicator position 2');
INSERT INTO config.coded_value_map(ctype, code, value, opac_visible, is_simple)
VALUES ('marc21_authority_045_ind_2', '#', $$Undefined$$, FALSE, TRUE);
INSERT INTO config.marc_subfield(marc_format, marc_record_type, tag, code, description,
                                 repeatable, mandatory, hidden)
VALUES (1, 'authority', '045', 'a', $$Time period code$$,
TRUE, FALSE, FALSE);
INSERT INTO config.marc_subfield(marc_format, marc_record_type, tag, code, description,
                                 repeatable, mandatory, hidden)
VALUES (1, 'authority', '045', 'b', $$Formatted 9999 B.C. through C.E. time period$$,
TRUE, FALSE, FALSE);
INSERT INTO config.marc_subfield(marc_format, marc_record_type, tag, code, description,
                                 repeatable, mandatory, hidden)
VALUES (1, 'authority', '045', 'c', $$Formatted pre-9999 B.C. time period$$,
TRUE, FALSE, FALSE);
INSERT INTO config.marc_subfield(marc_format, marc_record_type, tag, code, description,
                                 repeatable, mandatory, hidden)
VALUES (1, 'authority', '045', '6', $$Linkage$$,
FALSE, FALSE, FALSE);
INSERT INTO config.marc_subfield(marc_format, marc_record_type, tag, code, description,
                                 repeatable, mandatory, hidden)
VALUES (1, 'authority', '045', '8', $$Field link and sequence number$$,
TRUE, FALSE, FALSE);
INSERT INTO config.marc_field(marc_format, marc_record_type, tag, name, description,
                              fixed_field, repeatable, mandatory, hidden)
VALUES (1, 'authority', '046', $$Special Coded Dates$$, $$Dates that are associated with the entity described in the record. These include:$$,
FALSE, TRUE, FALSE, FALSE);
INSERT INTO config.record_attr_definition(name, label)
VALUES ('marc21_authority_046_ind_1', 'MARC 21 authority field 046 indicator position 1');
INSERT INTO config.coded_value_map(ctype, code, value, opac_visible, is_simple)
VALUES ('marc21_authority_046_ind_1', '#', $$Undefined$$, FALSE, TRUE);
INSERT INTO config.record_attr_definition(name, label)
VALUES ('marc21_authority_046_ind_2', 'MARC 21 authority field 046 indicator position 2');
INSERT INTO config.coded_value_map(ctype, code, value, opac_visible, is_simple)
VALUES ('marc21_authority_046_ind_2', '#', $$Undefined$$, FALSE, TRUE);
INSERT INTO config.marc_subfield(marc_format, marc_record_type, tag, code, description,
                                 repeatable, mandatory, hidden)
VALUES (1, 'authority', '046', 'f', $$Birth date$$,
FALSE, FALSE, FALSE);
INSERT INTO config.marc_subfield(marc_format, marc_record_type, tag, code, description,
                                 repeatable, mandatory, hidden)
VALUES (1, 'authority', '046', 'g', $$Death date$$,
FALSE, FALSE, FALSE);
INSERT INTO config.marc_subfield(marc_format, marc_record_type, tag, code, description,
                                 repeatable, mandatory, hidden)
VALUES (1, 'authority', '046', 'k', $$Beginning or single date created$$,
FALSE, FALSE, FALSE);
INSERT INTO config.marc_subfield(marc_format, marc_record_type, tag, code, description,
                                 repeatable, mandatory, hidden)
VALUES (1, 'authority', '046', 'l', $$Ending date created$$,
FALSE, FALSE, FALSE);
INSERT INTO config.marc_subfield(marc_format, marc_record_type, tag, code, description,
                                 repeatable, mandatory, hidden)
VALUES (1, 'authority', '046', 's', $$Start period$$,
FALSE, FALSE, FALSE);
INSERT INTO config.marc_subfield(marc_format, marc_record_type, tag, code, description,
                                 repeatable, mandatory, hidden)
VALUES (1, 'authority', '046', 't', $$End period$$,
FALSE, FALSE, FALSE);
INSERT INTO config.marc_subfield(marc_format, marc_record_type, tag, code, description,
                                 repeatable, mandatory, hidden)
VALUES (1, 'authority', '046', 'u', $$Uniform Resource Identifier$$,
TRUE, FALSE, FALSE);
INSERT INTO config.marc_subfield(marc_format, marc_record_type, tag, code, description,
                                 repeatable, mandatory, hidden)
VALUES (1, 'authority', '046', 'v', $$Source of information$$,
TRUE, FALSE, FALSE);
INSERT INTO config.marc_subfield(marc_format, marc_record_type, tag, code, description,
                                 repeatable, mandatory, hidden)
VALUES (1, 'authority', '046', '2', $$Source of date scheme$$,
FALSE, FALSE, FALSE);
INSERT INTO config.marc_subfield(marc_format, marc_record_type, tag, code, description,
                                 repeatable, mandatory, hidden)
VALUES (1, 'authority', '046', '6', $$Linkage$$,
FALSE, FALSE, FALSE);
INSERT INTO config.marc_subfield(marc_format, marc_record_type, tag, code, description,
                                 repeatable, mandatory, hidden)
VALUES (1, 'authority', '046', '8', $$Field link and sequence number$$,
TRUE, FALSE, FALSE);
INSERT INTO config.marc_field(marc_format, marc_record_type, tag, name, description,
                              fixed_field, repeatable, mandatory, hidden)
VALUES (1, 'authority', '050', $$Library of Congress Call Number$$, $$Call/and or class number for a series when all or part of the series is classified as a collected set or with the main series (646, Series Classification Practice, subfield $a, code c or m). The classification number is taken from the and/or the that are maintained by the Library of Congress.$$,
FALSE, TRUE, FALSE, FALSE);
INSERT INTO config.record_attr_definition(name, label)
VALUES ('marc21_authority_050_ind_1', 'MARC 21 authority field 050 indicator position 1');
INSERT INTO config.coded_value_map(ctype, code, value, opac_visible, is_simple)
VALUES ('marc21_authority_050_ind_1', '#', $$Undefined$$, FALSE, TRUE);
INSERT INTO config.record_attr_definition(name, label)
VALUES ('marc21_authority_050_ind_2', 'MARC 21 authority field 050 indicator position 2');
INSERT INTO config.coded_value_map(ctype, code, value, opac_visible, is_simple)
VALUES ('marc21_authority_050_ind_2', '0', $$Assigned by LC$$, FALSE, TRUE);
INSERT INTO config.coded_value_map(ctype, code, value, opac_visible, is_simple)
VALUES ('marc21_authority_050_ind_2', '4', $$Assigned by agency other than LC$$, FALSE, TRUE);
INSERT INTO config.marc_subfield(marc_format, marc_record_type, tag, code, description,
                                 repeatable, mandatory, hidden)
VALUES (1, 'authority', '050', 'a', $$Classification number$$,
FALSE, FALSE, FALSE);
INSERT INTO config.marc_subfield(marc_format, marc_record_type, tag, code, description,
                                 repeatable, mandatory, hidden)
VALUES (1, 'authority', '050', 'b', $$Item number$$,
FALSE, FALSE, FALSE);
INSERT INTO config.marc_subfield(marc_format, marc_record_type, tag, code, description,
                                 repeatable, mandatory, hidden)
VALUES (1, 'authority', '050', 'd', $$Volumes/dates to which call number applies$$,
FALSE, FALSE, FALSE);
INSERT INTO config.marc_subfield(marc_format, marc_record_type, tag, code, description,
                                 repeatable, mandatory, hidden)
VALUES (1, 'authority', '050', '5', $$Institution to which field applies$$,
TRUE, FALSE, FALSE);
INSERT INTO config.marc_subfield(marc_format, marc_record_type, tag, code, description,
                                 repeatable, mandatory, hidden)
VALUES (1, 'authority', '050', '6', $$Linkage$$,
FALSE, FALSE, FALSE);
INSERT INTO config.marc_subfield(marc_format, marc_record_type, tag, code, description,
                                 repeatable, mandatory, hidden)
VALUES (1, 'authority', '050', '8', $$Field link and sequence number$$,
TRUE, FALSE, FALSE);
INSERT INTO config.marc_field(marc_format, marc_record_type, tag, name, description,
                              fixed_field, repeatable, mandatory, hidden)
VALUES (1, 'authority', '052', $$Geographic Classification$$, $$Classification code for a geographic area associated with the 151 field in an established heading record or 181 field in a subdivision record for a geographic name.$$,
FALSE, TRUE, FALSE, FALSE);
INSERT INTO config.record_attr_definition(name, label)
VALUES ('marc21_authority_052_ind_1', 'MARC 21 authority field 052 indicator position 1');
INSERT INTO config.coded_value_map(ctype, code, value, opac_visible, is_simple)
VALUES ('marc21_authority_052_ind_1', '#', $$Library of Congress Classification$$, FALSE, TRUE);
INSERT INTO config.coded_value_map(ctype, code, value, opac_visible, is_simple)
VALUES ('marc21_authority_052_ind_1', '1', $$U.S. Dept. of Defense Classification$$, FALSE, TRUE);
INSERT INTO config.coded_value_map(ctype, code, value, opac_visible, is_simple)
VALUES ('marc21_authority_052_ind_1', '7', $$Source specified in subfield $2$$, FALSE, TRUE);
INSERT INTO config.record_attr_definition(name, label)
VALUES ('marc21_authority_052_ind_2', 'MARC 21 authority field 052 indicator position 2');
INSERT INTO config.coded_value_map(ctype, code, value, opac_visible, is_simple)
VALUES ('marc21_authority_052_ind_2', '#', $$Undefined$$, FALSE, TRUE);
INSERT INTO config.marc_subfield(marc_format, marc_record_type, tag, code, description,
                                 repeatable, mandatory, hidden)
VALUES (1, 'authority', '052', 'a', $$Geographic classification area code$$,
FALSE, FALSE, FALSE);
INSERT INTO config.marc_subfield(marc_format, marc_record_type, tag, code, description,
                                 repeatable, mandatory, hidden)
VALUES (1, 'authority', '052', 'b', $$Geographic classification subarea code$$,
TRUE, FALSE, FALSE);
INSERT INTO config.marc_subfield(marc_format, marc_record_type, tag, code, description,
                                 repeatable, mandatory, hidden)
VALUES (1, 'authority', '052', 'd', $$Populated place name$$,
TRUE, FALSE, FALSE);
INSERT INTO config.marc_subfield(marc_format, marc_record_type, tag, code, description,
                                 repeatable, mandatory, hidden)
VALUES (1, 'authority', '052', '2', $$Code source$$,
FALSE, FALSE, FALSE);
INSERT INTO config.marc_subfield(marc_format, marc_record_type, tag, code, description,
                                 repeatable, mandatory, hidden)
VALUES (1, 'authority', '052', '6', $$Linkage$$,
FALSE, FALSE, FALSE);
INSERT INTO config.marc_subfield(marc_format, marc_record_type, tag, code, description,
                                 repeatable, mandatory, hidden)
VALUES (1, 'authority', '052', '8', $$Field link and sequence number$$,
TRUE, FALSE, FALSE);
INSERT INTO config.marc_field(marc_format, marc_record_type, tag, name, description,
                              fixed_field, repeatable, mandatory, hidden)
VALUES (1, 'authority', '053', $$LC Classification Number$$, $$Single LC classification number or a number span associated with a 1XX heading in an established heading record or a subdivision record. Source of the classification number is and/or the that are maintained by the Library of Congress. The hyphen (-) between the two class numbers in a range of numbers may be generated based on the presence of both subfields $a and $b.$$,
FALSE, TRUE, FALSE, FALSE);
INSERT INTO config.record_attr_definition(name, label)
VALUES ('marc21_authority_053_ind_1', 'MARC 21 authority field 053 indicator position 1');
INSERT INTO config.coded_value_map(ctype, code, value, opac_visible, is_simple)
VALUES ('marc21_authority_053_ind_1', '#', $$Undefined$$, FALSE, TRUE);
INSERT INTO config.record_attr_definition(name, label)
VALUES ('marc21_authority_053_ind_2', 'MARC 21 authority field 053 indicator position 2');
INSERT INTO config.coded_value_map(ctype, code, value, opac_visible, is_simple)
VALUES ('marc21_authority_053_ind_2', '0', $$Assigned by LC$$, FALSE, TRUE);
INSERT INTO config.coded_value_map(ctype, code, value, opac_visible, is_simple)
VALUES ('marc21_authority_053_ind_2', '4', $$Assigned by agency other than LC$$, FALSE, TRUE);
INSERT INTO config.marc_subfield(marc_format, marc_record_type, tag, code, description,
                                 repeatable, mandatory, hidden)
VALUES (1, 'authority', '053', 'a', $$Classification number element-single number or beginning number of span$$,
FALSE, FALSE, FALSE);
INSERT INTO config.marc_subfield(marc_format, marc_record_type, tag, code, description,
                                 repeatable, mandatory, hidden)
VALUES (1, 'authority', '053', 'b', $$Classification number element-ending number of span$$,
FALSE, FALSE, FALSE);
INSERT INTO config.marc_subfield(marc_format, marc_record_type, tag, code, description,
                                 repeatable, mandatory, hidden)
VALUES (1, 'authority', '053', 'c', $$Explanatory term$$,
FALSE, FALSE, FALSE);
INSERT INTO config.marc_subfield(marc_format, marc_record_type, tag, code, description,
                                 repeatable, mandatory, hidden)
VALUES (1, 'authority', '053', '5', $$Institution to which field applies$$,
TRUE, FALSE, FALSE);
INSERT INTO config.marc_subfield(marc_format, marc_record_type, tag, code, description,
                                 repeatable, mandatory, hidden)
VALUES (1, 'authority', '053', '6', $$Linkage$$,
FALSE, FALSE, FALSE);
INSERT INTO config.marc_subfield(marc_format, marc_record_type, tag, code, description,
                                 repeatable, mandatory, hidden)
VALUES (1, 'authority', '053', '8', $$Field link and sequence number$$,
TRUE, FALSE, FALSE);
INSERT INTO config.marc_field(marc_format, marc_record_type, tag, name, description,
                              fixed_field, repeatable, mandatory, hidden)
VALUES (1, 'authority', '055', $$Library and Archives Canada Call Number$$, $$Call number for a series assigned in Canada if the institution has classified all of part of the series as a collected set.$$,
FALSE, TRUE, FALSE, FALSE);
INSERT INTO config.record_attr_definition(name, label)
VALUES ('marc21_authority_055_ind_1', 'MARC 21 authority field 055 indicator position 1');
INSERT INTO config.coded_value_map(ctype, code, value, opac_visible, is_simple)
VALUES ('marc21_authority_055_ind_1', '#', $$Undefined$$, FALSE, TRUE);
INSERT INTO config.record_attr_definition(name, label)
VALUES ('marc21_authority_055_ind_2', 'MARC 21 authority field 055 indicator position 2');
INSERT INTO config.coded_value_map(ctype, code, value, opac_visible, is_simple)
VALUES ('marc21_authority_055_ind_2', '0', $$Assigned by LAC$$, FALSE, TRUE);
INSERT INTO config.coded_value_map(ctype, code, value, opac_visible, is_simple)
VALUES ('marc21_authority_055_ind_2', '4', $$Assigned by agency other than LAC$$, FALSE, TRUE);
INSERT INTO config.marc_subfield(marc_format, marc_record_type, tag, code, description,
                                 repeatable, mandatory, hidden)
VALUES (1, 'authority', '055', 'a', $$Classification number$$,
FALSE, FALSE, FALSE);
INSERT INTO config.marc_subfield(marc_format, marc_record_type, tag, code, description,
                                 repeatable, mandatory, hidden)
VALUES (1, 'authority', '055', 'b', $$Item number$$,
FALSE, FALSE, FALSE);
INSERT INTO config.marc_subfield(marc_format, marc_record_type, tag, code, description,
                                 repeatable, mandatory, hidden)
VALUES (1, 'authority', '055', 'd', $$Volumes/dates to which call number applies$$,
FALSE, FALSE, FALSE);
INSERT INTO config.marc_subfield(marc_format, marc_record_type, tag, code, description,
                                 repeatable, mandatory, hidden)
VALUES (1, 'authority', '055', '5', $$Institution to which field applies$$,
TRUE, FALSE, FALSE);
INSERT INTO config.marc_subfield(marc_format, marc_record_type, tag, code, description,
                                 repeatable, mandatory, hidden)
VALUES (1, 'authority', '055', '6', $$Linkage$$,
FALSE, FALSE, FALSE);
INSERT INTO config.marc_subfield(marc_format, marc_record_type, tag, code, description,
                                 repeatable, mandatory, hidden)
VALUES (1, 'authority', '055', '8', $$Field link and sequence number$$,
TRUE, FALSE, FALSE);
INSERT INTO config.marc_field(marc_format, marc_record_type, tag, name, description,
                              fixed_field, repeatable, mandatory, hidden)
VALUES (1, 'authority', '060', $$National Library of Medicine Call Number$$, $$National Library of Medicine (NLM) call number for a series when all or part of the series is classified as a collected set or with the main series (646, Series Classification Practice, subfield $a, code c or m).$$,
FALSE, TRUE, FALSE, FALSE);
INSERT INTO config.record_attr_definition(name, label)
VALUES ('marc21_authority_060_ind_1', 'MARC 21 authority field 060 indicator position 1');
INSERT INTO config.coded_value_map(ctype, code, value, opac_visible, is_simple)
VALUES ('marc21_authority_060_ind_1', '#', $$Undefined$$, FALSE, TRUE);
INSERT INTO config.record_attr_definition(name, label)
VALUES ('marc21_authority_060_ind_2', 'MARC 21 authority field 060 indicator position 2');
INSERT INTO config.coded_value_map(ctype, code, value, opac_visible, is_simple)
VALUES ('marc21_authority_060_ind_2', '0', $$Assigned by NLM$$, FALSE, TRUE);
INSERT INTO config.coded_value_map(ctype, code, value, opac_visible, is_simple)
VALUES ('marc21_authority_060_ind_2', '4', $$Assigned by agency other than NLM$$, FALSE, TRUE);
INSERT INTO config.marc_subfield(marc_format, marc_record_type, tag, code, description,
                                 repeatable, mandatory, hidden)
VALUES (1, 'authority', '060', 'a', $$Classification number$$,
FALSE, FALSE, FALSE);
INSERT INTO config.marc_subfield(marc_format, marc_record_type, tag, code, description,
                                 repeatable, mandatory, hidden)
VALUES (1, 'authority', '060', 'b', $$Item number$$,
FALSE, FALSE, FALSE);
INSERT INTO config.marc_subfield(marc_format, marc_record_type, tag, code, description,
                                 repeatable, mandatory, hidden)
VALUES (1, 'authority', '060', 'd', $$Volumes/dates to which call number applies$$,
FALSE, FALSE, FALSE);
INSERT INTO config.marc_subfield(marc_format, marc_record_type, tag, code, description,
                                 repeatable, mandatory, hidden)
VALUES (1, 'authority', '060', '5', $$Institution to which field applies$$,
TRUE, FALSE, FALSE);
INSERT INTO config.marc_subfield(marc_format, marc_record_type, tag, code, description,
                                 repeatable, mandatory, hidden)
VALUES (1, 'authority', '060', '6', $$Linkage$$,
FALSE, FALSE, FALSE);
INSERT INTO config.marc_subfield(marc_format, marc_record_type, tag, code, description,
                                 repeatable, mandatory, hidden)
VALUES (1, 'authority', '060', '8', $$Field link and sequence number$$,
TRUE, FALSE, FALSE);
INSERT INTO config.marc_field(marc_format, marc_record_type, tag, name, description,
                              fixed_field, repeatable, mandatory, hidden)
VALUES (1, 'authority', '065', $$Other Classification Number$$, $$Single classification number, number stem, or a number span associated with a 1XX heading in an established heading record or subdivision record. It is used for all classification schemes except those already accommodated in other fields of this type in the format: 053 (LC Classification Number), 083 (Dewey Decimal Classification number), and 087 (Government Document Classification Number). The classification number(s) may be qualified by explanatory information when the heading is represented in more than one place in the same classification scheme. Each classification number or number span associated with a heading is contained in separate field 065.$$,
FALSE, TRUE, FALSE, FALSE);
INSERT INTO config.record_attr_definition(name, label)
VALUES ('marc21_authority_065_ind_1', 'MARC 21 authority field 065 indicator position 1');
INSERT INTO config.coded_value_map(ctype, code, value, opac_visible, is_simple)
VALUES ('marc21_authority_065_ind_1', '#', $$Undefined$$, FALSE, TRUE);
INSERT INTO config.record_attr_definition(name, label)
VALUES ('marc21_authority_065_ind_2', 'MARC 21 authority field 065 indicator position 2');
INSERT INTO config.coded_value_map(ctype, code, value, opac_visible, is_simple)
VALUES ('marc21_authority_065_ind_2', '#', $$Undefined$$, FALSE, TRUE);
INSERT INTO config.marc_subfield(marc_format, marc_record_type, tag, code, description,
                                 repeatable, mandatory, hidden)
VALUES (1, 'authority', '065', 'a', $$Classification number element-single number or beginning of span$$,
FALSE, FALSE, FALSE);
INSERT INTO config.marc_subfield(marc_format, marc_record_type, tag, code, description,
                                 repeatable, mandatory, hidden)
VALUES (1, 'authority', '065', 'b', $$Classification number element-ending number of span$$,
FALSE, FALSE, FALSE);
INSERT INTO config.marc_subfield(marc_format, marc_record_type, tag, code, description,
                                 repeatable, mandatory, hidden)
VALUES (1, 'authority', '065', 'c', $$Explanatory term$$,
FALSE, FALSE, FALSE);
INSERT INTO config.marc_subfield(marc_format, marc_record_type, tag, code, description,
                                 repeatable, mandatory, hidden)
VALUES (1, 'authority', '065', '2', $$Number source$$,
FALSE, FALSE, FALSE);
INSERT INTO config.marc_subfield(marc_format, marc_record_type, tag, code, description,
                                 repeatable, mandatory, hidden)
VALUES (1, 'authority', '065', '5', $$Institution to which field applies$$,
TRUE, FALSE, FALSE);
INSERT INTO config.marc_subfield(marc_format, marc_record_type, tag, code, description,
                                 repeatable, mandatory, hidden)
VALUES (1, 'authority', '065', '6', $$Linkage$$,
FALSE, FALSE, FALSE);
INSERT INTO config.marc_subfield(marc_format, marc_record_type, tag, code, description,
                                 repeatable, mandatory, hidden)
VALUES (1, 'authority', '065', '8', $$Field link and sequence number$$,
TRUE, FALSE, FALSE);
INSERT INTO config.marc_field(marc_format, marc_record_type, tag, name, description,
                              fixed_field, repeatable, mandatory, hidden)
VALUES (1, 'authority', '066', $$Character Sets Present$$, $$Used in records encoded with characters from sets other than ISO 10646 (or ) to specify the character sets for data content that are present in the record. The field alerts users that special processing may be required. A detailed description of the standard escape sequences used in MARC records is provided in$$,
FALSE, FALSE, FALSE, FALSE);
INSERT INTO config.record_attr_definition(name, label)
VALUES ('marc21_authority_066_ind_1', 'MARC 21 authority field 066 indicator position 1');
INSERT INTO config.coded_value_map(ctype, code, value, opac_visible, is_simple)
VALUES ('marc21_authority_066_ind_1', '#', $$Undefined$$, FALSE, TRUE);
INSERT INTO config.record_attr_definition(name, label)
VALUES ('marc21_authority_066_ind_2', 'MARC 21 authority field 066 indicator position 2');
INSERT INTO config.coded_value_map(ctype, code, value, opac_visible, is_simple)
VALUES ('marc21_authority_066_ind_2', '#', $$Undefined$$, FALSE, TRUE);
INSERT INTO config.marc_subfield(marc_format, marc_record_type, tag, code, description,
                                 repeatable, mandatory, hidden)
VALUES (1, 'authority', '066', 'a', $$Primary G0 character set$$,
FALSE, FALSE, FALSE);
INSERT INTO config.marc_subfield(marc_format, marc_record_type, tag, code, description,
                                 repeatable, mandatory, hidden)
VALUES (1, 'authority', '066', 'b', $$Primary G1 character set$$,
FALSE, FALSE, FALSE);
INSERT INTO config.marc_subfield(marc_format, marc_record_type, tag, code, description,
                                 repeatable, mandatory, hidden)
VALUES (1, 'authority', '066', 'c', $$Alternate G0 or G1 character set$$,
TRUE, FALSE, FALSE);
INSERT INTO config.marc_field(marc_format, marc_record_type, tag, name, description,
                              fixed_field, repeatable, mandatory, hidden)
VALUES (1, 'authority', '070', $$National Agricultural Library Call Number$$, $$Call number assigned by the National Agricultural Library (NAL) to a series when all or part of the series is classified as a collected set or with the main series (646, Series Classification Practice, subfield $a, code c or m).$$,
FALSE, TRUE, FALSE, FALSE);
INSERT INTO config.record_attr_definition(name, label)
VALUES ('marc21_authority_070_ind_1', 'MARC 21 authority field 070 indicator position 1');
INSERT INTO config.coded_value_map(ctype, code, value, opac_visible, is_simple)
VALUES ('marc21_authority_070_ind_1', '#', $$Undefined$$, FALSE, TRUE);
INSERT INTO config.record_attr_definition(name, label)
VALUES ('marc21_authority_070_ind_2', 'MARC 21 authority field 070 indicator position 2');
INSERT INTO config.coded_value_map(ctype, code, value, opac_visible, is_simple)
VALUES ('marc21_authority_070_ind_2', '#', $$Undefined$$, FALSE, TRUE);
INSERT INTO config.marc_subfield(marc_format, marc_record_type, tag, code, description,
                                 repeatable, mandatory, hidden)
VALUES (1, 'authority', '070', 'a', $$Classification number$$,
FALSE, FALSE, FALSE);
INSERT INTO config.marc_subfield(marc_format, marc_record_type, tag, code, description,
                                 repeatable, mandatory, hidden)
VALUES (1, 'authority', '070', 'b', $$Item number$$,
FALSE, FALSE, FALSE);
INSERT INTO config.marc_subfield(marc_format, marc_record_type, tag, code, description,
                                 repeatable, mandatory, hidden)
VALUES (1, 'authority', '070', 'd', $$Volumes/dates to which call number applies$$,
FALSE, FALSE, FALSE);
INSERT INTO config.marc_subfield(marc_format, marc_record_type, tag, code, description,
                                 repeatable, mandatory, hidden)
VALUES (1, 'authority', '070', '6', $$Linkage$$,
FALSE, FALSE, FALSE);
INSERT INTO config.marc_subfield(marc_format, marc_record_type, tag, code, description,
                                 repeatable, mandatory, hidden)
VALUES (1, 'authority', '070', '8', $$Field link and sequence number$$,
TRUE, FALSE, FALSE);
INSERT INTO config.marc_field(marc_format, marc_record_type, tag, name, description,
                              fixed_field, repeatable, mandatory, hidden)
VALUES (1, 'authority', '072', $$Subject Category Code$$, $$Code for the subject category that is associated with the 1XX field in an established heading record or a node label record.$$,
FALSE, TRUE, FALSE, FALSE);
INSERT INTO config.record_attr_definition(name, label)
VALUES ('marc21_authority_072_ind_1', 'MARC 21 authority field 072 indicator position 1');
INSERT INTO config.coded_value_map(ctype, code, value, opac_visible, is_simple)
VALUES ('marc21_authority_072_ind_1', '#', $$Undefined$$, FALSE, TRUE);
INSERT INTO config.record_attr_definition(name, label)
VALUES ('marc21_authority_072_ind_2', 'MARC 21 authority field 072 indicator position 2');
INSERT INTO config.coded_value_map(ctype, code, value, opac_visible, is_simple)
VALUES ('marc21_authority_072_ind_2', '#', $$No information provided$$, FALSE, TRUE);
INSERT INTO config.coded_value_map(ctype, code, value, opac_visible, is_simple)
VALUES ('marc21_authority_072_ind_2', '0', $$NAL subject category code list$$, FALSE, TRUE);
INSERT INTO config.coded_value_map(ctype, code, value, opac_visible, is_simple)
VALUES ('marc21_authority_072_ind_2', '7', $$Source specified in subfield $2$$, FALSE, TRUE);
INSERT INTO config.marc_subfield(marc_format, marc_record_type, tag, code, description,
                                 repeatable, mandatory, hidden)
VALUES (1, 'authority', '072', 'a', $$Subject category code$$,
FALSE, FALSE, FALSE);
INSERT INTO config.marc_subfield(marc_format, marc_record_type, tag, code, description,
                                 repeatable, mandatory, hidden)
VALUES (1, 'authority', '072', 'x', $$Subject category code subdivision$$,
TRUE, FALSE, FALSE);
INSERT INTO config.marc_subfield(marc_format, marc_record_type, tag, code, description,
                                 repeatable, mandatory, hidden)
VALUES (1, 'authority', '072', '2', $$Code source$$,
FALSE, FALSE, FALSE);
INSERT INTO config.marc_subfield(marc_format, marc_record_type, tag, code, description,
                                 repeatable, mandatory, hidden)
VALUES (1, 'authority', '072', '6', $$Linkage$$,
FALSE, FALSE, FALSE);
INSERT INTO config.marc_subfield(marc_format, marc_record_type, tag, code, description,
                                 repeatable, mandatory, hidden)
VALUES (1, 'authority', '072', '8', $$Field link and sequence number$$,
TRUE, FALSE, FALSE);
INSERT INTO config.marc_field(marc_format, marc_record_type, tag, name, description,
                              fixed_field, repeatable, mandatory, hidden)
VALUES (1, 'authority', '073', $$Subdivision Usage$$, $$Code specifying the topical term or geographic name with which the 1XX heading in a subdivision record may be used in a particular thesaurus.$$,
FALSE, FALSE, FALSE, FALSE);
INSERT INTO config.record_attr_definition(name, label)
VALUES ('marc21_authority_073_ind_1', 'MARC 21 authority field 073 indicator position 1');
INSERT INTO config.coded_value_map(ctype, code, value, opac_visible, is_simple)
VALUES ('marc21_authority_073_ind_1', '#', $$Undefined$$, FALSE, TRUE);
INSERT INTO config.record_attr_definition(name, label)
VALUES ('marc21_authority_073_ind_2', 'MARC 21 authority field 073 indicator position 2');
INSERT INTO config.coded_value_map(ctype, code, value, opac_visible, is_simple)
VALUES ('marc21_authority_073_ind_2', '#', $$Undefined$$, FALSE, TRUE);
INSERT INTO config.marc_subfield(marc_format, marc_record_type, tag, code, description,
                                 repeatable, mandatory, hidden)
VALUES (1, 'authority', '073', 'a', $$Subdivision usage$$,
TRUE, FALSE, FALSE);
INSERT INTO config.marc_subfield(marc_format, marc_record_type, tag, code, description,
                                 repeatable, mandatory, hidden)
VALUES (1, 'authority', '073', 'z', $$Code source$$,
FALSE, FALSE, FALSE);
INSERT INTO config.marc_subfield(marc_format, marc_record_type, tag, code, description,
                                 repeatable, mandatory, hidden)
VALUES (1, 'authority', '073', '6', $$Linkage$$,
FALSE, FALSE, FALSE);
INSERT INTO config.marc_subfield(marc_format, marc_record_type, tag, code, description,
                                 repeatable, mandatory, hidden)
VALUES (1, 'authority', '073', '8', $$Field link and sequence number$$,
TRUE, FALSE, FALSE);
INSERT INTO config.marc_field(marc_format, marc_record_type, tag, name, description,
                              fixed_field, repeatable, mandatory, hidden)
VALUES (1, 'authority', '080', $$Universal Decimal Classification Number$$, $$Classification number associated with a 1XX heading in an established heading record. Number is taken from the Universal Decimal Classification scheme.$$,
FALSE, TRUE, FALSE, FALSE);
INSERT INTO config.record_attr_definition(name, label)
VALUES ('marc21_authority_080_ind_1', 'MARC 21 authority field 080 indicator position 1');
INSERT INTO config.coded_value_map(ctype, code, value, opac_visible, is_simple)
VALUES ('marc21_authority_080_ind_1', '#', $$No information provided$$, FALSE, TRUE);
INSERT INTO config.coded_value_map(ctype, code, value, opac_visible, is_simple)
VALUES ('marc21_authority_080_ind_1', '0', $$Full$$, FALSE, TRUE);
INSERT INTO config.coded_value_map(ctype, code, value, opac_visible, is_simple)
VALUES ('marc21_authority_080_ind_1', '1', $$Abridged$$, FALSE, TRUE);
INSERT INTO config.record_attr_definition(name, label)
VALUES ('marc21_authority_080_ind_2', 'MARC 21 authority field 080 indicator position 2');
INSERT INTO config.coded_value_map(ctype, code, value, opac_visible, is_simple)
VALUES ('marc21_authority_080_ind_2', '#', $$Undefined$$, FALSE, TRUE);
INSERT INTO config.marc_subfield(marc_format, marc_record_type, tag, code, description,
                                 repeatable, mandatory, hidden)
VALUES (1, 'authority', '080', 'a', $$Universal Decimal Classification number$$,
FALSE, FALSE, FALSE);
INSERT INTO config.marc_subfield(marc_format, marc_record_type, tag, code, description,
                                 repeatable, mandatory, hidden)
VALUES (1, 'authority', '080', 'b', $$Item number$$,
FALSE, FALSE, FALSE);
INSERT INTO config.marc_subfield(marc_format, marc_record_type, tag, code, description,
                                 repeatable, mandatory, hidden)
VALUES (1, 'authority', '080', 'x', $$Common auxiliary subdivision$$,
TRUE, FALSE, FALSE);
INSERT INTO config.marc_subfield(marc_format, marc_record_type, tag, code, description,
                                 repeatable, mandatory, hidden)
VALUES (1, 'authority', '080', '2', $$Edition identifier$$,
FALSE, FALSE, FALSE);
INSERT INTO config.marc_subfield(marc_format, marc_record_type, tag, code, description,
                                 repeatable, mandatory, hidden)
VALUES (1, 'authority', '080', '6', $$Linkage$$,
FALSE, FALSE, FALSE);
INSERT INTO config.marc_subfield(marc_format, marc_record_type, tag, code, description,
                                 repeatable, mandatory, hidden)
VALUES (1, 'authority', '080', '8', $$Field link and sequence number$$,
TRUE, FALSE, FALSE);
INSERT INTO config.marc_field(marc_format, marc_record_type, tag, name, description,
                              fixed_field, repeatable, mandatory, hidden)
VALUES (1, 'authority', '082', $$Dewey Decimal Call Number$$, $$Call number for a series when all or part of the series is classified as a collected set or with the main series (646, Series Classification Practice, subfield $a, code c or m). Source of the classification number is the the the and electronic updates to either edition. Through 1997, updates were issued in the$$,
FALSE, TRUE, FALSE, FALSE);
INSERT INTO config.record_attr_definition(name, label)
VALUES ('marc21_authority_082_ind_1', 'MARC 21 authority field 082 indicator position 1');
INSERT INTO config.coded_value_map(ctype, code, value, opac_visible, is_simple)
VALUES ('marc21_authority_082_ind_1', '0', $$Full$$, FALSE, TRUE);
INSERT INTO config.coded_value_map(ctype, code, value, opac_visible, is_simple)
VALUES ('marc21_authority_082_ind_1', '1', $$Abridged$$, FALSE, TRUE);
INSERT INTO config.record_attr_definition(name, label)
VALUES ('marc21_authority_082_ind_2', 'MARC 21 authority field 082 indicator position 2');
INSERT INTO config.coded_value_map(ctype, code, value, opac_visible, is_simple)
VALUES ('marc21_authority_082_ind_2', '#', $$No information provided$$, FALSE, TRUE);
INSERT INTO config.coded_value_map(ctype, code, value, opac_visible, is_simple)
VALUES ('marc21_authority_082_ind_2', '0', $$Assigned by LC$$, FALSE, TRUE);
INSERT INTO config.coded_value_map(ctype, code, value, opac_visible, is_simple)
VALUES ('marc21_authority_082_ind_2', '4', $$Assigned by agency other than LC$$, FALSE, TRUE);
INSERT INTO config.marc_subfield(marc_format, marc_record_type, tag, code, description,
                                 repeatable, mandatory, hidden)
VALUES (1, 'authority', '082', 'a', $$Classification number$$,
FALSE, FALSE, FALSE);
INSERT INTO config.marc_subfield(marc_format, marc_record_type, tag, code, description,
                                 repeatable, mandatory, hidden)
VALUES (1, 'authority', '082', 'b', $$Item number$$,
FALSE, FALSE, FALSE);
INSERT INTO config.marc_subfield(marc_format, marc_record_type, tag, code, description,
                                 repeatable, mandatory, hidden)
VALUES (1, 'authority', '082', 'd', $$Volumes/dates to which call number applies$$,
FALSE, FALSE, FALSE);
INSERT INTO config.marc_subfield(marc_format, marc_record_type, tag, code, description,
                                 repeatable, mandatory, hidden)
VALUES (1, 'authority', '082', '2', $$Edition number$$,
FALSE, FALSE, FALSE);
INSERT INTO config.marc_subfield(marc_format, marc_record_type, tag, code, description,
                                 repeatable, mandatory, hidden)
VALUES (1, 'authority', '082', '5', $$Institution to which field applies$$,
TRUE, FALSE, FALSE);
INSERT INTO config.marc_subfield(marc_format, marc_record_type, tag, code, description,
                                 repeatable, mandatory, hidden)
VALUES (1, 'authority', '082', '6', $$Linkage$$,
FALSE, FALSE, FALSE);
INSERT INTO config.marc_subfield(marc_format, marc_record_type, tag, code, description,
                                 repeatable, mandatory, hidden)
VALUES (1, 'authority', '082', '8', $$Field link and sequence number$$,
TRUE, FALSE, FALSE);
INSERT INTO config.marc_field(marc_format, marc_record_type, tag, name, description,
                              fixed_field, repeatable, mandatory, hidden)
VALUES (1, 'authority', '083', $$Dewey Decimal Classification Number$$, $$Single Dewey classification number or a a number span associated with a 1XX heading in an established heading record or a subdivision record. Source of the classification number is the the and electronic updates to either edition. Through 1997, updates were issued in the .$$,
FALSE, TRUE, FALSE, FALSE);
INSERT INTO config.record_attr_definition(name, label)
VALUES ('marc21_authority_083_ind_1', 'MARC 21 authority field 083 indicator position 1');
INSERT INTO config.coded_value_map(ctype, code, value, opac_visible, is_simple)
VALUES ('marc21_authority_083_ind_1', '0', $$Full$$, FALSE, TRUE);
INSERT INTO config.coded_value_map(ctype, code, value, opac_visible, is_simple)
VALUES ('marc21_authority_083_ind_1', '1', $$Abridged$$, FALSE, TRUE);
INSERT INTO config.record_attr_definition(name, label)
VALUES ('marc21_authority_083_ind_2', 'MARC 21 authority field 083 indicator position 2');
INSERT INTO config.coded_value_map(ctype, code, value, opac_visible, is_simple)
VALUES ('marc21_authority_083_ind_2', '0', $$Assigned by LC$$, FALSE, TRUE);
INSERT INTO config.coded_value_map(ctype, code, value, opac_visible, is_simple)
VALUES ('marc21_authority_083_ind_2', '4', $$Assigned by agency other than LC$$, FALSE, TRUE);
INSERT INTO config.marc_subfield(marc_format, marc_record_type, tag, code, description,
                                 repeatable, mandatory, hidden)
VALUES (1, 'authority', '083', 'a', $$Classification number element-single number or beginning number of span$$,
FALSE, FALSE, FALSE);
INSERT INTO config.marc_subfield(marc_format, marc_record_type, tag, code, description,
                                 repeatable, mandatory, hidden)
VALUES (1, 'authority', '083', 'b', $$Classification number element-ending number of span$$,
FALSE, FALSE, FALSE);
INSERT INTO config.marc_subfield(marc_format, marc_record_type, tag, code, description,
                                 repeatable, mandatory, hidden)
VALUES (1, 'authority', '083', 'c', $$Explanatory term$$,
FALSE, FALSE, FALSE);
INSERT INTO config.marc_subfield(marc_format, marc_record_type, tag, code, description,
                                 repeatable, mandatory, hidden)
VALUES (1, 'authority', '083', 'y', $$Table sequence number for internal subarrangement or add table$$,
TRUE, FALSE, FALSE);
INSERT INTO config.marc_subfield(marc_format, marc_record_type, tag, code, description,
                                 repeatable, mandatory, hidden)
VALUES (1, 'authority', '083', 'z', $$Table identification-table number$$,
FALSE, FALSE, FALSE);
INSERT INTO config.marc_subfield(marc_format, marc_record_type, tag, code, description,
                                 repeatable, mandatory, hidden)
VALUES (1, 'authority', '083', '2', $$Edition number$$,
FALSE, FALSE, FALSE);
INSERT INTO config.marc_subfield(marc_format, marc_record_type, tag, code, description,
                                 repeatable, mandatory, hidden)
VALUES (1, 'authority', '083', '5', $$Institution to which field applies$$,
TRUE, FALSE, FALSE);
INSERT INTO config.marc_subfield(marc_format, marc_record_type, tag, code, description,
                                 repeatable, mandatory, hidden)
VALUES (1, 'authority', '083', '6', $$Linkage$$,
FALSE, FALSE, FALSE);
INSERT INTO config.marc_subfield(marc_format, marc_record_type, tag, code, description,
                                 repeatable, mandatory, hidden)
VALUES (1, 'authority', '083', '8', $$Field link and sequence number$$,
TRUE, FALSE, FALSE);
INSERT INTO config.marc_field(marc_format, marc_record_type, tag, name, description,
                              fixed_field, repeatable, mandatory, hidden)
VALUES (1, 'authority', '086', $$Government Document Call Number$$, $$Government document call number for a series when all or part of the series is classified as a collected set or with a main series (646, Series Classification Practice, subfield $a, code c or m). The organization assigning the number may be identified in subfield $5.$$,
FALSE, TRUE, FALSE, FALSE);
INSERT INTO config.record_attr_definition(name, label)
VALUES ('marc21_authority_086_ind_1', 'MARC 21 authority field 086 indicator position 1');
INSERT INTO config.coded_value_map(ctype, code, value, opac_visible, is_simple)
VALUES ('marc21_authority_086_ind_1', '#', $$Source specified in subfield $2$$, FALSE, TRUE);
INSERT INTO config.coded_value_map(ctype, code, value, opac_visible, is_simple)
VALUES ('marc21_authority_086_ind_1', '0', $$Superintendent of Documents Classification System$$, FALSE, TRUE);
INSERT INTO config.coded_value_map(ctype, code, value, opac_visible, is_simple)
VALUES ('marc21_authority_086_ind_1', '1', $$Government of Canada Publications: Outline of Classification$$, FALSE, TRUE);
INSERT INTO config.record_attr_definition(name, label)
VALUES ('marc21_authority_086_ind_2', 'MARC 21 authority field 086 indicator position 2');
INSERT INTO config.coded_value_map(ctype, code, value, opac_visible, is_simple)
VALUES ('marc21_authority_086_ind_2', '#', $$Undefined$$, FALSE, TRUE);
INSERT INTO config.marc_subfield(marc_format, marc_record_type, tag, code, description,
                                 repeatable, mandatory, hidden)
VALUES (1, 'authority', '086', 'a', $$Call number$$,
FALSE, FALSE, FALSE);
INSERT INTO config.marc_subfield(marc_format, marc_record_type, tag, code, description,
                                 repeatable, mandatory, hidden)
VALUES (1, 'authority', '086', 'd', $$Volumes/dates to which call number applies$$,
FALSE, FALSE, FALSE);
INSERT INTO config.marc_subfield(marc_format, marc_record_type, tag, code, description,
                                 repeatable, mandatory, hidden)
VALUES (1, 'authority', '086', 'z', $$Canceled/invalid call number$$,
TRUE, FALSE, FALSE);
INSERT INTO config.marc_subfield(marc_format, marc_record_type, tag, code, description,
                                 repeatable, mandatory, hidden)
VALUES (1, 'authority', '086', '2', $$Number source$$,
FALSE, FALSE, FALSE);
INSERT INTO config.marc_subfield(marc_format, marc_record_type, tag, code, description,
                                 repeatable, mandatory, hidden)
VALUES (1, 'authority', '086', '5', $$Institution to which field applies$$,
TRUE, FALSE, FALSE);
INSERT INTO config.marc_subfield(marc_format, marc_record_type, tag, code, description,
                                 repeatable, mandatory, hidden)
VALUES (1, 'authority', '086', '6', $$Linkage$$,
FALSE, FALSE, FALSE);
INSERT INTO config.marc_subfield(marc_format, marc_record_type, tag, code, description,
                                 repeatable, mandatory, hidden)
VALUES (1, 'authority', '086', '8', $$Field link and sequence number$$,
TRUE, FALSE, FALSE);
INSERT INTO config.marc_field(marc_format, marc_record_type, tag, name, description,
                              fixed_field, repeatable, mandatory, hidden)
VALUES (1, 'authority', '087', $$Government Document Classification Number$$, $$Single government document classification number, number stem, or a number span associated with a 1XX heading in an established heading record. The classification number(s) may be qualified by explanatory information when the heading is represented by more than one number in the same classification scheme.$$,
FALSE, TRUE, FALSE, FALSE);
INSERT INTO config.record_attr_definition(name, label)
VALUES ('marc21_authority_087_ind_1', 'MARC 21 authority field 087 indicator position 1');
INSERT INTO config.coded_value_map(ctype, code, value, opac_visible, is_simple)
VALUES ('marc21_authority_087_ind_1', '#', $$Source specified in subfield $2$$, FALSE, TRUE);
INSERT INTO config.coded_value_map(ctype, code, value, opac_visible, is_simple)
VALUES ('marc21_authority_087_ind_1', '0', $$Superintendent of Documents Classification System$$, FALSE, TRUE);
INSERT INTO config.coded_value_map(ctype, code, value, opac_visible, is_simple)
VALUES ('marc21_authority_087_ind_1', '1', $$Government of Canada Publications: Outline of Classification$$, FALSE, TRUE);
INSERT INTO config.record_attr_definition(name, label)
VALUES ('marc21_authority_087_ind_2', 'MARC 21 authority field 087 indicator position 2');
INSERT INTO config.coded_value_map(ctype, code, value, opac_visible, is_simple)
VALUES ('marc21_authority_087_ind_2', '#', $$Undefined$$, FALSE, TRUE);
INSERT INTO config.marc_subfield(marc_format, marc_record_type, tag, code, description,
                                 repeatable, mandatory, hidden)
VALUES (1, 'authority', '087', 'a', $$Classification number element-Single number of beginning number of span$$,
FALSE, FALSE, FALSE);
INSERT INTO config.marc_subfield(marc_format, marc_record_type, tag, code, description,
                                 repeatable, mandatory, hidden)
VALUES (1, 'authority', '087', 'b', $$Classification number element-Ending number of span$$,
FALSE, FALSE, FALSE);
INSERT INTO config.marc_subfield(marc_format, marc_record_type, tag, code, description,
                                 repeatable, mandatory, hidden)
VALUES (1, 'authority', '087', 'c', $$Explanatory information$$,
FALSE, FALSE, FALSE);
INSERT INTO config.marc_subfield(marc_format, marc_record_type, tag, code, description,
                                 repeatable, mandatory, hidden)
VALUES (1, 'authority', '087', '2', $$Number source$$,
FALSE, FALSE, FALSE);
INSERT INTO config.marc_subfield(marc_format, marc_record_type, tag, code, description,
                                 repeatable, mandatory, hidden)
VALUES (1, 'authority', '087', '6', $$Linkage$$,
FALSE, FALSE, FALSE);
INSERT INTO config.marc_subfield(marc_format, marc_record_type, tag, code, description,
                                 repeatable, mandatory, hidden)
VALUES (1, 'authority', '087', '8', $$Field link and sequence number$$,
TRUE, FALSE, FALSE);
INSERT INTO config.marc_field(marc_format, marc_record_type, tag, name, description,
                              fixed_field, repeatable, mandatory, hidden)
VALUES (1, 'authority', '100', $$Heading-Personal Name$$, $$Established personal name used in a name, name/title, or extended subject heading established heading records or an unestablished personal name used in these types of headings a traced or an untraced reference record.$$,
FALSE, FALSE, FALSE, FALSE);
INSERT INTO config.record_attr_definition(name, label)
VALUES ('marc21_authority_100_ind_1', 'MARC 21 authority field 100 indicator position 1');
INSERT INTO config.coded_value_map(ctype, code, value, opac_visible, is_simple)
VALUES ('marc21_authority_100_ind_1', '0', $$Forename$$, FALSE, TRUE);
INSERT INTO config.coded_value_map(ctype, code, value, opac_visible, is_simple)
VALUES ('marc21_authority_100_ind_1', '1', $$Surname$$, FALSE, TRUE);
INSERT INTO config.coded_value_map(ctype, code, value, opac_visible, is_simple)
VALUES ('marc21_authority_100_ind_1', '3', $$Family name$$, FALSE, TRUE);
INSERT INTO config.record_attr_definition(name, label)
VALUES ('marc21_authority_100_ind_2', 'MARC 21 authority field 100 indicator position 2');
INSERT INTO config.coded_value_map(ctype, code, value, opac_visible, is_simple)
VALUES ('marc21_authority_100_ind_2', '#', $$Undefined$$, FALSE, TRUE);
INSERT INTO config.marc_subfield(marc_format, marc_record_type, tag, code, description,
                                 repeatable, mandatory, hidden)
VALUES (1, 'authority', '100', 'a', $$Personal name$$,
FALSE, FALSE, FALSE);
INSERT INTO config.marc_subfield(marc_format, marc_record_type, tag, code, description,
                                 repeatable, mandatory, hidden)
VALUES (1, 'authority', '100', 'b', $$Numeration$$,
FALSE, FALSE, FALSE);
INSERT INTO config.marc_subfield(marc_format, marc_record_type, tag, code, description,
                                 repeatable, mandatory, hidden)
VALUES (1, 'authority', '100', 'c', $$Titles and other words associated with a name$$,
TRUE, FALSE, FALSE);
INSERT INTO config.marc_subfield(marc_format, marc_record_type, tag, code, description,
                                 repeatable, mandatory, hidden)
VALUES (1, 'authority', '100', 'd', $$Dates associated with a name$$,
FALSE, FALSE, FALSE);
INSERT INTO config.marc_subfield(marc_format, marc_record_type, tag, code, description,
                                 repeatable, mandatory, hidden)
VALUES (1, 'authority', '100', 'e', $$Relator term$$,
TRUE, FALSE, FALSE);
INSERT INTO config.marc_subfield(marc_format, marc_record_type, tag, code, description,
                                 repeatable, mandatory, hidden)
VALUES (1, 'authority', '100', 'f', $$Date of a work$$,
FALSE, FALSE, FALSE);
INSERT INTO config.marc_subfield(marc_format, marc_record_type, tag, code, description,
                                 repeatable, mandatory, hidden)
VALUES (1, 'authority', '100', 'g', $$Miscellaneous information$$,
FALSE, FALSE, FALSE);
INSERT INTO config.marc_subfield(marc_format, marc_record_type, tag, code, description,
                                 repeatable, mandatory, hidden)
VALUES (1, 'authority', '100', 'h', $$Medium$$,
FALSE, FALSE, FALSE);
INSERT INTO config.marc_subfield(marc_format, marc_record_type, tag, code, description,
                                 repeatable, mandatory, hidden)
VALUES (1, 'authority', '100', 'j', $$Attribution qualifier$$,
TRUE, FALSE, FALSE);
INSERT INTO config.marc_subfield(marc_format, marc_record_type, tag, code, description,
                                 repeatable, mandatory, hidden)
VALUES (1, 'authority', '100', 'k', $$Form subheading$$,
TRUE, FALSE, FALSE);
INSERT INTO config.marc_subfield(marc_format, marc_record_type, tag, code, description,
                                 repeatable, mandatory, hidden)
VALUES (1, 'authority', '100', 'l', $$Language of a work$$,
FALSE, FALSE, FALSE);
INSERT INTO config.marc_subfield(marc_format, marc_record_type, tag, code, description,
                                 repeatable, mandatory, hidden)
VALUES (1, 'authority', '100', 'm', $$Medium of performance for music$$,
TRUE, FALSE, FALSE);
INSERT INTO config.marc_subfield(marc_format, marc_record_type, tag, code, description,
                                 repeatable, mandatory, hidden)
VALUES (1, 'authority', '100', 'n', $$Number of part/section of a work$$,
TRUE, FALSE, FALSE);
INSERT INTO config.marc_subfield(marc_format, marc_record_type, tag, code, description,
                                 repeatable, mandatory, hidden)
VALUES (1, 'authority', '100', 'o', $$Arranged statement for music$$,
FALSE, FALSE, FALSE);
INSERT INTO config.marc_subfield(marc_format, marc_record_type, tag, code, description,
                                 repeatable, mandatory, hidden)
VALUES (1, 'authority', '100', 'p', $$Name of part/section of a work$$,
TRUE, FALSE, FALSE);
INSERT INTO config.marc_subfield(marc_format, marc_record_type, tag, code, description,
                                 repeatable, mandatory, hidden)
VALUES (1, 'authority', '100', 'q', $$Fuller form of name$$,
FALSE, FALSE, FALSE);
INSERT INTO config.marc_subfield(marc_format, marc_record_type, tag, code, description,
                                 repeatable, mandatory, hidden)
VALUES (1, 'authority', '100', 'r', $$Key for music$$,
FALSE, FALSE, FALSE);
INSERT INTO config.marc_subfield(marc_format, marc_record_type, tag, code, description,
                                 repeatable, mandatory, hidden)
VALUES (1, 'authority', '100', 's', $$Version$$,
FALSE, FALSE, FALSE);
INSERT INTO config.marc_subfield(marc_format, marc_record_type, tag, code, description,
                                 repeatable, mandatory, hidden)
VALUES (1, 'authority', '100', 't', $$Title of a work$$,
FALSE, FALSE, FALSE);
INSERT INTO config.marc_subfield(marc_format, marc_record_type, tag, code, description,
                                 repeatable, mandatory, hidden)
VALUES (1, 'authority', '100', 'v', $$Form subdivision$$,
TRUE, FALSE, FALSE);
INSERT INTO config.marc_subfield(marc_format, marc_record_type, tag, code, description,
                                 repeatable, mandatory, hidden)
VALUES (1, 'authority', '100', 'x', $$General subdivision$$,
TRUE, FALSE, FALSE);
INSERT INTO config.marc_subfield(marc_format, marc_record_type, tag, code, description,
                                 repeatable, mandatory, hidden)
VALUES (1, 'authority', '100', 'y', $$Chronological subdivision$$,
TRUE, FALSE, FALSE);
INSERT INTO config.marc_subfield(marc_format, marc_record_type, tag, code, description,
                                 repeatable, mandatory, hidden)
VALUES (1, 'authority', '100', 'z', $$Geographic subdivision$$,
TRUE, FALSE, FALSE);
INSERT INTO config.marc_subfield(marc_format, marc_record_type, tag, code, description,
                                 repeatable, mandatory, hidden)
VALUES (1, 'authority', '100', '6', $$Linkage$$,
FALSE, FALSE, FALSE);
INSERT INTO config.marc_subfield(marc_format, marc_record_type, tag, code, description,
                                 repeatable, mandatory, hidden)
VALUES (1, 'authority', '100', '8', $$Field link and sequence number$$,
TRUE, FALSE, FALSE);
INSERT INTO config.marc_field(marc_format, marc_record_type, tag, name, description,
                              fixed_field, repeatable, mandatory, hidden)
VALUES (1, 'authority', '110', $$Heading-Corporate Name$$, $$Corporate name used in a name, name/title, or extended subject heading in established heading records or an unestablished corporate name used in a traced or an untraced reference record.$$,
FALSE, FALSE, FALSE, FALSE);
INSERT INTO config.record_attr_definition(name, label)
VALUES ('marc21_authority_110_ind_1', 'MARC 21 authority field 110 indicator position 1');
INSERT INTO config.coded_value_map(ctype, code, value, opac_visible, is_simple)
VALUES ('marc21_authority_110_ind_1', '0', $$Inverted name$$, FALSE, TRUE);
INSERT INTO config.coded_value_map(ctype, code, value, opac_visible, is_simple)
VALUES ('marc21_authority_110_ind_1', '1', $$Jurisdiction name$$, FALSE, TRUE);
INSERT INTO config.coded_value_map(ctype, code, value, opac_visible, is_simple)
VALUES ('marc21_authority_110_ind_1', '2', $$Name in direct order$$, FALSE, TRUE);
INSERT INTO config.record_attr_definition(name, label)
VALUES ('marc21_authority_110_ind_2', 'MARC 21 authority field 110 indicator position 2');
INSERT INTO config.coded_value_map(ctype, code, value, opac_visible, is_simple)
VALUES ('marc21_authority_110_ind_2', '#', $$Undefined$$, FALSE, TRUE);
INSERT INTO config.marc_subfield(marc_format, marc_record_type, tag, code, description,
                                 repeatable, mandatory, hidden)
VALUES (1, 'authority', '110', 'a', $$Corporate name or jurisdiction name as entry element$$,
FALSE, FALSE, FALSE);
INSERT INTO config.marc_subfield(marc_format, marc_record_type, tag, code, description,
                                 repeatable, mandatory, hidden)
VALUES (1, 'authority', '110', 'b', $$Subordinate unit$$,
TRUE, FALSE, FALSE);
INSERT INTO config.marc_subfield(marc_format, marc_record_type, tag, code, description,
                                 repeatable, mandatory, hidden)
VALUES (1, 'authority', '110', 'c', $$Location of meeting$$,
FALSE, FALSE, FALSE);
INSERT INTO config.marc_subfield(marc_format, marc_record_type, tag, code, description,
                                 repeatable, mandatory, hidden)
VALUES (1, 'authority', '110', 'd', $$Date of meeting or treaty signing$$,
TRUE, FALSE, FALSE);
INSERT INTO config.marc_subfield(marc_format, marc_record_type, tag, code, description,
                                 repeatable, mandatory, hidden)
VALUES (1, 'authority', '110', 'e', $$Relator term$$,
TRUE, FALSE, FALSE);
INSERT INTO config.marc_subfield(marc_format, marc_record_type, tag, code, description,
                                 repeatable, mandatory, hidden)
VALUES (1, 'authority', '110', 'f', $$Date of a work$$,
FALSE, FALSE, FALSE);
INSERT INTO config.marc_subfield(marc_format, marc_record_type, tag, code, description,
                                 repeatable, mandatory, hidden)
VALUES (1, 'authority', '110', 'g', $$Miscellaneous information$$,
FALSE, FALSE, FALSE);
INSERT INTO config.marc_subfield(marc_format, marc_record_type, tag, code, description,
                                 repeatable, mandatory, hidden)
VALUES (1, 'authority', '110', 'h', $$Medium$$,
FALSE, FALSE, FALSE);
INSERT INTO config.marc_subfield(marc_format, marc_record_type, tag, code, description,
                                 repeatable, mandatory, hidden)
VALUES (1, 'authority', '110', 'k', $$Form subheading$$,
TRUE, FALSE, FALSE);
INSERT INTO config.marc_subfield(marc_format, marc_record_type, tag, code, description,
                                 repeatable, mandatory, hidden)
VALUES (1, 'authority', '110', 'l', $$Language of a work$$,
FALSE, FALSE, FALSE);
INSERT INTO config.marc_subfield(marc_format, marc_record_type, tag, code, description,
                                 repeatable, mandatory, hidden)
VALUES (1, 'authority', '110', 'm', $$Medium of performance for music$$,
TRUE, FALSE, FALSE);
INSERT INTO config.marc_subfield(marc_format, marc_record_type, tag, code, description,
                                 repeatable, mandatory, hidden)
VALUES (1, 'authority', '110', 'n', $$Number of part/section/meeting$$,
TRUE, FALSE, FALSE);
INSERT INTO config.marc_subfield(marc_format, marc_record_type, tag, code, description,
                                 repeatable, mandatory, hidden)
VALUES (1, 'authority', '110', 'o', $$Arranged statement for music$$,
FALSE, FALSE, FALSE);
INSERT INTO config.marc_subfield(marc_format, marc_record_type, tag, code, description,
                                 repeatable, mandatory, hidden)
VALUES (1, 'authority', '110', 'p', $$Name of part/section of a work$$,
TRUE, FALSE, FALSE);
INSERT INTO config.marc_subfield(marc_format, marc_record_type, tag, code, description,
                                 repeatable, mandatory, hidden)
VALUES (1, 'authority', '110', 'r', $$Key for music$$,
FALSE, FALSE, FALSE);
INSERT INTO config.marc_subfield(marc_format, marc_record_type, tag, code, description,
                                 repeatable, mandatory, hidden)
VALUES (1, 'authority', '110', 's', $$Version$$,
FALSE, FALSE, FALSE);
INSERT INTO config.marc_subfield(marc_format, marc_record_type, tag, code, description,
                                 repeatable, mandatory, hidden)
VALUES (1, 'authority', '110', 't', $$Title of a work$$,
FALSE, FALSE, FALSE);
INSERT INTO config.marc_subfield(marc_format, marc_record_type, tag, code, description,
                                 repeatable, mandatory, hidden)
VALUES (1, 'authority', '110', 'v', $$Form subdivision$$,
TRUE, FALSE, FALSE);
INSERT INTO config.marc_subfield(marc_format, marc_record_type, tag, code, description,
                                 repeatable, mandatory, hidden)
VALUES (1, 'authority', '110', 'x', $$General subdivision$$,
TRUE, FALSE, FALSE);
INSERT INTO config.marc_subfield(marc_format, marc_record_type, tag, code, description,
                                 repeatable, mandatory, hidden)
VALUES (1, 'authority', '110', 'y', $$Chronological subdivision$$,
TRUE, FALSE, FALSE);
INSERT INTO config.marc_subfield(marc_format, marc_record_type, tag, code, description,
                                 repeatable, mandatory, hidden)
VALUES (1, 'authority', '110', 'z', $$Geographic subdivision$$,
TRUE, FALSE, FALSE);
INSERT INTO config.marc_subfield(marc_format, marc_record_type, tag, code, description,
                                 repeatable, mandatory, hidden)
VALUES (1, 'authority', '110', '6', $$Linkage$$,
FALSE, FALSE, FALSE);
INSERT INTO config.marc_subfield(marc_format, marc_record_type, tag, code, description,
                                 repeatable, mandatory, hidden)
VALUES (1, 'authority', '110', '8', $$Field link and sequence number$$,
TRUE, FALSE, FALSE);
INSERT INTO config.marc_field(marc_format, marc_record_type, tag, name, description,
                              fixed_field, repeatable, mandatory, hidden)
VALUES (1, 'authority', '111', $$Heading-Meeting Name$$, $$Established meeting name used in a name or name/title heading in established heading records or an unestablished meeting name used in these types of headings in traced or untraced reference records.$$,
FALSE, FALSE, FALSE, FALSE);
INSERT INTO config.record_attr_definition(name, label)
VALUES ('marc21_authority_111_ind_1', 'MARC 21 authority field 111 indicator position 1');
INSERT INTO config.coded_value_map(ctype, code, value, opac_visible, is_simple)
VALUES ('marc21_authority_111_ind_1', '0', $$Inverted name$$, FALSE, TRUE);
INSERT INTO config.coded_value_map(ctype, code, value, opac_visible, is_simple)
VALUES ('marc21_authority_111_ind_1', '1', $$Jurisdiction name$$, FALSE, TRUE);
INSERT INTO config.coded_value_map(ctype, code, value, opac_visible, is_simple)
VALUES ('marc21_authority_111_ind_1', '2', $$Name in direct order$$, FALSE, TRUE);
INSERT INTO config.record_attr_definition(name, label)
VALUES ('marc21_authority_111_ind_2', 'MARC 21 authority field 111 indicator position 2');
INSERT INTO config.coded_value_map(ctype, code, value, opac_visible, is_simple)
VALUES ('marc21_authority_111_ind_2', '#', $$Undefined$$, FALSE, TRUE);
INSERT INTO config.marc_subfield(marc_format, marc_record_type, tag, code, description,
                                 repeatable, mandatory, hidden)
VALUES (1, 'authority', '111', 'a', $$Meeting name or jurisdiction name as entry element$$,
FALSE, FALSE, FALSE);
INSERT INTO config.marc_subfield(marc_format, marc_record_type, tag, code, description,
                                 repeatable, mandatory, hidden)
VALUES (1, 'authority', '111', 'c', $$Location of meeting$$,
FALSE, FALSE, FALSE);
INSERT INTO config.marc_subfield(marc_format, marc_record_type, tag, code, description,
                                 repeatable, mandatory, hidden)
VALUES (1, 'authority', '111', 'd', $$Date of meeting$$,
FALSE, FALSE, FALSE);
INSERT INTO config.marc_subfield(marc_format, marc_record_type, tag, code, description,
                                 repeatable, mandatory, hidden)
VALUES (1, 'authority', '111', 'e', $$Subordinate unit$$,
TRUE, FALSE, FALSE);
INSERT INTO config.marc_subfield(marc_format, marc_record_type, tag, code, description,
                                 repeatable, mandatory, hidden)
VALUES (1, 'authority', '111', 'f', $$Date of a work$$,
FALSE, FALSE, FALSE);
INSERT INTO config.marc_subfield(marc_format, marc_record_type, tag, code, description,
                                 repeatable, mandatory, hidden)
VALUES (1, 'authority', '111', 'g', $$Miscellaneous information$$,
FALSE, FALSE, FALSE);
INSERT INTO config.marc_subfield(marc_format, marc_record_type, tag, code, description,
                                 repeatable, mandatory, hidden)
VALUES (1, 'authority', '111', 'h', $$Medium$$,
FALSE, FALSE, FALSE);
INSERT INTO config.marc_subfield(marc_format, marc_record_type, tag, code, description,
                                 repeatable, mandatory, hidden)
VALUES (1, 'authority', '111', 'j', $$Relator term$$,
TRUE, FALSE, FALSE);
INSERT INTO config.marc_subfield(marc_format, marc_record_type, tag, code, description,
                                 repeatable, mandatory, hidden)
VALUES (1, 'authority', '111', 'k', $$Form subheading$$,
TRUE, FALSE, FALSE);
INSERT INTO config.marc_subfield(marc_format, marc_record_type, tag, code, description,
                                 repeatable, mandatory, hidden)
VALUES (1, 'authority', '111', 'l', $$Language of a work$$,
FALSE, FALSE, FALSE);
INSERT INTO config.marc_subfield(marc_format, marc_record_type, tag, code, description,
                                 repeatable, mandatory, hidden)
VALUES (1, 'authority', '111', 'n', $$Number of part/section/meeting$$,
TRUE, FALSE, FALSE);
INSERT INTO config.marc_subfield(marc_format, marc_record_type, tag, code, description,
                                 repeatable, mandatory, hidden)
VALUES (1, 'authority', '111', 'p', $$Name of part/section of a work$$,
TRUE, FALSE, FALSE);
INSERT INTO config.marc_subfield(marc_format, marc_record_type, tag, code, description,
                                 repeatable, mandatory, hidden)
VALUES (1, 'authority', '111', 'q', $$Name of meeting following jurisdiction name entry element$$,
FALSE, FALSE, FALSE);
INSERT INTO config.marc_subfield(marc_format, marc_record_type, tag, code, description,
                                 repeatable, mandatory, hidden)
VALUES (1, 'authority', '111', 's', $$Version$$,
FALSE, FALSE, FALSE);
INSERT INTO config.marc_subfield(marc_format, marc_record_type, tag, code, description,
                                 repeatable, mandatory, hidden)
VALUES (1, 'authority', '111', 't', $$Title of a work$$,
FALSE, FALSE, FALSE);
INSERT INTO config.marc_subfield(marc_format, marc_record_type, tag, code, description,
                                 repeatable, mandatory, hidden)
VALUES (1, 'authority', '111', 'v', $$Form subdivision$$,
TRUE, FALSE, FALSE);
INSERT INTO config.marc_subfield(marc_format, marc_record_type, tag, code, description,
                                 repeatable, mandatory, hidden)
VALUES (1, 'authority', '111', 'x', $$General subdivision$$,
TRUE, FALSE, FALSE);
INSERT INTO config.marc_subfield(marc_format, marc_record_type, tag, code, description,
                                 repeatable, mandatory, hidden)
VALUES (1, 'authority', '111', 'y', $$Chronological subdivision$$,
TRUE, FALSE, FALSE);
INSERT INTO config.marc_subfield(marc_format, marc_record_type, tag, code, description,
                                 repeatable, mandatory, hidden)
VALUES (1, 'authority', '111', 'z', $$Geographic subdivision$$,
TRUE, FALSE, FALSE);
INSERT INTO config.marc_subfield(marc_format, marc_record_type, tag, code, description,
                                 repeatable, mandatory, hidden)
VALUES (1, 'authority', '111', '6', $$Linkage$$,
FALSE, FALSE, FALSE);
INSERT INTO config.marc_subfield(marc_format, marc_record_type, tag, code, description,
                                 repeatable, mandatory, hidden)
VALUES (1, 'authority', '111', '8', $$Field link and sequence number$$,
TRUE, FALSE, FALSE);
INSERT INTO config.marc_field(marc_format, marc_record_type, tag, name, description,
                              fixed_field, repeatable, mandatory, hidden)
VALUES (1, 'authority', '130', $$Heading-Uniform Title$$, $$Uniform title used in a title or extended subject heading in established heading records or an unestablished uniform title used in a traced or untraced reference record.$$,
FALSE, FALSE, FALSE, FALSE);
INSERT INTO config.record_attr_definition(name, label)
VALUES ('marc21_authority_130_ind_1', 'MARC 21 authority field 130 indicator position 1');
INSERT INTO config.coded_value_map(ctype, code, value, opac_visible, is_simple)
VALUES ('marc21_authority_130_ind_1', '#', $$Undefined$$, FALSE, TRUE);
INSERT INTO config.record_attr_definition(name, label)
VALUES ('marc21_authority_130_ind_2', 'MARC 21 authority field 130 indicator position 2');
INSERT INTO config.coded_value_map(ctype, code, value, opac_visible, is_simple)
VALUES ('marc21_authority_130_ind_2', '0', $$No nonfiling characters$$, FALSE, TRUE);
INSERT INTO config.coded_value_map(ctype, code, value, opac_visible, is_simple)
VALUES ('marc21_authority_130_ind_2', '1', $$Number of nonfiling characters - 1$$, FALSE, TRUE);
INSERT INTO config.coded_value_map(ctype, code, value, opac_visible, is_simple)
VALUES ('marc21_authority_130_ind_2', '2', $$Number of nonfiling characters - 2$$, FALSE, TRUE);
INSERT INTO config.coded_value_map(ctype, code, value, opac_visible, is_simple)
VALUES ('marc21_authority_130_ind_2', '3', $$Number of nonfiling characters - 3$$, FALSE, TRUE);
INSERT INTO config.coded_value_map(ctype, code, value, opac_visible, is_simple)
VALUES ('marc21_authority_130_ind_2', '4', $$Number of nonfiling characters - 4$$, FALSE, TRUE);
INSERT INTO config.coded_value_map(ctype, code, value, opac_visible, is_simple)
VALUES ('marc21_authority_130_ind_2', '5', $$Number of nonfiling characters - 5$$, FALSE, TRUE);
INSERT INTO config.coded_value_map(ctype, code, value, opac_visible, is_simple)
VALUES ('marc21_authority_130_ind_2', '6', $$Number of nonfiling characters - 6$$, FALSE, TRUE);
INSERT INTO config.coded_value_map(ctype, code, value, opac_visible, is_simple)
VALUES ('marc21_authority_130_ind_2', '7', $$Number of nonfiling characters - 7$$, FALSE, TRUE);
INSERT INTO config.coded_value_map(ctype, code, value, opac_visible, is_simple)
VALUES ('marc21_authority_130_ind_2', '8', $$Number of nonfiling characters - 8$$, FALSE, TRUE);
INSERT INTO config.coded_value_map(ctype, code, value, opac_visible, is_simple)
VALUES ('marc21_authority_130_ind_2', '9', $$Number of nonfiling characters - 9$$, FALSE, TRUE);
INSERT INTO config.marc_subfield(marc_format, marc_record_type, tag, code, description,
                                 repeatable, mandatory, hidden)
VALUES (1, 'authority', '130', 'a', $$Uniform title$$,
FALSE, FALSE, FALSE);
INSERT INTO config.marc_subfield(marc_format, marc_record_type, tag, code, description,
                                 repeatable, mandatory, hidden)
VALUES (1, 'authority', '130', 'd', $$Date of treaty signing$$,
TRUE, FALSE, FALSE);
INSERT INTO config.marc_subfield(marc_format, marc_record_type, tag, code, description,
                                 repeatable, mandatory, hidden)
VALUES (1, 'authority', '130', 'f', $$Date of a work$$,
FALSE, FALSE, FALSE);
INSERT INTO config.marc_subfield(marc_format, marc_record_type, tag, code, description,
                                 repeatable, mandatory, hidden)
VALUES (1, 'authority', '130', 'g', $$Miscellaneous information$$,
FALSE, FALSE, FALSE);
INSERT INTO config.marc_subfield(marc_format, marc_record_type, tag, code, description,
                                 repeatable, mandatory, hidden)
VALUES (1, 'authority', '130', 'h', $$Medium$$,
FALSE, FALSE, FALSE);
INSERT INTO config.marc_subfield(marc_format, marc_record_type, tag, code, description,
                                 repeatable, mandatory, hidden)
VALUES (1, 'authority', '130', 'k', $$Form subheading$$,
TRUE, FALSE, FALSE);
INSERT INTO config.marc_subfield(marc_format, marc_record_type, tag, code, description,
                                 repeatable, mandatory, hidden)
VALUES (1, 'authority', '130', 'l', $$Language of a work$$,
FALSE, FALSE, FALSE);
INSERT INTO config.marc_subfield(marc_format, marc_record_type, tag, code, description,
                                 repeatable, mandatory, hidden)
VALUES (1, 'authority', '130', 'm', $$Medium of performance for music$$,
TRUE, FALSE, FALSE);
INSERT INTO config.marc_subfield(marc_format, marc_record_type, tag, code, description,
                                 repeatable, mandatory, hidden)
VALUES (1, 'authority', '130', 'n', $$Number of part/section of a work$$,
TRUE, FALSE, FALSE);
INSERT INTO config.marc_subfield(marc_format, marc_record_type, tag, code, description,
                                 repeatable, mandatory, hidden)
VALUES (1, 'authority', '130', 'o', $$Arranged statement for music$$,
FALSE, FALSE, FALSE);
INSERT INTO config.marc_subfield(marc_format, marc_record_type, tag, code, description,
                                 repeatable, mandatory, hidden)
VALUES (1, 'authority', '130', 'p', $$Name of part/section of a work$$,
TRUE, FALSE, FALSE);
INSERT INTO config.marc_subfield(marc_format, marc_record_type, tag, code, description,
                                 repeatable, mandatory, hidden)
VALUES (1, 'authority', '130', 'r', $$Key for music$$,
FALSE, FALSE, FALSE);
INSERT INTO config.marc_subfield(marc_format, marc_record_type, tag, code, description,
                                 repeatable, mandatory, hidden)
VALUES (1, 'authority', '130', 's', $$Version$$,
FALSE, FALSE, FALSE);
INSERT INTO config.marc_subfield(marc_format, marc_record_type, tag, code, description,
                                 repeatable, mandatory, hidden)
VALUES (1, 'authority', '130', 't', $$Title of a work$$,
FALSE, FALSE, FALSE);
INSERT INTO config.marc_subfield(marc_format, marc_record_type, tag, code, description,
                                 repeatable, mandatory, hidden)
VALUES (1, 'authority', '130', 'v', $$Form subdivision$$,
TRUE, FALSE, FALSE);
INSERT INTO config.marc_subfield(marc_format, marc_record_type, tag, code, description,
                                 repeatable, mandatory, hidden)
VALUES (1, 'authority', '130', 'x', $$General subdivision$$,
TRUE, FALSE, FALSE);
INSERT INTO config.marc_subfield(marc_format, marc_record_type, tag, code, description,
                                 repeatable, mandatory, hidden)
VALUES (1, 'authority', '130', 'y', $$Chronological subdivision$$,
TRUE, FALSE, FALSE);
INSERT INTO config.marc_subfield(marc_format, marc_record_type, tag, code, description,
                                 repeatable, mandatory, hidden)
VALUES (1, 'authority', '130', 'z', $$Geographic subdivision$$,
TRUE, FALSE, FALSE);
INSERT INTO config.marc_subfield(marc_format, marc_record_type, tag, code, description,
                                 repeatable, mandatory, hidden)
VALUES (1, 'authority', '130', '6', $$Linkage$$,
FALSE, FALSE, FALSE);
INSERT INTO config.marc_subfield(marc_format, marc_record_type, tag, code, description,
                                 repeatable, mandatory, hidden)
VALUES (1, 'authority', '130', '8', $$Field link and sequence number$$,
TRUE, FALSE, FALSE);
INSERT INTO config.marc_field(marc_format, marc_record_type, tag, name, description,
                              fixed_field, repeatable, mandatory, hidden)
VALUES (1, 'authority', '148', $$Heading-Chronological Term$$, $$Chronological term used as a heading in an established heading record, an established heading and subdivision record, a traced or untraced reference record, or a reference and subdivision record.$$,
FALSE, FALSE, FALSE, FALSE);
INSERT INTO config.record_attr_definition(name, label)
VALUES ('marc21_authority_148_ind_1', 'MARC 21 authority field 148 indicator position 1');
INSERT INTO config.coded_value_map(ctype, code, value, opac_visible, is_simple)
VALUES ('marc21_authority_148_ind_1', '#', $$Undefined$$, FALSE, TRUE);
INSERT INTO config.record_attr_definition(name, label)
VALUES ('marc21_authority_148_ind_2', 'MARC 21 authority field 148 indicator position 2');
INSERT INTO config.coded_value_map(ctype, code, value, opac_visible, is_simple)
VALUES ('marc21_authority_148_ind_2', '#', $$Undefined$$, FALSE, TRUE);
INSERT INTO config.marc_subfield(marc_format, marc_record_type, tag, code, description,
                                 repeatable, mandatory, hidden)
VALUES (1, 'authority', '148', 'a', $$Chronological term$$,
FALSE, FALSE, FALSE);
INSERT INTO config.marc_subfield(marc_format, marc_record_type, tag, code, description,
                                 repeatable, mandatory, hidden)
VALUES (1, 'authority', '148', 'v', $$Form subdivision$$,
TRUE, FALSE, FALSE);
INSERT INTO config.marc_subfield(marc_format, marc_record_type, tag, code, description,
                                 repeatable, mandatory, hidden)
VALUES (1, 'authority', '148', 'x', $$General subdivision$$,
TRUE, FALSE, FALSE);
INSERT INTO config.marc_subfield(marc_format, marc_record_type, tag, code, description,
                                 repeatable, mandatory, hidden)
VALUES (1, 'authority', '148', 'y', $$Chronological subdivision$$,
TRUE, FALSE, FALSE);
INSERT INTO config.marc_subfield(marc_format, marc_record_type, tag, code, description,
                                 repeatable, mandatory, hidden)
VALUES (1, 'authority', '148', 'z', $$Geographic subdivision$$,
TRUE, FALSE, FALSE);
INSERT INTO config.marc_subfield(marc_format, marc_record_type, tag, code, description,
                                 repeatable, mandatory, hidden)
VALUES (1, 'authority', '148', '6', $$Linkage$$,
FALSE, FALSE, FALSE);
INSERT INTO config.marc_subfield(marc_format, marc_record_type, tag, code, description,
                                 repeatable, mandatory, hidden)
VALUES (1, 'authority', '148', '8', $$Field link and sequence number$$,
TRUE, FALSE, FALSE);
INSERT INTO config.marc_field(marc_format, marc_record_type, tag, name, description,
                              fixed_field, repeatable, mandatory, hidden)
VALUES (1, 'authority', '150', $$Heading-Topical Term$$, $$Topical term used as a heading in an established heading record, an established heading and subdivision record, a traced or an untraced reference record, a reference and subdivision record, or a node label record.$$,
FALSE, FALSE, FALSE, FALSE);
INSERT INTO config.record_attr_definition(name, label)
VALUES ('marc21_authority_150_ind_1', 'MARC 21 authority field 150 indicator position 1');
INSERT INTO config.coded_value_map(ctype, code, value, opac_visible, is_simple)
VALUES ('marc21_authority_150_ind_1', '#', $$Undefined$$, FALSE, TRUE);
INSERT INTO config.record_attr_definition(name, label)
VALUES ('marc21_authority_150_ind_2', 'MARC 21 authority field 150 indicator position 2');
INSERT INTO config.coded_value_map(ctype, code, value, opac_visible, is_simple)
VALUES ('marc21_authority_150_ind_2', '#', $$Undefined$$, FALSE, TRUE);
INSERT INTO config.marc_subfield(marc_format, marc_record_type, tag, code, description,
                                 repeatable, mandatory, hidden)
VALUES (1, 'authority', '150', 'a', $$Topical term or geographic name entry element$$,
FALSE, FALSE, FALSE);
INSERT INTO config.marc_subfield(marc_format, marc_record_type, tag, code, description,
                                 repeatable, mandatory, hidden)
VALUES (1, 'authority', '150', 'b', $$Topical term following geographic name entry element$$,
FALSE, FALSE, FALSE);
INSERT INTO config.marc_subfield(marc_format, marc_record_type, tag, code, description,
                                 repeatable, mandatory, hidden)
VALUES (1, 'authority', '150', 'v', $$Form subdivision$$,
TRUE, FALSE, FALSE);
INSERT INTO config.marc_subfield(marc_format, marc_record_type, tag, code, description,
                                 repeatable, mandatory, hidden)
VALUES (1, 'authority', '150', 'x', $$General subdivision$$,
TRUE, FALSE, FALSE);
INSERT INTO config.marc_subfield(marc_format, marc_record_type, tag, code, description,
                                 repeatable, mandatory, hidden)
VALUES (1, 'authority', '150', 'y', $$Chronological subdivision$$,
TRUE, FALSE, FALSE);
INSERT INTO config.marc_subfield(marc_format, marc_record_type, tag, code, description,
                                 repeatable, mandatory, hidden)
VALUES (1, 'authority', '150', 'z', $$Geographic subdivision$$,
TRUE, FALSE, FALSE);
INSERT INTO config.marc_subfield(marc_format, marc_record_type, tag, code, description,
                                 repeatable, mandatory, hidden)
VALUES (1, 'authority', '150', '6', $$Linkage$$,
FALSE, FALSE, FALSE);
INSERT INTO config.marc_subfield(marc_format, marc_record_type, tag, code, description,
                                 repeatable, mandatory, hidden)
VALUES (1, 'authority', '150', '8', $$Field link and sequence number$$,
TRUE, FALSE, FALSE);
INSERT INTO config.marc_field(marc_format, marc_record_type, tag, name, description,
                              fixed_field, repeatable, mandatory, hidden)
VALUES (1, 'authority', '151', $$Heading-Geographic Name$$, $$Geographic name used as a heading in an established heading record, an established heading and subdivision record, a traced or an untraced reference record, or a reference and subdivision record.$$,
FALSE, FALSE, FALSE, FALSE);
INSERT INTO config.record_attr_definition(name, label)
VALUES ('marc21_authority_151_ind_1', 'MARC 21 authority field 151 indicator position 1');
INSERT INTO config.coded_value_map(ctype, code, value, opac_visible, is_simple)
VALUES ('marc21_authority_151_ind_1', '#', $$Undefined$$, FALSE, TRUE);
INSERT INTO config.record_attr_definition(name, label)
VALUES ('marc21_authority_151_ind_2', 'MARC 21 authority field 151 indicator position 2');
INSERT INTO config.coded_value_map(ctype, code, value, opac_visible, is_simple)
VALUES ('marc21_authority_151_ind_2', '#', $$Undefined$$, FALSE, TRUE);
INSERT INTO config.marc_subfield(marc_format, marc_record_type, tag, code, description,
                                 repeatable, mandatory, hidden)
VALUES (1, 'authority', '151', 'a', $$Geographic name$$,
FALSE, FALSE, FALSE);
INSERT INTO config.marc_subfield(marc_format, marc_record_type, tag, code, description,
                                 repeatable, mandatory, hidden)
VALUES (1, 'authority', '151', 'v', $$Form subdivision$$,
TRUE, FALSE, FALSE);
INSERT INTO config.marc_subfield(marc_format, marc_record_type, tag, code, description,
                                 repeatable, mandatory, hidden)
VALUES (1, 'authority', '151', 'x', $$General subdivision$$,
TRUE, FALSE, FALSE);
INSERT INTO config.marc_subfield(marc_format, marc_record_type, tag, code, description,
                                 repeatable, mandatory, hidden)
VALUES (1, 'authority', '151', 'y', $$Chronological subdivision$$,
TRUE, FALSE, FALSE);
INSERT INTO config.marc_subfield(marc_format, marc_record_type, tag, code, description,
                                 repeatable, mandatory, hidden)
VALUES (1, 'authority', '151', 'z', $$Geographic subdivision$$,
TRUE, FALSE, FALSE);
INSERT INTO config.marc_subfield(marc_format, marc_record_type, tag, code, description,
                                 repeatable, mandatory, hidden)
VALUES (1, 'authority', '151', '6', $$Linkage$$,
FALSE, FALSE, FALSE);
INSERT INTO config.marc_subfield(marc_format, marc_record_type, tag, code, description,
                                 repeatable, mandatory, hidden)
VALUES (1, 'authority', '151', '8', $$Field link and sequence number$$,
TRUE, FALSE, FALSE);
INSERT INTO config.marc_field(marc_format, marc_record_type, tag, name, description,
                              fixed_field, repeatable, mandatory, hidden)
VALUES (1, 'authority', '155', $$Heading-Genre/Form Term$$, $$Genre or form term used as a heading in an established heading record, an established heading and subdivision record, a traced or an untraced reference record, or a reference and subdivision record. The term may consist of more than one word.$$,
FALSE, FALSE, FALSE, FALSE);
INSERT INTO config.record_attr_definition(name, label)
VALUES ('marc21_authority_155_ind_1', 'MARC 21 authority field 155 indicator position 1');
INSERT INTO config.coded_value_map(ctype, code, value, opac_visible, is_simple)
VALUES ('marc21_authority_155_ind_1', '#', $$Undefined$$, FALSE, TRUE);
INSERT INTO config.record_attr_definition(name, label)
VALUES ('marc21_authority_155_ind_2', 'MARC 21 authority field 155 indicator position 2');
INSERT INTO config.coded_value_map(ctype, code, value, opac_visible, is_simple)
VALUES ('marc21_authority_155_ind_2', '#', $$Undefined$$, FALSE, TRUE);
INSERT INTO config.marc_subfield(marc_format, marc_record_type, tag, code, description,
                                 repeatable, mandatory, hidden)
VALUES (1, 'authority', '155', 'a', $$Genre/form term$$,
FALSE, FALSE, FALSE);
INSERT INTO config.marc_subfield(marc_format, marc_record_type, tag, code, description,
                                 repeatable, mandatory, hidden)
VALUES (1, 'authority', '155', 'v', $$Form subdivision$$,
TRUE, FALSE, FALSE);
INSERT INTO config.marc_subfield(marc_format, marc_record_type, tag, code, description,
                                 repeatable, mandatory, hidden)
VALUES (1, 'authority', '155', 'x', $$General subdivision$$,
TRUE, FALSE, FALSE);
INSERT INTO config.marc_subfield(marc_format, marc_record_type, tag, code, description,
                                 repeatable, mandatory, hidden)
VALUES (1, 'authority', '155', 'y', $$Chronological subdivision$$,
TRUE, FALSE, FALSE);
INSERT INTO config.marc_subfield(marc_format, marc_record_type, tag, code, description,
                                 repeatable, mandatory, hidden)
VALUES (1, 'authority', '155', 'z', $$Geographic subdivision$$,
TRUE, FALSE, FALSE);
INSERT INTO config.marc_subfield(marc_format, marc_record_type, tag, code, description,
                                 repeatable, mandatory, hidden)
VALUES (1, 'authority', '155', '6', $$Linkage$$,
FALSE, FALSE, FALSE);
INSERT INTO config.marc_subfield(marc_format, marc_record_type, tag, code, description,
                                 repeatable, mandatory, hidden)
VALUES (1, 'authority', '155', '8', $$Field link and sequence number$$,
TRUE, FALSE, FALSE);
INSERT INTO config.marc_field(marc_format, marc_record_type, tag, name, description,
                              fixed_field, repeatable, mandatory, hidden)
VALUES (1, 'authority', '180', $$Heading-General Subdivision$$, $$Topical, form, or language term used as a heading in a subdivision record.$$,
FALSE, FALSE, FALSE, FALSE);
INSERT INTO config.record_attr_definition(name, label)
VALUES ('marc21_authority_180_ind_1', 'MARC 21 authority field 180 indicator position 1');
INSERT INTO config.coded_value_map(ctype, code, value, opac_visible, is_simple)
VALUES ('marc21_authority_180_ind_1', '#', $$Undefined$$, FALSE, TRUE);
INSERT INTO config.record_attr_definition(name, label)
VALUES ('marc21_authority_180_ind_2', 'MARC 21 authority field 180 indicator position 2');
INSERT INTO config.coded_value_map(ctype, code, value, opac_visible, is_simple)
VALUES ('marc21_authority_180_ind_2', '#', $$Undefined$$, FALSE, TRUE);
INSERT INTO config.marc_subfield(marc_format, marc_record_type, tag, code, description,
                                 repeatable, mandatory, hidden)
VALUES (1, 'authority', '180', 'v', $$Form subdivision$$,
TRUE, FALSE, FALSE);
INSERT INTO config.marc_subfield(marc_format, marc_record_type, tag, code, description,
                                 repeatable, mandatory, hidden)
VALUES (1, 'authority', '180', 'x', $$General subdivision$$,
TRUE, FALSE, FALSE);
INSERT INTO config.marc_subfield(marc_format, marc_record_type, tag, code, description,
                                 repeatable, mandatory, hidden)
VALUES (1, 'authority', '180', 'y', $$Chronological subdivision$$,
TRUE, FALSE, FALSE);
INSERT INTO config.marc_subfield(marc_format, marc_record_type, tag, code, description,
                                 repeatable, mandatory, hidden)
VALUES (1, 'authority', '180', 'z', $$Geographic subdivision$$,
TRUE, FALSE, FALSE);
INSERT INTO config.marc_subfield(marc_format, marc_record_type, tag, code, description,
                                 repeatable, mandatory, hidden)
VALUES (1, 'authority', '180', '6', $$Linkage$$,
FALSE, FALSE, FALSE);
INSERT INTO config.marc_subfield(marc_format, marc_record_type, tag, code, description,
                                 repeatable, mandatory, hidden)
VALUES (1, 'authority', '180', '8', $$Field link and sequence number$$,
TRUE, FALSE, FALSE);
INSERT INTO config.marc_field(marc_format, marc_record_type, tag, name, description,
                              fixed_field, repeatable, mandatory, hidden)
VALUES (1, 'authority', '181', $$Heading-Geographic Subdivision$$, $$Geographic name or term used as a heading in a subdivision record.$$,
FALSE, FALSE, FALSE, FALSE);
INSERT INTO config.record_attr_definition(name, label)
VALUES ('marc21_authority_181_ind_1', 'MARC 21 authority field 181 indicator position 1');
INSERT INTO config.coded_value_map(ctype, code, value, opac_visible, is_simple)
VALUES ('marc21_authority_181_ind_1', '#', $$Undefined$$, FALSE, TRUE);
INSERT INTO config.record_attr_definition(name, label)
VALUES ('marc21_authority_181_ind_2', 'MARC 21 authority field 181 indicator position 2');
INSERT INTO config.coded_value_map(ctype, code, value, opac_visible, is_simple)
VALUES ('marc21_authority_181_ind_2', '#', $$Undefined$$, FALSE, TRUE);
INSERT INTO config.marc_subfield(marc_format, marc_record_type, tag, code, description,
                                 repeatable, mandatory, hidden)
VALUES (1, 'authority', '181', 'v', $$Form subdivision$$,
TRUE, FALSE, FALSE);
INSERT INTO config.marc_subfield(marc_format, marc_record_type, tag, code, description,
                                 repeatable, mandatory, hidden)
VALUES (1, 'authority', '181', 'x', $$General subdivision$$,
TRUE, FALSE, FALSE);
INSERT INTO config.marc_subfield(marc_format, marc_record_type, tag, code, description,
                                 repeatable, mandatory, hidden)
VALUES (1, 'authority', '181', 'y', $$Chronological subdivision$$,
TRUE, FALSE, FALSE);
INSERT INTO config.marc_subfield(marc_format, marc_record_type, tag, code, description,
                                 repeatable, mandatory, hidden)
VALUES (1, 'authority', '181', 'z', $$Geographic subdivision$$,
TRUE, FALSE, FALSE);
INSERT INTO config.marc_subfield(marc_format, marc_record_type, tag, code, description,
                                 repeatable, mandatory, hidden)
VALUES (1, 'authority', '181', '6', $$Linkage$$,
FALSE, FALSE, FALSE);
INSERT INTO config.marc_subfield(marc_format, marc_record_type, tag, code, description,
                                 repeatable, mandatory, hidden)
VALUES (1, 'authority', '181', '8', $$Field link and sequence number$$,
TRUE, FALSE, FALSE);
INSERT INTO config.marc_field(marc_format, marc_record_type, tag, name, description,
                              fixed_field, repeatable, mandatory, hidden)
VALUES (1, 'authority', '182', $$Heading-Chronological Subdivision$$, $$Chronological term used as a heading in a subdivision record.$$,
FALSE, FALSE, FALSE, FALSE);
INSERT INTO config.record_attr_definition(name, label)
VALUES ('marc21_authority_182_ind_1', 'MARC 21 authority field 182 indicator position 1');
INSERT INTO config.coded_value_map(ctype, code, value, opac_visible, is_simple)
VALUES ('marc21_authority_182_ind_1', '#', $$Undefined$$, FALSE, TRUE);
INSERT INTO config.record_attr_definition(name, label)
VALUES ('marc21_authority_182_ind_2', 'MARC 21 authority field 182 indicator position 2');
INSERT INTO config.coded_value_map(ctype, code, value, opac_visible, is_simple)
VALUES ('marc21_authority_182_ind_2', '#', $$Undefined$$, FALSE, TRUE);
INSERT INTO config.marc_subfield(marc_format, marc_record_type, tag, code, description,
                                 repeatable, mandatory, hidden)
VALUES (1, 'authority', '182', 'v', $$Form subdivision$$,
TRUE, FALSE, FALSE);
INSERT INTO config.marc_subfield(marc_format, marc_record_type, tag, code, description,
                                 repeatable, mandatory, hidden)
VALUES (1, 'authority', '182', 'x', $$General subdivision$$,
TRUE, FALSE, FALSE);
INSERT INTO config.marc_subfield(marc_format, marc_record_type, tag, code, description,
                                 repeatable, mandatory, hidden)
VALUES (1, 'authority', '182', 'y', $$Chronological subdivision$$,
TRUE, FALSE, FALSE);
INSERT INTO config.marc_subfield(marc_format, marc_record_type, tag, code, description,
                                 repeatable, mandatory, hidden)
VALUES (1, 'authority', '182', 'z', $$Geographic subdivision$$,
TRUE, FALSE, FALSE);
INSERT INTO config.marc_subfield(marc_format, marc_record_type, tag, code, description,
                                 repeatable, mandatory, hidden)
VALUES (1, 'authority', '182', '6', $$Linkage$$,
FALSE, FALSE, FALSE);
INSERT INTO config.marc_subfield(marc_format, marc_record_type, tag, code, description,
                                 repeatable, mandatory, hidden)
VALUES (1, 'authority', '182', '8', $$Field link and sequence number$$,
TRUE, FALSE, FALSE);
INSERT INTO config.marc_field(marc_format, marc_record_type, tag, name, description,
                              fixed_field, repeatable, mandatory, hidden)
VALUES (1, 'authority', '185', $$Heading-Form Subdivision$$, $$Form or genre term used as a heading in a subdivision record.$$,
FALSE, FALSE, FALSE, FALSE);
INSERT INTO config.record_attr_definition(name, label)
VALUES ('marc21_authority_185_ind_1', 'MARC 21 authority field 185 indicator position 1');
INSERT INTO config.coded_value_map(ctype, code, value, opac_visible, is_simple)
VALUES ('marc21_authority_185_ind_1', '#', $$Undefined$$, FALSE, TRUE);
INSERT INTO config.record_attr_definition(name, label)
VALUES ('marc21_authority_185_ind_2', 'MARC 21 authority field 185 indicator position 2');
INSERT INTO config.coded_value_map(ctype, code, value, opac_visible, is_simple)
VALUES ('marc21_authority_185_ind_2', '#', $$Undefined$$, FALSE, TRUE);
INSERT INTO config.marc_subfield(marc_format, marc_record_type, tag, code, description,
                                 repeatable, mandatory, hidden)
VALUES (1, 'authority', '185', 'v', $$Form subdivision$$,
TRUE, FALSE, FALSE);
INSERT INTO config.marc_subfield(marc_format, marc_record_type, tag, code, description,
                                 repeatable, mandatory, hidden)
VALUES (1, 'authority', '185', 'x', $$General subdivision$$,
TRUE, FALSE, FALSE);
INSERT INTO config.marc_subfield(marc_format, marc_record_type, tag, code, description,
                                 repeatable, mandatory, hidden)
VALUES (1, 'authority', '185', 'y', $$Chronological subdivision$$,
TRUE, FALSE, FALSE);
INSERT INTO config.marc_subfield(marc_format, marc_record_type, tag, code, description,
                                 repeatable, mandatory, hidden)
VALUES (1, 'authority', '185', 'z', $$Geographic subdivision$$,
TRUE, FALSE, FALSE);
INSERT INTO config.marc_subfield(marc_format, marc_record_type, tag, code, description,
                                 repeatable, mandatory, hidden)
VALUES (1, 'authority', '185', '6', $$Linkage$$,
FALSE, FALSE, FALSE);
INSERT INTO config.marc_subfield(marc_format, marc_record_type, tag, code, description,
                                 repeatable, mandatory, hidden)
VALUES (1, 'authority', '185', '8', $$Field link and sequence number$$,
TRUE, FALSE, FALSE);
INSERT INTO config.marc_field(marc_format, marc_record_type, tag, name, description,
                              fixed_field, repeatable, mandatory, hidden)
VALUES (1, 'authority', '260', $$Complex See Reference-Subject$$, $$and that are required when relationships exist between unestablished and established subjects that cannot be adequately conveyed by one or more simple cross references generated from 4XX See From Tracing fields in the established heading record. A phrase such as may be generated for display.$$,
FALSE, TRUE, FALSE, FALSE);
INSERT INTO config.record_attr_definition(name, label)
VALUES ('marc21_authority_260_ind_1', 'MARC 21 authority field 260 indicator position 1');
INSERT INTO config.coded_value_map(ctype, code, value, opac_visible, is_simple)
VALUES ('marc21_authority_260_ind_1', '#', $$Undefined$$, FALSE, TRUE);
INSERT INTO config.record_attr_definition(name, label)
VALUES ('marc21_authority_260_ind_2', 'MARC 21 authority field 260 indicator position 2');
INSERT INTO config.coded_value_map(ctype, code, value, opac_visible, is_simple)
VALUES ('marc21_authority_260_ind_2', '#', $$Undefined$$, FALSE, TRUE);
INSERT INTO config.marc_subfield(marc_format, marc_record_type, tag, code, description,
                                 repeatable, mandatory, hidden)
VALUES (1, 'authority', '260', 'a', $$Heading referred to$$,
TRUE, FALSE, FALSE);
INSERT INTO config.marc_subfield(marc_format, marc_record_type, tag, code, description,
                                 repeatable, mandatory, hidden)
VALUES (1, 'authority', '260', 'i', $$Explanatory text$$,
TRUE, FALSE, FALSE);
INSERT INTO config.marc_subfield(marc_format, marc_record_type, tag, code, description,
                                 repeatable, mandatory, hidden)
VALUES (1, 'authority', '260', '0', $$Authority record control number$$,
TRUE, FALSE, FALSE);
INSERT INTO config.marc_subfield(marc_format, marc_record_type, tag, code, description,
                                 repeatable, mandatory, hidden)
VALUES (1, 'authority', '260', '6', $$Linkage$$,
FALSE, FALSE, FALSE);
INSERT INTO config.marc_subfield(marc_format, marc_record_type, tag, code, description,
                                 repeatable, mandatory, hidden)
VALUES (1, 'authority', '260', '8', $$Field link and sequence number$$,
TRUE, FALSE, FALSE);
INSERT INTO config.marc_field(marc_format, marc_record_type, tag, name, description,
                              fixed_field, repeatable, mandatory, hidden)
VALUES (1, 'authority', '336', $$Content Type$$, $$The form of communication through which a work is expressed. Field 336 information enables expression of content types from various lists when the authority is for a title or name/title.$$,
FALSE, TRUE, FALSE, FALSE);
INSERT INTO config.record_attr_definition(name, label)
VALUES ('marc21_authority_336_ind_1', 'MARC 21 authority field 336 indicator position 1');
INSERT INTO config.coded_value_map(ctype, code, value, opac_visible, is_simple)
VALUES ('marc21_authority_336_ind_1', '#', $$Undefined$$, FALSE, TRUE);
INSERT INTO config.record_attr_definition(name, label)
VALUES ('marc21_authority_336_ind_2', 'MARC 21 authority field 336 indicator position 2');
INSERT INTO config.coded_value_map(ctype, code, value, opac_visible, is_simple)
VALUES ('marc21_authority_336_ind_2', '#', $$Undefined$$, FALSE, TRUE);
INSERT INTO config.marc_subfield(marc_format, marc_record_type, tag, code, description,
                                 repeatable, mandatory, hidden)
VALUES (1, 'authority', '336', 'a', $$Content type term$$,
TRUE, FALSE, FALSE);
INSERT INTO config.marc_subfield(marc_format, marc_record_type, tag, code, description,
                                 repeatable, mandatory, hidden)
VALUES (1, 'authority', '336', 'b', $$Content type code$$,
TRUE, FALSE, FALSE);
INSERT INTO config.marc_subfield(marc_format, marc_record_type, tag, code, description,
                                 repeatable, mandatory, hidden)
VALUES (1, 'authority', '336', '2', $$Source$$,
FALSE, FALSE, FALSE);
INSERT INTO config.marc_subfield(marc_format, marc_record_type, tag, code, description,
                                 repeatable, mandatory, hidden)
VALUES (1, 'authority', '336', '3', $$Materials specified$$,
FALSE, FALSE, FALSE);
INSERT INTO config.marc_subfield(marc_format, marc_record_type, tag, code, description,
                                 repeatable, mandatory, hidden)
VALUES (1, 'authority', '336', '6', $$Linkage$$,
FALSE, FALSE, FALSE);
INSERT INTO config.marc_subfield(marc_format, marc_record_type, tag, code, description,
                                 repeatable, mandatory, hidden)
VALUES (1, 'authority', '336', '8', $$Field link and sequence number$$,
TRUE, FALSE, FALSE);
INSERT INTO config.marc_field(marc_format, marc_record_type, tag, name, description,
                              fixed_field, repeatable, mandatory, hidden)
VALUES (1, 'authority', '360', $$Complex See Also Reference-Subject$$, $$and the that are required when relationships exist between established subjects that cannot be adequately conveyed by one or more simple cross references generated from 5XX See Also From Tracing fields. A phrase such as may be generated for display.$$,
FALSE, TRUE, FALSE, FALSE);
INSERT INTO config.record_attr_definition(name, label)
VALUES ('marc21_authority_360_ind_1', 'MARC 21 authority field 360 indicator position 1');
INSERT INTO config.coded_value_map(ctype, code, value, opac_visible, is_simple)
VALUES ('marc21_authority_360_ind_1', '#', $$Undefined$$, FALSE, TRUE);
INSERT INTO config.record_attr_definition(name, label)
VALUES ('marc21_authority_360_ind_2', 'MARC 21 authority field 360 indicator position 2');
INSERT INTO config.coded_value_map(ctype, code, value, opac_visible, is_simple)
VALUES ('marc21_authority_360_ind_2', '#', $$Undefined$$, FALSE, TRUE);
INSERT INTO config.marc_subfield(marc_format, marc_record_type, tag, code, description,
                                 repeatable, mandatory, hidden)
VALUES (1, 'authority', '360', 'a', $$Heading referred to$$,
TRUE, FALSE, FALSE);
INSERT INTO config.marc_subfield(marc_format, marc_record_type, tag, code, description,
                                 repeatable, mandatory, hidden)
VALUES (1, 'authority', '360', 'i', $$Explanatory text$$,
TRUE, FALSE, FALSE);
INSERT INTO config.marc_subfield(marc_format, marc_record_type, tag, code, description,
                                 repeatable, mandatory, hidden)
VALUES (1, 'authority', '360', '0', $$Authority record control number$$,
TRUE, FALSE, FALSE);
INSERT INTO config.marc_subfield(marc_format, marc_record_type, tag, code, description,
                                 repeatable, mandatory, hidden)
VALUES (1, 'authority', '360', '6', $$Linkage$$,
FALSE, FALSE, FALSE);
INSERT INTO config.marc_subfield(marc_format, marc_record_type, tag, code, description,
                                 repeatable, mandatory, hidden)
VALUES (1, 'authority', '360', '8', $$Field link and sequence number$$,
TRUE, FALSE, FALSE);
INSERT INTO config.marc_field(marc_format, marc_record_type, tag, name, description,
                              fixed_field, repeatable, mandatory, hidden)
VALUES (1, 'authority', '370', $$Associated Place$$, $$A town, city, province, state, and/or country associated with persons, corporate bodies, families, works, and expressions.$$,
FALSE, TRUE, FALSE, FALSE);
INSERT INTO config.record_attr_definition(name, label)
VALUES ('marc21_authority_370_ind_1', 'MARC 21 authority field 370 indicator position 1');
INSERT INTO config.coded_value_map(ctype, code, value, opac_visible, is_simple)
VALUES ('marc21_authority_370_ind_1', '#', $$Undefined$$, FALSE, TRUE);
INSERT INTO config.record_attr_definition(name, label)
VALUES ('marc21_authority_370_ind_2', 'MARC 21 authority field 370 indicator position 2');
INSERT INTO config.coded_value_map(ctype, code, value, opac_visible, is_simple)
VALUES ('marc21_authority_370_ind_2', '#', $$Undefined$$, FALSE, TRUE);
INSERT INTO config.marc_subfield(marc_format, marc_record_type, tag, code, description,
                                 repeatable, mandatory, hidden)
VALUES (1, 'authority', '370', 'a', $$Place of birth$$,
FALSE, FALSE, FALSE);
INSERT INTO config.marc_subfield(marc_format, marc_record_type, tag, code, description,
                                 repeatable, mandatory, hidden)
VALUES (1, 'authority', '370', 'b', $$Place of death$$,
FALSE, FALSE, FALSE);
INSERT INTO config.marc_subfield(marc_format, marc_record_type, tag, code, description,
                                 repeatable, mandatory, hidden)
VALUES (1, 'authority', '370', 'c', $$Associated country$$,
TRUE, FALSE, FALSE);
INSERT INTO config.marc_subfield(marc_format, marc_record_type, tag, code, description,
                                 repeatable, mandatory, hidden)
VALUES (1, 'authority', '370', 'e', $$Place of residence/headquarters$$,
TRUE, FALSE, FALSE);
INSERT INTO config.marc_subfield(marc_format, marc_record_type, tag, code, description,
                                 repeatable, mandatory, hidden)
VALUES (1, 'authority', '370', 'f', $$Other associated place$$,
TRUE, FALSE, FALSE);
INSERT INTO config.marc_subfield(marc_format, marc_record_type, tag, code, description,
                                 repeatable, mandatory, hidden)
VALUES (1, 'authority', '370', 'g', $$Place of origin of work$$,
TRUE, FALSE, FALSE);
INSERT INTO config.marc_subfield(marc_format, marc_record_type, tag, code, description,
                                 repeatable, mandatory, hidden)
VALUES (1, 'authority', '370', 's', $$Start period$$,
FALSE, FALSE, FALSE);
INSERT INTO config.marc_subfield(marc_format, marc_record_type, tag, code, description,
                                 repeatable, mandatory, hidden)
VALUES (1, 'authority', '370', 't', $$End period$$,
FALSE, FALSE, FALSE);
INSERT INTO config.marc_subfield(marc_format, marc_record_type, tag, code, description,
                                 repeatable, mandatory, hidden)
VALUES (1, 'authority', '370', 'u', $$Uniform Resource Identifier$$,
TRUE, FALSE, FALSE);
INSERT INTO config.marc_subfield(marc_format, marc_record_type, tag, code, description,
                                 repeatable, mandatory, hidden)
VALUES (1, 'authority', '370', 'v', $$Source of information$$,
TRUE, FALSE, FALSE);
INSERT INTO config.marc_subfield(marc_format, marc_record_type, tag, code, description,
                                 repeatable, mandatory, hidden)
VALUES (1, 'authority', '370', '0', $$Record control number$$,
TRUE, FALSE, FALSE);
INSERT INTO config.marc_subfield(marc_format, marc_record_type, tag, code, description,
                                 repeatable, mandatory, hidden)
VALUES (1, 'authority', '370', '2', $$Source of term$$,
TRUE, FALSE, FALSE);
INSERT INTO config.marc_subfield(marc_format, marc_record_type, tag, code, description,
                                 repeatable, mandatory, hidden)
VALUES (1, 'authority', '370', '6', $$Linkage$$,
FALSE, FALSE, FALSE);
INSERT INTO config.marc_subfield(marc_format, marc_record_type, tag, code, description,
                                 repeatable, mandatory, hidden)
VALUES (1, 'authority', '370', '8', $$Field link and sequence number$$,
TRUE, FALSE, FALSE);
INSERT INTO config.marc_field(marc_format, marc_record_type, tag, name, description,
                              fixed_field, repeatable, mandatory, hidden)
VALUES (1, 'authority', '371', $$Address$$, $$An address (as well as electronic access information such as email, telephone, fax, TTY, etc. numbers) associated with the entity described in the record. Multiple addresses, such as mailing addresses and addresses corresponding to the physical location of an item or facilities, are recorded in separate occurrences of field 371.$$,
FALSE, TRUE, FALSE, FALSE);
INSERT INTO config.record_attr_definition(name, label)
VALUES ('marc21_authority_371_ind_1', 'MARC 21 authority field 371 indicator position 1');
INSERT INTO config.coded_value_map(ctype, code, value, opac_visible, is_simple)
VALUES ('marc21_authority_371_ind_1', '#', $$Undefined$$, FALSE, TRUE);
INSERT INTO config.record_attr_definition(name, label)
VALUES ('marc21_authority_371_ind_2', 'MARC 21 authority field 371 indicator position 2');
INSERT INTO config.coded_value_map(ctype, code, value, opac_visible, is_simple)
VALUES ('marc21_authority_371_ind_2', '#', $$Undefined$$, FALSE, TRUE);
INSERT INTO config.marc_subfield(marc_format, marc_record_type, tag, code, description,
                                 repeatable, mandatory, hidden)
VALUES (1, 'authority', '371', 'a', $$Address$$,
TRUE, FALSE, FALSE);
INSERT INTO config.marc_subfield(marc_format, marc_record_type, tag, code, description,
                                 repeatable, mandatory, hidden)
VALUES (1, 'authority', '371', 'b', $$City$$,
FALSE, FALSE, FALSE);
INSERT INTO config.marc_subfield(marc_format, marc_record_type, tag, code, description,
                                 repeatable, mandatory, hidden)
VALUES (1, 'authority', '371', 'c', $$Intermediate jurisdiction$$,
FALSE, FALSE, FALSE);
INSERT INTO config.marc_subfield(marc_format, marc_record_type, tag, code, description,
                                 repeatable, mandatory, hidden)
VALUES (1, 'authority', '371', 'd', $$Country$$,
FALSE, FALSE, FALSE);
INSERT INTO config.marc_subfield(marc_format, marc_record_type, tag, code, description,
                                 repeatable, mandatory, hidden)
VALUES (1, 'authority', '371', 'e', $$Postal Code$$,
FALSE, FALSE, FALSE);
INSERT INTO config.marc_subfield(marc_format, marc_record_type, tag, code, description,
                                 repeatable, mandatory, hidden)
VALUES (1, 'authority', '371', 'm', $$Electronic mail address$$,
TRUE, FALSE, FALSE);
INSERT INTO config.marc_subfield(marc_format, marc_record_type, tag, code, description,
                                 repeatable, mandatory, hidden)
VALUES (1, 'authority', '371', 's', $$Start period$$,
FALSE, FALSE, FALSE);
INSERT INTO config.marc_subfield(marc_format, marc_record_type, tag, code, description,
                                 repeatable, mandatory, hidden)
VALUES (1, 'authority', '371', 't', $$End period$$,
FALSE, FALSE, FALSE);
INSERT INTO config.marc_subfield(marc_format, marc_record_type, tag, code, description,
                                 repeatable, mandatory, hidden)
VALUES (1, 'authority', '371', 'u', $$Uniform Resource Identifier$$,
TRUE, FALSE, FALSE);
INSERT INTO config.marc_subfield(marc_format, marc_record_type, tag, code, description,
                                 repeatable, mandatory, hidden)
VALUES (1, 'authority', '371', 'v', $$Source of information$$,
TRUE, FALSE, FALSE);
INSERT INTO config.marc_subfield(marc_format, marc_record_type, tag, code, description,
                                 repeatable, mandatory, hidden)
VALUES (1, 'authority', '371', 'z', $$Public note$$,
TRUE, FALSE, FALSE);
INSERT INTO config.marc_subfield(marc_format, marc_record_type, tag, code, description,
                                 repeatable, mandatory, hidden)
VALUES (1, 'authority', '371', '4', $$Relator code$$,
TRUE, FALSE, FALSE);
INSERT INTO config.marc_subfield(marc_format, marc_record_type, tag, code, description,
                                 repeatable, mandatory, hidden)
VALUES (1, 'authority', '371', '6', $$Linkage$$,
FALSE, FALSE, FALSE);
INSERT INTO config.marc_subfield(marc_format, marc_record_type, tag, code, description,
                                 repeatable, mandatory, hidden)
VALUES (1, 'authority', '371', '8', $$Field link and sequence number$$,
TRUE, FALSE, FALSE);
INSERT INTO config.marc_field(marc_format, marc_record_type, tag, name, description,
                              fixed_field, repeatable, mandatory, hidden)
VALUES (1, 'authority', '372', $$Field of Activity$$, $$: a field of endeavor, area of expertise, etc., in which the person is engaged or was engaged$$,
FALSE, TRUE, FALSE, FALSE);
INSERT INTO config.record_attr_definition(name, label)
VALUES ('marc21_authority_372_ind_1', 'MARC 21 authority field 372 indicator position 1');
INSERT INTO config.coded_value_map(ctype, code, value, opac_visible, is_simple)
VALUES ('marc21_authority_372_ind_1', '#', $$Undefined$$, FALSE, TRUE);
INSERT INTO config.record_attr_definition(name, label)
VALUES ('marc21_authority_372_ind_2', 'MARC 21 authority field 372 indicator position 2');
INSERT INTO config.coded_value_map(ctype, code, value, opac_visible, is_simple)
VALUES ('marc21_authority_372_ind_2', '#', $$Undefined$$, FALSE, TRUE);
INSERT INTO config.marc_subfield(marc_format, marc_record_type, tag, code, description,
                                 repeatable, mandatory, hidden)
VALUES (1, 'authority', '372', 'a', $$Field of activity$$,
TRUE, FALSE, FALSE);
INSERT INTO config.marc_subfield(marc_format, marc_record_type, tag, code, description,
                                 repeatable, mandatory, hidden)
VALUES (1, 'authority', '372', 's', $$Start period$$,
FALSE, FALSE, FALSE);
INSERT INTO config.marc_subfield(marc_format, marc_record_type, tag, code, description,
                                 repeatable, mandatory, hidden)
VALUES (1, 'authority', '372', 't', $$End period$$,
FALSE, FALSE, FALSE);
INSERT INTO config.marc_subfield(marc_format, marc_record_type, tag, code, description,
                                 repeatable, mandatory, hidden)
VALUES (1, 'authority', '372', 'u', $$Uniform Resource Identifier$$,
TRUE, FALSE, FALSE);
INSERT INTO config.marc_subfield(marc_format, marc_record_type, tag, code, description,
                                 repeatable, mandatory, hidden)
VALUES (1, 'authority', '372', 'v', $$Source of information$$,
TRUE, FALSE, FALSE);
INSERT INTO config.marc_subfield(marc_format, marc_record_type, tag, code, description,
                                 repeatable, mandatory, hidden)
VALUES (1, 'authority', '372', '0', $$Record control number$$,
TRUE, FALSE, FALSE);
INSERT INTO config.marc_subfield(marc_format, marc_record_type, tag, code, description,
                                 repeatable, mandatory, hidden)
VALUES (1, 'authority', '372', '2', $$Source of term$$,
FALSE, FALSE, FALSE);
INSERT INTO config.marc_subfield(marc_format, marc_record_type, tag, code, description,
                                 repeatable, mandatory, hidden)
VALUES (1, 'authority', '372', '6', $$Linkage$$,
FALSE, FALSE, FALSE);
INSERT INTO config.marc_subfield(marc_format, marc_record_type, tag, code, description,
                                 repeatable, mandatory, hidden)
VALUES (1, 'authority', '372', '8', $$Field link and sequence number$$,
TRUE, FALSE, FALSE);
INSERT INTO config.marc_field(marc_format, marc_record_type, tag, name, description,
                              fixed_field, repeatable, mandatory, hidden)
VALUES (1, 'authority', '373', $$Affiliation$$, $$Information about a group with which a person is or has been affiliated, including dates of affiliation.$$,
FALSE, TRUE, FALSE, FALSE);
INSERT INTO config.record_attr_definition(name, label)
VALUES ('marc21_authority_373_ind_1', 'MARC 21 authority field 373 indicator position 1');
INSERT INTO config.coded_value_map(ctype, code, value, opac_visible, is_simple)
VALUES ('marc21_authority_373_ind_1', '#', $$Undefined$$, FALSE, TRUE);
INSERT INTO config.record_attr_definition(name, label)
VALUES ('marc21_authority_373_ind_2', 'MARC 21 authority field 373 indicator position 2');
INSERT INTO config.coded_value_map(ctype, code, value, opac_visible, is_simple)
VALUES ('marc21_authority_373_ind_2', '#', $$Undefined$$, FALSE, TRUE);
INSERT INTO config.marc_subfield(marc_format, marc_record_type, tag, code, description,
                                 repeatable, mandatory, hidden)
VALUES (1, 'authority', '373', 'a', $$Affiliation$$,
TRUE, FALSE, FALSE);
INSERT INTO config.marc_subfield(marc_format, marc_record_type, tag, code, description,
                                 repeatable, mandatory, hidden)
VALUES (1, 'authority', '373', 's', $$Start period$$,
FALSE, FALSE, FALSE);
INSERT INTO config.marc_subfield(marc_format, marc_record_type, tag, code, description,
                                 repeatable, mandatory, hidden)
VALUES (1, 'authority', '373', 't', $$End period$$,
FALSE, FALSE, FALSE);
INSERT INTO config.marc_subfield(marc_format, marc_record_type, tag, code, description,
                                 repeatable, mandatory, hidden)
VALUES (1, 'authority', '373', 'u', $$Uniform Resource Identifier$$,
TRUE, FALSE, FALSE);
INSERT INTO config.marc_subfield(marc_format, marc_record_type, tag, code, description,
                                 repeatable, mandatory, hidden)
VALUES (1, 'authority', '373', 'v', $$Source of information$$,
TRUE, FALSE, FALSE);
INSERT INTO config.marc_subfield(marc_format, marc_record_type, tag, code, description,
                                 repeatable, mandatory, hidden)
VALUES (1, 'authority', '373', '0', $$Record control number$$,
TRUE, FALSE, FALSE);
INSERT INTO config.marc_subfield(marc_format, marc_record_type, tag, code, description,
                                 repeatable, mandatory, hidden)
VALUES (1, 'authority', '373', '2', $$Source of term$$,
FALSE, FALSE, FALSE);
INSERT INTO config.marc_subfield(marc_format, marc_record_type, tag, code, description,
                                 repeatable, mandatory, hidden)
VALUES (1, 'authority', '373', '6', $$Linkage$$,
FALSE, FALSE, FALSE);
INSERT INTO config.marc_subfield(marc_format, marc_record_type, tag, code, description,
                                 repeatable, mandatory, hidden)
VALUES (1, 'authority', '373', '8', $$Field link and sequence number$$,
TRUE, FALSE, FALSE);
INSERT INTO config.marc_field(marc_format, marc_record_type, tag, name, description,
                              fixed_field, repeatable, mandatory, hidden)
VALUES (1, 'authority', '374', $$Occupation$$, $$Information about profession or occupation in which a person works or has worked, including dates applicable.$$,
FALSE, TRUE, FALSE, FALSE);
INSERT INTO config.record_attr_definition(name, label)
VALUES ('marc21_authority_374_ind_1', 'MARC 21 authority field 374 indicator position 1');
INSERT INTO config.coded_value_map(ctype, code, value, opac_visible, is_simple)
VALUES ('marc21_authority_374_ind_1', '#', $$Undefined$$, FALSE, TRUE);
INSERT INTO config.record_attr_definition(name, label)
VALUES ('marc21_authority_374_ind_2', 'MARC 21 authority field 374 indicator position 2');
INSERT INTO config.coded_value_map(ctype, code, value, opac_visible, is_simple)
VALUES ('marc21_authority_374_ind_2', '#', $$Undefined$$, FALSE, TRUE);
INSERT INTO config.marc_subfield(marc_format, marc_record_type, tag, code, description,
                                 repeatable, mandatory, hidden)
VALUES (1, 'authority', '374', 'a', $$Occupation$$,
TRUE, FALSE, FALSE);
INSERT INTO config.marc_subfield(marc_format, marc_record_type, tag, code, description,
                                 repeatable, mandatory, hidden)
VALUES (1, 'authority', '374', 's', $$Start period$$,
FALSE, FALSE, FALSE);
INSERT INTO config.marc_subfield(marc_format, marc_record_type, tag, code, description,
                                 repeatable, mandatory, hidden)
VALUES (1, 'authority', '374', 't', $$End period$$,
FALSE, FALSE, FALSE);
INSERT INTO config.marc_subfield(marc_format, marc_record_type, tag, code, description,
                                 repeatable, mandatory, hidden)
VALUES (1, 'authority', '374', 'u', $$Uniform Resource Identifier$$,
TRUE, FALSE, FALSE);
INSERT INTO config.marc_subfield(marc_format, marc_record_type, tag, code, description,
                                 repeatable, mandatory, hidden)
VALUES (1, 'authority', '374', 'v', $$Source of information$$,
TRUE, FALSE, FALSE);
INSERT INTO config.marc_subfield(marc_format, marc_record_type, tag, code, description,
                                 repeatable, mandatory, hidden)
VALUES (1, 'authority', '374', '0', $$Record control number$$,
TRUE, FALSE, FALSE);
INSERT INTO config.marc_subfield(marc_format, marc_record_type, tag, code, description,
                                 repeatable, mandatory, hidden)
VALUES (1, 'authority', '374', '2', $$Source of term$$,
FALSE, FALSE, FALSE);
INSERT INTO config.marc_subfield(marc_format, marc_record_type, tag, code, description,
                                 repeatable, mandatory, hidden)
VALUES (1, 'authority', '374', '6', $$Linkage$$,
FALSE, FALSE, FALSE);
INSERT INTO config.marc_subfield(marc_format, marc_record_type, tag, code, description,
                                 repeatable, mandatory, hidden)
VALUES (1, 'authority', '374', '8', $$Field link and sequence number$$,
TRUE, FALSE, FALSE);
INSERT INTO config.marc_field(marc_format, marc_record_type, tag, name, description,
                              fixed_field, repeatable, mandatory, hidden)
VALUES (1, 'authority', '375', $$Gender$$, $$Information about gender of a person, including dates applicable.$$,
FALSE, TRUE, FALSE, FALSE);
INSERT INTO config.record_attr_definition(name, label)
VALUES ('marc21_authority_375_ind_1', 'MARC 21 authority field 375 indicator position 1');
INSERT INTO config.coded_value_map(ctype, code, value, opac_visible, is_simple)
VALUES ('marc21_authority_375_ind_1', '#', $$Undefined$$, FALSE, TRUE);
INSERT INTO config.record_attr_definition(name, label)
VALUES ('marc21_authority_375_ind_2', 'MARC 21 authority field 375 indicator position 2');
INSERT INTO config.coded_value_map(ctype, code, value, opac_visible, is_simple)
VALUES ('marc21_authority_375_ind_2', '#', $$Undefined$$, FALSE, TRUE);
INSERT INTO config.marc_subfield(marc_format, marc_record_type, tag, code, description,
                                 repeatable, mandatory, hidden)
VALUES (1, 'authority', '375', 'a', $$Gender$$,
TRUE, FALSE, FALSE);
INSERT INTO config.marc_subfield(marc_format, marc_record_type, tag, code, description,
                                 repeatable, mandatory, hidden)
VALUES (1, 'authority', '375', 's', $$Start period$$,
FALSE, FALSE, FALSE);
INSERT INTO config.marc_subfield(marc_format, marc_record_type, tag, code, description,
                                 repeatable, mandatory, hidden)
VALUES (1, 'authority', '375', 't', $$End period$$,
FALSE, FALSE, FALSE);
INSERT INTO config.marc_subfield(marc_format, marc_record_type, tag, code, description,
                                 repeatable, mandatory, hidden)
VALUES (1, 'authority', '375', 'u', $$Uniform Resource Identifier$$,
TRUE, FALSE, FALSE);
INSERT INTO config.marc_subfield(marc_format, marc_record_type, tag, code, description,
                                 repeatable, mandatory, hidden)
VALUES (1, 'authority', '375', 'v', $$Source of information$$,
TRUE, FALSE, FALSE);
INSERT INTO config.marc_subfield(marc_format, marc_record_type, tag, code, description,
                                 repeatable, mandatory, hidden)
VALUES (1, 'authority', '375', '2', $$Source of term$$,
FALSE, FALSE, FALSE);
INSERT INTO config.marc_subfield(marc_format, marc_record_type, tag, code, description,
                                 repeatable, mandatory, hidden)
VALUES (1, 'authority', '375', '6', $$Linkage$$,
FALSE, FALSE, FALSE);
INSERT INTO config.marc_subfield(marc_format, marc_record_type, tag, code, description,
                                 repeatable, mandatory, hidden)
VALUES (1, 'authority', '375', '8', $$Field link and sequence number$$,
TRUE, FALSE, FALSE);
INSERT INTO config.marc_field(marc_format, marc_record_type, tag, name, description,
                              fixed_field, repeatable, mandatory, hidden)
VALUES (1, 'authority', '376', $$Family Information$$, $$Additional information about families, including type of family, prominent member of the family, and hereditary title.$$,
FALSE, TRUE, FALSE, FALSE);
INSERT INTO config.record_attr_definition(name, label)
VALUES ('marc21_authority_376_ind_1', 'MARC 21 authority field 376 indicator position 1');
INSERT INTO config.coded_value_map(ctype, code, value, opac_visible, is_simple)
VALUES ('marc21_authority_376_ind_1', '#', $$Undefined$$, FALSE, TRUE);
INSERT INTO config.record_attr_definition(name, label)
VALUES ('marc21_authority_376_ind_2', 'MARC 21 authority field 376 indicator position 2');
INSERT INTO config.coded_value_map(ctype, code, value, opac_visible, is_simple)
VALUES ('marc21_authority_376_ind_2', '#', $$Undefined$$, FALSE, TRUE);
INSERT INTO config.marc_subfield(marc_format, marc_record_type, tag, code, description,
                                 repeatable, mandatory, hidden)
VALUES (1, 'authority', '376', 'a', $$Type of family$$,
TRUE, FALSE, FALSE);
INSERT INTO config.marc_subfield(marc_format, marc_record_type, tag, code, description,
                                 repeatable, mandatory, hidden)
VALUES (1, 'authority', '376', 'b', $$Name of prominent member$$,
TRUE, FALSE, FALSE);
INSERT INTO config.marc_subfield(marc_format, marc_record_type, tag, code, description,
                                 repeatable, mandatory, hidden)
VALUES (1, 'authority', '376', 'c', $$Hereditary title$$,
TRUE, FALSE, FALSE);
INSERT INTO config.marc_subfield(marc_format, marc_record_type, tag, code, description,
                                 repeatable, mandatory, hidden)
VALUES (1, 'authority', '376', 's', $$Start period$$,
FALSE, FALSE, FALSE);
INSERT INTO config.marc_subfield(marc_format, marc_record_type, tag, code, description,
                                 repeatable, mandatory, hidden)
VALUES (1, 'authority', '376', 't', $$End period$$,
FALSE, FALSE, FALSE);
INSERT INTO config.marc_subfield(marc_format, marc_record_type, tag, code, description,
                                 repeatable, mandatory, hidden)
VALUES (1, 'authority', '376', 'u', $$Uniform Resource Identifier$$,
TRUE, FALSE, FALSE);
INSERT INTO config.marc_subfield(marc_format, marc_record_type, tag, code, description,
                                 repeatable, mandatory, hidden)
VALUES (1, 'authority', '376', 'v', $$Source of information$$,
TRUE, FALSE, FALSE);
INSERT INTO config.marc_subfield(marc_format, marc_record_type, tag, code, description,
                                 repeatable, mandatory, hidden)
VALUES (1, 'authority', '376', '0', $$Record control number$$,
TRUE, FALSE, FALSE);
INSERT INTO config.marc_subfield(marc_format, marc_record_type, tag, code, description,
                                 repeatable, mandatory, hidden)
VALUES (1, 'authority', '376', '2', $$Source of term$$,
FALSE, FALSE, FALSE);
INSERT INTO config.marc_subfield(marc_format, marc_record_type, tag, code, description,
                                 repeatable, mandatory, hidden)
VALUES (1, 'authority', '376', '6', $$Linkage$$,
FALSE, FALSE, FALSE);
INSERT INTO config.marc_subfield(marc_format, marc_record_type, tag, code, description,
                                 repeatable, mandatory, hidden)
VALUES (1, 'authority', '376', '8', $$Field link and sequence number$$,
TRUE, FALSE, FALSE);
INSERT INTO config.marc_field(marc_format, marc_record_type, tag, name, description,
                              fixed_field, repeatable, mandatory, hidden)
VALUES (1, 'authority', '377', $$Associated Language$$, $$: the language a person uses when writing for publication, broadcasting, etc.$$,
FALSE, TRUE, FALSE, FALSE);
INSERT INTO config.record_attr_definition(name, label)
VALUES ('marc21_authority_377_ind_1', 'MARC 21 authority field 377 indicator position 1');
INSERT INTO config.coded_value_map(ctype, code, value, opac_visible, is_simple)
VALUES ('marc21_authority_377_ind_1', '#', $$Undefined$$, FALSE, TRUE);
INSERT INTO config.record_attr_definition(name, label)
VALUES ('marc21_authority_377_ind_2', 'MARC 21 authority field 377 indicator position 2');
INSERT INTO config.coded_value_map(ctype, code, value, opac_visible, is_simple)
VALUES ('marc21_authority_377_ind_2', '#', $$MARC language code$$, FALSE, TRUE);
INSERT INTO config.coded_value_map(ctype, code, value, opac_visible, is_simple)
VALUES ('marc21_authority_377_ind_2', '7', $$Source specified in $2$$, FALSE, TRUE);
INSERT INTO config.marc_subfield(marc_format, marc_record_type, tag, code, description,
                                 repeatable, mandatory, hidden)
VALUES (1, 'authority', '377', 'a', $$Language code$$,
TRUE, FALSE, FALSE);
INSERT INTO config.marc_subfield(marc_format, marc_record_type, tag, code, description,
                                 repeatable, mandatory, hidden)
VALUES (1, 'authority', '377', '2', $$Source of term$$,
FALSE, FALSE, FALSE);
INSERT INTO config.marc_subfield(marc_format, marc_record_type, tag, code, description,
                                 repeatable, mandatory, hidden)
VALUES (1, 'authority', '377', '6', $$Linkage$$,
FALSE, FALSE, FALSE);
INSERT INTO config.marc_subfield(marc_format, marc_record_type, tag, code, description,
                                 repeatable, mandatory, hidden)
VALUES (1, 'authority', '377', '8', $$Field link and sequence number$$,
TRUE, FALSE, FALSE);
INSERT INTO config.marc_field(marc_format, marc_record_type, tag, name, description,
                              fixed_field, repeatable, mandatory, hidden)
VALUES (1, 'authority', '380', $$Form of Work$$, $$A class or genre to which a work belongs. May be used to differentiate a work from another work with the same title.$$,
FALSE, TRUE, FALSE, FALSE);
INSERT INTO config.record_attr_definition(name, label)
VALUES ('marc21_authority_380_ind_1', 'MARC 21 authority field 380 indicator position 1');
INSERT INTO config.coded_value_map(ctype, code, value, opac_visible, is_simple)
VALUES ('marc21_authority_380_ind_1', '#', $$Undefined$$, FALSE, TRUE);
INSERT INTO config.record_attr_definition(name, label)
VALUES ('marc21_authority_380_ind_2', 'MARC 21 authority field 380 indicator position 2');
INSERT INTO config.coded_value_map(ctype, code, value, opac_visible, is_simple)
VALUES ('marc21_authority_380_ind_2', '#', $$Undefined$$, FALSE, TRUE);
INSERT INTO config.marc_subfield(marc_format, marc_record_type, tag, code, description,
                                 repeatable, mandatory, hidden)
VALUES (1, 'authority', '380', 'a', $$Form of work$$,
TRUE, FALSE, FALSE);
INSERT INTO config.marc_subfield(marc_format, marc_record_type, tag, code, description,
                                 repeatable, mandatory, hidden)
VALUES (1, 'authority', '380', '0', $$Record control number$$,
TRUE, FALSE, FALSE);
INSERT INTO config.marc_subfield(marc_format, marc_record_type, tag, code, description,
                                 repeatable, mandatory, hidden)
VALUES (1, 'authority', '380', '2', $$Source of term$$,
FALSE, FALSE, FALSE);
INSERT INTO config.marc_subfield(marc_format, marc_record_type, tag, code, description,
                                 repeatable, mandatory, hidden)
VALUES (1, 'authority', '380', '6', $$Linkage$$,
FALSE, FALSE, FALSE);
INSERT INTO config.marc_subfield(marc_format, marc_record_type, tag, code, description,
                                 repeatable, mandatory, hidden)
VALUES (1, 'authority', '380', '8', $$Field link and sequence number$$,
TRUE, FALSE, FALSE);
INSERT INTO config.marc_field(marc_format, marc_record_type, tag, name, description,
                              fixed_field, repeatable, mandatory, hidden)
VALUES (1, 'authority', '381', $$Other Distinguishing Characteristics of Work or Expression$$, $$Any characteristic that is not accommodated in a special field that serves to characterize a work or expression. Examples are an issuing body, arranged statement of music, version, or a geographic term. May be used to differentiate a work from another work with the same title.$$,
FALSE, TRUE, FALSE, FALSE);
INSERT INTO config.record_attr_definition(name, label)
VALUES ('marc21_authority_381_ind_1', 'MARC 21 authority field 381 indicator position 1');
INSERT INTO config.coded_value_map(ctype, code, value, opac_visible, is_simple)
VALUES ('marc21_authority_381_ind_1', '#', $$Undefined$$, FALSE, TRUE);
INSERT INTO config.record_attr_definition(name, label)
VALUES ('marc21_authority_381_ind_2', 'MARC 21 authority field 381 indicator position 2');
INSERT INTO config.coded_value_map(ctype, code, value, opac_visible, is_simple)
VALUES ('marc21_authority_381_ind_2', '#', $$Undefined$$, FALSE, TRUE);
INSERT INTO config.marc_subfield(marc_format, marc_record_type, tag, code, description,
                                 repeatable, mandatory, hidden)
VALUES (1, 'authority', '381', 'a', $$Other distinguishing characteristic$$,
TRUE, FALSE, FALSE);
INSERT INTO config.marc_subfield(marc_format, marc_record_type, tag, code, description,
                                 repeatable, mandatory, hidden)
VALUES (1, 'authority', '381', 'u', $$Uniform Resource Identifier$$,
TRUE, FALSE, FALSE);
INSERT INTO config.marc_subfield(marc_format, marc_record_type, tag, code, description,
                                 repeatable, mandatory, hidden)
VALUES (1, 'authority', '381', 'v', $$Source of information$$,
TRUE, FALSE, FALSE);
INSERT INTO config.marc_subfield(marc_format, marc_record_type, tag, code, description,
                                 repeatable, mandatory, hidden)
VALUES (1, 'authority', '381', '0', $$Record control number$$,
TRUE, FALSE, FALSE);
INSERT INTO config.marc_subfield(marc_format, marc_record_type, tag, code, description,
                                 repeatable, mandatory, hidden)
VALUES (1, 'authority', '381', '2', $$Source of term$$,
FALSE, FALSE, FALSE);
INSERT INTO config.marc_subfield(marc_format, marc_record_type, tag, code, description,
                                 repeatable, mandatory, hidden)
VALUES (1, 'authority', '381', '6', $$Linkage$$,
FALSE, FALSE, FALSE);
INSERT INTO config.marc_subfield(marc_format, marc_record_type, tag, code, description,
                                 repeatable, mandatory, hidden)
VALUES (1, 'authority', '381', '8', $$Field link and sequence number$$,
TRUE, FALSE, FALSE);
INSERT INTO config.marc_field(marc_format, marc_record_type, tag, name, description,
                              fixed_field, repeatable, mandatory, hidden)
VALUES (1, 'authority', '382', $$Medium of Performance$$, $$The instrumental, vocal, and/or other medium of performance for which a musical work was originally conceived or for which a musical expression is written or performed. May be used to differentiate a musical work or expression from another with the same title.$$,
FALSE, TRUE, FALSE, FALSE);
INSERT INTO config.record_attr_definition(name, label)
VALUES ('marc21_authority_382_ind_1', 'MARC 21 authority field 382 indicator position 1');
INSERT INTO config.coded_value_map(ctype, code, value, opac_visible, is_simple)
VALUES ('marc21_authority_382_ind_1', '#', $$Undefined$$, FALSE, TRUE);
INSERT INTO config.record_attr_definition(name, label)
VALUES ('marc21_authority_382_ind_2', 'MARC 21 authority field 382 indicator position 2');
INSERT INTO config.coded_value_map(ctype, code, value, opac_visible, is_simple)
VALUES ('marc21_authority_382_ind_2', '#', $$Undefined$$, FALSE, TRUE);
INSERT INTO config.marc_subfield(marc_format, marc_record_type, tag, code, description,
                                 repeatable, mandatory, hidden)
VALUES (1, 'authority', '382', 'a', $$Medium of performance$$,
TRUE, FALSE, FALSE);
INSERT INTO config.marc_subfield(marc_format, marc_record_type, tag, code, description,
                                 repeatable, mandatory, hidden)
VALUES (1, 'authority', '382', '0', $$Record control number$$,
TRUE, FALSE, FALSE);
INSERT INTO config.marc_subfield(marc_format, marc_record_type, tag, code, description,
                                 repeatable, mandatory, hidden)
VALUES (1, 'authority', '382', '2', $$Source of term$$,
FALSE, FALSE, FALSE);
INSERT INTO config.marc_subfield(marc_format, marc_record_type, tag, code, description,
                                 repeatable, mandatory, hidden)
VALUES (1, 'authority', '382', '6', $$Linkage$$,
FALSE, FALSE, FALSE);
INSERT INTO config.marc_subfield(marc_format, marc_record_type, tag, code, description,
                                 repeatable, mandatory, hidden)
VALUES (1, 'authority', '382', '8', $$Field link and sequence number$$,
TRUE, FALSE, FALSE);
INSERT INTO config.marc_field(marc_format, marc_record_type, tag, name, description,
                              fixed_field, repeatable, mandatory, hidden)
VALUES (1, 'authority', '383', $$Numeric Designation of Musical Work$$, $$A serial number, opus number, or thematic index number assigned to a musical work by the composer, publisher, or a musicologist. May be used to differentiate a musical work from another with the same title.$$,
FALSE, TRUE, FALSE, FALSE);
INSERT INTO config.record_attr_definition(name, label)
VALUES ('marc21_authority_383_ind_1', 'MARC 21 authority field 383 indicator position 1');
INSERT INTO config.coded_value_map(ctype, code, value, opac_visible, is_simple)
VALUES ('marc21_authority_383_ind_1', '#', $$Undefined$$, FALSE, TRUE);
INSERT INTO config.record_attr_definition(name, label)
VALUES ('marc21_authority_383_ind_2', 'MARC 21 authority field 383 indicator position 2');
INSERT INTO config.coded_value_map(ctype, code, value, opac_visible, is_simple)
VALUES ('marc21_authority_383_ind_2', '#', $$Undefined$$, FALSE, TRUE);
INSERT INTO config.marc_subfield(marc_format, marc_record_type, tag, code, description,
                                 repeatable, mandatory, hidden)
VALUES (1, 'authority', '383', 'a', $$Serial number$$,
TRUE, FALSE, FALSE);
INSERT INTO config.marc_subfield(marc_format, marc_record_type, tag, code, description,
                                 repeatable, mandatory, hidden)
VALUES (1, 'authority', '383', 'b', $$Opus number$$,
TRUE, FALSE, FALSE);
INSERT INTO config.marc_subfield(marc_format, marc_record_type, tag, code, description,
                                 repeatable, mandatory, hidden)
VALUES (1, 'authority', '383', 'c', $$Thematic index number$$,
TRUE, FALSE, FALSE);
INSERT INTO config.marc_subfield(marc_format, marc_record_type, tag, code, description,
                                 repeatable, mandatory, hidden)
VALUES (1, 'authority', '383', '6', $$Linkage$$,
FALSE, FALSE, FALSE);
INSERT INTO config.marc_subfield(marc_format, marc_record_type, tag, code, description,
                                 repeatable, mandatory, hidden)
VALUES (1, 'authority', '383', '8', $$Field link and sequence number$$,
TRUE, FALSE, FALSE);
INSERT INTO config.marc_field(marc_format, marc_record_type, tag, name, description,
                              fixed_field, repeatable, mandatory, hidden)
VALUES (1, 'authority', '384', $$Key$$, $$The set of pitch relationships that establishes a single pitch class as a tonal centre for a musical work or expression. May be used to differentiate a musical work or expression from another with the same title.$$,
FALSE, FALSE, FALSE, FALSE);
INSERT INTO config.record_attr_definition(name, label)
VALUES ('marc21_authority_384_ind_1', 'MARC 21 authority field 384 indicator position 1');
INSERT INTO config.coded_value_map(ctype, code, value, opac_visible, is_simple)
VALUES ('marc21_authority_384_ind_1', '#', $$Relationship to original unknown$$, FALSE, TRUE);
INSERT INTO config.coded_value_map(ctype, code, value, opac_visible, is_simple)
VALUES ('marc21_authority_384_ind_1', '0', $$Original key$$, FALSE, TRUE);
INSERT INTO config.coded_value_map(ctype, code, value, opac_visible, is_simple)
VALUES ('marc21_authority_384_ind_1', '1', $$Transposed key$$, FALSE, TRUE);
INSERT INTO config.record_attr_definition(name, label)
VALUES ('marc21_authority_384_ind_2', 'MARC 21 authority field 384 indicator position 2');
INSERT INTO config.coded_value_map(ctype, code, value, opac_visible, is_simple)
VALUES ('marc21_authority_384_ind_2', '#', $$Undefined$$, FALSE, TRUE);
INSERT INTO config.marc_subfield(marc_format, marc_record_type, tag, code, description,
                                 repeatable, mandatory, hidden)
VALUES (1, 'authority', '384', 'a', $$Key$$,
FALSE, FALSE, FALSE);
INSERT INTO config.marc_subfield(marc_format, marc_record_type, tag, code, description,
                                 repeatable, mandatory, hidden)
VALUES (1, 'authority', '384', '6', $$Linkage$$,
FALSE, FALSE, FALSE);
INSERT INTO config.marc_subfield(marc_format, marc_record_type, tag, code, description,
                                 repeatable, mandatory, hidden)
VALUES (1, 'authority', '384', '8', $$Field link and sequence number$$,
TRUE, FALSE, FALSE);
INSERT INTO config.marc_field(marc_format, marc_record_type, tag, name, description,
                              fixed_field, repeatable, mandatory, hidden)
VALUES (1, 'authority', '400', $$See From Tracing-Personal Name$$, $$Tracing for a personal name reference.$$,
FALSE, TRUE, FALSE, FALSE);
INSERT INTO config.record_attr_definition(name, label)
VALUES ('marc21_authority_400_ind_1', 'MARC 21 authority field 400 indicator position 1');
INSERT INTO config.coded_value_map(ctype, code, value, opac_visible, is_simple)
VALUES ('marc21_authority_400_ind_1', '0', $$Forename$$, FALSE, TRUE);
INSERT INTO config.coded_value_map(ctype, code, value, opac_visible, is_simple)
VALUES ('marc21_authority_400_ind_1', '1', $$Surname$$, FALSE, TRUE);
INSERT INTO config.coded_value_map(ctype, code, value, opac_visible, is_simple)
VALUES ('marc21_authority_400_ind_1', '3', $$Family name$$, FALSE, TRUE);
INSERT INTO config.record_attr_definition(name, label)
VALUES ('marc21_authority_400_ind_2', 'MARC 21 authority field 400 indicator position 2');
INSERT INTO config.coded_value_map(ctype, code, value, opac_visible, is_simple)
VALUES ('marc21_authority_400_ind_2', '#', $$Undefined$$, FALSE, TRUE);
INSERT INTO config.marc_subfield(marc_format, marc_record_type, tag, code, description,
                                 repeatable, mandatory, hidden)
VALUES (1, 'authority', '400', 'a', $$Personal name$$,
FALSE, FALSE, FALSE);
INSERT INTO config.marc_subfield(marc_format, marc_record_type, tag, code, description,
                                 repeatable, mandatory, hidden)
VALUES (1, 'authority', '400', 'b', $$Numeration$$,
FALSE, FALSE, FALSE);
INSERT INTO config.marc_subfield(marc_format, marc_record_type, tag, code, description,
                                 repeatable, mandatory, hidden)
VALUES (1, 'authority', '400', 'c', $$Titles and other words associated with a name$$,
TRUE, FALSE, FALSE);
INSERT INTO config.marc_subfield(marc_format, marc_record_type, tag, code, description,
                                 repeatable, mandatory, hidden)
VALUES (1, 'authority', '400', 'd', $$Dates associated with a name$$,
FALSE, FALSE, FALSE);
INSERT INTO config.marc_subfield(marc_format, marc_record_type, tag, code, description,
                                 repeatable, mandatory, hidden)
VALUES (1, 'authority', '400', 'e', $$Relator term$$,
TRUE, FALSE, FALSE);
INSERT INTO config.marc_subfield(marc_format, marc_record_type, tag, code, description,
                                 repeatable, mandatory, hidden)
VALUES (1, 'authority', '400', 'f', $$Date of a work$$,
FALSE, FALSE, FALSE);
INSERT INTO config.marc_subfield(marc_format, marc_record_type, tag, code, description,
                                 repeatable, mandatory, hidden)
VALUES (1, 'authority', '400', 'g', $$Miscellaneous information$$,
FALSE, FALSE, FALSE);
INSERT INTO config.marc_subfield(marc_format, marc_record_type, tag, code, description,
                                 repeatable, mandatory, hidden)
VALUES (1, 'authority', '400', 'h', $$Medium$$,
FALSE, FALSE, FALSE);
INSERT INTO config.marc_subfield(marc_format, marc_record_type, tag, code, description,
                                 repeatable, mandatory, hidden)
VALUES (1, 'authority', '400', 'i', $$Relationship information$$,
TRUE, FALSE, FALSE);
INSERT INTO config.marc_subfield(marc_format, marc_record_type, tag, code, description,
                                 repeatable, mandatory, hidden)
VALUES (1, 'authority', '400', 'j', $$Attribution qualifier$$,
TRUE, FALSE, FALSE);
INSERT INTO config.marc_subfield(marc_format, marc_record_type, tag, code, description,
                                 repeatable, mandatory, hidden)
VALUES (1, 'authority', '400', 'k', $$Form subheading$$,
TRUE, FALSE, FALSE);
INSERT INTO config.marc_subfield(marc_format, marc_record_type, tag, code, description,
                                 repeatable, mandatory, hidden)
VALUES (1, 'authority', '400', 'l', $$Language of a work$$,
FALSE, FALSE, FALSE);
INSERT INTO config.marc_subfield(marc_format, marc_record_type, tag, code, description,
                                 repeatable, mandatory, hidden)
VALUES (1, 'authority', '400', 'm', $$Medium of performance for music$$,
TRUE, FALSE, FALSE);
INSERT INTO config.marc_subfield(marc_format, marc_record_type, tag, code, description,
                                 repeatable, mandatory, hidden)
VALUES (1, 'authority', '400', 'n', $$Number of part/section of a work$$,
TRUE, FALSE, FALSE);
INSERT INTO config.marc_subfield(marc_format, marc_record_type, tag, code, description,
                                 repeatable, mandatory, hidden)
VALUES (1, 'authority', '400', 'o', $$Arranged statement for music$$,
FALSE, FALSE, FALSE);
INSERT INTO config.marc_subfield(marc_format, marc_record_type, tag, code, description,
                                 repeatable, mandatory, hidden)
VALUES (1, 'authority', '400', 'p', $$Name of part/section of a work$$,
TRUE, FALSE, FALSE);
INSERT INTO config.marc_subfield(marc_format, marc_record_type, tag, code, description,
                                 repeatable, mandatory, hidden)
VALUES (1, 'authority', '400', 'q', $$Fuller form of name$$,
FALSE, FALSE, FALSE);
INSERT INTO config.marc_subfield(marc_format, marc_record_type, tag, code, description,
                                 repeatable, mandatory, hidden)
VALUES (1, 'authority', '400', 'r', $$Key for music$$,
FALSE, FALSE, FALSE);
INSERT INTO config.marc_subfield(marc_format, marc_record_type, tag, code, description,
                                 repeatable, mandatory, hidden)
VALUES (1, 'authority', '400', 's', $$Version$$,
FALSE, FALSE, FALSE);
INSERT INTO config.marc_subfield(marc_format, marc_record_type, tag, code, description,
                                 repeatable, mandatory, hidden)
VALUES (1, 'authority', '400', 't', $$Title of a work$$,
FALSE, FALSE, FALSE);
INSERT INTO config.marc_subfield(marc_format, marc_record_type, tag, code, description,
                                 repeatable, mandatory, hidden)
VALUES (1, 'authority', '400', 'v', $$Form subdivision$$,
TRUE, FALSE, FALSE);
INSERT INTO config.marc_subfield(marc_format, marc_record_type, tag, code, description,
                                 repeatable, mandatory, hidden)
VALUES (1, 'authority', '400', 'w', $$Control subfield$$,
FALSE, FALSE, FALSE);
INSERT INTO config.marc_subfield(marc_format, marc_record_type, tag, code, description,
                                 repeatable, mandatory, hidden)
VALUES (1, 'authority', '400', 'x', $$General subdivision$$,
TRUE, FALSE, FALSE);
INSERT INTO config.marc_subfield(marc_format, marc_record_type, tag, code, description,
                                 repeatable, mandatory, hidden)
VALUES (1, 'authority', '400', 'y', $$Chronological subdivision$$,
TRUE, FALSE, FALSE);
INSERT INTO config.marc_subfield(marc_format, marc_record_type, tag, code, description,
                                 repeatable, mandatory, hidden)
VALUES (1, 'authority', '400', 'z', $$Geographic subdivision$$,
TRUE, FALSE, FALSE);
INSERT INTO config.marc_subfield(marc_format, marc_record_type, tag, code, description,
                                 repeatable, mandatory, hidden)
VALUES (1, 'authority', '400', '4', $$Relationship code$$,
TRUE, FALSE, FALSE);
INSERT INTO config.marc_subfield(marc_format, marc_record_type, tag, code, description,
                                 repeatable, mandatory, hidden)
VALUES (1, 'authority', '400', '5', $$Institution to which field applies$$,
TRUE, FALSE, FALSE);
INSERT INTO config.marc_subfield(marc_format, marc_record_type, tag, code, description,
                                 repeatable, mandatory, hidden)
VALUES (1, 'authority', '400', '6', $$Linkage$$,
FALSE, FALSE, FALSE);
INSERT INTO config.marc_subfield(marc_format, marc_record_type, tag, code, description,
                                 repeatable, mandatory, hidden)
VALUES (1, 'authority', '400', '8', $$Field link and sequence number$$,
TRUE, FALSE, FALSE);
INSERT INTO config.marc_field(marc_format, marc_record_type, tag, name, description,
                              fixed_field, repeatable, mandatory, hidden)
VALUES (1, 'authority', '410', $$See From Tracing-Corporate Name$$, $$Tracing for a corporate name reference.$$,
FALSE, TRUE, FALSE, FALSE);
INSERT INTO config.record_attr_definition(name, label)
VALUES ('marc21_authority_410_ind_1', 'MARC 21 authority field 410 indicator position 1');
INSERT INTO config.coded_value_map(ctype, code, value, opac_visible, is_simple)
VALUES ('marc21_authority_410_ind_1', '0', $$Inverted name$$, FALSE, TRUE);
INSERT INTO config.coded_value_map(ctype, code, value, opac_visible, is_simple)
VALUES ('marc21_authority_410_ind_1', '1', $$Jurisdiction name$$, FALSE, TRUE);
INSERT INTO config.coded_value_map(ctype, code, value, opac_visible, is_simple)
VALUES ('marc21_authority_410_ind_1', '2', $$Name in direct order$$, FALSE, TRUE);
INSERT INTO config.record_attr_definition(name, label)
VALUES ('marc21_authority_410_ind_2', 'MARC 21 authority field 410 indicator position 2');
INSERT INTO config.coded_value_map(ctype, code, value, opac_visible, is_simple)
VALUES ('marc21_authority_410_ind_2', '#', $$Undefined$$, FALSE, TRUE);
INSERT INTO config.marc_subfield(marc_format, marc_record_type, tag, code, description,
                                 repeatable, mandatory, hidden)
VALUES (1, 'authority', '410', 'a', $$Corporate name or jurisdiction name as entry element$$,
FALSE, FALSE, FALSE);
INSERT INTO config.marc_subfield(marc_format, marc_record_type, tag, code, description,
                                 repeatable, mandatory, hidden)
VALUES (1, 'authority', '410', 'b', $$Subordinate unit$$,
TRUE, FALSE, FALSE);
INSERT INTO config.marc_subfield(marc_format, marc_record_type, tag, code, description,
                                 repeatable, mandatory, hidden)
VALUES (1, 'authority', '410', 'c', $$Location of meeting$$,
FALSE, FALSE, FALSE);
INSERT INTO config.marc_subfield(marc_format, marc_record_type, tag, code, description,
                                 repeatable, mandatory, hidden)
VALUES (1, 'authority', '410', 'd', $$Date of meeting or treaty signing$$,
TRUE, FALSE, FALSE);
INSERT INTO config.marc_subfield(marc_format, marc_record_type, tag, code, description,
                                 repeatable, mandatory, hidden)
VALUES (1, 'authority', '410', 'e', $$Relator term$$,
TRUE, FALSE, FALSE);
INSERT INTO config.marc_subfield(marc_format, marc_record_type, tag, code, description,
                                 repeatable, mandatory, hidden)
VALUES (1, 'authority', '410', 'f', $$Date of a work$$,
FALSE, FALSE, FALSE);
INSERT INTO config.marc_subfield(marc_format, marc_record_type, tag, code, description,
                                 repeatable, mandatory, hidden)
VALUES (1, 'authority', '410', 'g', $$Miscellaneous information$$,
FALSE, FALSE, FALSE);
INSERT INTO config.marc_subfield(marc_format, marc_record_type, tag, code, description,
                                 repeatable, mandatory, hidden)
VALUES (1, 'authority', '410', 'h', $$Medium$$,
FALSE, FALSE, FALSE);
INSERT INTO config.marc_subfield(marc_format, marc_record_type, tag, code, description,
                                 repeatable, mandatory, hidden)
VALUES (1, 'authority', '410', 'i', $$Relationship information$$,
TRUE, FALSE, FALSE);
INSERT INTO config.marc_subfield(marc_format, marc_record_type, tag, code, description,
                                 repeatable, mandatory, hidden)
VALUES (1, 'authority', '410', 'k', $$Form subheading$$,
TRUE, FALSE, FALSE);
INSERT INTO config.marc_subfield(marc_format, marc_record_type, tag, code, description,
                                 repeatable, mandatory, hidden)
VALUES (1, 'authority', '410', 'l', $$Language of a work$$,
FALSE, FALSE, FALSE);
INSERT INTO config.marc_subfield(marc_format, marc_record_type, tag, code, description,
                                 repeatable, mandatory, hidden)
VALUES (1, 'authority', '410', 'm', $$Medium of performance for music$$,
TRUE, FALSE, FALSE);
INSERT INTO config.marc_subfield(marc_format, marc_record_type, tag, code, description,
                                 repeatable, mandatory, hidden)
VALUES (1, 'authority', '410', 'n', $$Number of part/section/meeting$$,
TRUE, FALSE, FALSE);
INSERT INTO config.marc_subfield(marc_format, marc_record_type, tag, code, description,
                                 repeatable, mandatory, hidden)
VALUES (1, 'authority', '410', 'o', $$Arranged statement for music$$,
FALSE, FALSE, FALSE);
INSERT INTO config.marc_subfield(marc_format, marc_record_type, tag, code, description,
                                 repeatable, mandatory, hidden)
VALUES (1, 'authority', '410', 'p', $$Name of part/section of a work$$,
TRUE, FALSE, FALSE);
INSERT INTO config.marc_subfield(marc_format, marc_record_type, tag, code, description,
                                 repeatable, mandatory, hidden)
VALUES (1, 'authority', '410', 'r', $$Key for music$$,
FALSE, FALSE, FALSE);
INSERT INTO config.marc_subfield(marc_format, marc_record_type, tag, code, description,
                                 repeatable, mandatory, hidden)
VALUES (1, 'authority', '410', 's', $$Version$$,
FALSE, FALSE, FALSE);
INSERT INTO config.marc_subfield(marc_format, marc_record_type, tag, code, description,
                                 repeatable, mandatory, hidden)
VALUES (1, 'authority', '410', 't', $$Title of a work$$,
FALSE, FALSE, FALSE);
INSERT INTO config.marc_subfield(marc_format, marc_record_type, tag, code, description,
                                 repeatable, mandatory, hidden)
VALUES (1, 'authority', '410', 'v', $$Form subdivision$$,
TRUE, FALSE, FALSE);
INSERT INTO config.marc_subfield(marc_format, marc_record_type, tag, code, description,
                                 repeatable, mandatory, hidden)
VALUES (1, 'authority', '410', 'w', $$Control subfield$$,
FALSE, FALSE, FALSE);
INSERT INTO config.marc_subfield(marc_format, marc_record_type, tag, code, description,
                                 repeatable, mandatory, hidden)
VALUES (1, 'authority', '410', 'x', $$General subdivision$$,
TRUE, FALSE, FALSE);
INSERT INTO config.marc_subfield(marc_format, marc_record_type, tag, code, description,
                                 repeatable, mandatory, hidden)
VALUES (1, 'authority', '410', 'y', $$Chronological subdivision$$,
TRUE, FALSE, FALSE);
INSERT INTO config.marc_subfield(marc_format, marc_record_type, tag, code, description,
                                 repeatable, mandatory, hidden)
VALUES (1, 'authority', '410', 'z', $$Geographic subdivision$$,
TRUE, FALSE, FALSE);
INSERT INTO config.marc_subfield(marc_format, marc_record_type, tag, code, description,
                                 repeatable, mandatory, hidden)
VALUES (1, 'authority', '410', '4', $$Relationship code$$,
TRUE, FALSE, FALSE);
INSERT INTO config.marc_subfield(marc_format, marc_record_type, tag, code, description,
                                 repeatable, mandatory, hidden)
VALUES (1, 'authority', '410', '5', $$Institution to which field applies$$,
TRUE, FALSE, FALSE);
INSERT INTO config.marc_subfield(marc_format, marc_record_type, tag, code, description,
                                 repeatable, mandatory, hidden)
VALUES (1, 'authority', '410', '6', $$Linkage$$,
FALSE, FALSE, FALSE);
INSERT INTO config.marc_subfield(marc_format, marc_record_type, tag, code, description,
                                 repeatable, mandatory, hidden)
VALUES (1, 'authority', '410', '8', $$Field link and sequence number$$,
TRUE, FALSE, FALSE);
INSERT INTO config.marc_field(marc_format, marc_record_type, tag, name, description,
                              fixed_field, repeatable, mandatory, hidden)
VALUES (1, 'authority', '411', $$See From Tracing-Meeting Name$$, $$Tracing for a meeting name reference. It is used in an established heading record or an established heading and subdivision record to trace a see from reference from a meeting name not used to an established heading.$$,
FALSE, TRUE, FALSE, FALSE);
INSERT INTO config.record_attr_definition(name, label)
VALUES ('marc21_authority_411_ind_1', 'MARC 21 authority field 411 indicator position 1');
INSERT INTO config.coded_value_map(ctype, code, value, opac_visible, is_simple)
VALUES ('marc21_authority_411_ind_1', '0', $$Inverted name$$, FALSE, TRUE);
INSERT INTO config.coded_value_map(ctype, code, value, opac_visible, is_simple)
VALUES ('marc21_authority_411_ind_1', '1', $$Jurisdiction name$$, FALSE, TRUE);
INSERT INTO config.coded_value_map(ctype, code, value, opac_visible, is_simple)
VALUES ('marc21_authority_411_ind_1', '2', $$Name in direct order$$, FALSE, TRUE);
INSERT INTO config.record_attr_definition(name, label)
VALUES ('marc21_authority_411_ind_2', 'MARC 21 authority field 411 indicator position 2');
INSERT INTO config.coded_value_map(ctype, code, value, opac_visible, is_simple)
VALUES ('marc21_authority_411_ind_2', '#', $$Undefined$$, FALSE, TRUE);
INSERT INTO config.marc_subfield(marc_format, marc_record_type, tag, code, description,
                                 repeatable, mandatory, hidden)
VALUES (1, 'authority', '411', 'a', $$Meeting name or jurisdiction name as entry element$$,
FALSE, FALSE, FALSE);
INSERT INTO config.marc_subfield(marc_format, marc_record_type, tag, code, description,
                                 repeatable, mandatory, hidden)
VALUES (1, 'authority', '411', 'c', $$Location of meeting$$,
FALSE, FALSE, FALSE);
INSERT INTO config.marc_subfield(marc_format, marc_record_type, tag, code, description,
                                 repeatable, mandatory, hidden)
VALUES (1, 'authority', '411', 'd', $$Date of meeting$$,
FALSE, FALSE, FALSE);
INSERT INTO config.marc_subfield(marc_format, marc_record_type, tag, code, description,
                                 repeatable, mandatory, hidden)
VALUES (1, 'authority', '411', 'e', $$Subordinate unit$$,
TRUE, FALSE, FALSE);
INSERT INTO config.marc_subfield(marc_format, marc_record_type, tag, code, description,
                                 repeatable, mandatory, hidden)
VALUES (1, 'authority', '411', 'f', $$Date of a work$$,
FALSE, FALSE, FALSE);
INSERT INTO config.marc_subfield(marc_format, marc_record_type, tag, code, description,
                                 repeatable, mandatory, hidden)
VALUES (1, 'authority', '411', 'g', $$Miscellaneous information$$,
FALSE, FALSE, FALSE);
INSERT INTO config.marc_subfield(marc_format, marc_record_type, tag, code, description,
                                 repeatable, mandatory, hidden)
VALUES (1, 'authority', '411', 'h', $$Medium$$,
FALSE, FALSE, FALSE);
INSERT INTO config.marc_subfield(marc_format, marc_record_type, tag, code, description,
                                 repeatable, mandatory, hidden)
VALUES (1, 'authority', '411', 'i', $$Relationship information$$,
TRUE, FALSE, FALSE);
INSERT INTO config.marc_subfield(marc_format, marc_record_type, tag, code, description,
                                 repeatable, mandatory, hidden)
VALUES (1, 'authority', '411', 'j', $$Relator term$$,
TRUE, FALSE, FALSE);
INSERT INTO config.marc_subfield(marc_format, marc_record_type, tag, code, description,
                                 repeatable, mandatory, hidden)
VALUES (1, 'authority', '411', 'k', $$Form subheading$$,
TRUE, FALSE, FALSE);
INSERT INTO config.marc_subfield(marc_format, marc_record_type, tag, code, description,
                                 repeatable, mandatory, hidden)
VALUES (1, 'authority', '411', 'l', $$Language of a work$$,
FALSE, FALSE, FALSE);
INSERT INTO config.marc_subfield(marc_format, marc_record_type, tag, code, description,
                                 repeatable, mandatory, hidden)
VALUES (1, 'authority', '411', 'n', $$Number of part/section/meeting$$,
TRUE, FALSE, FALSE);
INSERT INTO config.marc_subfield(marc_format, marc_record_type, tag, code, description,
                                 repeatable, mandatory, hidden)
VALUES (1, 'authority', '411', 'p', $$Name of part/section of a work$$,
TRUE, FALSE, FALSE);
INSERT INTO config.marc_subfield(marc_format, marc_record_type, tag, code, description,
                                 repeatable, mandatory, hidden)
VALUES (1, 'authority', '411', 'q', $$Name of meeting following jurisdiction name entry element$$,
FALSE, FALSE, FALSE);
INSERT INTO config.marc_subfield(marc_format, marc_record_type, tag, code, description,
                                 repeatable, mandatory, hidden)
VALUES (1, 'authority', '411', 's', $$Version$$,
FALSE, FALSE, FALSE);
INSERT INTO config.marc_subfield(marc_format, marc_record_type, tag, code, description,
                                 repeatable, mandatory, hidden)
VALUES (1, 'authority', '411', 't', $$Title of a work$$,
FALSE, FALSE, FALSE);
INSERT INTO config.marc_subfield(marc_format, marc_record_type, tag, code, description,
                                 repeatable, mandatory, hidden)
VALUES (1, 'authority', '411', 'v', $$Form subdivision$$,
TRUE, FALSE, FALSE);
INSERT INTO config.marc_subfield(marc_format, marc_record_type, tag, code, description,
                                 repeatable, mandatory, hidden)
VALUES (1, 'authority', '411', 'w', $$Control subfield$$,
FALSE, FALSE, FALSE);
INSERT INTO config.marc_subfield(marc_format, marc_record_type, tag, code, description,
                                 repeatable, mandatory, hidden)
VALUES (1, 'authority', '411', 'x', $$General subdivision$$,
TRUE, FALSE, FALSE);
INSERT INTO config.marc_subfield(marc_format, marc_record_type, tag, code, description,
                                 repeatable, mandatory, hidden)
VALUES (1, 'authority', '411', 'y', $$Chronological subdivision$$,
TRUE, FALSE, FALSE);
INSERT INTO config.marc_subfield(marc_format, marc_record_type, tag, code, description,
                                 repeatable, mandatory, hidden)
VALUES (1, 'authority', '411', 'z', $$Geographic subdivision$$,
TRUE, FALSE, FALSE);
INSERT INTO config.marc_subfield(marc_format, marc_record_type, tag, code, description,
                                 repeatable, mandatory, hidden)
VALUES (1, 'authority', '411', '4', $$Relationship code$$,
TRUE, FALSE, FALSE);
INSERT INTO config.marc_subfield(marc_format, marc_record_type, tag, code, description,
                                 repeatable, mandatory, hidden)
VALUES (1, 'authority', '411', '5', $$Institution to which field applies$$,
TRUE, FALSE, FALSE);
INSERT INTO config.marc_subfield(marc_format, marc_record_type, tag, code, description,
                                 repeatable, mandatory, hidden)
VALUES (1, 'authority', '411', '6', $$Linkage$$,
FALSE, FALSE, FALSE);
INSERT INTO config.marc_subfield(marc_format, marc_record_type, tag, code, description,
                                 repeatable, mandatory, hidden)
VALUES (1, 'authority', '411', '8', $$Field link and sequence number$$,
TRUE, FALSE, FALSE);
INSERT INTO config.marc_field(marc_format, marc_record_type, tag, name, description,
                              fixed_field, repeatable, mandatory, hidden)
VALUES (1, 'authority', '430', $$See From Tracing-Uniform Title$$, $$Tracing for a uniform title reference.$$,
FALSE, TRUE, FALSE, FALSE);
INSERT INTO config.record_attr_definition(name, label)
VALUES ('marc21_authority_430_ind_1', 'MARC 21 authority field 430 indicator position 1');
INSERT INTO config.coded_value_map(ctype, code, value, opac_visible, is_simple)
VALUES ('marc21_authority_430_ind_1', '#', $$Undefined$$, FALSE, TRUE);
INSERT INTO config.record_attr_definition(name, label)
VALUES ('marc21_authority_430_ind_2', 'MARC 21 authority field 430 indicator position 2');
INSERT INTO config.coded_value_map(ctype, code, value, opac_visible, is_simple)
VALUES ('marc21_authority_430_ind_2', '0', $$No nonfiling characters$$, FALSE, TRUE);
INSERT INTO config.coded_value_map(ctype, code, value, opac_visible, is_simple)
VALUES ('marc21_authority_430_ind_2', '1', $$Number of nonfiling characters - 1$$, FALSE, TRUE);
INSERT INTO config.coded_value_map(ctype, code, value, opac_visible, is_simple)
VALUES ('marc21_authority_430_ind_2', '2', $$Number of nonfiling characters - 2$$, FALSE, TRUE);
INSERT INTO config.coded_value_map(ctype, code, value, opac_visible, is_simple)
VALUES ('marc21_authority_430_ind_2', '3', $$Number of nonfiling characters - 3$$, FALSE, TRUE);
INSERT INTO config.coded_value_map(ctype, code, value, opac_visible, is_simple)
VALUES ('marc21_authority_430_ind_2', '4', $$Number of nonfiling characters - 4$$, FALSE, TRUE);
INSERT INTO config.coded_value_map(ctype, code, value, opac_visible, is_simple)
VALUES ('marc21_authority_430_ind_2', '5', $$Number of nonfiling characters - 5$$, FALSE, TRUE);
INSERT INTO config.coded_value_map(ctype, code, value, opac_visible, is_simple)
VALUES ('marc21_authority_430_ind_2', '6', $$Number of nonfiling characters - 6$$, FALSE, TRUE);
INSERT INTO config.coded_value_map(ctype, code, value, opac_visible, is_simple)
VALUES ('marc21_authority_430_ind_2', '7', $$Number of nonfiling characters - 7$$, FALSE, TRUE);
INSERT INTO config.coded_value_map(ctype, code, value, opac_visible, is_simple)
VALUES ('marc21_authority_430_ind_2', '8', $$Number of nonfiling characters - 8$$, FALSE, TRUE);
INSERT INTO config.coded_value_map(ctype, code, value, opac_visible, is_simple)
VALUES ('marc21_authority_430_ind_2', '9', $$Number of nonfiling characters - 9$$, FALSE, TRUE);
INSERT INTO config.marc_subfield(marc_format, marc_record_type, tag, code, description,
                                 repeatable, mandatory, hidden)
VALUES (1, 'authority', '430', 'a', $$Uniform title$$,
FALSE, FALSE, FALSE);
INSERT INTO config.marc_subfield(marc_format, marc_record_type, tag, code, description,
                                 repeatable, mandatory, hidden)
VALUES (1, 'authority', '430', 'd', $$Date of treaty signing$$,
TRUE, FALSE, FALSE);
INSERT INTO config.marc_subfield(marc_format, marc_record_type, tag, code, description,
                                 repeatable, mandatory, hidden)
VALUES (1, 'authority', '430', 'f', $$Date of a work$$,
FALSE, FALSE, FALSE);
INSERT INTO config.marc_subfield(marc_format, marc_record_type, tag, code, description,
                                 repeatable, mandatory, hidden)
VALUES (1, 'authority', '430', 'g', $$Miscellaneous information$$,
FALSE, FALSE, FALSE);
INSERT INTO config.marc_subfield(marc_format, marc_record_type, tag, code, description,
                                 repeatable, mandatory, hidden)
VALUES (1, 'authority', '430', 'h', $$Medium$$,
FALSE, FALSE, FALSE);
INSERT INTO config.marc_subfield(marc_format, marc_record_type, tag, code, description,
                                 repeatable, mandatory, hidden)
VALUES (1, 'authority', '430', 'i', $$Relationship information$$,
TRUE, FALSE, FALSE);
INSERT INTO config.marc_subfield(marc_format, marc_record_type, tag, code, description,
                                 repeatable, mandatory, hidden)
VALUES (1, 'authority', '430', 'k', $$Form subheading$$,
TRUE, FALSE, FALSE);
INSERT INTO config.marc_subfield(marc_format, marc_record_type, tag, code, description,
                                 repeatable, mandatory, hidden)
VALUES (1, 'authority', '430', 'l', $$Language of a work$$,
FALSE, FALSE, FALSE);
INSERT INTO config.marc_subfield(marc_format, marc_record_type, tag, code, description,
                                 repeatable, mandatory, hidden)
VALUES (1, 'authority', '430', 'm', $$Medium of performance for music$$,
TRUE, FALSE, FALSE);
INSERT INTO config.marc_subfield(marc_format, marc_record_type, tag, code, description,
                                 repeatable, mandatory, hidden)
VALUES (1, 'authority', '430', 'n', $$Number of part/section of a work$$,
TRUE, FALSE, FALSE);
INSERT INTO config.marc_subfield(marc_format, marc_record_type, tag, code, description,
                                 repeatable, mandatory, hidden)
VALUES (1, 'authority', '430', 'o', $$Arranged statement for music$$,
FALSE, FALSE, FALSE);
INSERT INTO config.marc_subfield(marc_format, marc_record_type, tag, code, description,
                                 repeatable, mandatory, hidden)
VALUES (1, 'authority', '430', 'p', $$Name of part/section of a work$$,
TRUE, FALSE, FALSE);
INSERT INTO config.marc_subfield(marc_format, marc_record_type, tag, code, description,
                                 repeatable, mandatory, hidden)
VALUES (1, 'authority', '430', 'r', $$Key for music$$,
FALSE, FALSE, FALSE);
INSERT INTO config.marc_subfield(marc_format, marc_record_type, tag, code, description,
                                 repeatable, mandatory, hidden)
VALUES (1, 'authority', '430', 's', $$Version$$,
FALSE, FALSE, FALSE);
INSERT INTO config.marc_subfield(marc_format, marc_record_type, tag, code, description,
                                 repeatable, mandatory, hidden)
VALUES (1, 'authority', '430', 't', $$Title of a work$$,
FALSE, FALSE, FALSE);
INSERT INTO config.marc_subfield(marc_format, marc_record_type, tag, code, description,
                                 repeatable, mandatory, hidden)
VALUES (1, 'authority', '430', 'v', $$Form subdivision$$,
TRUE, FALSE, FALSE);
INSERT INTO config.marc_subfield(marc_format, marc_record_type, tag, code, description,
                                 repeatable, mandatory, hidden)
VALUES (1, 'authority', '430', 'w', $$Control subfield$$,
FALSE, FALSE, FALSE);
INSERT INTO config.marc_subfield(marc_format, marc_record_type, tag, code, description,
                                 repeatable, mandatory, hidden)
VALUES (1, 'authority', '430', 'x', $$General subdivision$$,
TRUE, FALSE, FALSE);
INSERT INTO config.marc_subfield(marc_format, marc_record_type, tag, code, description,
                                 repeatable, mandatory, hidden)
VALUES (1, 'authority', '430', 'y', $$Chronological subdivision$$,
TRUE, FALSE, FALSE);
INSERT INTO config.marc_subfield(marc_format, marc_record_type, tag, code, description,
                                 repeatable, mandatory, hidden)
VALUES (1, 'authority', '430', 'z', $$Geographic subdivision$$,
TRUE, FALSE, FALSE);
INSERT INTO config.marc_subfield(marc_format, marc_record_type, tag, code, description,
                                 repeatable, mandatory, hidden)
VALUES (1, 'authority', '430', '4', $$Relationship code$$,
TRUE, FALSE, FALSE);
INSERT INTO config.marc_subfield(marc_format, marc_record_type, tag, code, description,
                                 repeatable, mandatory, hidden)
VALUES (1, 'authority', '430', '5', $$Institution to which field applies$$,
TRUE, FALSE, FALSE);
INSERT INTO config.marc_subfield(marc_format, marc_record_type, tag, code, description,
                                 repeatable, mandatory, hidden)
VALUES (1, 'authority', '430', '6', $$Linkage$$,
FALSE, FALSE, FALSE);
INSERT INTO config.marc_subfield(marc_format, marc_record_type, tag, code, description,
                                 repeatable, mandatory, hidden)
VALUES (1, 'authority', '430', '8', $$Field link and sequence number$$,
TRUE, FALSE, FALSE);
INSERT INTO config.marc_field(marc_format, marc_record_type, tag, name, description,
                              fixed_field, repeatable, mandatory, hidden)
VALUES (1, 'authority', '448', $$See From Tracing-Chronological Term$$, $$Tracing for a chronological term reference.$$,
FALSE, TRUE, FALSE, FALSE);
INSERT INTO config.record_attr_definition(name, label)
VALUES ('marc21_authority_448_ind_1', 'MARC 21 authority field 448 indicator position 1');
INSERT INTO config.coded_value_map(ctype, code, value, opac_visible, is_simple)
VALUES ('marc21_authority_448_ind_1', '#', $$Undefined$$, FALSE, TRUE);
INSERT INTO config.record_attr_definition(name, label)
VALUES ('marc21_authority_448_ind_2', 'MARC 21 authority field 448 indicator position 2');
INSERT INTO config.coded_value_map(ctype, code, value, opac_visible, is_simple)
VALUES ('marc21_authority_448_ind_2', '#', $$Undefined$$, FALSE, TRUE);
INSERT INTO config.marc_subfield(marc_format, marc_record_type, tag, code, description,
                                 repeatable, mandatory, hidden)
VALUES (1, 'authority', '448', 'a', $$Chronological term$$,
FALSE, FALSE, FALSE);
INSERT INTO config.marc_subfield(marc_format, marc_record_type, tag, code, description,
                                 repeatable, mandatory, hidden)
VALUES (1, 'authority', '448', 'i', $$Relationship information$$,
TRUE, FALSE, FALSE);
INSERT INTO config.marc_subfield(marc_format, marc_record_type, tag, code, description,
                                 repeatable, mandatory, hidden)
VALUES (1, 'authority', '448', 'v', $$Form subdivision$$,
TRUE, FALSE, FALSE);
INSERT INTO config.marc_subfield(marc_format, marc_record_type, tag, code, description,
                                 repeatable, mandatory, hidden)
VALUES (1, 'authority', '448', 'w', $$Control subfield$$,
FALSE, FALSE, FALSE);
INSERT INTO config.marc_subfield(marc_format, marc_record_type, tag, code, description,
                                 repeatable, mandatory, hidden)
VALUES (1, 'authority', '448', 'x', $$General subdivision$$,
TRUE, FALSE, FALSE);
INSERT INTO config.marc_subfield(marc_format, marc_record_type, tag, code, description,
                                 repeatable, mandatory, hidden)
VALUES (1, 'authority', '448', 'y', $$Chronological subdivision$$,
TRUE, FALSE, FALSE);
INSERT INTO config.marc_subfield(marc_format, marc_record_type, tag, code, description,
                                 repeatable, mandatory, hidden)
VALUES (1, 'authority', '448', 'z', $$Geographic subdivision$$,
TRUE, FALSE, FALSE);
INSERT INTO config.marc_subfield(marc_format, marc_record_type, tag, code, description,
                                 repeatable, mandatory, hidden)
VALUES (1, 'authority', '448', '4', $$Relationship code$$,
TRUE, FALSE, FALSE);
INSERT INTO config.marc_subfield(marc_format, marc_record_type, tag, code, description,
                                 repeatable, mandatory, hidden)
VALUES (1, 'authority', '448', '5', $$Institution to which field applies$$,
TRUE, FALSE, FALSE);
INSERT INTO config.marc_subfield(marc_format, marc_record_type, tag, code, description,
                                 repeatable, mandatory, hidden)
VALUES (1, 'authority', '448', '6', $$Linkage$$,
FALSE, FALSE, FALSE);
INSERT INTO config.marc_subfield(marc_format, marc_record_type, tag, code, description,
                                 repeatable, mandatory, hidden)
VALUES (1, 'authority', '448', '8', $$Field link and sequence number$$,
TRUE, FALSE, FALSE);
INSERT INTO config.marc_field(marc_format, marc_record_type, tag, name, description,
                              fixed_field, repeatable, mandatory, hidden)
VALUES (1, 'authority', '450', $$See From Tracing-Topical Term$$, $$Tracing for a topical term reference.$$,
FALSE, TRUE, FALSE, FALSE);
INSERT INTO config.record_attr_definition(name, label)
VALUES ('marc21_authority_450_ind_1', 'MARC 21 authority field 450 indicator position 1');
INSERT INTO config.coded_value_map(ctype, code, value, opac_visible, is_simple)
VALUES ('marc21_authority_450_ind_1', '#', $$Undefined$$, FALSE, TRUE);
INSERT INTO config.record_attr_definition(name, label)
VALUES ('marc21_authority_450_ind_2', 'MARC 21 authority field 450 indicator position 2');
INSERT INTO config.coded_value_map(ctype, code, value, opac_visible, is_simple)
VALUES ('marc21_authority_450_ind_2', '#', $$Undefined$$, FALSE, TRUE);
INSERT INTO config.marc_subfield(marc_format, marc_record_type, tag, code, description,
                                 repeatable, mandatory, hidden)
VALUES (1, 'authority', '450', 'a', $$Topical term or geographic name entry element$$,
FALSE, FALSE, FALSE);
INSERT INTO config.marc_subfield(marc_format, marc_record_type, tag, code, description,
                                 repeatable, mandatory, hidden)
VALUES (1, 'authority', '450', 'b', $$Topical term following geographic name entry element$$,
FALSE, FALSE, FALSE);
INSERT INTO config.marc_subfield(marc_format, marc_record_type, tag, code, description,
                                 repeatable, mandatory, hidden)
VALUES (1, 'authority', '450', 'i', $$Relationship information$$,
TRUE, FALSE, FALSE);
INSERT INTO config.marc_subfield(marc_format, marc_record_type, tag, code, description,
                                 repeatable, mandatory, hidden)
VALUES (1, 'authority', '450', 'v', $$Form subdivision$$,
TRUE, FALSE, FALSE);
INSERT INTO config.marc_subfield(marc_format, marc_record_type, tag, code, description,
                                 repeatable, mandatory, hidden)
VALUES (1, 'authority', '450', 'w', $$Control subfield$$,
FALSE, FALSE, FALSE);
INSERT INTO config.marc_subfield(marc_format, marc_record_type, tag, code, description,
                                 repeatable, mandatory, hidden)
VALUES (1, 'authority', '450', 'x', $$General subdivision$$,
TRUE, FALSE, FALSE);
INSERT INTO config.marc_subfield(marc_format, marc_record_type, tag, code, description,
                                 repeatable, mandatory, hidden)
VALUES (1, 'authority', '450', 'y', $$Chronological subdivision$$,
TRUE, FALSE, FALSE);
INSERT INTO config.marc_subfield(marc_format, marc_record_type, tag, code, description,
                                 repeatable, mandatory, hidden)
VALUES (1, 'authority', '450', 'z', $$Geographic subdivision$$,
TRUE, FALSE, FALSE);
INSERT INTO config.marc_subfield(marc_format, marc_record_type, tag, code, description,
                                 repeatable, mandatory, hidden)
VALUES (1, 'authority', '450', '4', $$Relationship code$$,
TRUE, FALSE, FALSE);
INSERT INTO config.marc_subfield(marc_format, marc_record_type, tag, code, description,
                                 repeatable, mandatory, hidden)
VALUES (1, 'authority', '450', '5', $$Institution to which field applies$$,
TRUE, FALSE, FALSE);
INSERT INTO config.marc_subfield(marc_format, marc_record_type, tag, code, description,
                                 repeatable, mandatory, hidden)
VALUES (1, 'authority', '450', '6', $$Linkage$$,
FALSE, FALSE, FALSE);
INSERT INTO config.marc_subfield(marc_format, marc_record_type, tag, code, description,
                                 repeatable, mandatory, hidden)
VALUES (1, 'authority', '450', '8', $$Field link and sequence number$$,
TRUE, FALSE, FALSE);
INSERT INTO config.marc_field(marc_format, marc_record_type, tag, name, description,
                              fixed_field, repeatable, mandatory, hidden)
VALUES (1, 'authority', '451', $$See From Tracing-Geographic Name$$, $$Tracing for a geographic name reference.$$,
FALSE, TRUE, FALSE, FALSE);
INSERT INTO config.record_attr_definition(name, label)
VALUES ('marc21_authority_451_ind_1', 'MARC 21 authority field 451 indicator position 1');
INSERT INTO config.coded_value_map(ctype, code, value, opac_visible, is_simple)
VALUES ('marc21_authority_451_ind_1', '#', $$Undefined$$, FALSE, TRUE);
INSERT INTO config.record_attr_definition(name, label)
VALUES ('marc21_authority_451_ind_2', 'MARC 21 authority field 451 indicator position 2');
INSERT INTO config.coded_value_map(ctype, code, value, opac_visible, is_simple)
VALUES ('marc21_authority_451_ind_2', '#', $$Undefined$$, FALSE, TRUE);
INSERT INTO config.marc_subfield(marc_format, marc_record_type, tag, code, description,
                                 repeatable, mandatory, hidden)
VALUES (1, 'authority', '451', 'a', $$Geographic name$$,
FALSE, FALSE, FALSE);
INSERT INTO config.marc_subfield(marc_format, marc_record_type, tag, code, description,
                                 repeatable, mandatory, hidden)
VALUES (1, 'authority', '451', 'i', $$Relationship information$$,
TRUE, FALSE, FALSE);
INSERT INTO config.marc_subfield(marc_format, marc_record_type, tag, code, description,
                                 repeatable, mandatory, hidden)
VALUES (1, 'authority', '451', 'v', $$Form subdivision$$,
TRUE, FALSE, FALSE);
INSERT INTO config.marc_subfield(marc_format, marc_record_type, tag, code, description,
                                 repeatable, mandatory, hidden)
VALUES (1, 'authority', '451', 'w', $$Control subfield$$,
FALSE, FALSE, FALSE);
INSERT INTO config.marc_subfield(marc_format, marc_record_type, tag, code, description,
                                 repeatable, mandatory, hidden)
VALUES (1, 'authority', '451', 'x', $$General subdivision$$,
TRUE, FALSE, FALSE);
INSERT INTO config.marc_subfield(marc_format, marc_record_type, tag, code, description,
                                 repeatable, mandatory, hidden)
VALUES (1, 'authority', '451', 'y', $$Chronological subdivision$$,
TRUE, FALSE, FALSE);
INSERT INTO config.marc_subfield(marc_format, marc_record_type, tag, code, description,
                                 repeatable, mandatory, hidden)
VALUES (1, 'authority', '451', 'z', $$Geographic subdivision$$,
TRUE, FALSE, FALSE);
INSERT INTO config.marc_subfield(marc_format, marc_record_type, tag, code, description,
                                 repeatable, mandatory, hidden)
VALUES (1, 'authority', '451', '4', $$Relationship code$$,
TRUE, FALSE, FALSE);
INSERT INTO config.marc_subfield(marc_format, marc_record_type, tag, code, description,
                                 repeatable, mandatory, hidden)
VALUES (1, 'authority', '451', '5', $$Institution to which field applies$$,
TRUE, FALSE, FALSE);
INSERT INTO config.marc_subfield(marc_format, marc_record_type, tag, code, description,
                                 repeatable, mandatory, hidden)
VALUES (1, 'authority', '451', '6', $$Linkage$$,
FALSE, FALSE, FALSE);
INSERT INTO config.marc_subfield(marc_format, marc_record_type, tag, code, description,
                                 repeatable, mandatory, hidden)
VALUES (1, 'authority', '451', '8', $$Field link and sequence number$$,
TRUE, FALSE, FALSE);
INSERT INTO config.marc_field(marc_format, marc_record_type, tag, name, description,
                              fixed_field, repeatable, mandatory, hidden)
VALUES (1, 'authority', '455', $$See From Tracing-Genre/Form Term$$, $$Tracing for a genre/form term reference.$$,
FALSE, TRUE, FALSE, FALSE);
INSERT INTO config.record_attr_definition(name, label)
VALUES ('marc21_authority_455_ind_1', 'MARC 21 authority field 455 indicator position 1');
INSERT INTO config.coded_value_map(ctype, code, value, opac_visible, is_simple)
VALUES ('marc21_authority_455_ind_1', '#', $$Undefined$$, FALSE, TRUE);
INSERT INTO config.record_attr_definition(name, label)
VALUES ('marc21_authority_455_ind_2', 'MARC 21 authority field 455 indicator position 2');
INSERT INTO config.coded_value_map(ctype, code, value, opac_visible, is_simple)
VALUES ('marc21_authority_455_ind_2', '#', $$Undefined$$, FALSE, TRUE);
INSERT INTO config.marc_subfield(marc_format, marc_record_type, tag, code, description,
                                 repeatable, mandatory, hidden)
VALUES (1, 'authority', '455', 'a', $$Genre/form term$$,
FALSE, FALSE, FALSE);
INSERT INTO config.marc_subfield(marc_format, marc_record_type, tag, code, description,
                                 repeatable, mandatory, hidden)
VALUES (1, 'authority', '455', 'i', $$Relationship information$$,
TRUE, FALSE, FALSE);
INSERT INTO config.marc_subfield(marc_format, marc_record_type, tag, code, description,
                                 repeatable, mandatory, hidden)
VALUES (1, 'authority', '455', 'v', $$Form subdivision$$,
TRUE, FALSE, FALSE);
INSERT INTO config.marc_subfield(marc_format, marc_record_type, tag, code, description,
                                 repeatable, mandatory, hidden)
VALUES (1, 'authority', '455', 'w', $$Control subfield$$,
FALSE, FALSE, FALSE);
INSERT INTO config.marc_subfield(marc_format, marc_record_type, tag, code, description,
                                 repeatable, mandatory, hidden)
VALUES (1, 'authority', '455', 'x', $$General subdivision$$,
TRUE, FALSE, FALSE);
INSERT INTO config.marc_subfield(marc_format, marc_record_type, tag, code, description,
                                 repeatable, mandatory, hidden)
VALUES (1, 'authority', '455', 'y', $$Chronological subdivision$$,
TRUE, FALSE, FALSE);
INSERT INTO config.marc_subfield(marc_format, marc_record_type, tag, code, description,
                                 repeatable, mandatory, hidden)
VALUES (1, 'authority', '455', 'z', $$Geographic subdivision$$,
TRUE, FALSE, FALSE);
INSERT INTO config.marc_subfield(marc_format, marc_record_type, tag, code, description,
                                 repeatable, mandatory, hidden)
VALUES (1, 'authority', '455', '4', $$Relationship code$$,
TRUE, FALSE, FALSE);
INSERT INTO config.marc_subfield(marc_format, marc_record_type, tag, code, description,
                                 repeatable, mandatory, hidden)
VALUES (1, 'authority', '455', '5', $$Institution to which field applies$$,
TRUE, FALSE, FALSE);
INSERT INTO config.marc_subfield(marc_format, marc_record_type, tag, code, description,
                                 repeatable, mandatory, hidden)
VALUES (1, 'authority', '455', '6', $$Linkage$$,
FALSE, FALSE, FALSE);
INSERT INTO config.marc_subfield(marc_format, marc_record_type, tag, code, description,
                                 repeatable, mandatory, hidden)
VALUES (1, 'authority', '455', '8', $$Field link and sequence number$$,
TRUE, FALSE, FALSE);
INSERT INTO config.marc_field(marc_format, marc_record_type, tag, name, description,
                              fixed_field, repeatable, mandatory, hidden)
VALUES (1, 'authority', '480', $$See From Tracing-General Subdivision$$, $$Tracing for a general subdivision reference.$$,
FALSE, TRUE, FALSE, FALSE);
INSERT INTO config.record_attr_definition(name, label)
VALUES ('marc21_authority_480_ind_1', 'MARC 21 authority field 480 indicator position 1');
INSERT INTO config.coded_value_map(ctype, code, value, opac_visible, is_simple)
VALUES ('marc21_authority_480_ind_1', '#', $$Undefined$$, FALSE, TRUE);
INSERT INTO config.record_attr_definition(name, label)
VALUES ('marc21_authority_480_ind_2', 'MARC 21 authority field 480 indicator position 2');
INSERT INTO config.coded_value_map(ctype, code, value, opac_visible, is_simple)
VALUES ('marc21_authority_480_ind_2', '#', $$Undefined$$, FALSE, TRUE);
INSERT INTO config.marc_subfield(marc_format, marc_record_type, tag, code, description,
                                 repeatable, mandatory, hidden)
VALUES (1, 'authority', '480', 'i', $$Relationship information$$,
TRUE, FALSE, FALSE);
INSERT INTO config.marc_subfield(marc_format, marc_record_type, tag, code, description,
                                 repeatable, mandatory, hidden)
VALUES (1, 'authority', '480', 'v', $$Form subdivision$$,
TRUE, FALSE, FALSE);
INSERT INTO config.marc_subfield(marc_format, marc_record_type, tag, code, description,
                                 repeatable, mandatory, hidden)
VALUES (1, 'authority', '480', 'w', $$Control subfield$$,
FALSE, FALSE, FALSE);
INSERT INTO config.marc_subfield(marc_format, marc_record_type, tag, code, description,
                                 repeatable, mandatory, hidden)
VALUES (1, 'authority', '480', 'x', $$General subdivision$$,
TRUE, FALSE, FALSE);
INSERT INTO config.marc_subfield(marc_format, marc_record_type, tag, code, description,
                                 repeatable, mandatory, hidden)
VALUES (1, 'authority', '480', 'y', $$Chronological subdivision$$,
TRUE, FALSE, FALSE);
INSERT INTO config.marc_subfield(marc_format, marc_record_type, tag, code, description,
                                 repeatable, mandatory, hidden)
VALUES (1, 'authority', '480', 'z', $$Geographic subdivision$$,
TRUE, FALSE, FALSE);
INSERT INTO config.marc_subfield(marc_format, marc_record_type, tag, code, description,
                                 repeatable, mandatory, hidden)
VALUES (1, 'authority', '480', '4', $$Relationship code$$,
TRUE, FALSE, FALSE);
INSERT INTO config.marc_subfield(marc_format, marc_record_type, tag, code, description,
                                 repeatable, mandatory, hidden)
VALUES (1, 'authority', '480', '5', $$Institution to which field applies$$,
TRUE, FALSE, FALSE);
INSERT INTO config.marc_subfield(marc_format, marc_record_type, tag, code, description,
                                 repeatable, mandatory, hidden)
VALUES (1, 'authority', '480', '6', $$Linkage$$,
FALSE, FALSE, FALSE);
INSERT INTO config.marc_subfield(marc_format, marc_record_type, tag, code, description,
                                 repeatable, mandatory, hidden)
VALUES (1, 'authority', '480', '8', $$Field link and sequence number$$,
TRUE, FALSE, FALSE);
INSERT INTO config.marc_field(marc_format, marc_record_type, tag, name, description,
                              fixed_field, repeatable, mandatory, hidden)
VALUES (1, 'authority', '481', $$See From Tracing-Geographic Subdivision$$, $$Tracing for a geographic subdivision reference.$$,
FALSE, TRUE, FALSE, FALSE);
INSERT INTO config.record_attr_definition(name, label)
VALUES ('marc21_authority_481_ind_1', 'MARC 21 authority field 481 indicator position 1');
INSERT INTO config.coded_value_map(ctype, code, value, opac_visible, is_simple)
VALUES ('marc21_authority_481_ind_1', '#', $$Undefined$$, FALSE, TRUE);
INSERT INTO config.record_attr_definition(name, label)
VALUES ('marc21_authority_481_ind_2', 'MARC 21 authority field 481 indicator position 2');
INSERT INTO config.coded_value_map(ctype, code, value, opac_visible, is_simple)
VALUES ('marc21_authority_481_ind_2', '#', $$Undefined$$, FALSE, TRUE);
INSERT INTO config.marc_subfield(marc_format, marc_record_type, tag, code, description,
                                 repeatable, mandatory, hidden)
VALUES (1, 'authority', '481', 'i', $$Relationship information$$,
TRUE, FALSE, FALSE);
INSERT INTO config.marc_subfield(marc_format, marc_record_type, tag, code, description,
                                 repeatable, mandatory, hidden)
VALUES (1, 'authority', '481', 'v', $$Form subdivision$$,
TRUE, FALSE, FALSE);
INSERT INTO config.marc_subfield(marc_format, marc_record_type, tag, code, description,
                                 repeatable, mandatory, hidden)
VALUES (1, 'authority', '481', 'w', $$Control subfield$$,
FALSE, FALSE, FALSE);
INSERT INTO config.marc_subfield(marc_format, marc_record_type, tag, code, description,
                                 repeatable, mandatory, hidden)
VALUES (1, 'authority', '481', 'x', $$General subdivision$$,
TRUE, FALSE, FALSE);
INSERT INTO config.marc_subfield(marc_format, marc_record_type, tag, code, description,
                                 repeatable, mandatory, hidden)
VALUES (1, 'authority', '481', 'y', $$Chronological subdivision$$,
TRUE, FALSE, FALSE);
INSERT INTO config.marc_subfield(marc_format, marc_record_type, tag, code, description,
                                 repeatable, mandatory, hidden)
VALUES (1, 'authority', '481', 'z', $$Geographic subdivision$$,
TRUE, FALSE, FALSE);
INSERT INTO config.marc_subfield(marc_format, marc_record_type, tag, code, description,
                                 repeatable, mandatory, hidden)
VALUES (1, 'authority', '481', '4', $$Relationship code$$,
TRUE, FALSE, FALSE);
INSERT INTO config.marc_subfield(marc_format, marc_record_type, tag, code, description,
                                 repeatable, mandatory, hidden)
VALUES (1, 'authority', '481', '5', $$Institution to which field applies$$,
TRUE, FALSE, FALSE);
INSERT INTO config.marc_subfield(marc_format, marc_record_type, tag, code, description,
                                 repeatable, mandatory, hidden)
VALUES (1, 'authority', '481', '6', $$Linkage$$,
FALSE, FALSE, FALSE);
INSERT INTO config.marc_subfield(marc_format, marc_record_type, tag, code, description,
                                 repeatable, mandatory, hidden)
VALUES (1, 'authority', '481', '8', $$Field link and sequence number$$,
TRUE, FALSE, FALSE);
INSERT INTO config.marc_field(marc_format, marc_record_type, tag, name, description,
                              fixed_field, repeatable, mandatory, hidden)
VALUES (1, 'authority', '482', $$See From Tracing-Chronological Subdivision$$, $$Tracing for a chronological subdivision reference.$$,
FALSE, TRUE, FALSE, FALSE);
INSERT INTO config.record_attr_definition(name, label)
VALUES ('marc21_authority_482_ind_1', 'MARC 21 authority field 482 indicator position 1');
INSERT INTO config.coded_value_map(ctype, code, value, opac_visible, is_simple)
VALUES ('marc21_authority_482_ind_1', '#', $$Undefined$$, FALSE, TRUE);
INSERT INTO config.record_attr_definition(name, label)
VALUES ('marc21_authority_482_ind_2', 'MARC 21 authority field 482 indicator position 2');
INSERT INTO config.coded_value_map(ctype, code, value, opac_visible, is_simple)
VALUES ('marc21_authority_482_ind_2', '#', $$Undefined$$, FALSE, TRUE);
INSERT INTO config.marc_subfield(marc_format, marc_record_type, tag, code, description,
                                 repeatable, mandatory, hidden)
VALUES (1, 'authority', '482', 'i', $$Relationship information$$,
TRUE, FALSE, FALSE);
INSERT INTO config.marc_subfield(marc_format, marc_record_type, tag, code, description,
                                 repeatable, mandatory, hidden)
VALUES (1, 'authority', '482', 'v', $$Form subdivision$$,
TRUE, FALSE, FALSE);
INSERT INTO config.marc_subfield(marc_format, marc_record_type, tag, code, description,
                                 repeatable, mandatory, hidden)
VALUES (1, 'authority', '482', 'w', $$Control subfield$$,
FALSE, FALSE, FALSE);
INSERT INTO config.marc_subfield(marc_format, marc_record_type, tag, code, description,
                                 repeatable, mandatory, hidden)
VALUES (1, 'authority', '482', 'x', $$General subdivision$$,
TRUE, FALSE, FALSE);
INSERT INTO config.marc_subfield(marc_format, marc_record_type, tag, code, description,
                                 repeatable, mandatory, hidden)
VALUES (1, 'authority', '482', 'y', $$Chronological subdivision$$,
TRUE, FALSE, FALSE);
INSERT INTO config.marc_subfield(marc_format, marc_record_type, tag, code, description,
                                 repeatable, mandatory, hidden)
VALUES (1, 'authority', '482', 'z', $$Geographic subdivision$$,
TRUE, FALSE, FALSE);
INSERT INTO config.marc_subfield(marc_format, marc_record_type, tag, code, description,
                                 repeatable, mandatory, hidden)
VALUES (1, 'authority', '482', '4', $$Relationship code$$,
TRUE, FALSE, FALSE);
INSERT INTO config.marc_subfield(marc_format, marc_record_type, tag, code, description,
                                 repeatable, mandatory, hidden)
VALUES (1, 'authority', '482', '5', $$Institution to which field applies$$,
TRUE, FALSE, FALSE);
INSERT INTO config.marc_subfield(marc_format, marc_record_type, tag, code, description,
                                 repeatable, mandatory, hidden)
VALUES (1, 'authority', '482', '6', $$Linkage$$,
FALSE, FALSE, FALSE);
INSERT INTO config.marc_subfield(marc_format, marc_record_type, tag, code, description,
                                 repeatable, mandatory, hidden)
VALUES (1, 'authority', '482', '8', $$Field link and sequence number$$,
TRUE, FALSE, FALSE);
INSERT INTO config.marc_field(marc_format, marc_record_type, tag, name, description,
                              fixed_field, repeatable, mandatory, hidden)
VALUES (1, 'authority', '485', $$See From Tracing-Form Subdivision$$, $$Tracing for a form subdivision reference.$$,
FALSE, TRUE, FALSE, FALSE);
INSERT INTO config.record_attr_definition(name, label)
VALUES ('marc21_authority_485_ind_1', 'MARC 21 authority field 485 indicator position 1');
INSERT INTO config.coded_value_map(ctype, code, value, opac_visible, is_simple)
VALUES ('marc21_authority_485_ind_1', '#', $$Undefined$$, FALSE, TRUE);
INSERT INTO config.record_attr_definition(name, label)
VALUES ('marc21_authority_485_ind_2', 'MARC 21 authority field 485 indicator position 2');
INSERT INTO config.coded_value_map(ctype, code, value, opac_visible, is_simple)
VALUES ('marc21_authority_485_ind_2', '#', $$Undefined$$, FALSE, TRUE);
INSERT INTO config.marc_subfield(marc_format, marc_record_type, tag, code, description,
                                 repeatable, mandatory, hidden)
VALUES (1, 'authority', '485', 'i', $$Relationship information$$,
TRUE, FALSE, FALSE);
INSERT INTO config.marc_subfield(marc_format, marc_record_type, tag, code, description,
                                 repeatable, mandatory, hidden)
VALUES (1, 'authority', '485', 'v', $$Form subdivision$$,
TRUE, FALSE, FALSE);
INSERT INTO config.marc_subfield(marc_format, marc_record_type, tag, code, description,
                                 repeatable, mandatory, hidden)
VALUES (1, 'authority', '485', 'w', $$Control subfield$$,
FALSE, FALSE, FALSE);
INSERT INTO config.marc_subfield(marc_format, marc_record_type, tag, code, description,
                                 repeatable, mandatory, hidden)
VALUES (1, 'authority', '485', 'x', $$General subdivision$$,
TRUE, FALSE, FALSE);
INSERT INTO config.marc_subfield(marc_format, marc_record_type, tag, code, description,
                                 repeatable, mandatory, hidden)
VALUES (1, 'authority', '485', 'y', $$Chronological subdivision$$,
TRUE, FALSE, FALSE);
INSERT INTO config.marc_subfield(marc_format, marc_record_type, tag, code, description,
                                 repeatable, mandatory, hidden)
VALUES (1, 'authority', '485', 'z', $$Geographic subdivision$$,
TRUE, FALSE, FALSE);
INSERT INTO config.marc_subfield(marc_format, marc_record_type, tag, code, description,
                                 repeatable, mandatory, hidden)
VALUES (1, 'authority', '485', '4', $$Relationship code$$,
TRUE, FALSE, FALSE);
INSERT INTO config.marc_subfield(marc_format, marc_record_type, tag, code, description,
                                 repeatable, mandatory, hidden)
VALUES (1, 'authority', '485', '5', $$Institution to which field applies$$,
TRUE, FALSE, FALSE);
INSERT INTO config.marc_subfield(marc_format, marc_record_type, tag, code, description,
                                 repeatable, mandatory, hidden)
VALUES (1, 'authority', '485', '6', $$Linkage$$,
FALSE, FALSE, FALSE);
INSERT INTO config.marc_subfield(marc_format, marc_record_type, tag, code, description,
                                 repeatable, mandatory, hidden)
VALUES (1, 'authority', '485', '8', $$Field link and sequence number$$,
TRUE, FALSE, FALSE);
INSERT INTO config.marc_field(marc_format, marc_record_type, tag, name, description,
                              fixed_field, repeatable, mandatory, hidden)
VALUES (1, 'authority', '500', $$See Also From Tracing-Personal Name$$, $$Tracing for a personal name reference.$$,
FALSE, TRUE, FALSE, FALSE);
INSERT INTO config.record_attr_definition(name, label)
VALUES ('marc21_authority_500_ind_1', 'MARC 21 authority field 500 indicator position 1');
INSERT INTO config.coded_value_map(ctype, code, value, opac_visible, is_simple)
VALUES ('marc21_authority_500_ind_1', '0', $$Forename$$, FALSE, TRUE);
INSERT INTO config.coded_value_map(ctype, code, value, opac_visible, is_simple)
VALUES ('marc21_authority_500_ind_1', '1', $$Surname$$, FALSE, TRUE);
INSERT INTO config.coded_value_map(ctype, code, value, opac_visible, is_simple)
VALUES ('marc21_authority_500_ind_1', '3', $$Family name$$, FALSE, TRUE);
INSERT INTO config.record_attr_definition(name, label)
VALUES ('marc21_authority_500_ind_2', 'MARC 21 authority field 500 indicator position 2');
INSERT INTO config.coded_value_map(ctype, code, value, opac_visible, is_simple)
VALUES ('marc21_authority_500_ind_2', '#', $$Undefined$$, FALSE, TRUE);
INSERT INTO config.marc_subfield(marc_format, marc_record_type, tag, code, description,
                                 repeatable, mandatory, hidden)
VALUES (1, 'authority', '500', 'a', $$Personal name$$,
FALSE, FALSE, FALSE);
INSERT INTO config.marc_subfield(marc_format, marc_record_type, tag, code, description,
                                 repeatable, mandatory, hidden)
VALUES (1, 'authority', '500', 'b', $$Numeration$$,
FALSE, FALSE, FALSE);
INSERT INTO config.marc_subfield(marc_format, marc_record_type, tag, code, description,
                                 repeatable, mandatory, hidden)
VALUES (1, 'authority', '500', 'c', $$Titles and other words associated with a name$$,
TRUE, FALSE, FALSE);
INSERT INTO config.marc_subfield(marc_format, marc_record_type, tag, code, description,
                                 repeatable, mandatory, hidden)
VALUES (1, 'authority', '500', 'd', $$Dates associated with a name$$,
FALSE, FALSE, FALSE);
INSERT INTO config.marc_subfield(marc_format, marc_record_type, tag, code, description,
                                 repeatable, mandatory, hidden)
VALUES (1, 'authority', '500', 'e', $$Relator term$$,
TRUE, FALSE, FALSE);
INSERT INTO config.marc_subfield(marc_format, marc_record_type, tag, code, description,
                                 repeatable, mandatory, hidden)
VALUES (1, 'authority', '500', 'f', $$Date of a work$$,
FALSE, FALSE, FALSE);
INSERT INTO config.marc_subfield(marc_format, marc_record_type, tag, code, description,
                                 repeatable, mandatory, hidden)
VALUES (1, 'authority', '500', 'g', $$Miscellaneous information$$,
FALSE, FALSE, FALSE);
INSERT INTO config.marc_subfield(marc_format, marc_record_type, tag, code, description,
                                 repeatable, mandatory, hidden)
VALUES (1, 'authority', '500', 'h', $$Medium$$,
FALSE, FALSE, FALSE);
INSERT INTO config.marc_subfield(marc_format, marc_record_type, tag, code, description,
                                 repeatable, mandatory, hidden)
VALUES (1, 'authority', '500', 'i', $$Relationship information$$,
TRUE, FALSE, FALSE);
INSERT INTO config.marc_subfield(marc_format, marc_record_type, tag, code, description,
                                 repeatable, mandatory, hidden)
VALUES (1, 'authority', '500', 'j', $$Attribution qualifier$$,
TRUE, FALSE, FALSE);
INSERT INTO config.marc_subfield(marc_format, marc_record_type, tag, code, description,
                                 repeatable, mandatory, hidden)
VALUES (1, 'authority', '500', 'k', $$Form subheading$$,
TRUE, FALSE, FALSE);
INSERT INTO config.marc_subfield(marc_format, marc_record_type, tag, code, description,
                                 repeatable, mandatory, hidden)
VALUES (1, 'authority', '500', 'l', $$Language of a work$$,
FALSE, FALSE, FALSE);
INSERT INTO config.marc_subfield(marc_format, marc_record_type, tag, code, description,
                                 repeatable, mandatory, hidden)
VALUES (1, 'authority', '500', 'm', $$Medium of performance for music$$,
TRUE, FALSE, FALSE);
INSERT INTO config.marc_subfield(marc_format, marc_record_type, tag, code, description,
                                 repeatable, mandatory, hidden)
VALUES (1, 'authority', '500', 'n', $$Number of part/section of a work$$,
TRUE, FALSE, FALSE);
INSERT INTO config.marc_subfield(marc_format, marc_record_type, tag, code, description,
                                 repeatable, mandatory, hidden)
VALUES (1, 'authority', '500', 'o', $$Arranged statement for music$$,
FALSE, FALSE, FALSE);
INSERT INTO config.marc_subfield(marc_format, marc_record_type, tag, code, description,
                                 repeatable, mandatory, hidden)
VALUES (1, 'authority', '500', 'p', $$Name of part/section of a work$$,
TRUE, FALSE, FALSE);
INSERT INTO config.marc_subfield(marc_format, marc_record_type, tag, code, description,
                                 repeatable, mandatory, hidden)
VALUES (1, 'authority', '500', 'q', $$Fuller form of name$$,
FALSE, FALSE, FALSE);
INSERT INTO config.marc_subfield(marc_format, marc_record_type, tag, code, description,
                                 repeatable, mandatory, hidden)
VALUES (1, 'authority', '500', 'r', $$Key for music$$,
FALSE, FALSE, FALSE);
INSERT INTO config.marc_subfield(marc_format, marc_record_type, tag, code, description,
                                 repeatable, mandatory, hidden)
VALUES (1, 'authority', '500', 's', $$Version$$,
FALSE, FALSE, FALSE);
INSERT INTO config.marc_subfield(marc_format, marc_record_type, tag, code, description,
                                 repeatable, mandatory, hidden)
VALUES (1, 'authority', '500', 't', $$Title of a work$$,
FALSE, FALSE, FALSE);
INSERT INTO config.marc_subfield(marc_format, marc_record_type, tag, code, description,
                                 repeatable, mandatory, hidden)
VALUES (1, 'authority', '500', 'v', $$Form subdivision$$,
TRUE, FALSE, FALSE);
INSERT INTO config.marc_subfield(marc_format, marc_record_type, tag, code, description,
                                 repeatable, mandatory, hidden)
VALUES (1, 'authority', '500', 'w', $$Control subfield$$,
FALSE, FALSE, FALSE);
INSERT INTO config.marc_subfield(marc_format, marc_record_type, tag, code, description,
                                 repeatable, mandatory, hidden)
VALUES (1, 'authority', '500', 'x', $$General subdivision$$,
TRUE, FALSE, FALSE);
INSERT INTO config.marc_subfield(marc_format, marc_record_type, tag, code, description,
                                 repeatable, mandatory, hidden)
VALUES (1, 'authority', '500', 'y', $$Chronological subdivision$$,
TRUE, FALSE, FALSE);
INSERT INTO config.marc_subfield(marc_format, marc_record_type, tag, code, description,
                                 repeatable, mandatory, hidden)
VALUES (1, 'authority', '500', 'z', $$Geographic subdivision$$,
TRUE, FALSE, FALSE);
INSERT INTO config.marc_subfield(marc_format, marc_record_type, tag, code, description,
                                 repeatable, mandatory, hidden)
VALUES (1, 'authority', '500', '0', $$Record control number$$,
TRUE, FALSE, FALSE);
INSERT INTO config.marc_subfield(marc_format, marc_record_type, tag, code, description,
                                 repeatable, mandatory, hidden)
VALUES (1, 'authority', '500', '4', $$Relationship code$$,
TRUE, FALSE, FALSE);
INSERT INTO config.marc_subfield(marc_format, marc_record_type, tag, code, description,
                                 repeatable, mandatory, hidden)
VALUES (1, 'authority', '500', '5', $$Institution to which field applies$$,
TRUE, FALSE, FALSE);
INSERT INTO config.marc_subfield(marc_format, marc_record_type, tag, code, description,
                                 repeatable, mandatory, hidden)
VALUES (1, 'authority', '500', '6', $$Linkage$$,
FALSE, FALSE, FALSE);
INSERT INTO config.marc_subfield(marc_format, marc_record_type, tag, code, description,
                                 repeatable, mandatory, hidden)
VALUES (1, 'authority', '500', '8', $$Field link and sequence number$$,
TRUE, FALSE, FALSE);
INSERT INTO config.marc_field(marc_format, marc_record_type, tag, name, description,
                              fixed_field, repeatable, mandatory, hidden)
VALUES (1, 'authority', '510', $$See Also From Tracing-Corporate Name$$, $$Tracing for a corporate name reference.$$,
FALSE, TRUE, FALSE, FALSE);
INSERT INTO config.record_attr_definition(name, label)
VALUES ('marc21_authority_510_ind_1', 'MARC 21 authority field 510 indicator position 1');
INSERT INTO config.coded_value_map(ctype, code, value, opac_visible, is_simple)
VALUES ('marc21_authority_510_ind_1', '0', $$Inverted name$$, FALSE, TRUE);
INSERT INTO config.coded_value_map(ctype, code, value, opac_visible, is_simple)
VALUES ('marc21_authority_510_ind_1', '1', $$Jurisdiction name$$, FALSE, TRUE);
INSERT INTO config.coded_value_map(ctype, code, value, opac_visible, is_simple)
VALUES ('marc21_authority_510_ind_1', '2', $$Name in direct order$$, FALSE, TRUE);
INSERT INTO config.record_attr_definition(name, label)
VALUES ('marc21_authority_510_ind_2', 'MARC 21 authority field 510 indicator position 2');
INSERT INTO config.coded_value_map(ctype, code, value, opac_visible, is_simple)
VALUES ('marc21_authority_510_ind_2', '#', $$Undefined$$, FALSE, TRUE);
INSERT INTO config.marc_subfield(marc_format, marc_record_type, tag, code, description,
                                 repeatable, mandatory, hidden)
VALUES (1, 'authority', '510', 'a', $$Corporate name or jurisdiction name as entry element$$,
FALSE, FALSE, FALSE);
INSERT INTO config.marc_subfield(marc_format, marc_record_type, tag, code, description,
                                 repeatable, mandatory, hidden)
VALUES (1, 'authority', '510', 'b', $$Subordinate unit$$,
TRUE, FALSE, FALSE);
INSERT INTO config.marc_subfield(marc_format, marc_record_type, tag, code, description,
                                 repeatable, mandatory, hidden)
VALUES (1, 'authority', '510', 'c', $$Location of meeting$$,
FALSE, FALSE, FALSE);
INSERT INTO config.marc_subfield(marc_format, marc_record_type, tag, code, description,
                                 repeatable, mandatory, hidden)
VALUES (1, 'authority', '510', 'd', $$Date of meeting or treaty signing$$,
TRUE, FALSE, FALSE);
INSERT INTO config.marc_subfield(marc_format, marc_record_type, tag, code, description,
                                 repeatable, mandatory, hidden)
VALUES (1, 'authority', '510', 'e', $$Relator term$$,
TRUE, FALSE, FALSE);
INSERT INTO config.marc_subfield(marc_format, marc_record_type, tag, code, description,
                                 repeatable, mandatory, hidden)
VALUES (1, 'authority', '510', 'f', $$Date of a work$$,
FALSE, FALSE, FALSE);
INSERT INTO config.marc_subfield(marc_format, marc_record_type, tag, code, description,
                                 repeatable, mandatory, hidden)
VALUES (1, 'authority', '510', 'g', $$Miscellaneous information$$,
FALSE, FALSE, FALSE);
INSERT INTO config.marc_subfield(marc_format, marc_record_type, tag, code, description,
                                 repeatable, mandatory, hidden)
VALUES (1, 'authority', '510', 'h', $$Medium$$,
FALSE, FALSE, FALSE);
INSERT INTO config.marc_subfield(marc_format, marc_record_type, tag, code, description,
                                 repeatable, mandatory, hidden)
VALUES (1, 'authority', '510', 'i', $$Relationship information$$,
TRUE, FALSE, FALSE);
INSERT INTO config.marc_subfield(marc_format, marc_record_type, tag, code, description,
                                 repeatable, mandatory, hidden)
VALUES (1, 'authority', '510', 'k', $$Form subheading$$,
TRUE, FALSE, FALSE);
INSERT INTO config.marc_subfield(marc_format, marc_record_type, tag, code, description,
                                 repeatable, mandatory, hidden)
VALUES (1, 'authority', '510', 'l', $$Language of a work$$,
FALSE, FALSE, FALSE);
INSERT INTO config.marc_subfield(marc_format, marc_record_type, tag, code, description,
                                 repeatable, mandatory, hidden)
VALUES (1, 'authority', '510', 'm', $$Medium of performance for music$$,
TRUE, FALSE, FALSE);
INSERT INTO config.marc_subfield(marc_format, marc_record_type, tag, code, description,
                                 repeatable, mandatory, hidden)
VALUES (1, 'authority', '510', 'n', $$Number of part/section/meeting$$,
TRUE, FALSE, FALSE);
INSERT INTO config.marc_subfield(marc_format, marc_record_type, tag, code, description,
                                 repeatable, mandatory, hidden)
VALUES (1, 'authority', '510', 'o', $$Arranged statement for music$$,
FALSE, FALSE, FALSE);
INSERT INTO config.marc_subfield(marc_format, marc_record_type, tag, code, description,
                                 repeatable, mandatory, hidden)
VALUES (1, 'authority', '510', 'p', $$Name of part/section of a work$$,
TRUE, FALSE, FALSE);
INSERT INTO config.marc_subfield(marc_format, marc_record_type, tag, code, description,
                                 repeatable, mandatory, hidden)
VALUES (1, 'authority', '510', 'r', $$Key for music$$,
FALSE, FALSE, FALSE);
INSERT INTO config.marc_subfield(marc_format, marc_record_type, tag, code, description,
                                 repeatable, mandatory, hidden)
VALUES (1, 'authority', '510', 's', $$Version$$,
FALSE, FALSE, FALSE);
INSERT INTO config.marc_subfield(marc_format, marc_record_type, tag, code, description,
                                 repeatable, mandatory, hidden)
VALUES (1, 'authority', '510', 't', $$Title of a work$$,
FALSE, FALSE, FALSE);
INSERT INTO config.marc_subfield(marc_format, marc_record_type, tag, code, description,
                                 repeatable, mandatory, hidden)
VALUES (1, 'authority', '510', 'v', $$Form subdivision$$,
TRUE, FALSE, FALSE);
INSERT INTO config.marc_subfield(marc_format, marc_record_type, tag, code, description,
                                 repeatable, mandatory, hidden)
VALUES (1, 'authority', '510', 'w', $$Control subfield$$,
FALSE, FALSE, FALSE);
INSERT INTO config.marc_subfield(marc_format, marc_record_type, tag, code, description,
                                 repeatable, mandatory, hidden)
VALUES (1, 'authority', '510', 'x', $$General subdivision$$,
TRUE, FALSE, FALSE);
INSERT INTO config.marc_subfield(marc_format, marc_record_type, tag, code, description,
                                 repeatable, mandatory, hidden)
VALUES (1, 'authority', '510', 'y', $$Chronological subdivision$$,
TRUE, FALSE, FALSE);
INSERT INTO config.marc_subfield(marc_format, marc_record_type, tag, code, description,
                                 repeatable, mandatory, hidden)
VALUES (1, 'authority', '510', 'z', $$Geographic subdivision$$,
TRUE, FALSE, FALSE);
INSERT INTO config.marc_subfield(marc_format, marc_record_type, tag, code, description,
                                 repeatable, mandatory, hidden)
VALUES (1, 'authority', '510', '0', $$Record control number$$,
TRUE, FALSE, FALSE);
INSERT INTO config.marc_subfield(marc_format, marc_record_type, tag, code, description,
                                 repeatable, mandatory, hidden)
VALUES (1, 'authority', '510', '4', $$Relationship code$$,
TRUE, FALSE, FALSE);
INSERT INTO config.marc_subfield(marc_format, marc_record_type, tag, code, description,
                                 repeatable, mandatory, hidden)
VALUES (1, 'authority', '510', '5', $$Institution to which field applies$$,
TRUE, FALSE, FALSE);
INSERT INTO config.marc_subfield(marc_format, marc_record_type, tag, code, description,
                                 repeatable, mandatory, hidden)
VALUES (1, 'authority', '510', '6', $$Linkage$$,
FALSE, FALSE, FALSE);
INSERT INTO config.marc_subfield(marc_format, marc_record_type, tag, code, description,
                                 repeatable, mandatory, hidden)
VALUES (1, 'authority', '510', '8', $$Field link and sequence number$$,
TRUE, FALSE, FALSE);
INSERT INTO config.marc_field(marc_format, marc_record_type, tag, name, description,
                              fixed_field, repeatable, mandatory, hidden)
VALUES (1, 'authority', '511', $$See Also From Tracing-Meeting Name$$, $$Tracing for a meeting name reference. It is used in an established heading record or an established heading and subdivision record to trace a see also from reference from an established meeting name to a related established heading.$$,
FALSE, TRUE, FALSE, FALSE);
INSERT INTO config.record_attr_definition(name, label)
VALUES ('marc21_authority_511_ind_1', 'MARC 21 authority field 511 indicator position 1');
INSERT INTO config.coded_value_map(ctype, code, value, opac_visible, is_simple)
VALUES ('marc21_authority_511_ind_1', '0', $$Inverted name$$, FALSE, TRUE);
INSERT INTO config.coded_value_map(ctype, code, value, opac_visible, is_simple)
VALUES ('marc21_authority_511_ind_1', '1', $$Jurisdiction name$$, FALSE, TRUE);
INSERT INTO config.coded_value_map(ctype, code, value, opac_visible, is_simple)
VALUES ('marc21_authority_511_ind_1', '2', $$Name in direct order$$, FALSE, TRUE);
INSERT INTO config.record_attr_definition(name, label)
VALUES ('marc21_authority_511_ind_2', 'MARC 21 authority field 511 indicator position 2');
INSERT INTO config.coded_value_map(ctype, code, value, opac_visible, is_simple)
VALUES ('marc21_authority_511_ind_2', '#', $$Undefined$$, FALSE, TRUE);
INSERT INTO config.marc_subfield(marc_format, marc_record_type, tag, code, description,
                                 repeatable, mandatory, hidden)
VALUES (1, 'authority', '511', 'a', $$Meeting name or jurisdiction name as entry element$$,
FALSE, FALSE, FALSE);
INSERT INTO config.marc_subfield(marc_format, marc_record_type, tag, code, description,
                                 repeatable, mandatory, hidden)
VALUES (1, 'authority', '511', 'c', $$Location of meeting$$,
FALSE, FALSE, FALSE);
INSERT INTO config.marc_subfield(marc_format, marc_record_type, tag, code, description,
                                 repeatable, mandatory, hidden)
VALUES (1, 'authority', '511', 'd', $$Date of meeting$$,
FALSE, FALSE, FALSE);
INSERT INTO config.marc_subfield(marc_format, marc_record_type, tag, code, description,
                                 repeatable, mandatory, hidden)
VALUES (1, 'authority', '511', 'e', $$Subordinate unit$$,
TRUE, FALSE, FALSE);
INSERT INTO config.marc_subfield(marc_format, marc_record_type, tag, code, description,
                                 repeatable, mandatory, hidden)
VALUES (1, 'authority', '511', 'f', $$Date of a work$$,
FALSE, FALSE, FALSE);
INSERT INTO config.marc_subfield(marc_format, marc_record_type, tag, code, description,
                                 repeatable, mandatory, hidden)
VALUES (1, 'authority', '511', 'g', $$Miscellaneous information$$,
FALSE, FALSE, FALSE);
INSERT INTO config.marc_subfield(marc_format, marc_record_type, tag, code, description,
                                 repeatable, mandatory, hidden)
VALUES (1, 'authority', '511', 'h', $$Medium$$,
FALSE, FALSE, FALSE);
INSERT INTO config.marc_subfield(marc_format, marc_record_type, tag, code, description,
                                 repeatable, mandatory, hidden)
VALUES (1, 'authority', '511', 'i', $$Relationship information$$,
TRUE, FALSE, FALSE);
INSERT INTO config.marc_subfield(marc_format, marc_record_type, tag, code, description,
                                 repeatable, mandatory, hidden)
VALUES (1, 'authority', '511', 'j', $$Relator term$$,
TRUE, FALSE, FALSE);
INSERT INTO config.marc_subfield(marc_format, marc_record_type, tag, code, description,
                                 repeatable, mandatory, hidden)
VALUES (1, 'authority', '511', 'k', $$Form subheading$$,
TRUE, FALSE, FALSE);
INSERT INTO config.marc_subfield(marc_format, marc_record_type, tag, code, description,
                                 repeatable, mandatory, hidden)
VALUES (1, 'authority', '511', 'l', $$Language of a work$$,
FALSE, FALSE, FALSE);
INSERT INTO config.marc_subfield(marc_format, marc_record_type, tag, code, description,
                                 repeatable, mandatory, hidden)
VALUES (1, 'authority', '511', 'n', $$Number of part/section/meeting$$,
TRUE, FALSE, FALSE);
INSERT INTO config.marc_subfield(marc_format, marc_record_type, tag, code, description,
                                 repeatable, mandatory, hidden)
VALUES (1, 'authority', '511', 'p', $$Name of part/section of a work$$,
TRUE, FALSE, FALSE);
INSERT INTO config.marc_subfield(marc_format, marc_record_type, tag, code, description,
                                 repeatable, mandatory, hidden)
VALUES (1, 'authority', '511', 'q', $$Name of meeting following jurisdiction name entry element$$,
FALSE, FALSE, FALSE);
INSERT INTO config.marc_subfield(marc_format, marc_record_type, tag, code, description,
                                 repeatable, mandatory, hidden)
VALUES (1, 'authority', '511', 's', $$Version$$,
FALSE, FALSE, FALSE);
INSERT INTO config.marc_subfield(marc_format, marc_record_type, tag, code, description,
                                 repeatable, mandatory, hidden)
VALUES (1, 'authority', '511', 't', $$Title of a work$$,
FALSE, FALSE, FALSE);
INSERT INTO config.marc_subfield(marc_format, marc_record_type, tag, code, description,
                                 repeatable, mandatory, hidden)
VALUES (1, 'authority', '511', 'v', $$Form subdivision$$,
TRUE, FALSE, FALSE);
INSERT INTO config.marc_subfield(marc_format, marc_record_type, tag, code, description,
                                 repeatable, mandatory, hidden)
VALUES (1, 'authority', '511', 'w', $$Control subfield$$,
FALSE, FALSE, FALSE);
INSERT INTO config.marc_subfield(marc_format, marc_record_type, tag, code, description,
                                 repeatable, mandatory, hidden)
VALUES (1, 'authority', '511', 'x', $$General subdivision$$,
TRUE, FALSE, FALSE);
INSERT INTO config.marc_subfield(marc_format, marc_record_type, tag, code, description,
                                 repeatable, mandatory, hidden)
VALUES (1, 'authority', '511', 'y', $$Chronological subdivision$$,
TRUE, FALSE, FALSE);
INSERT INTO config.marc_subfield(marc_format, marc_record_type, tag, code, description,
                                 repeatable, mandatory, hidden)
VALUES (1, 'authority', '511', 'z', $$Geographic subdivision$$,
TRUE, FALSE, FALSE);
INSERT INTO config.marc_subfield(marc_format, marc_record_type, tag, code, description,
                                 repeatable, mandatory, hidden)
VALUES (1, 'authority', '511', '0', $$Record control number$$,
TRUE, FALSE, FALSE);
INSERT INTO config.marc_subfield(marc_format, marc_record_type, tag, code, description,
                                 repeatable, mandatory, hidden)
VALUES (1, 'authority', '511', '4', $$Relationship code$$,
TRUE, FALSE, FALSE);
INSERT INTO config.marc_subfield(marc_format, marc_record_type, tag, code, description,
                                 repeatable, mandatory, hidden)
VALUES (1, 'authority', '511', '5', $$Institution to which field applies$$,
TRUE, FALSE, FALSE);
INSERT INTO config.marc_subfield(marc_format, marc_record_type, tag, code, description,
                                 repeatable, mandatory, hidden)
VALUES (1, 'authority', '511', '6', $$Linkage$$,
FALSE, FALSE, FALSE);
INSERT INTO config.marc_subfield(marc_format, marc_record_type, tag, code, description,
                                 repeatable, mandatory, hidden)
VALUES (1, 'authority', '511', '8', $$Field link and sequence number$$,
TRUE, FALSE, FALSE);
INSERT INTO config.marc_field(marc_format, marc_record_type, tag, name, description,
                              fixed_field, repeatable, mandatory, hidden)
VALUES (1, 'authority', '530', $$See Also From Tracing-Uniform Title$$, $$Tracing for a uniform title reference.$$,
FALSE, TRUE, FALSE, FALSE);
INSERT INTO config.record_attr_definition(name, label)
VALUES ('marc21_authority_530_ind_1', 'MARC 21 authority field 530 indicator position 1');
INSERT INTO config.coded_value_map(ctype, code, value, opac_visible, is_simple)
VALUES ('marc21_authority_530_ind_1', '#', $$Undefined$$, FALSE, TRUE);
INSERT INTO config.record_attr_definition(name, label)
VALUES ('marc21_authority_530_ind_2', 'MARC 21 authority field 530 indicator position 2');
INSERT INTO config.coded_value_map(ctype, code, value, opac_visible, is_simple)
VALUES ('marc21_authority_530_ind_2', '0', $$No nonfiling characters$$, FALSE, TRUE);
INSERT INTO config.coded_value_map(ctype, code, value, opac_visible, is_simple)
VALUES ('marc21_authority_530_ind_2', '1', $$Number of nonfiling characters - 1$$, FALSE, TRUE);
INSERT INTO config.coded_value_map(ctype, code, value, opac_visible, is_simple)
VALUES ('marc21_authority_530_ind_2', '2', $$Number of nonfiling characters - 2$$, FALSE, TRUE);
INSERT INTO config.coded_value_map(ctype, code, value, opac_visible, is_simple)
VALUES ('marc21_authority_530_ind_2', '3', $$Number of nonfiling characters - 3$$, FALSE, TRUE);
INSERT INTO config.coded_value_map(ctype, code, value, opac_visible, is_simple)
VALUES ('marc21_authority_530_ind_2', '4', $$Number of nonfiling characters - 4$$, FALSE, TRUE);
INSERT INTO config.coded_value_map(ctype, code, value, opac_visible, is_simple)
VALUES ('marc21_authority_530_ind_2', '5', $$Number of nonfiling characters - 5$$, FALSE, TRUE);
INSERT INTO config.coded_value_map(ctype, code, value, opac_visible, is_simple)
VALUES ('marc21_authority_530_ind_2', '6', $$Number of nonfiling characters - 6$$, FALSE, TRUE);
INSERT INTO config.coded_value_map(ctype, code, value, opac_visible, is_simple)
VALUES ('marc21_authority_530_ind_2', '7', $$Number of nonfiling characters - 7$$, FALSE, TRUE);
INSERT INTO config.coded_value_map(ctype, code, value, opac_visible, is_simple)
VALUES ('marc21_authority_530_ind_2', '8', $$Number of nonfiling characters - 8$$, FALSE, TRUE);
INSERT INTO config.coded_value_map(ctype, code, value, opac_visible, is_simple)
VALUES ('marc21_authority_530_ind_2', '9', $$Number of nonfiling characters - 9$$, FALSE, TRUE);
INSERT INTO config.marc_subfield(marc_format, marc_record_type, tag, code, description,
                                 repeatable, mandatory, hidden)
VALUES (1, 'authority', '530', 'a', $$Uniform title$$,
FALSE, FALSE, FALSE);
INSERT INTO config.marc_subfield(marc_format, marc_record_type, tag, code, description,
                                 repeatable, mandatory, hidden)
VALUES (1, 'authority', '530', 'd', $$Date of treaty signing$$,
TRUE, FALSE, FALSE);
INSERT INTO config.marc_subfield(marc_format, marc_record_type, tag, code, description,
                                 repeatable, mandatory, hidden)
VALUES (1, 'authority', '530', 'f', $$Date of a work$$,
FALSE, FALSE, FALSE);
INSERT INTO config.marc_subfield(marc_format, marc_record_type, tag, code, description,
                                 repeatable, mandatory, hidden)
VALUES (1, 'authority', '530', 'g', $$Miscellaneous information$$,
FALSE, FALSE, FALSE);
INSERT INTO config.marc_subfield(marc_format, marc_record_type, tag, code, description,
                                 repeatable, mandatory, hidden)
VALUES (1, 'authority', '530', 'h', $$Medium$$,
FALSE, FALSE, FALSE);
INSERT INTO config.marc_subfield(marc_format, marc_record_type, tag, code, description,
                                 repeatable, mandatory, hidden)
VALUES (1, 'authority', '530', 'i', $$Relationship information$$,
TRUE, FALSE, FALSE);
INSERT INTO config.marc_subfield(marc_format, marc_record_type, tag, code, description,
                                 repeatable, mandatory, hidden)
VALUES (1, 'authority', '530', 'k', $$Form subheading$$,
TRUE, FALSE, FALSE);
INSERT INTO config.marc_subfield(marc_format, marc_record_type, tag, code, description,
                                 repeatable, mandatory, hidden)
VALUES (1, 'authority', '530', 'l', $$Language of a work$$,
FALSE, FALSE, FALSE);
INSERT INTO config.marc_subfield(marc_format, marc_record_type, tag, code, description,
                                 repeatable, mandatory, hidden)
VALUES (1, 'authority', '530', 'm', $$Medium of performance for music$$,
TRUE, FALSE, FALSE);
INSERT INTO config.marc_subfield(marc_format, marc_record_type, tag, code, description,
                                 repeatable, mandatory, hidden)
VALUES (1, 'authority', '530', 'n', $$Number of part/section of a work$$,
TRUE, FALSE, FALSE);
INSERT INTO config.marc_subfield(marc_format, marc_record_type, tag, code, description,
                                 repeatable, mandatory, hidden)
VALUES (1, 'authority', '530', 'o', $$Arranged statement for music$$,
FALSE, FALSE, FALSE);
INSERT INTO config.marc_subfield(marc_format, marc_record_type, tag, code, description,
                                 repeatable, mandatory, hidden)
VALUES (1, 'authority', '530', 'p', $$Name of part/section of a work$$,
TRUE, FALSE, FALSE);
INSERT INTO config.marc_subfield(marc_format, marc_record_type, tag, code, description,
                                 repeatable, mandatory, hidden)
VALUES (1, 'authority', '530', 'r', $$Key for music$$,
FALSE, FALSE, FALSE);
INSERT INTO config.marc_subfield(marc_format, marc_record_type, tag, code, description,
                                 repeatable, mandatory, hidden)
VALUES (1, 'authority', '530', 's', $$Version$$,
FALSE, FALSE, FALSE);
INSERT INTO config.marc_subfield(marc_format, marc_record_type, tag, code, description,
                                 repeatable, mandatory, hidden)
VALUES (1, 'authority', '530', 't', $$Title of a work$$,
FALSE, FALSE, FALSE);
INSERT INTO config.marc_subfield(marc_format, marc_record_type, tag, code, description,
                                 repeatable, mandatory, hidden)
VALUES (1, 'authority', '530', 'v', $$Form subdivision$$,
TRUE, FALSE, FALSE);
INSERT INTO config.marc_subfield(marc_format, marc_record_type, tag, code, description,
                                 repeatable, mandatory, hidden)
VALUES (1, 'authority', '530', 'w', $$Control subfield$$,
FALSE, FALSE, FALSE);
INSERT INTO config.marc_subfield(marc_format, marc_record_type, tag, code, description,
                                 repeatable, mandatory, hidden)
VALUES (1, 'authority', '530', 'x', $$General subdivision$$,
TRUE, FALSE, FALSE);
INSERT INTO config.marc_subfield(marc_format, marc_record_type, tag, code, description,
                                 repeatable, mandatory, hidden)
VALUES (1, 'authority', '530', 'y', $$Chronological subdivision$$,
TRUE, FALSE, FALSE);
INSERT INTO config.marc_subfield(marc_format, marc_record_type, tag, code, description,
                                 repeatable, mandatory, hidden)
VALUES (1, 'authority', '530', 'z', $$Geographic subdivision$$,
TRUE, FALSE, FALSE);
INSERT INTO config.marc_subfield(marc_format, marc_record_type, tag, code, description,
                                 repeatable, mandatory, hidden)
VALUES (1, 'authority', '530', '0', $$Record control number$$,
TRUE, FALSE, FALSE);
INSERT INTO config.marc_subfield(marc_format, marc_record_type, tag, code, description,
                                 repeatable, mandatory, hidden)
VALUES (1, 'authority', '530', '4', $$Relationship code$$,
TRUE, FALSE, FALSE);
INSERT INTO config.marc_subfield(marc_format, marc_record_type, tag, code, description,
                                 repeatable, mandatory, hidden)
VALUES (1, 'authority', '530', '5', $$Institution to which field applies$$,
TRUE, FALSE, FALSE);
INSERT INTO config.marc_subfield(marc_format, marc_record_type, tag, code, description,
                                 repeatable, mandatory, hidden)
VALUES (1, 'authority', '530', '6', $$Linkage$$,
FALSE, FALSE, FALSE);
INSERT INTO config.marc_subfield(marc_format, marc_record_type, tag, code, description,
                                 repeatable, mandatory, hidden)
VALUES (1, 'authority', '530', '8', $$Field link and sequence number$$,
TRUE, FALSE, FALSE);
INSERT INTO config.marc_field(marc_format, marc_record_type, tag, name, description,
                              fixed_field, repeatable, mandatory, hidden)
VALUES (1, 'authority', '548', $$See Also From Tracing-Chronological Term$$, $$Tracing for a chronological term reference.$$,
FALSE, TRUE, FALSE, FALSE);
INSERT INTO config.record_attr_definition(name, label)
VALUES ('marc21_authority_548_ind_1', 'MARC 21 authority field 548 indicator position 1');
INSERT INTO config.coded_value_map(ctype, code, value, opac_visible, is_simple)
VALUES ('marc21_authority_548_ind_1', '#', $$Undefined$$, FALSE, TRUE);
INSERT INTO config.record_attr_definition(name, label)
VALUES ('marc21_authority_548_ind_2', 'MARC 21 authority field 548 indicator position 2');
INSERT INTO config.coded_value_map(ctype, code, value, opac_visible, is_simple)
VALUES ('marc21_authority_548_ind_2', '#', $$Undefined$$, FALSE, TRUE);
INSERT INTO config.marc_subfield(marc_format, marc_record_type, tag, code, description,
                                 repeatable, mandatory, hidden)
VALUES (1, 'authority', '548', 'a', $$Chronological term$$,
FALSE, FALSE, FALSE);
INSERT INTO config.marc_subfield(marc_format, marc_record_type, tag, code, description,
                                 repeatable, mandatory, hidden)
VALUES (1, 'authority', '548', 'i', $$Relationship information$$,
TRUE, FALSE, FALSE);
INSERT INTO config.marc_subfield(marc_format, marc_record_type, tag, code, description,
                                 repeatable, mandatory, hidden)
VALUES (1, 'authority', '548', 'v', $$Form subdivision$$,
TRUE, FALSE, FALSE);
INSERT INTO config.marc_subfield(marc_format, marc_record_type, tag, code, description,
                                 repeatable, mandatory, hidden)
VALUES (1, 'authority', '548', 'w', $$Control subfield$$,
FALSE, FALSE, FALSE);
INSERT INTO config.marc_subfield(marc_format, marc_record_type, tag, code, description,
                                 repeatable, mandatory, hidden)
VALUES (1, 'authority', '548', 'x', $$General subdivision$$,
TRUE, FALSE, FALSE);
INSERT INTO config.marc_subfield(marc_format, marc_record_type, tag, code, description,
                                 repeatable, mandatory, hidden)
VALUES (1, 'authority', '548', 'y', $$Chronological subdivision$$,
TRUE, FALSE, FALSE);
INSERT INTO config.marc_subfield(marc_format, marc_record_type, tag, code, description,
                                 repeatable, mandatory, hidden)
VALUES (1, 'authority', '548', 'z', $$Geographic subdivision$$,
TRUE, FALSE, FALSE);
INSERT INTO config.marc_subfield(marc_format, marc_record_type, tag, code, description,
                                 repeatable, mandatory, hidden)
VALUES (1, 'authority', '548', '0', $$Record control number$$,
TRUE, FALSE, FALSE);
INSERT INTO config.marc_subfield(marc_format, marc_record_type, tag, code, description,
                                 repeatable, mandatory, hidden)
VALUES (1, 'authority', '548', '4', $$Relationship code$$,
TRUE, FALSE, FALSE);
INSERT INTO config.marc_subfield(marc_format, marc_record_type, tag, code, description,
                                 repeatable, mandatory, hidden)
VALUES (1, 'authority', '548', '5', $$Institution to which field applies$$,
TRUE, FALSE, FALSE);
INSERT INTO config.marc_subfield(marc_format, marc_record_type, tag, code, description,
                                 repeatable, mandatory, hidden)
VALUES (1, 'authority', '548', '6', $$Linkage$$,
FALSE, FALSE, FALSE);
INSERT INTO config.marc_subfield(marc_format, marc_record_type, tag, code, description,
                                 repeatable, mandatory, hidden)
VALUES (1, 'authority', '548', '8', $$Field link and sequence number$$,
TRUE, FALSE, FALSE);
INSERT INTO config.marc_field(marc_format, marc_record_type, tag, name, description,
                              fixed_field, repeatable, mandatory, hidden)
VALUES (1, 'authority', '550', $$See Also From Tracing-Topical Term$$, $$Tracing for a topical term reference.$$,
FALSE, TRUE, FALSE, FALSE);
INSERT INTO config.record_attr_definition(name, label)
VALUES ('marc21_authority_550_ind_1', 'MARC 21 authority field 550 indicator position 1');
INSERT INTO config.coded_value_map(ctype, code, value, opac_visible, is_simple)
VALUES ('marc21_authority_550_ind_1', '#', $$Undefined$$, FALSE, TRUE);
INSERT INTO config.record_attr_definition(name, label)
VALUES ('marc21_authority_550_ind_2', 'MARC 21 authority field 550 indicator position 2');
INSERT INTO config.coded_value_map(ctype, code, value, opac_visible, is_simple)
VALUES ('marc21_authority_550_ind_2', '#', $$Undefined$$, FALSE, TRUE);
INSERT INTO config.marc_subfield(marc_format, marc_record_type, tag, code, description,
                                 repeatable, mandatory, hidden)
VALUES (1, 'authority', '550', 'a', $$Topical term or geographic name entry element$$,
FALSE, FALSE, FALSE);
INSERT INTO config.marc_subfield(marc_format, marc_record_type, tag, code, description,
                                 repeatable, mandatory, hidden)
VALUES (1, 'authority', '550', 'b', $$Topical term following geographic name entry element$$,
FALSE, FALSE, FALSE);
INSERT INTO config.marc_subfield(marc_format, marc_record_type, tag, code, description,
                                 repeatable, mandatory, hidden)
VALUES (1, 'authority', '550', 'i', $$Relationship information$$,
TRUE, FALSE, FALSE);
INSERT INTO config.marc_subfield(marc_format, marc_record_type, tag, code, description,
                                 repeatable, mandatory, hidden)
VALUES (1, 'authority', '550', 'v', $$Form subdivision$$,
TRUE, FALSE, FALSE);
INSERT INTO config.marc_subfield(marc_format, marc_record_type, tag, code, description,
                                 repeatable, mandatory, hidden)
VALUES (1, 'authority', '550', 'w', $$Control subfield$$,
FALSE, FALSE, FALSE);
INSERT INTO config.marc_subfield(marc_format, marc_record_type, tag, code, description,
                                 repeatable, mandatory, hidden)
VALUES (1, 'authority', '550', 'x', $$General subdivision$$,
TRUE, FALSE, FALSE);
INSERT INTO config.marc_subfield(marc_format, marc_record_type, tag, code, description,
                                 repeatable, mandatory, hidden)
VALUES (1, 'authority', '550', 'y', $$Chronological subdivision$$,
TRUE, FALSE, FALSE);
INSERT INTO config.marc_subfield(marc_format, marc_record_type, tag, code, description,
                                 repeatable, mandatory, hidden)
VALUES (1, 'authority', '550', 'z', $$Geographic subdivision$$,
TRUE, FALSE, FALSE);
INSERT INTO config.marc_subfield(marc_format, marc_record_type, tag, code, description,
                                 repeatable, mandatory, hidden)
VALUES (1, 'authority', '550', '0', $$Record control number$$,
TRUE, FALSE, FALSE);
INSERT INTO config.marc_subfield(marc_format, marc_record_type, tag, code, description,
                                 repeatable, mandatory, hidden)
VALUES (1, 'authority', '550', '4', $$Relationship code$$,
TRUE, FALSE, FALSE);
INSERT INTO config.marc_subfield(marc_format, marc_record_type, tag, code, description,
                                 repeatable, mandatory, hidden)
VALUES (1, 'authority', '550', '5', $$Institution to which field applies$$,
TRUE, FALSE, FALSE);
INSERT INTO config.marc_subfield(marc_format, marc_record_type, tag, code, description,
                                 repeatable, mandatory, hidden)
VALUES (1, 'authority', '550', '6', $$Linkage$$,
FALSE, FALSE, FALSE);
INSERT INTO config.marc_subfield(marc_format, marc_record_type, tag, code, description,
                                 repeatable, mandatory, hidden)
VALUES (1, 'authority', '550', '8', $$Field link and sequence number$$,
TRUE, FALSE, FALSE);
INSERT INTO config.marc_field(marc_format, marc_record_type, tag, name, description,
                              fixed_field, repeatable, mandatory, hidden)
VALUES (1, 'authority', '551', $$See Also From Tracing-Geographic Name$$, $$Tracing for a geographic name reference.$$,
FALSE, TRUE, FALSE, FALSE);
INSERT INTO config.record_attr_definition(name, label)
VALUES ('marc21_authority_551_ind_1', 'MARC 21 authority field 551 indicator position 1');
INSERT INTO config.coded_value_map(ctype, code, value, opac_visible, is_simple)
VALUES ('marc21_authority_551_ind_1', '#', $$Undefined$$, FALSE, TRUE);
INSERT INTO config.record_attr_definition(name, label)
VALUES ('marc21_authority_551_ind_2', 'MARC 21 authority field 551 indicator position 2');
INSERT INTO config.coded_value_map(ctype, code, value, opac_visible, is_simple)
VALUES ('marc21_authority_551_ind_2', '#', $$Undefined$$, FALSE, TRUE);
INSERT INTO config.marc_subfield(marc_format, marc_record_type, tag, code, description,
                                 repeatable, mandatory, hidden)
VALUES (1, 'authority', '551', 'a', $$Geographic name$$,
FALSE, FALSE, FALSE);
INSERT INTO config.marc_subfield(marc_format, marc_record_type, tag, code, description,
                                 repeatable, mandatory, hidden)
VALUES (1, 'authority', '551', 'i', $$Relationship information$$,
TRUE, FALSE, FALSE);
INSERT INTO config.marc_subfield(marc_format, marc_record_type, tag, code, description,
                                 repeatable, mandatory, hidden)
VALUES (1, 'authority', '551', 'v', $$Form subdivision$$,
TRUE, FALSE, FALSE);
INSERT INTO config.marc_subfield(marc_format, marc_record_type, tag, code, description,
                                 repeatable, mandatory, hidden)
VALUES (1, 'authority', '551', 'w', $$Control subfield$$,
FALSE, FALSE, FALSE);
INSERT INTO config.marc_subfield(marc_format, marc_record_type, tag, code, description,
                                 repeatable, mandatory, hidden)
VALUES (1, 'authority', '551', 'x', $$General subdivision$$,
TRUE, FALSE, FALSE);
INSERT INTO config.marc_subfield(marc_format, marc_record_type, tag, code, description,
                                 repeatable, mandatory, hidden)
VALUES (1, 'authority', '551', 'y', $$Chronological subdivision$$,
TRUE, FALSE, FALSE);
INSERT INTO config.marc_subfield(marc_format, marc_record_type, tag, code, description,
                                 repeatable, mandatory, hidden)
VALUES (1, 'authority', '551', 'z', $$Geographic subdivision$$,
TRUE, FALSE, FALSE);
INSERT INTO config.marc_subfield(marc_format, marc_record_type, tag, code, description,
                                 repeatable, mandatory, hidden)
VALUES (1, 'authority', '551', '0', $$Record control number$$,
TRUE, FALSE, FALSE);
INSERT INTO config.marc_subfield(marc_format, marc_record_type, tag, code, description,
                                 repeatable, mandatory, hidden)
VALUES (1, 'authority', '551', '4', $$Relationship code$$,
TRUE, FALSE, FALSE);
INSERT INTO config.marc_subfield(marc_format, marc_record_type, tag, code, description,
                                 repeatable, mandatory, hidden)
VALUES (1, 'authority', '551', '5', $$Institution to which field applies$$,
TRUE, FALSE, FALSE);
INSERT INTO config.marc_subfield(marc_format, marc_record_type, tag, code, description,
                                 repeatable, mandatory, hidden)
VALUES (1, 'authority', '551', '6', $$Linkage$$,
FALSE, FALSE, FALSE);
INSERT INTO config.marc_subfield(marc_format, marc_record_type, tag, code, description,
                                 repeatable, mandatory, hidden)
VALUES (1, 'authority', '551', '8', $$Field link and sequence number$$,
TRUE, FALSE, FALSE);
INSERT INTO config.marc_field(marc_format, marc_record_type, tag, name, description,
                              fixed_field, repeatable, mandatory, hidden)
VALUES (1, 'authority', '555', $$See Also From Tracing-Genre/Form Term$$, $$Tracing for a genre/form term reference.$$,
FALSE, TRUE, FALSE, FALSE);
INSERT INTO config.record_attr_definition(name, label)
VALUES ('marc21_authority_555_ind_1', 'MARC 21 authority field 555 indicator position 1');
INSERT INTO config.coded_value_map(ctype, code, value, opac_visible, is_simple)
VALUES ('marc21_authority_555_ind_1', '#', $$Undefined$$, FALSE, TRUE);
INSERT INTO config.record_attr_definition(name, label)
VALUES ('marc21_authority_555_ind_2', 'MARC 21 authority field 555 indicator position 2');
INSERT INTO config.coded_value_map(ctype, code, value, opac_visible, is_simple)
VALUES ('marc21_authority_555_ind_2', '#', $$Undefined$$, FALSE, TRUE);
INSERT INTO config.marc_subfield(marc_format, marc_record_type, tag, code, description,
                                 repeatable, mandatory, hidden)
VALUES (1, 'authority', '555', 'a', $$Genre/form term$$,
FALSE, FALSE, FALSE);
INSERT INTO config.marc_subfield(marc_format, marc_record_type, tag, code, description,
                                 repeatable, mandatory, hidden)
VALUES (1, 'authority', '555', 'i', $$Relationship information$$,
TRUE, FALSE, FALSE);
INSERT INTO config.marc_subfield(marc_format, marc_record_type, tag, code, description,
                                 repeatable, mandatory, hidden)
VALUES (1, 'authority', '555', 'v', $$Form subdivision$$,
TRUE, FALSE, FALSE);
INSERT INTO config.marc_subfield(marc_format, marc_record_type, tag, code, description,
                                 repeatable, mandatory, hidden)
VALUES (1, 'authority', '555', 'w', $$Control subfield$$,
FALSE, FALSE, FALSE);
INSERT INTO config.marc_subfield(marc_format, marc_record_type, tag, code, description,
                                 repeatable, mandatory, hidden)
VALUES (1, 'authority', '555', 'x', $$General subdivision$$,
TRUE, FALSE, FALSE);
INSERT INTO config.marc_subfield(marc_format, marc_record_type, tag, code, description,
                                 repeatable, mandatory, hidden)
VALUES (1, 'authority', '555', 'y', $$Chronological subdivision$$,
TRUE, FALSE, FALSE);
INSERT INTO config.marc_subfield(marc_format, marc_record_type, tag, code, description,
                                 repeatable, mandatory, hidden)
VALUES (1, 'authority', '555', 'z', $$Geographic subdivision$$,
TRUE, FALSE, FALSE);
INSERT INTO config.marc_subfield(marc_format, marc_record_type, tag, code, description,
                                 repeatable, mandatory, hidden)
VALUES (1, 'authority', '555', '0', $$Record control number$$,
TRUE, FALSE, FALSE);
INSERT INTO config.marc_subfield(marc_format, marc_record_type, tag, code, description,
                                 repeatable, mandatory, hidden)
VALUES (1, 'authority', '555', '4', $$Relationship code$$,
TRUE, FALSE, FALSE);
INSERT INTO config.marc_subfield(marc_format, marc_record_type, tag, code, description,
                                 repeatable, mandatory, hidden)
VALUES (1, 'authority', '555', '5', $$Institution to which field applies$$,
TRUE, FALSE, FALSE);
INSERT INTO config.marc_subfield(marc_format, marc_record_type, tag, code, description,
                                 repeatable, mandatory, hidden)
VALUES (1, 'authority', '555', '6', $$Linkage$$,
FALSE, FALSE, FALSE);
INSERT INTO config.marc_subfield(marc_format, marc_record_type, tag, code, description,
                                 repeatable, mandatory, hidden)
VALUES (1, 'authority', '555', '8', $$Field link and sequence number$$,
TRUE, FALSE, FALSE);
INSERT INTO config.marc_field(marc_format, marc_record_type, tag, name, description,
                              fixed_field, repeatable, mandatory, hidden)
VALUES (1, 'authority', '580', $$See Also From Tracing-General Subdivision$$, $$Tracing for a general subdivision reference.$$,
FALSE, TRUE, FALSE, FALSE);
INSERT INTO config.record_attr_definition(name, label)
VALUES ('marc21_authority_580_ind_1', 'MARC 21 authority field 580 indicator position 1');
INSERT INTO config.coded_value_map(ctype, code, value, opac_visible, is_simple)
VALUES ('marc21_authority_580_ind_1', '#', $$Undefined$$, FALSE, TRUE);
INSERT INTO config.record_attr_definition(name, label)
VALUES ('marc21_authority_580_ind_2', 'MARC 21 authority field 580 indicator position 2');
INSERT INTO config.coded_value_map(ctype, code, value, opac_visible, is_simple)
VALUES ('marc21_authority_580_ind_2', '#', $$Undefined$$, FALSE, TRUE);
INSERT INTO config.marc_subfield(marc_format, marc_record_type, tag, code, description,
                                 repeatable, mandatory, hidden)
VALUES (1, 'authority', '580', 'i', $$Relationship information$$,
TRUE, FALSE, FALSE);
INSERT INTO config.marc_subfield(marc_format, marc_record_type, tag, code, description,
                                 repeatable, mandatory, hidden)
VALUES (1, 'authority', '580', 'v', $$Form subdivision$$,
TRUE, FALSE, FALSE);
INSERT INTO config.marc_subfield(marc_format, marc_record_type, tag, code, description,
                                 repeatable, mandatory, hidden)
VALUES (1, 'authority', '580', 'w', $$Control subfield$$,
FALSE, FALSE, FALSE);
INSERT INTO config.marc_subfield(marc_format, marc_record_type, tag, code, description,
                                 repeatable, mandatory, hidden)
VALUES (1, 'authority', '580', 'x', $$General subdivision$$,
TRUE, FALSE, FALSE);
INSERT INTO config.marc_subfield(marc_format, marc_record_type, tag, code, description,
                                 repeatable, mandatory, hidden)
VALUES (1, 'authority', '580', 'y', $$Chronological subdivision$$,
TRUE, FALSE, FALSE);
INSERT INTO config.marc_subfield(marc_format, marc_record_type, tag, code, description,
                                 repeatable, mandatory, hidden)
VALUES (1, 'authority', '580', 'z', $$Geographic subdivision$$,
TRUE, FALSE, FALSE);
INSERT INTO config.marc_subfield(marc_format, marc_record_type, tag, code, description,
                                 repeatable, mandatory, hidden)
VALUES (1, 'authority', '580', '0', $$Record control number$$,
TRUE, FALSE, FALSE);
INSERT INTO config.marc_subfield(marc_format, marc_record_type, tag, code, description,
                                 repeatable, mandatory, hidden)
VALUES (1, 'authority', '580', '4', $$Relationship code$$,
TRUE, FALSE, FALSE);
INSERT INTO config.marc_subfield(marc_format, marc_record_type, tag, code, description,
                                 repeatable, mandatory, hidden)
VALUES (1, 'authority', '580', '5', $$Institution to which field applies$$,
TRUE, FALSE, FALSE);
INSERT INTO config.marc_subfield(marc_format, marc_record_type, tag, code, description,
                                 repeatable, mandatory, hidden)
VALUES (1, 'authority', '580', '6', $$Linkage$$,
FALSE, FALSE, FALSE);
INSERT INTO config.marc_subfield(marc_format, marc_record_type, tag, code, description,
                                 repeatable, mandatory, hidden)
VALUES (1, 'authority', '580', '8', $$Field link and sequence number$$,
TRUE, FALSE, FALSE);
INSERT INTO config.marc_field(marc_format, marc_record_type, tag, name, description,
                              fixed_field, repeatable, mandatory, hidden)
VALUES (1, 'authority', '581', $$See Also From Tracing-Geographic Subdivision$$, $$Tracing for a geographic subdivision reference.$$,
FALSE, TRUE, FALSE, FALSE);
INSERT INTO config.record_attr_definition(name, label)
VALUES ('marc21_authority_581_ind_1', 'MARC 21 authority field 581 indicator position 1');
INSERT INTO config.coded_value_map(ctype, code, value, opac_visible, is_simple)
VALUES ('marc21_authority_581_ind_1', '#', $$Undefined$$, FALSE, TRUE);
INSERT INTO config.record_attr_definition(name, label)
VALUES ('marc21_authority_581_ind_2', 'MARC 21 authority field 581 indicator position 2');
INSERT INTO config.coded_value_map(ctype, code, value, opac_visible, is_simple)
VALUES ('marc21_authority_581_ind_2', '#', $$Undefined$$, FALSE, TRUE);
INSERT INTO config.marc_subfield(marc_format, marc_record_type, tag, code, description,
                                 repeatable, mandatory, hidden)
VALUES (1, 'authority', '581', 'i', $$Relationship information$$,
TRUE, FALSE, FALSE);
INSERT INTO config.marc_subfield(marc_format, marc_record_type, tag, code, description,
                                 repeatable, mandatory, hidden)
VALUES (1, 'authority', '581', 'v', $$Form subdivision$$,
TRUE, FALSE, FALSE);
INSERT INTO config.marc_subfield(marc_format, marc_record_type, tag, code, description,
                                 repeatable, mandatory, hidden)
VALUES (1, 'authority', '581', 'w', $$Control subfield$$,
FALSE, FALSE, FALSE);
INSERT INTO config.marc_subfield(marc_format, marc_record_type, tag, code, description,
                                 repeatable, mandatory, hidden)
VALUES (1, 'authority', '581', 'x', $$General subdivision$$,
TRUE, FALSE, FALSE);
INSERT INTO config.marc_subfield(marc_format, marc_record_type, tag, code, description,
                                 repeatable, mandatory, hidden)
VALUES (1, 'authority', '581', 'y', $$Chronological subdivision$$,
TRUE, FALSE, FALSE);
INSERT INTO config.marc_subfield(marc_format, marc_record_type, tag, code, description,
                                 repeatable, mandatory, hidden)
VALUES (1, 'authority', '581', 'z', $$Geographic subdivision$$,
TRUE, FALSE, FALSE);
INSERT INTO config.marc_subfield(marc_format, marc_record_type, tag, code, description,
                                 repeatable, mandatory, hidden)
VALUES (1, 'authority', '581', '0', $$Record control number$$,
TRUE, FALSE, FALSE);
INSERT INTO config.marc_subfield(marc_format, marc_record_type, tag, code, description,
                                 repeatable, mandatory, hidden)
VALUES (1, 'authority', '581', '4', $$Relationship code$$,
TRUE, FALSE, FALSE);
INSERT INTO config.marc_subfield(marc_format, marc_record_type, tag, code, description,
                                 repeatable, mandatory, hidden)
VALUES (1, 'authority', '581', '5', $$Institution to which field applies$$,
TRUE, FALSE, FALSE);
INSERT INTO config.marc_subfield(marc_format, marc_record_type, tag, code, description,
                                 repeatable, mandatory, hidden)
VALUES (1, 'authority', '581', '6', $$Linkage$$,
FALSE, FALSE, FALSE);
INSERT INTO config.marc_subfield(marc_format, marc_record_type, tag, code, description,
                                 repeatable, mandatory, hidden)
VALUES (1, 'authority', '581', '8', $$Field link and sequence number$$,
TRUE, FALSE, FALSE);
INSERT INTO config.marc_field(marc_format, marc_record_type, tag, name, description,
                              fixed_field, repeatable, mandatory, hidden)
VALUES (1, 'authority', '582', $$See Also From Tracing-Chronological Subdivision$$, $$Tracing for a chronological subdivision .$$,
FALSE, TRUE, FALSE, FALSE);
INSERT INTO config.record_attr_definition(name, label)
VALUES ('marc21_authority_582_ind_1', 'MARC 21 authority field 582 indicator position 1');
INSERT INTO config.coded_value_map(ctype, code, value, opac_visible, is_simple)
VALUES ('marc21_authority_582_ind_1', '#', $$Undefined$$, FALSE, TRUE);
INSERT INTO config.record_attr_definition(name, label)
VALUES ('marc21_authority_582_ind_2', 'MARC 21 authority field 582 indicator position 2');
INSERT INTO config.coded_value_map(ctype, code, value, opac_visible, is_simple)
VALUES ('marc21_authority_582_ind_2', '#', $$Undefined$$, FALSE, TRUE);
INSERT INTO config.marc_subfield(marc_format, marc_record_type, tag, code, description,
                                 repeatable, mandatory, hidden)
VALUES (1, 'authority', '582', 'i', $$Relationship information$$,
TRUE, FALSE, FALSE);
INSERT INTO config.marc_subfield(marc_format, marc_record_type, tag, code, description,
                                 repeatable, mandatory, hidden)
VALUES (1, 'authority', '582', 'v', $$Form subdivision$$,
TRUE, FALSE, FALSE);
INSERT INTO config.marc_subfield(marc_format, marc_record_type, tag, code, description,
                                 repeatable, mandatory, hidden)
VALUES (1, 'authority', '582', 'w', $$Control subfield$$,
FALSE, FALSE, FALSE);
INSERT INTO config.marc_subfield(marc_format, marc_record_type, tag, code, description,
                                 repeatable, mandatory, hidden)
VALUES (1, 'authority', '582', 'x', $$General subdivision$$,
TRUE, FALSE, FALSE);
INSERT INTO config.marc_subfield(marc_format, marc_record_type, tag, code, description,
                                 repeatable, mandatory, hidden)
VALUES (1, 'authority', '582', 'y', $$Chronological subdivision$$,
TRUE, FALSE, FALSE);
INSERT INTO config.marc_subfield(marc_format, marc_record_type, tag, code, description,
                                 repeatable, mandatory, hidden)
VALUES (1, 'authority', '582', 'z', $$Geographic subdivision$$,
TRUE, FALSE, FALSE);
INSERT INTO config.marc_subfield(marc_format, marc_record_type, tag, code, description,
                                 repeatable, mandatory, hidden)
VALUES (1, 'authority', '582', '0', $$Record control number$$,
TRUE, FALSE, FALSE);
INSERT INTO config.marc_subfield(marc_format, marc_record_type, tag, code, description,
                                 repeatable, mandatory, hidden)
VALUES (1, 'authority', '582', '4', $$Relationship code$$,
TRUE, FALSE, FALSE);
INSERT INTO config.marc_subfield(marc_format, marc_record_type, tag, code, description,
                                 repeatable, mandatory, hidden)
VALUES (1, 'authority', '582', '5', $$Institution to which field applies$$,
TRUE, FALSE, FALSE);
INSERT INTO config.marc_subfield(marc_format, marc_record_type, tag, code, description,
                                 repeatable, mandatory, hidden)
VALUES (1, 'authority', '582', '6', $$Linkage$$,
FALSE, FALSE, FALSE);
INSERT INTO config.marc_subfield(marc_format, marc_record_type, tag, code, description,
                                 repeatable, mandatory, hidden)
VALUES (1, 'authority', '582', '8', $$Field link and sequence number$$,
TRUE, FALSE, FALSE);
INSERT INTO config.marc_field(marc_format, marc_record_type, tag, name, description,
                              fixed_field, repeatable, mandatory, hidden)
VALUES (1, 'authority', '585', $$See Also From Tracing-Form Subdivision$$, $$Tracing for a form subdivision reference.$$,
FALSE, TRUE, FALSE, FALSE);
INSERT INTO config.record_attr_definition(name, label)
VALUES ('marc21_authority_585_ind_1', 'MARC 21 authority field 585 indicator position 1');
INSERT INTO config.coded_value_map(ctype, code, value, opac_visible, is_simple)
VALUES ('marc21_authority_585_ind_1', '#', $$Undefined$$, FALSE, TRUE);
INSERT INTO config.record_attr_definition(name, label)
VALUES ('marc21_authority_585_ind_2', 'MARC 21 authority field 585 indicator position 2');
INSERT INTO config.coded_value_map(ctype, code, value, opac_visible, is_simple)
VALUES ('marc21_authority_585_ind_2', '#', $$Undefined$$, FALSE, TRUE);
INSERT INTO config.marc_subfield(marc_format, marc_record_type, tag, code, description,
                                 repeatable, mandatory, hidden)
VALUES (1, 'authority', '585', 'i', $$Relationship information$$,
TRUE, FALSE, FALSE);
INSERT INTO config.marc_subfield(marc_format, marc_record_type, tag, code, description,
                                 repeatable, mandatory, hidden)
VALUES (1, 'authority', '585', 'v', $$Form subdivision$$,
TRUE, FALSE, FALSE);
INSERT INTO config.marc_subfield(marc_format, marc_record_type, tag, code, description,
                                 repeatable, mandatory, hidden)
VALUES (1, 'authority', '585', 'w', $$Control subfield$$,
FALSE, FALSE, FALSE);
INSERT INTO config.marc_subfield(marc_format, marc_record_type, tag, code, description,
                                 repeatable, mandatory, hidden)
VALUES (1, 'authority', '585', 'x', $$General subdivision$$,
TRUE, FALSE, FALSE);
INSERT INTO config.marc_subfield(marc_format, marc_record_type, tag, code, description,
                                 repeatable, mandatory, hidden)
VALUES (1, 'authority', '585', 'y', $$Chronological subdivision$$,
TRUE, FALSE, FALSE);
INSERT INTO config.marc_subfield(marc_format, marc_record_type, tag, code, description,
                                 repeatable, mandatory, hidden)
VALUES (1, 'authority', '585', 'z', $$Geographic subdivision$$,
TRUE, FALSE, FALSE);
INSERT INTO config.marc_subfield(marc_format, marc_record_type, tag, code, description,
                                 repeatable, mandatory, hidden)
VALUES (1, 'authority', '585', '0', $$Record control number$$,
TRUE, FALSE, FALSE);
INSERT INTO config.marc_subfield(marc_format, marc_record_type, tag, code, description,
                                 repeatable, mandatory, hidden)
VALUES (1, 'authority', '585', '4', $$Relationship code$$,
TRUE, FALSE, FALSE);
INSERT INTO config.marc_subfield(marc_format, marc_record_type, tag, code, description,
                                 repeatable, mandatory, hidden)
VALUES (1, 'authority', '585', '5', $$Institution to which field applies$$,
TRUE, FALSE, FALSE);
INSERT INTO config.marc_subfield(marc_format, marc_record_type, tag, code, description,
                                 repeatable, mandatory, hidden)
VALUES (1, 'authority', '585', '6', $$Linkage$$,
FALSE, FALSE, FALSE);
INSERT INTO config.marc_subfield(marc_format, marc_record_type, tag, code, description,
                                 repeatable, mandatory, hidden)
VALUES (1, 'authority', '585', '8', $$Field link and sequence number$$,
TRUE, FALSE, FALSE);
INSERT INTO config.marc_field(marc_format, marc_record_type, tag, name, description,
                              fixed_field, repeatable, mandatory, hidden)
VALUES (1, 'authority', '640', $$Series Dates of Publication and/or Sequential Designation$$, $$Beginning/ending date(s) of publication and/or sequential designations used on items in a series named in the 1XX field of an established heading record for a series. May also contain a citation for the source of the information.$$,
FALSE, TRUE, FALSE, FALSE);
INSERT INTO config.record_attr_definition(name, label)
VALUES ('marc21_authority_640_ind_1', 'MARC 21 authority field 640 indicator position 1');
INSERT INTO config.coded_value_map(ctype, code, value, opac_visible, is_simple)
VALUES ('marc21_authority_640_ind_1', '0', $$Formatted style$$, FALSE, TRUE);
INSERT INTO config.coded_value_map(ctype, code, value, opac_visible, is_simple)
VALUES ('marc21_authority_640_ind_1', '1', $$Unformatted style$$, FALSE, TRUE);
INSERT INTO config.record_attr_definition(name, label)
VALUES ('marc21_authority_640_ind_2', 'MARC 21 authority field 640 indicator position 2');
INSERT INTO config.coded_value_map(ctype, code, value, opac_visible, is_simple)
VALUES ('marc21_authority_640_ind_2', '#', $$Undefined$$, FALSE, TRUE);
INSERT INTO config.marc_subfield(marc_format, marc_record_type, tag, code, description,
                                 repeatable, mandatory, hidden)
VALUES (1, 'authority', '640', 'a', $$Dates of publication and/or sequential designation$$,
FALSE, FALSE, FALSE);
INSERT INTO config.marc_subfield(marc_format, marc_record_type, tag, code, description,
                                 repeatable, mandatory, hidden)
VALUES (1, 'authority', '640', 'z', $$Source of information$$,
FALSE, FALSE, FALSE);
INSERT INTO config.marc_subfield(marc_format, marc_record_type, tag, code, description,
                                 repeatable, mandatory, hidden)
VALUES (1, 'authority', '640', '6', $$Linkage$$,
FALSE, FALSE, FALSE);
INSERT INTO config.marc_subfield(marc_format, marc_record_type, tag, code, description,
                                 repeatable, mandatory, hidden)
VALUES (1, 'authority', '640', '8', $$Field link and sequence number$$,
TRUE, FALSE, FALSE);
INSERT INTO config.marc_field(marc_format, marc_record_type, tag, name, description,
                              fixed_field, repeatable, mandatory, hidden)
VALUES (1, 'authority', '641', $$Series Numbering Peculiarities$$, $$Note that describes irregularities in the report year coverage and/or numbering of a series named in the 1XX field of an established heading record for a series. May also contain a citation for the source of the information.$$,
FALSE, TRUE, FALSE, FALSE);
INSERT INTO config.record_attr_definition(name, label)
VALUES ('marc21_authority_641_ind_1', 'MARC 21 authority field 641 indicator position 1');
INSERT INTO config.coded_value_map(ctype, code, value, opac_visible, is_simple)
VALUES ('marc21_authority_641_ind_1', '#', $$Undefined$$, FALSE, TRUE);
INSERT INTO config.record_attr_definition(name, label)
VALUES ('marc21_authority_641_ind_2', 'MARC 21 authority field 641 indicator position 2');
INSERT INTO config.coded_value_map(ctype, code, value, opac_visible, is_simple)
VALUES ('marc21_authority_641_ind_2', '#', $$Undefined$$, FALSE, TRUE);
INSERT INTO config.marc_subfield(marc_format, marc_record_type, tag, code, description,
                                 repeatable, mandatory, hidden)
VALUES (1, 'authority', '641', 'a', $$Numbering peculiarities note$$,
FALSE, FALSE, FALSE);
INSERT INTO config.marc_subfield(marc_format, marc_record_type, tag, code, description,
                                 repeatable, mandatory, hidden)
VALUES (1, 'authority', '641', 'z', $$Source of information$$,
FALSE, FALSE, FALSE);
INSERT INTO config.marc_subfield(marc_format, marc_record_type, tag, code, description,
                                 repeatable, mandatory, hidden)
VALUES (1, 'authority', '641', '6', $$Linkage$$,
FALSE, FALSE, FALSE);
INSERT INTO config.marc_subfield(marc_format, marc_record_type, tag, code, description,
                                 repeatable, mandatory, hidden)
VALUES (1, 'authority', '641', '8', $$Field link and sequence number$$,
TRUE, FALSE, FALSE);
INSERT INTO config.marc_field(marc_format, marc_record_type, tag, name, description,
                              fixed_field, repeatable, mandatory, hidden)
VALUES (1, 'authority', '642', $$Series Numbering Example$$, $$Series numbering example that is to be followed in the sequential designation portion of a series added entry tracing in bibliographic records for individual issues of the series named in the 1XX field of an established heading record for a series. Different ranges of volumes/dates or different series numbering examples for different organizations and/or different copies or sets within the same organization are also contained in separate 642 fields.$$,
FALSE, TRUE, FALSE, FALSE);
INSERT INTO config.record_attr_definition(name, label)
VALUES ('marc21_authority_642_ind_1', 'MARC 21 authority field 642 indicator position 1');
INSERT INTO config.coded_value_map(ctype, code, value, opac_visible, is_simple)
VALUES ('marc21_authority_642_ind_1', '#', $$Undefined$$, FALSE, TRUE);
INSERT INTO config.record_attr_definition(name, label)
VALUES ('marc21_authority_642_ind_2', 'MARC 21 authority field 642 indicator position 2');
INSERT INTO config.coded_value_map(ctype, code, value, opac_visible, is_simple)
VALUES ('marc21_authority_642_ind_2', '#', $$Undefined$$, FALSE, TRUE);
INSERT INTO config.marc_subfield(marc_format, marc_record_type, tag, code, description,
                                 repeatable, mandatory, hidden)
VALUES (1, 'authority', '642', 'a', $$Series numbering example$$,
FALSE, FALSE, FALSE);
INSERT INTO config.marc_subfield(marc_format, marc_record_type, tag, code, description,
                                 repeatable, mandatory, hidden)
VALUES (1, 'authority', '642', 'd', $$Volumes/dates to which series numbering example applies$$,
FALSE, FALSE, FALSE);
INSERT INTO config.marc_subfield(marc_format, marc_record_type, tag, code, description,
                                 repeatable, mandatory, hidden)
VALUES (1, 'authority', '642', '5', $$Institution/copy to which field applies$$,
TRUE, FALSE, FALSE);
INSERT INTO config.marc_subfield(marc_format, marc_record_type, tag, code, description,
                                 repeatable, mandatory, hidden)
VALUES (1, 'authority', '642', '6', $$Linkage$$,
FALSE, FALSE, FALSE);
INSERT INTO config.marc_subfield(marc_format, marc_record_type, tag, code, description,
                                 repeatable, mandatory, hidden)
VALUES (1, 'authority', '642', '8', $$Field link and sequence number$$,
TRUE, FALSE, FALSE);
INSERT INTO config.marc_field(marc_format, marc_record_type, tag, name, description,
                              fixed_field, repeatable, mandatory, hidden)
VALUES (1, 'authority', '643', $$Series Place and Publisher/Issuing Body$$, $$Place of publication and the name of the publisher/issuing body of the series named in the 1XX field of an established heading record for a series. May also contain the volumes/dates to which the publication information applies.$$,
FALSE, TRUE, FALSE, FALSE);
INSERT INTO config.record_attr_definition(name, label)
VALUES ('marc21_authority_643_ind_1', 'MARC 21 authority field 643 indicator position 1');
INSERT INTO config.coded_value_map(ctype, code, value, opac_visible, is_simple)
VALUES ('marc21_authority_643_ind_1', '#', $$Undefined$$, FALSE, TRUE);
INSERT INTO config.record_attr_definition(name, label)
VALUES ('marc21_authority_643_ind_2', 'MARC 21 authority field 643 indicator position 2');
INSERT INTO config.coded_value_map(ctype, code, value, opac_visible, is_simple)
VALUES ('marc21_authority_643_ind_2', '#', $$Undefined$$, FALSE, TRUE);
INSERT INTO config.marc_subfield(marc_format, marc_record_type, tag, code, description,
                                 repeatable, mandatory, hidden)
VALUES (1, 'authority', '643', 'a', $$Place$$,
TRUE, FALSE, FALSE);
INSERT INTO config.marc_subfield(marc_format, marc_record_type, tag, code, description,
                                 repeatable, mandatory, hidden)
VALUES (1, 'authority', '643', 'b', $$Publisher/issuing body$$,
TRUE, FALSE, FALSE);
INSERT INTO config.marc_subfield(marc_format, marc_record_type, tag, code, description,
                                 repeatable, mandatory, hidden)
VALUES (1, 'authority', '643', 'd', $$Volumes/dates to which place and publisher/issuing body apply$$,
FALSE, FALSE, FALSE);
INSERT INTO config.marc_subfield(marc_format, marc_record_type, tag, code, description,
                                 repeatable, mandatory, hidden)
VALUES (1, 'authority', '643', '6', $$Linkage$$,
FALSE, FALSE, FALSE);
INSERT INTO config.marc_subfield(marc_format, marc_record_type, tag, code, description,
                                 repeatable, mandatory, hidden)
VALUES (1, 'authority', '643', '8', $$Field link and sequence number$$,
TRUE, FALSE, FALSE);
INSERT INTO config.marc_field(marc_format, marc_record_type, tag, name, description,
                              fixed_field, repeatable, mandatory, hidden)
VALUES (1, 'authority', '644', $$Series Analysis Practice$$, $$One-character alphabetic code that indicates a specific organization's analysis practice for a series named in the 1XX field of an established heading record for a series. May also contain the volumes/dates and/or the institution/copy identification to which the practice applies.$$,
FALSE, TRUE, FALSE, FALSE);
INSERT INTO config.record_attr_definition(name, label)
VALUES ('marc21_authority_644_ind_1', 'MARC 21 authority field 644 indicator position 1');
INSERT INTO config.coded_value_map(ctype, code, value, opac_visible, is_simple)
VALUES ('marc21_authority_644_ind_1', '#', $$Undefined$$, FALSE, TRUE);
INSERT INTO config.record_attr_definition(name, label)
VALUES ('marc21_authority_644_ind_2', 'MARC 21 authority field 644 indicator position 2');
INSERT INTO config.coded_value_map(ctype, code, value, opac_visible, is_simple)
VALUES ('marc21_authority_644_ind_2', '#', $$Undefined$$, FALSE, TRUE);
INSERT INTO config.marc_subfield(marc_format, marc_record_type, tag, code, description,
                                 repeatable, mandatory, hidden)
VALUES (1, 'authority', '644', 'a', $$Series analysis practice$$,
FALSE, FALSE, FALSE);
INSERT INTO config.marc_subfield(marc_format, marc_record_type, tag, code, description,
                                 repeatable, mandatory, hidden)
VALUES (1, 'authority', '644', 'b', $$Exceptions to analysis practice$$,
FALSE, FALSE, FALSE);
INSERT INTO config.marc_subfield(marc_format, marc_record_type, tag, code, description,
                                 repeatable, mandatory, hidden)
VALUES (1, 'authority', '644', 'd', $$Volumes/dates to which analysis practice applies$$,
FALSE, FALSE, FALSE);
INSERT INTO config.marc_subfield(marc_format, marc_record_type, tag, code, description,
                                 repeatable, mandatory, hidden)
VALUES (1, 'authority', '644', '5', $$Institution/copy to which field applies$$,
TRUE, FALSE, FALSE);
INSERT INTO config.marc_subfield(marc_format, marc_record_type, tag, code, description,
                                 repeatable, mandatory, hidden)
VALUES (1, 'authority', '644', '6', $$Linkage$$,
FALSE, FALSE, FALSE);
INSERT INTO config.marc_subfield(marc_format, marc_record_type, tag, code, description,
                                 repeatable, mandatory, hidden)
VALUES (1, 'authority', '644', '8', $$Field link and sequence number$$,
TRUE, FALSE, FALSE);
INSERT INTO config.marc_field(marc_format, marc_record_type, tag, name, description,
                              fixed_field, repeatable, mandatory, hidden)
VALUES (1, 'authority', '645', $$Series Tracing Practice$$, $$One-character alphabetic code that indicates a specific organization's tracing practice for a series named in the 1XX field of an established heading record for a series. May also contain the volumes/dates and/or the institution/copy identification to which the tracing practice applies.$$,
FALSE, TRUE, FALSE, FALSE);
INSERT INTO config.record_attr_definition(name, label)
VALUES ('marc21_authority_645_ind_1', 'MARC 21 authority field 645 indicator position 1');
INSERT INTO config.coded_value_map(ctype, code, value, opac_visible, is_simple)
VALUES ('marc21_authority_645_ind_1', '#', $$Undefined$$, FALSE, TRUE);
INSERT INTO config.record_attr_definition(name, label)
VALUES ('marc21_authority_645_ind_2', 'MARC 21 authority field 645 indicator position 2');
INSERT INTO config.coded_value_map(ctype, code, value, opac_visible, is_simple)
VALUES ('marc21_authority_645_ind_2', '#', $$Undefined$$, FALSE, TRUE);
INSERT INTO config.marc_subfield(marc_format, marc_record_type, tag, code, description,
                                 repeatable, mandatory, hidden)
VALUES (1, 'authority', '645', 'a', $$Series tracing practice$$,
FALSE, FALSE, FALSE);
INSERT INTO config.marc_subfield(marc_format, marc_record_type, tag, code, description,
                                 repeatable, mandatory, hidden)
VALUES (1, 'authority', '645', 'd', $$Volumes/dates to which tracing practice applies$$,
FALSE, FALSE, FALSE);
INSERT INTO config.marc_subfield(marc_format, marc_record_type, tag, code, description,
                                 repeatable, mandatory, hidden)
VALUES (1, 'authority', '645', '5', $$Institution/copy to which field applies$$,
TRUE, FALSE, FALSE);
INSERT INTO config.marc_subfield(marc_format, marc_record_type, tag, code, description,
                                 repeatable, mandatory, hidden)
VALUES (1, 'authority', '645', '6', $$Linkage$$,
FALSE, FALSE, FALSE);
INSERT INTO config.marc_subfield(marc_format, marc_record_type, tag, code, description,
                                 repeatable, mandatory, hidden)
VALUES (1, 'authority', '645', '8', $$Field link and sequence number$$,
TRUE, FALSE, FALSE);
INSERT INTO config.marc_field(marc_format, marc_record_type, tag, name, description,
                              fixed_field, repeatable, mandatory, hidden)
VALUES (1, 'authority', '646', $$Series Classification Practice$$, $$One-character alphabetic code that indicates a specific organization's classification practice for a series named in the 1XX field of an established heading record for a series. May also contain the volumes/dates and/or the institution/copy identification to which the classification practice applies.$$,
FALSE, TRUE, FALSE, FALSE);
INSERT INTO config.record_attr_definition(name, label)
VALUES ('marc21_authority_646_ind_1', 'MARC 21 authority field 646 indicator position 1');
INSERT INTO config.coded_value_map(ctype, code, value, opac_visible, is_simple)
VALUES ('marc21_authority_646_ind_1', '#', $$Undefined$$, FALSE, TRUE);
INSERT INTO config.record_attr_definition(name, label)
VALUES ('marc21_authority_646_ind_2', 'MARC 21 authority field 646 indicator position 2');
INSERT INTO config.coded_value_map(ctype, code, value, opac_visible, is_simple)
VALUES ('marc21_authority_646_ind_2', '#', $$Undefined$$, FALSE, TRUE);
INSERT INTO config.marc_subfield(marc_format, marc_record_type, tag, code, description,
                                 repeatable, mandatory, hidden)
VALUES (1, 'authority', '646', 'a', $$Series classification practice$$,
FALSE, FALSE, FALSE);
INSERT INTO config.marc_subfield(marc_format, marc_record_type, tag, code, description,
                                 repeatable, mandatory, hidden)
VALUES (1, 'authority', '646', 'd', $$Volumes/dates to which classification practice applies$$,
FALSE, FALSE, FALSE);
INSERT INTO config.marc_subfield(marc_format, marc_record_type, tag, code, description,
                                 repeatable, mandatory, hidden)
VALUES (1, 'authority', '646', '5', $$Institution to which field applies$$,
TRUE, FALSE, FALSE);
INSERT INTO config.marc_subfield(marc_format, marc_record_type, tag, code, description,
                                 repeatable, mandatory, hidden)
VALUES (1, 'authority', '646', '6', $$Linkage$$,
FALSE, FALSE, FALSE);
INSERT INTO config.marc_subfield(marc_format, marc_record_type, tag, code, description,
                                 repeatable, mandatory, hidden)
VALUES (1, 'authority', '646', '8', $$Field link and sequence number$$,
TRUE, FALSE, FALSE);
INSERT INTO config.marc_field(marc_format, marc_record_type, tag, name, description,
                              fixed_field, repeatable, mandatory, hidden)
VALUES (1, 'authority', '663', $$Complex See Also Reference-Name$$, $$and the that are required when relationships exist between an established name and other established names that cannot be adequately conveyed by one or more simple cross references generated from 5XX See Also From Tracing fields.$$,
FALSE, FALSE, FALSE, FALSE);
INSERT INTO config.record_attr_definition(name, label)
VALUES ('marc21_authority_663_ind_1', 'MARC 21 authority field 663 indicator position 1');
INSERT INTO config.coded_value_map(ctype, code, value, opac_visible, is_simple)
VALUES ('marc21_authority_663_ind_1', '#', $$Undefined$$, FALSE, TRUE);
INSERT INTO config.record_attr_definition(name, label)
VALUES ('marc21_authority_663_ind_2', 'MARC 21 authority field 663 indicator position 2');
INSERT INTO config.coded_value_map(ctype, code, value, opac_visible, is_simple)
VALUES ('marc21_authority_663_ind_2', '#', $$Undefined$$, FALSE, TRUE);
INSERT INTO config.marc_subfield(marc_format, marc_record_type, tag, code, description,
                                 repeatable, mandatory, hidden)
VALUES (1, 'authority', '663', 'a', $$Explanatory text$$,
TRUE, FALSE, FALSE);
INSERT INTO config.marc_subfield(marc_format, marc_record_type, tag, code, description,
                                 repeatable, mandatory, hidden)
VALUES (1, 'authority', '663', 'b', $$Heading referred to$$,
TRUE, FALSE, FALSE);
INSERT INTO config.marc_subfield(marc_format, marc_record_type, tag, code, description,
                                 repeatable, mandatory, hidden)
VALUES (1, 'authority', '663', 't', $$Title referred to$$,
TRUE, FALSE, FALSE);
INSERT INTO config.marc_subfield(marc_format, marc_record_type, tag, code, description,
                                 repeatable, mandatory, hidden)
VALUES (1, 'authority', '663', '6', $$Linkage$$,
FALSE, FALSE, FALSE);
INSERT INTO config.marc_subfield(marc_format, marc_record_type, tag, code, description,
                                 repeatable, mandatory, hidden)
VALUES (1, 'authority', '663', '8', $$Field link and sequence number$$,
TRUE, FALSE, FALSE);
INSERT INTO config.marc_field(marc_format, marc_record_type, tag, name, description,
                              fixed_field, repeatable, mandatory, hidden)
VALUES (1, 'authority', '664', $$Complex See Reference-Name$$, $$and the that are required in a reference record for names when relationships exist between an unestablished name and one or more established names that cannot be adequately conveyed by simple cross references generated from 4XX See From Tracing fields in the established heading records.$$,
FALSE, FALSE, FALSE, FALSE);
INSERT INTO config.record_attr_definition(name, label)
VALUES ('marc21_authority_664_ind_1', 'MARC 21 authority field 664 indicator position 1');
INSERT INTO config.coded_value_map(ctype, code, value, opac_visible, is_simple)
VALUES ('marc21_authority_664_ind_1', '#', $$Undefined$$, FALSE, TRUE);
INSERT INTO config.record_attr_definition(name, label)
VALUES ('marc21_authority_664_ind_2', 'MARC 21 authority field 664 indicator position 2');
INSERT INTO config.coded_value_map(ctype, code, value, opac_visible, is_simple)
VALUES ('marc21_authority_664_ind_2', '#', $$Undefined$$, FALSE, TRUE);
INSERT INTO config.marc_subfield(marc_format, marc_record_type, tag, code, description,
                                 repeatable, mandatory, hidden)
VALUES (1, 'authority', '664', 'a', $$Explanatory text$$,
TRUE, FALSE, FALSE);
INSERT INTO config.marc_subfield(marc_format, marc_record_type, tag, code, description,
                                 repeatable, mandatory, hidden)
VALUES (1, 'authority', '664', 'b', $$Heading referred to$$,
TRUE, FALSE, FALSE);
INSERT INTO config.marc_subfield(marc_format, marc_record_type, tag, code, description,
                                 repeatable, mandatory, hidden)
VALUES (1, 'authority', '664', 't', $$Title referred to$$,
TRUE, FALSE, FALSE);
INSERT INTO config.marc_subfield(marc_format, marc_record_type, tag, code, description,
                                 repeatable, mandatory, hidden)
VALUES (1, 'authority', '664', '6', $$Linkage$$,
FALSE, FALSE, FALSE);
INSERT INTO config.marc_subfield(marc_format, marc_record_type, tag, code, description,
                                 repeatable, mandatory, hidden)
VALUES (1, 'authority', '664', '8', $$Field link and sequence number$$,
TRUE, FALSE, FALSE);
INSERT INTO config.marc_field(marc_format, marc_record_type, tag, name, description,
                              fixed_field, repeatable, mandatory, hidden)
VALUES (1, 'authority', '665', $$History Reference$$, $$Text for reference notes with historical information for names that is used in an established heading record when more information is needed about the relationships that exist among three or more established names (usually corporate names) than can be adequately conveyed by simple cross references generated from 5XX See Also From Tracing fields in the established heading records.$$,
FALSE, FALSE, FALSE, FALSE);
INSERT INTO config.record_attr_definition(name, label)
VALUES ('marc21_authority_665_ind_1', 'MARC 21 authority field 665 indicator position 1');
INSERT INTO config.coded_value_map(ctype, code, value, opac_visible, is_simple)
VALUES ('marc21_authority_665_ind_1', '#', $$Undefined$$, FALSE, TRUE);
INSERT INTO config.record_attr_definition(name, label)
VALUES ('marc21_authority_665_ind_2', 'MARC 21 authority field 665 indicator position 2');
INSERT INTO config.coded_value_map(ctype, code, value, opac_visible, is_simple)
VALUES ('marc21_authority_665_ind_2', '#', $$Undefined$$, FALSE, TRUE);
INSERT INTO config.marc_subfield(marc_format, marc_record_type, tag, code, description,
                                 repeatable, mandatory, hidden)
VALUES (1, 'authority', '665', 'a', $$History reference$$,
TRUE, FALSE, FALSE);
INSERT INTO config.marc_subfield(marc_format, marc_record_type, tag, code, description,
                                 repeatable, mandatory, hidden)
VALUES (1, 'authority', '665', '6', $$Linkage$$,
FALSE, FALSE, FALSE);
INSERT INTO config.marc_subfield(marc_format, marc_record_type, tag, code, description,
                                 repeatable, mandatory, hidden)
VALUES (1, 'authority', '665', '8', $$Field link and sequence number$$,
TRUE, FALSE, FALSE);
INSERT INTO config.marc_field(marc_format, marc_record_type, tag, name, description,
                              fixed_field, repeatable, mandatory, hidden)
VALUES (1, 'authority', '666', $$General Explanatory Reference-Name$$, $$Note in a reference record that explains how names having a common characteristic (e.g., surnames with separately written prefixes) are entered in a file.$$,
FALSE, FALSE, FALSE, FALSE);
INSERT INTO config.record_attr_definition(name, label)
VALUES ('marc21_authority_666_ind_1', 'MARC 21 authority field 666 indicator position 1');
INSERT INTO config.coded_value_map(ctype, code, value, opac_visible, is_simple)
VALUES ('marc21_authority_666_ind_1', '#', $$Undefined$$, FALSE, TRUE);
INSERT INTO config.record_attr_definition(name, label)
VALUES ('marc21_authority_666_ind_2', 'MARC 21 authority field 666 indicator position 2');
INSERT INTO config.coded_value_map(ctype, code, value, opac_visible, is_simple)
VALUES ('marc21_authority_666_ind_2', '#', $$Undefined$$, FALSE, TRUE);
INSERT INTO config.marc_subfield(marc_format, marc_record_type, tag, code, description,
                                 repeatable, mandatory, hidden)
VALUES (1, 'authority', '666', 'a', $$General explanatory reference$$,
TRUE, FALSE, FALSE);
INSERT INTO config.marc_subfield(marc_format, marc_record_type, tag, code, description,
                                 repeatable, mandatory, hidden)
VALUES (1, 'authority', '666', '6', $$Linkage$$,
FALSE, FALSE, FALSE);
INSERT INTO config.marc_subfield(marc_format, marc_record_type, tag, code, description,
                                 repeatable, mandatory, hidden)
VALUES (1, 'authority', '666', '8', $$Field link and sequence number$$,
TRUE, FALSE, FALSE);
INSERT INTO config.marc_field(marc_format, marc_record_type, tag, name, description,
                              fixed_field, repeatable, mandatory, hidden)
VALUES (1, 'authority', '667', $$Nonpublic General Note$$, $$Note that provides general information about a 1XX heading for which a specialized note field has not been defined.$$,
FALSE, TRUE, FALSE, FALSE);
INSERT INTO config.record_attr_definition(name, label)
VALUES ('marc21_authority_667_ind_1', 'MARC 21 authority field 667 indicator position 1');
INSERT INTO config.coded_value_map(ctype, code, value, opac_visible, is_simple)
VALUES ('marc21_authority_667_ind_1', '#', $$Undefined$$, FALSE, TRUE);
INSERT INTO config.record_attr_definition(name, label)
VALUES ('marc21_authority_667_ind_2', 'MARC 21 authority field 667 indicator position 2');
INSERT INTO config.coded_value_map(ctype, code, value, opac_visible, is_simple)
VALUES ('marc21_authority_667_ind_2', '#', $$Undefined$$, FALSE, TRUE);
INSERT INTO config.marc_subfield(marc_format, marc_record_type, tag, code, description,
                                 repeatable, mandatory, hidden)
VALUES (1, 'authority', '667', 'a', $$Nonpublic general note$$,
FALSE, FALSE, FALSE);
INSERT INTO config.marc_subfield(marc_format, marc_record_type, tag, code, description,
                                 repeatable, mandatory, hidden)
VALUES (1, 'authority', '667', '5', $$Institution to which field applies$$,
TRUE, FALSE, FALSE);
INSERT INTO config.marc_subfield(marc_format, marc_record_type, tag, code, description,
                                 repeatable, mandatory, hidden)
VALUES (1, 'authority', '667', '6', $$Linkage$$,
FALSE, FALSE, FALSE);
INSERT INTO config.marc_subfield(marc_format, marc_record_type, tag, code, description,
                                 repeatable, mandatory, hidden)
VALUES (1, 'authority', '667', '8', $$Field link and sequence number$$,
TRUE, FALSE, FALSE);
INSERT INTO config.marc_field(marc_format, marc_record_type, tag, name, description,
                              fixed_field, repeatable, mandatory, hidden)
VALUES (1, 'authority', '670', $$Source Data Found$$, $$Citation for a consulted source in which information is found about the 1XX heading in an established heading record, an established heading and subdivision record, a subdivision record or a reference record. May also include the information found in the source.$$,
FALSE, TRUE, FALSE, FALSE);
INSERT INTO config.record_attr_definition(name, label)
VALUES ('marc21_authority_670_ind_1', 'MARC 21 authority field 670 indicator position 1');
INSERT INTO config.coded_value_map(ctype, code, value, opac_visible, is_simple)
VALUES ('marc21_authority_670_ind_1', '#', $$Undefined$$, FALSE, TRUE);
INSERT INTO config.record_attr_definition(name, label)
VALUES ('marc21_authority_670_ind_2', 'MARC 21 authority field 670 indicator position 2');
INSERT INTO config.coded_value_map(ctype, code, value, opac_visible, is_simple)
VALUES ('marc21_authority_670_ind_2', '#', $$Undefined$$, FALSE, TRUE);
INSERT INTO config.marc_subfield(marc_format, marc_record_type, tag, code, description,
                                 repeatable, mandatory, hidden)
VALUES (1, 'authority', '670', 'a', $$Source citation$$,
FALSE, FALSE, FALSE);
INSERT INTO config.marc_subfield(marc_format, marc_record_type, tag, code, description,
                                 repeatable, mandatory, hidden)
VALUES (1, 'authority', '670', 'b', $$Information found$$,
FALSE, FALSE, FALSE);
INSERT INTO config.marc_subfield(marc_format, marc_record_type, tag, code, description,
                                 repeatable, mandatory, hidden)
VALUES (1, 'authority', '670', 'u', $$Uniform Resource Identifier$$,
TRUE, FALSE, FALSE);
INSERT INTO config.marc_subfield(marc_format, marc_record_type, tag, code, description,
                                 repeatable, mandatory, hidden)
VALUES (1, 'authority', '670', '6', $$Linkage$$,
FALSE, FALSE, FALSE);
INSERT INTO config.marc_subfield(marc_format, marc_record_type, tag, code, description,
                                 repeatable, mandatory, hidden)
VALUES (1, 'authority', '670', '8', $$Field link and sequence number$$,
TRUE, FALSE, FALSE);
INSERT INTO config.marc_field(marc_format, marc_record_type, tag, name, description,
                              fixed_field, repeatable, mandatory, hidden)
VALUES (1, 'authority', '675', $$Source Data Not Found$$, $$Citation for a consulted source in which no information is found about the 1XX heading in an established heading record, an established heading and subdivision record, or a subdivision record.$$,
FALSE, FALSE, FALSE, FALSE);
INSERT INTO config.record_attr_definition(name, label)
VALUES ('marc21_authority_675_ind_1', 'MARC 21 authority field 675 indicator position 1');
INSERT INTO config.coded_value_map(ctype, code, value, opac_visible, is_simple)
VALUES ('marc21_authority_675_ind_1', '#', $$Undefined$$, FALSE, TRUE);
INSERT INTO config.record_attr_definition(name, label)
VALUES ('marc21_authority_675_ind_2', 'MARC 21 authority field 675 indicator position 2');
INSERT INTO config.coded_value_map(ctype, code, value, opac_visible, is_simple)
VALUES ('marc21_authority_675_ind_2', '#', $$Undefined$$, FALSE, TRUE);
INSERT INTO config.marc_subfield(marc_format, marc_record_type, tag, code, description,
                                 repeatable, mandatory, hidden)
VALUES (1, 'authority', '675', 'a', $$Source citation$$,
TRUE, FALSE, FALSE);
INSERT INTO config.marc_subfield(marc_format, marc_record_type, tag, code, description,
                                 repeatable, mandatory, hidden)
VALUES (1, 'authority', '675', '6', $$Linkage$$,
FALSE, FALSE, FALSE);
INSERT INTO config.marc_subfield(marc_format, marc_record_type, tag, code, description,
                                 repeatable, mandatory, hidden)
VALUES (1, 'authority', '675', '8', $$Field link and sequence number$$,
TRUE, FALSE, FALSE);
INSERT INTO config.marc_field(marc_format, marc_record_type, tag, name, description,
                              fixed_field, repeatable, mandatory, hidden)
VALUES (1, 'authority', '678', $$Biographical or Historical Data$$, $$Summary of the essential biographical, historical, or other information about the 1XX heading in an established heading record, an established heading and subdivision record, or a subdivision record.$$,
FALSE, TRUE, FALSE, FALSE);
INSERT INTO config.record_attr_definition(name, label)
VALUES ('marc21_authority_678_ind_1', 'MARC 21 authority field 678 indicator position 1');
INSERT INTO config.coded_value_map(ctype, code, value, opac_visible, is_simple)
VALUES ('marc21_authority_678_ind_1', '#', $$No information provided$$, FALSE, TRUE);
INSERT INTO config.coded_value_map(ctype, code, value, opac_visible, is_simple)
VALUES ('marc21_authority_678_ind_1', '0', $$Biographical sketch$$, FALSE, TRUE);
INSERT INTO config.coded_value_map(ctype, code, value, opac_visible, is_simple)
VALUES ('marc21_authority_678_ind_1', '1', $$Administrative history$$, FALSE, TRUE);
INSERT INTO config.record_attr_definition(name, label)
VALUES ('marc21_authority_678_ind_2', 'MARC 21 authority field 678 indicator position 2');
INSERT INTO config.coded_value_map(ctype, code, value, opac_visible, is_simple)
VALUES ('marc21_authority_678_ind_2', '#', $$Undefined$$, FALSE, TRUE);
INSERT INTO config.marc_subfield(marc_format, marc_record_type, tag, code, description,
                                 repeatable, mandatory, hidden)
VALUES (1, 'authority', '678', 'a', $$Biographical or historical data$$,
TRUE, FALSE, FALSE);
INSERT INTO config.marc_subfield(marc_format, marc_record_type, tag, code, description,
                                 repeatable, mandatory, hidden)
VALUES (1, 'authority', '678', 'b', $$Expansion$$,
FALSE, FALSE, FALSE);
INSERT INTO config.marc_subfield(marc_format, marc_record_type, tag, code, description,
                                 repeatable, mandatory, hidden)
VALUES (1, 'authority', '678', 'u', $$Uniform Resource Identifier$$,
TRUE, FALSE, FALSE);
INSERT INTO config.marc_subfield(marc_format, marc_record_type, tag, code, description,
                                 repeatable, mandatory, hidden)
VALUES (1, 'authority', '678', '6', $$Linkage$$,
FALSE, FALSE, FALSE);
INSERT INTO config.marc_subfield(marc_format, marc_record_type, tag, code, description,
                                 repeatable, mandatory, hidden)
VALUES (1, 'authority', '678', '8', $$Field link and sequence number$$,
TRUE, FALSE, FALSE);
INSERT INTO config.marc_field(marc_format, marc_record_type, tag, name, description,
                              fixed_field, repeatable, mandatory, hidden)
VALUES (1, 'authority', '680', $$Public General Note$$, $$Note that provides general information about a 1XX heading for which a specialized note field has not been defined. The note is written in a form adequate for public display.$$,
FALSE, TRUE, FALSE, FALSE);
INSERT INTO config.record_attr_definition(name, label)
VALUES ('marc21_authority_680_ind_1', 'MARC 21 authority field 680 indicator position 1');
INSERT INTO config.coded_value_map(ctype, code, value, opac_visible, is_simple)
VALUES ('marc21_authority_680_ind_1', '#', $$Undefined$$, FALSE, TRUE);
INSERT INTO config.record_attr_definition(name, label)
VALUES ('marc21_authority_680_ind_2', 'MARC 21 authority field 680 indicator position 2');
INSERT INTO config.coded_value_map(ctype, code, value, opac_visible, is_simple)
VALUES ('marc21_authority_680_ind_2', '#', $$Undefined$$, FALSE, TRUE);
INSERT INTO config.marc_subfield(marc_format, marc_record_type, tag, code, description,
                                 repeatable, mandatory, hidden)
VALUES (1, 'authority', '680', 'a', $$Heading or subdivision term$$,
TRUE, FALSE, FALSE);
INSERT INTO config.marc_subfield(marc_format, marc_record_type, tag, code, description,
                                 repeatable, mandatory, hidden)
VALUES (1, 'authority', '680', 'i', $$Explanatory text$$,
TRUE, FALSE, FALSE);
INSERT INTO config.marc_subfield(marc_format, marc_record_type, tag, code, description,
                                 repeatable, mandatory, hidden)
VALUES (1, 'authority', '680', '5', $$Institution to which field applies$$,
TRUE, FALSE, FALSE);
INSERT INTO config.marc_subfield(marc_format, marc_record_type, tag, code, description,
                                 repeatable, mandatory, hidden)
VALUES (1, 'authority', '680', '6', $$Linkage$$,
FALSE, FALSE, FALSE);
INSERT INTO config.marc_subfield(marc_format, marc_record_type, tag, code, description,
                                 repeatable, mandatory, hidden)
VALUES (1, 'authority', '680', '8', $$Field link and sequence number$$,
TRUE, FALSE, FALSE);
INSERT INTO config.marc_field(marc_format, marc_record_type, tag, name, description,
                              fixed_field, repeatable, mandatory, hidden)
VALUES (1, 'authority', '681', $$Subject Example Tracing Note$$, $$Note that documents the use of the 1XX subject or authorized subdivision heading as an example or reference in fields 260 Complex See Reference, 360 Complex See Also Reference, and/or 680 Public General Note in another authority record.$$,
FALSE, TRUE, FALSE, FALSE);
INSERT INTO config.record_attr_definition(name, label)
VALUES ('marc21_authority_681_ind_1', 'MARC 21 authority field 681 indicator position 1');
INSERT INTO config.coded_value_map(ctype, code, value, opac_visible, is_simple)
VALUES ('marc21_authority_681_ind_1', '#', $$Undefined$$, FALSE, TRUE);
INSERT INTO config.record_attr_definition(name, label)
VALUES ('marc21_authority_681_ind_2', 'MARC 21 authority field 681 indicator position 2');
INSERT INTO config.coded_value_map(ctype, code, value, opac_visible, is_simple)
VALUES ('marc21_authority_681_ind_2', '#', $$Undefined$$, FALSE, TRUE);
INSERT INTO config.marc_subfield(marc_format, marc_record_type, tag, code, description,
                                 repeatable, mandatory, hidden)
VALUES (1, 'authority', '681', 'a', $$Subject heading or subdivision term$$,
TRUE, FALSE, FALSE);
INSERT INTO config.marc_subfield(marc_format, marc_record_type, tag, code, description,
                                 repeatable, mandatory, hidden)
VALUES (1, 'authority', '681', 'i', $$Explanatory text$$,
TRUE, FALSE, FALSE);
INSERT INTO config.marc_subfield(marc_format, marc_record_type, tag, code, description,
                                 repeatable, mandatory, hidden)
VALUES (1, 'authority', '681', '6', $$Linkage$$,
FALSE, FALSE, FALSE);
INSERT INTO config.marc_subfield(marc_format, marc_record_type, tag, code, description,
                                 repeatable, mandatory, hidden)
VALUES (1, 'authority', '681', '8', $$Field link and sequence number$$,
TRUE, FALSE, FALSE);
INSERT INTO config.marc_field(marc_format, marc_record_type, tag, name, description,
                              fixed_field, repeatable, mandatory, hidden)
VALUES (1, 'authority', '682', $$Deleted Heading Information$$, $$Explanation for the deletion of an established heading or subdivision record from an authority file. The replacement heading(s) may be contained in subfield(s) $a.$$,
FALSE, FALSE, FALSE, FALSE);
INSERT INTO config.record_attr_definition(name, label)
VALUES ('marc21_authority_682_ind_1', 'MARC 21 authority field 682 indicator position 1');
INSERT INTO config.coded_value_map(ctype, code, value, opac_visible, is_simple)
VALUES ('marc21_authority_682_ind_1', '#', $$Undefined$$, FALSE, TRUE);
INSERT INTO config.record_attr_definition(name, label)
VALUES ('marc21_authority_682_ind_2', 'MARC 21 authority field 682 indicator position 2');
INSERT INTO config.coded_value_map(ctype, code, value, opac_visible, is_simple)
VALUES ('marc21_authority_682_ind_2', '#', $$Undefined$$, FALSE, TRUE);
INSERT INTO config.marc_subfield(marc_format, marc_record_type, tag, code, description,
                                 repeatable, mandatory, hidden)
VALUES (1, 'authority', '682', 'a', $$Replacement heading$$,
TRUE, FALSE, FALSE);
INSERT INTO config.marc_subfield(marc_format, marc_record_type, tag, code, description,
                                 repeatable, mandatory, hidden)
VALUES (1, 'authority', '682', 'i', $$Explanatory text$$,
TRUE, FALSE, FALSE);
INSERT INTO config.marc_subfield(marc_format, marc_record_type, tag, code, description,
                                 repeatable, mandatory, hidden)
VALUES (1, 'authority', '682', '0', $$Replacement authority record control number$$,
TRUE, FALSE, FALSE);
INSERT INTO config.marc_subfield(marc_format, marc_record_type, tag, code, description,
                                 repeatable, mandatory, hidden)
VALUES (1, 'authority', '682', '6', $$Linkage$$,
FALSE, FALSE, FALSE);
INSERT INTO config.marc_subfield(marc_format, marc_record_type, tag, code, description,
                                 repeatable, mandatory, hidden)
VALUES (1, 'authority', '682', '8', $$Field link and sequence number$$,
TRUE, FALSE, FALSE);
INSERT INTO config.marc_field(marc_format, marc_record_type, tag, name, description,
                              fixed_field, repeatable, mandatory, hidden)
VALUES (1, 'authority', '688', $$Application History Note$$, $$Information that documents changes in the application of a 1XX heading.$$,
FALSE, TRUE, FALSE, FALSE);
INSERT INTO config.record_attr_definition(name, label)
VALUES ('marc21_authority_688_ind_1', 'MARC 21 authority field 688 indicator position 1');
INSERT INTO config.coded_value_map(ctype, code, value, opac_visible, is_simple)
VALUES ('marc21_authority_688_ind_1', '#', $$Undefined$$, FALSE, TRUE);
INSERT INTO config.record_attr_definition(name, label)
VALUES ('marc21_authority_688_ind_2', 'MARC 21 authority field 688 indicator position 2');
INSERT INTO config.coded_value_map(ctype, code, value, opac_visible, is_simple)
VALUES ('marc21_authority_688_ind_2', '#', $$Undefined$$, FALSE, TRUE);
INSERT INTO config.marc_subfield(marc_format, marc_record_type, tag, code, description,
                                 repeatable, mandatory, hidden)
VALUES (1, 'authority', '688', 'a', $$Application history note$$,
FALSE, FALSE, FALSE);
INSERT INTO config.marc_subfield(marc_format, marc_record_type, tag, code, description,
                                 repeatable, mandatory, hidden)
VALUES (1, 'authority', '688', '5', $$Institution to which field applies$$,
TRUE, FALSE, FALSE);
INSERT INTO config.marc_subfield(marc_format, marc_record_type, tag, code, description,
                                 repeatable, mandatory, hidden)
VALUES (1, 'authority', '688', '6', $$Linkage$$,
FALSE, FALSE, FALSE);
INSERT INTO config.marc_subfield(marc_format, marc_record_type, tag, code, description,
                                 repeatable, mandatory, hidden)
VALUES (1, 'authority', '688', '8', $$Field link and sequence number$$,
TRUE, FALSE, FALSE);
INSERT INTO config.marc_field(marc_format, marc_record_type, tag, name, description,
                              fixed_field, repeatable, mandatory, hidden)
VALUES (1, 'authority', '700', $$Established Heading Linking Entry-Personal Name$$, $$Personal name heading that is equivalent to the heading contained in the 1XX field or the same record. It links headings within a system or from different thesauri or authority files.$$,
FALSE, TRUE, FALSE, FALSE);
INSERT INTO config.record_attr_definition(name, label)
VALUES ('marc21_authority_700_ind_1', 'MARC 21 authority field 700 indicator position 1');
INSERT INTO config.coded_value_map(ctype, code, value, opac_visible, is_simple)
VALUES ('marc21_authority_700_ind_1', '0', $$Forename$$, FALSE, TRUE);
INSERT INTO config.coded_value_map(ctype, code, value, opac_visible, is_simple)
VALUES ('marc21_authority_700_ind_1', '1', $$Surname$$, FALSE, TRUE);
INSERT INTO config.coded_value_map(ctype, code, value, opac_visible, is_simple)
VALUES ('marc21_authority_700_ind_1', '3', $$Family name$$, FALSE, TRUE);
INSERT INTO config.record_attr_definition(name, label)
VALUES ('marc21_authority_700_ind_2', 'MARC 21 authority field 700 indicator position 2');
INSERT INTO config.coded_value_map(ctype, code, value, opac_visible, is_simple)
VALUES ('marc21_authority_700_ind_2', '0', $$Library of Congress Subject Headings$$, FALSE, TRUE);
INSERT INTO config.coded_value_map(ctype, code, value, opac_visible, is_simple)
VALUES ('marc21_authority_700_ind_2', '1', $$LC subject headings for children's literature$$, FALSE, TRUE);
INSERT INTO config.coded_value_map(ctype, code, value, opac_visible, is_simple)
VALUES ('marc21_authority_700_ind_2', '2', $$Medical Subject Headings$$, FALSE, TRUE);
INSERT INTO config.coded_value_map(ctype, code, value, opac_visible, is_simple)
VALUES ('marc21_authority_700_ind_2', '3', $$National Agricultural Library subject authority file$$, FALSE, TRUE);
INSERT INTO config.coded_value_map(ctype, code, value, opac_visible, is_simple)
VALUES ('marc21_authority_700_ind_2', '4', $$Source not specified$$, FALSE, TRUE);
INSERT INTO config.coded_value_map(ctype, code, value, opac_visible, is_simple)
VALUES ('marc21_authority_700_ind_2', '5', $$Canadian Subject Headings$$, FALSE, TRUE);
INSERT INTO config.coded_value_map(ctype, code, value, opac_visible, is_simple)
VALUES ('marc21_authority_700_ind_2', '6', $$Répertoire de vedettes-matière$$, FALSE, TRUE);
INSERT INTO config.coded_value_map(ctype, code, value, opac_visible, is_simple)
VALUES ('marc21_authority_700_ind_2', '7', $$Source specified in subfield $2$$, FALSE, TRUE);
