--002.schema.config.sql:
INSERT INTO config.bib_source (id, quality, source, transcendant) VALUES 
    (1, 90, oils_i18n_gettext(1, 'oclc', 'cbs', 'source'), FALSE);
INSERT INTO config.bib_source (id, quality, source, transcendant) VALUES 
    (2, 10, oils_i18n_gettext(2, 'System Local', 'cbs', 'source'), FALSE);
INSERT INTO config.bib_source (id, quality, source, transcendant) VALUES 
    (3, 1, oils_i18n_gettext(3, 'Project Gutenberg', 'cbs', 'source'), TRUE);
SELECT SETVAL('config.bib_source_id_seq'::TEXT, 100);

INSERT INTO biblio.peer_type (id,name) VALUES
    (1,oils_i18n_gettext(1,'Bound Volume','bpt','name')),
    (2,oils_i18n_gettext(2,'Bilingual','bpt','name')),
    (3,oils_i18n_gettext(3,'Back-to-back','bpt','name')),
    (4,oils_i18n_gettext(4,'Set','bpt','name')),
    (5,oils_i18n_gettext(5,'e-Reader Preload','bpt','name')); 
SELECT SETVAL('biblio.peer_type_id_seq'::TEXT, 100);

INSERT INTO config.standing (id, value) VALUES (1, oils_i18n_gettext(1, 'Good', 'cst', 'value'));
INSERT INTO config.standing (id, value) VALUES (2, oils_i18n_gettext(2, 'Barred', 'cst', 'value'));
SELECT SETVAL('config.standing_id_seq'::TEXT, 100);

INSERT INTO config.metabib_class ( name, label ) VALUES ( 'identifier', oils_i18n_gettext('identifier', 'Identifier', 'cmc', 'label') );
INSERT INTO config.metabib_class ( name, label ) VALUES ( 'keyword', oils_i18n_gettext('keyword', 'Keyword', 'cmc', 'label') );
INSERT INTO config.metabib_class ( name, label ) VALUES ( 'title', oils_i18n_gettext('title', 'Title', 'cmc', 'label') );
INSERT INTO config.metabib_class ( name, label ) VALUES ( 'author', oils_i18n_gettext('author', 'Author', 'cmc', 'label') );
INSERT INTO config.metabib_class ( name, label ) VALUES ( 'subject', oils_i18n_gettext('subject', 'Subject', 'cmc', 'label') );
INSERT INTO config.metabib_class ( name, label ) VALUES ( 'series', oils_i18n_gettext('series', 'Series', 'cmc', 'label') );

-- some more from 002.schema.config.sql:
INSERT INTO config.xml_transform VALUES ( 'marcxml', 'http://www.loc.gov/MARC21/slim', 'marc', '---' );
INSERT INTO config.xml_transform VALUES ( 'mods', 'http://www.loc.gov/mods/', 'mods', '');
INSERT INTO config.xml_transform VALUES ( 'mods3', 'http://www.loc.gov/mods/v3', 'mods3', '');
INSERT INTO config.xml_transform VALUES ( 'mods32', 'http://www.loc.gov/mods/v3', 'mods32', '');
INSERT INTO config.xml_transform VALUES ( 'mods33', 'http://www.loc.gov/mods/v3', 'mods33', '');
INSERT INTO config.xml_transform VALUES ( 'marc21expand880', 'http://www.loc.gov/MARC21/slim', 'marc', '' );

-- Index Definitions
INSERT INTO config.metabib_field ( id, field_class, name, label, format, xpath, facet_field ) VALUES 
    (1, 'series', 'seriestitle', oils_i18n_gettext(1, 'Series Title', 'cmf', 'label'), 'mods32', $$//mods32:mods/mods32:relatedItem[@type="series"]/mods32:titleInfo$$, TRUE );

INSERT INTO config.metabib_field ( id, field_class, name, label, format, xpath ) VALUES 
    (2, 'title', 'abbreviated', oils_i18n_gettext(2, 'Abbreviated Title', 'cmf', 'label'), 'mods32', $$//mods32:mods/mods32:titleInfo[mods32:title and (@type='abbreviated')]$$ );
INSERT INTO config.metabib_field ( id, field_class, name, label, format, xpath ) VALUES 
    (3, 'title', 'translated', oils_i18n_gettext(3, 'Translated Title', 'cmf', 'label'), 'mods32', $$//mods32:mods/mods32:titleInfo[mods32:title and (@type='translated')]$$ );
INSERT INTO config.metabib_field ( id, field_class, name, label, format, xpath ) VALUES 
    (4, 'title', 'alternative', oils_i18n_gettext(4, 'Alternate Title', 'cmf', 'label'), 'mods32', $$//mods32:mods/mods32:titleInfo[mods32:title and (@type='alternative')]$$ );
INSERT INTO config.metabib_field ( id, field_class, name, label, format, xpath ) VALUES 
    (5, 'title', 'uniform', oils_i18n_gettext(5, 'Uniform Title', 'cmf', 'label'), 'mods32', $$//mods32:mods/mods32:titleInfo[mods32:title and (@type='uniform')]$$ );
INSERT INTO config.metabib_field ( id, field_class, name, label, format, xpath ) VALUES 
    (6, 'title', 'proper', oils_i18n_gettext(6, 'Title Proper', 'cmf', 'label'), 'mods32', $$//mods32:mods/mods32:titleInfo[mods32:title and not (@type)]$$ );

INSERT INTO config.metabib_field ( id, field_class, name, label, format, xpath, facet_xpath, facet_field ) VALUES 
    (7, 'author', 'corporate', oils_i18n_gettext(7, 'Corporate Author', 'cmf', 'label'), 'mods32', $$//mods32:mods/mods32:name[@type='corporate' and mods32:role/mods32:roleTerm[text()='creator']]$$, $$//*[local-name()='namePart']$$, TRUE ); -- /* to fool vim */;
INSERT INTO config.metabib_field ( id, field_class, name, label, format, xpath, facet_xpath, facet_field ) VALUES 
    (8, 'author', 'personal', oils_i18n_gettext(8, 'Personal Author', 'cmf', 'label'), 'mods32', $$//mods32:mods/mods32:name[@type='personal' and mods32:role/mods32:roleTerm[text()='creator']]$$, $$//*[local-name()='namePart']$$, TRUE ); -- /* to fool vim */;
INSERT INTO config.metabib_field ( id, field_class, name, label, format, xpath, facet_xpath, facet_field ) VALUES 
    (9, 'author', 'conference', oils_i18n_gettext(9, 'Conference Author', 'cmf', 'label'), 'mods32', $$//mods32:mods/mods32:name[@type='conference' and mods32:role/mods32:roleTerm[text()='creator']]$$, $$//*[local-name()='namePart']$$, TRUE ); -- /* to fool vim */;
INSERT INTO config.metabib_field ( id, field_class, name, label, format, xpath, facet_xpath, facet_field ) VALUES 
    (10, 'author', 'other', oils_i18n_gettext(10, 'Other Author', 'cmf', 'label'), 'mods32', $$//mods32:mods/mods32:name[@type='personal' and not(mods32:role)]$$, $$//*[local-name()='namePart']$$, TRUE ); -- /* to fool vim */;

INSERT INTO config.metabib_field ( id, field_class, name, label, format, xpath, facet_field ) VALUES 
    (11, 'subject', 'geographic', oils_i18n_gettext(11, 'Geographic Subject', 'cmf', 'label'), 'mods32', $$//mods32:mods/mods32:subject/mods32:geographic$$, TRUE );
INSERT INTO config.metabib_field ( id, field_class, name, label, format, xpath, facet_xpath, facet_field ) VALUES 
    (12, 'subject', 'name', oils_i18n_gettext(12, 'Name Subject', 'cmf', 'label'), 'mods32', $$//mods32:mods/mods32:subject/mods32:name$$, $$//*[local-name()='namePart']$$, TRUE ); -- /* to fool vim */;
INSERT INTO config.metabib_field ( id, field_class, name, label, format, xpath, facet_field ) VALUES 
    (13, 'subject', 'temporal', oils_i18n_gettext(13, 'Temporal Subject', 'cmf', 'label'), 'mods32', $$//mods32:mods/mods32:subject/mods32:temporal$$, TRUE );
INSERT INTO config.metabib_field ( id, field_class, name, label, format, xpath, facet_field ) VALUES 
    (14, 'subject', 'topic', oils_i18n_gettext(14, 'Topic Subject', 'cmf', 'label'), 'mods32', $$//mods32:mods/mods32:subject/mods32:topic$$, TRUE );
--INSERT INTO config.metabib_field ( id, field_class, name, format, xpath ) VALUES 
--  ( id, field_class, name, xpath ) VALUES ( 'subject', 'genre', 'mods32', $$//mods32:mods/mods32:genre$$ );
INSERT INTO config.metabib_field ( id, field_class, name, label, format, xpath ) VALUES 
    (15, 'keyword', 'keyword', oils_i18n_gettext(15, 'General Keywords', 'cmf', 'label'), 'mods32', $$//mods32:mods/*[not(local-name()='originInfo')]$$ ); -- /* to fool vim */;
INSERT INTO config.metabib_field ( id, field_class, name, label, format, xpath ) VALUES
    (16, 'subject', 'complete', oils_i18n_gettext(16, 'All Subjects', 'cmf', 'label'), 'mods32', $$//mods32:mods/mods32:subject$$ );

INSERT INTO config.metabib_field ( id, field_class, name, label, format, xpath ) VALUES
    (17, 'identifier', 'accession', oils_i18n_gettext(17, 'Accession Number', 'cmf', 'label'), 'marcxml', $$//marc:controlfield[@tag='001']$$ );
INSERT INTO config.metabib_field ( id, field_class, name, label, format, xpath ) VALUES
    (18, 'identifier', 'isbn', oils_i18n_gettext(18, 'ISBN', 'cmf', 'label'), 'marcxml', $$//marc:datafield[@tag='020']/marc:subfield[@code='a' or @code='z']$$ );
INSERT INTO config.metabib_field ( id, field_class, name, label, format, xpath ) VALUES
    (19, 'identifier', 'issn', oils_i18n_gettext(19, 'ISSN', 'cmf', 'label'), 'marcxml', $$//marc:datafield[@tag='022']/marc:subfield[@code='a' or @code='z']$$ );
INSERT INTO config.metabib_field ( id, field_class, name, label, format, xpath ) VALUES
    (20, 'identifier', 'upc', oils_i18n_gettext(20, 'UPC', 'cmf', 'label'), 'marcxml', $$//marc:datafield[@tag='024' and @ind1='1']/marc:subfield[@code='a' or @code='z']$$ );
INSERT INTO config.metabib_field ( id, field_class, name, label, format, xpath ) VALUES
    (21, 'identifier', 'ismn', oils_i18n_gettext(21, 'ISMN', 'cmf', 'label'), 'marcxml', $$//marc:datafield[@tag='024' and @ind1='2']/marc:subfield[@code='a' or @code='z']$$ );
INSERT INTO config.metabib_field ( id, field_class, name, label, format, xpath ) VALUES
    (22, 'identifier', 'ean', oils_i18n_gettext(22, 'EAN', 'cmf', 'label'), 'marcxml', $$//marc:datafield[@tag='024' and @ind1='3']/marc:subfield[@code='a' or @code='z']$$ );
INSERT INTO config.metabib_field ( id, field_class, name, label, format, xpath ) VALUES
    (23, 'identifier', 'isrc', oils_i18n_gettext(23, 'ISRC', 'cmf', 'label'), 'marcxml', $$//marc:datafield[@tag='024' and @ind1='0']/marc:subfield[@code='a' or @code='z']$$ );
INSERT INTO config.metabib_field ( id, field_class, name, label, format, xpath ) VALUES
    (24, 'identifier', 'sici', oils_i18n_gettext(24, 'SICI', 'cmf', 'label'), 'marcxml', $$//marc:datafield[@tag='024' and @ind1='4']/marc:subfield[@code='a' or @code='z']$$ );
INSERT INTO config.metabib_field ( id, field_class, name, label, format, xpath ) VALUES
    (25, 'identifier', 'bibcn', oils_i18n_gettext(25, 'Local Free-Text Call Number', 'cmf', 'label'), 'marcxml', $$//marc:datafield[@tag='099']$$ );
INSERT INTO config.metabib_field ( id, field_class, name, label, format, xpath ) VALUES
    (26, 'identifier', 'tcn', oils_i18n_gettext(26, 'Title Control Number', 'cmf', 'label'), 'marcxml', $$//marc:datafield[@tag='901']/marc:subfield[@code='a']$$ );
INSERT INTO config.metabib_field ( id, field_class, name, label, format, xpath ) VALUES
    (27, 'identifier', 'bibid', oils_i18n_gettext(27, 'Internal ID', 'cmf', 'label'), 'marcxml', $$//marc:datafield[@tag='901']/marc:subfield[@code='c']$$ );
INSERT INTO config.metabib_field ( id, field_class, name, label, format, xpath, search_field, facet_field) VALUES
    (28, 'identifier', 'authority_id', oils_i18n_gettext(28, 'Authority Record ID', 'cmf', 'label'), 'marcxml', '//marc:datafield/marc:subfield[@code="0"]', FALSE, TRUE);
INSERT INTO config.metabib_field ( id, field_class, name, label, format, xpath) VALUES
    (29, 'identifier', 'scn', oils_i18n_gettext(29, 'System Control Number', 'cmf', 'label'), 'marcxml', $$//marc:datafield[@tag='035']/marc:subfield[@code="a"]$$);
INSERT INTO config.metabib_field ( id, field_class, name, label, format, xpath) VALUES
    (30, 'identifier', 'lccn', oils_i18n_gettext(30, 'LC Control Number', 'cmf', 'label'), 'marcxml', $$//marc:datafield[@tag='010']/marc:subfield[@code="a" or @code='z']$$);

SELECT SETVAL('config.metabib_field_id_seq'::TEXT, (SELECT MAX(id) FROM config.metabib_field), TRUE);

INSERT INTO config.metabib_search_alias (alias,field_class) VALUES ('kw','keyword');
INSERT INTO config.metabib_search_alias (alias,field_class) VALUES ('eg.keyword','keyword');
INSERT INTO config.metabib_search_alias (alias,field_class) VALUES ('dc.publisher','keyword');
INSERT INTO config.metabib_search_alias (alias,field_class) VALUES ('bib.subjecttitle','keyword');
INSERT INTO config.metabib_search_alias (alias,field_class) VALUES ('bib.genre','keyword');
INSERT INTO config.metabib_search_alias (alias,field_class) VALUES ('bib.edition','keyword');
INSERT INTO config.metabib_search_alias (alias,field_class) VALUES ('srw.serverchoice','keyword');

INSERT INTO config.metabib_search_alias (alias,field_class) VALUES ('id','identifier');
INSERT INTO config.metabib_search_alias (alias,field_class) VALUES ('dc.identifier','identifier');
INSERT INTO config.metabib_search_alias (alias,field_class,field) VALUES ('eg.isbn','identifier', 18);
INSERT INTO config.metabib_search_alias (alias,field_class,field) VALUES ('eg.issn','identifier', 19);
INSERT INTO config.metabib_search_alias (alias,field_class,field) VALUES ('eg.upc','identifier', 20);
INSERT INTO config.metabib_search_alias (alias,field_class,field) VALUES ('eg.callnumber','identifier', 25);
INSERT INTO config.metabib_search_alias (alias,field_class,field) VALUES ('eg.tcn','identifier', 26);
INSERT INTO config.metabib_search_alias (alias,field_class,field) VALUES ('eg.bibid','identifier', 27);

INSERT INTO config.metabib_search_alias (alias,field_class) VALUES ('au','author');
INSERT INTO config.metabib_search_alias (alias,field_class) VALUES ('name','author');
INSERT INTO config.metabib_search_alias (alias,field_class) VALUES ('creator','author');
INSERT INTO config.metabib_search_alias (alias,field_class) VALUES ('eg.author','author');
INSERT INTO config.metabib_search_alias (alias,field_class) VALUES ('eg.name','author');
INSERT INTO config.metabib_search_alias (alias,field_class) VALUES ('dc.creator','author');
INSERT INTO config.metabib_search_alias (alias,field_class) VALUES ('dc.contributor','author');
INSERT INTO config.metabib_search_alias (alias,field_class) VALUES ('bib.name','author');
INSERT INTO config.metabib_search_alias (alias,field_class,field) VALUES ('bib.namepersonal','author',8);
INSERT INTO config.metabib_search_alias (alias,field_class,field) VALUES ('bib.namepersonalfamily','author',8);
INSERT INTO config.metabib_search_alias (alias,field_class,field) VALUES ('bib.namepersonalgiven','author',8);
INSERT INTO config.metabib_search_alias (alias,field_class,field) VALUES ('bib.namecorporate','author',7);
INSERT INTO config.metabib_search_alias (alias,field_class,field) VALUES ('bib.nameconference','author',9);

INSERT INTO config.metabib_search_alias (alias,field_class) VALUES ('ti','title');
INSERT INTO config.metabib_search_alias (alias,field_class) VALUES ('eg.title','title');
INSERT INTO config.metabib_search_alias (alias,field_class) VALUES ('dc.title','title');
INSERT INTO config.metabib_search_alias (alias,field_class,field) VALUES ('bib.titleabbreviated','title',2);
INSERT INTO config.metabib_search_alias (alias,field_class,field) VALUES ('bib.titleuniform','title',5);
INSERT INTO config.metabib_search_alias (alias,field_class,field) VALUES ('bib.titletranslated','title',3);
INSERT INTO config.metabib_search_alias (alias,field_class,field) VALUES ('bib.titlealternative','title',4);
INSERT INTO config.metabib_search_alias (alias,field_class,field) VALUES ('bib.title','title',2);

INSERT INTO config.metabib_search_alias (alias,field_class) VALUES ('su','subject');
INSERT INTO config.metabib_search_alias (alias,field_class) VALUES ('eg.subject','subject');
INSERT INTO config.metabib_search_alias (alias,field_class) VALUES ('dc.subject','subject');
INSERT INTO config.metabib_search_alias (alias,field_class,field) VALUES ('bib.subjectplace','subject',11);
INSERT INTO config.metabib_search_alias (alias,field_class,field) VALUES ('bib.subjectname','subject',12);
INSERT INTO config.metabib_search_alias (alias,field_class,field) VALUES ('bib.subjectoccupation','subject',16);

INSERT INTO config.metabib_search_alias (alias,field_class) VALUES ('se','series');
INSERT INTO config.metabib_search_alias (alias,field_class) VALUES ('eg.series','series');
INSERT INTO config.metabib_search_alias (alias,field_class,field) VALUES ('bib.titleseries','series',1);


INSERT INTO config.non_cataloged_type ( id, owning_lib, name ) VALUES ( 1, 1, oils_i18n_gettext(1, 'Paperback Book', 'cnct', 'name') );
SELECT SETVAL('config.non_cataloged_type_id_seq'::TEXT, 100);

INSERT INTO config.identification_type ( id, name ) VALUES 
    ( 1, oils_i18n_gettext(1, 'Drivers License', 'cit', 'name') );
INSERT INTO config.identification_type ( id, name ) VALUES 
    ( 2, oils_i18n_gettext(2, 'SSN', 'cit', 'name') );
INSERT INTO config.identification_type ( id, name ) VALUES 
    ( 3, oils_i18n_gettext(3, 'Other', 'cit', 'name') );
SELECT SETVAL('config.identification_type_id_seq'::TEXT, 100);

INSERT INTO config.rule_circ_duration VALUES 
    (1, oils_i18n_gettext(1, '7_days_0_renew', 'crcd', 'name'), '7 days', '7 days', '7 days', 0);
INSERT INTO config.rule_circ_duration VALUES 
    (2, oils_i18n_gettext(2, '28_days_2_renew', 'crcd', 'name'), '28 days', '28 days', '28 days', 2);
INSERT INTO config.rule_circ_duration VALUES 
    (3, oils_i18n_gettext(3, '3_months_0_renew', 'crcd', 'name'), '3 months', '3 months', '3 months', 0);
INSERT INTO config.rule_circ_duration VALUES 
    (4, oils_i18n_gettext(4, '3_days_1_renew', 'crcd', 'name'), '3 days', '3 days', '3 days', 1);
INSERT INTO config.rule_circ_duration VALUES 
    (5, oils_i18n_gettext(5, '2_months_2_renew', 'crcd', 'name'), '2 months', '2 months', '2 months', 2);
INSERT INTO config.rule_circ_duration VALUES 
    (6, oils_i18n_gettext(6, '35_days_1_renew', 'crcd', 'name'), '35 days', '35 days', '35 days', 1);
INSERT INTO config.rule_circ_duration VALUES 
    (7, oils_i18n_gettext(7, '7_days_2_renew', 'crcd', 'name'), '7 days', '7 days', '7 days', 2);
INSERT INTO config.rule_circ_duration VALUES 
    (8, oils_i18n_gettext(8, '1_hour_2_renew', 'crcd', 'name'), '1 hour', '1 hour', '1 hour', 2);
INSERT INTO config.rule_circ_duration VALUES 
    (9, oils_i18n_gettext(9, '28_days_0_renew', 'crcd', 'name'), '28 days', '28 days', '28 days', 0);
INSERT INTO config.rule_circ_duration VALUES 
    (10, oils_i18n_gettext(10, '14_days_2_renew', 'crcd', 'name'), '14 days', '14 days', '14 days', 2);
INSERT INTO config.rule_circ_duration VALUES 
    (11, oils_i18n_gettext(11, 'default', 'crcd', 'name'), '21 days', '14 days', '7 days', 2);
SELECT SETVAL('config.rule_circ_duration_id_seq'::TEXT, 100);

INSERT INTO config.rule_max_fine VALUES 
    (1, oils_i18n_gettext(1, 'default', 'crmf', 'name'), 5.00);
INSERT INTO config.rule_max_fine VALUES 
    (2, oils_i18n_gettext(2, 'overdue_min', 'crmf', 'name'), 5.00);
INSERT INTO config.rule_max_fine VALUES 
    (3, oils_i18n_gettext(3, 'overdue_mid', 'crmf', 'name'), 10.00);
INSERT INTO config.rule_max_fine VALUES 
    (4, oils_i18n_gettext(4, 'overdue_max', 'crmf', 'name'), 100.00);
INSERT INTO config.rule_max_fine VALUES 
    (5, oils_i18n_gettext(5, 'overdue_equip_min', 'crmf', 'name'), 25.00);
INSERT INTO config.rule_max_fine VALUES 
    (6, oils_i18n_gettext(6, 'overdue_equip_mid', 'crmf', 'name'), 25.00);
INSERT INTO config.rule_max_fine VALUES 
    (7, oils_i18n_gettext(7, 'overdue_equip_max', 'crmf', 'name'), 100.00);
SELECT SETVAL('config.rule_max_fine_id_seq'::TEXT, 100);

INSERT INTO config.rule_recurring_fine VALUES 
    (1, oils_i18n_gettext(1, 'default', 'crrf', 'name'), 0.50, 0.10, 0.05, '1 day', '1 day');
INSERT INTO config.rule_recurring_fine VALUES 
    (2, oils_i18n_gettext(2, '10_cent_per_day', 'crrf', 'name'), 0.50, 0.10, 0.10, '1 day', '1 day');
INSERT INTO config.rule_recurring_fine VALUES 
    (3, oils_i18n_gettext(3, '50_cent_per_day', 'crrf', 'name'), 0.50, 0.50, 0.50, '1 day', '1 day');
SELECT SETVAL('config.rule_recurring_fine_id_seq'::TEXT, 100);

INSERT INTO config.rule_age_hold_protect VALUES
	(1, oils_i18n_gettext(1, '3month', 'crahp', 'name'), '3 months', 0);
INSERT INTO config.rule_age_hold_protect VALUES
	(2, oils_i18n_gettext(2, '6month', 'crahp', 'name'), '6 months', 2);
SELECT SETVAL('config.rule_age_hold_protect_id_seq'::TEXT, 100);

INSERT INTO config.copy_status (id,name,holdable,opac_visible,copy_active) VALUES (0,oils_i18n_gettext(0, 'Available', 'ccs', 'name'),'t','t','t');
INSERT INTO config.copy_status (id,name,holdable,opac_visible,copy_active) VALUES (1,oils_i18n_gettext(1, 'Checked out', 'ccs', 'name'),'t','t','t');
INSERT INTO config.copy_status (id,name) VALUES (2,oils_i18n_gettext(2, 'Bindery', 'ccs', 'name'));
INSERT INTO config.copy_status (id,name) VALUES (3,oils_i18n_gettext(3, 'Lost', 'ccs', 'name'));
INSERT INTO config.copy_status (id,name) VALUES (4,oils_i18n_gettext(4, 'Missing', 'ccs', 'name'));
INSERT INTO config.copy_status (id,name,holdable,opac_visible) VALUES (5,oils_i18n_gettext(5, 'In process', 'ccs', 'name'),'t','t');
INSERT INTO config.copy_status (id,name,holdable,opac_visible) VALUES (6,oils_i18n_gettext(6, 'In transit', 'ccs', 'name'),'t','t');
INSERT INTO config.copy_status (id,name,holdable,opac_visible,copy_active) VALUES (7,oils_i18n_gettext(7, 'Reshelving', 'ccs', 'name'),'t','t','t');
INSERT INTO config.copy_status (id,name,holdable,opac_visible,copy_active) VALUES (8,oils_i18n_gettext(8, 'On holds shelf', 'ccs', 'name'),'t','t','t');
INSERT INTO config.copy_status (id,name,holdable,opac_visible) VALUES (9,oils_i18n_gettext(9, 'On order', 'ccs', 'name'),'t','t');
INSERT INTO config.copy_status (id,name,copy_active) VALUES (10,oils_i18n_gettext(10, 'ILL', 'ccs', 'name'),'t');
INSERT INTO config.copy_status (id,name) VALUES (11,oils_i18n_gettext(11, 'Cataloging', 'ccs', 'name'));
INSERT INTO config.copy_status (id,name,opac_visible,copy_active) VALUES (12,oils_i18n_gettext(12, 'Reserves', 'ccs', 'name'),'t','t');
INSERT INTO config.copy_status (id,name) VALUES (13,oils_i18n_gettext(13, 'Discard/Weed', 'ccs', 'name'));
INSERT INTO config.copy_status (id,name) VALUES (14,oils_i18n_gettext(14, 'Damaged', 'ccs', 'name'));
INSERT INTO config.copy_status (id,name,copy_active) VALUES (15,oils_i18n_gettext(15, 'On reservation shelf', 'ccs', 'name'),'t');

SELECT SETVAL('config.copy_status_id_seq'::TEXT, 100);

INSERT INTO config.net_access_level (id, name) VALUES 
    (1, oils_i18n_gettext(1, 'Filtered', 'cnal', 'name'));
INSERT INTO config.net_access_level (id, name) VALUES 
    (2, oils_i18n_gettext(2, 'Unfiltered', 'cnal', 'name'));
INSERT INTO config.net_access_level (id, name) VALUES 
    (3, oils_i18n_gettext(3, 'No Access', 'cnal', 'name'));
SELECT SETVAL('config.net_access_level_id_seq'::TEXT, 100);

-- available locales
INSERT INTO config.i18n_locale (code,marc_code,name,description)
    VALUES ('en-US', 'eng', oils_i18n_gettext('en-US', 'English (US)', 'i18n_l', 'name'),
	oils_i18n_gettext('en-US', 'American English', 'i18n_l', 'description'));
INSERT INTO config.i18n_locale (code,marc_code,name,description)
    VALUES ('cs-CZ', 'cze', oils_i18n_gettext('cs-CZ', 'Czech', 'i18n_l', 'name'),
	oils_i18n_gettext('cs-CZ', 'Czech', 'i18n_l', 'description'));
INSERT INTO config.i18n_locale (code,marc_code,name,description)
    VALUES ('en-CA', 'eng', oils_i18n_gettext('en-CA', 'English (Canada)', 'i18n_l', 'name'),
	oils_i18n_gettext('en-CA', 'Canadian English', 'i18n_l', 'description'));
INSERT INTO config.i18n_locale (code,marc_code,name,description)
    VALUES ('fr-CA', 'fre', oils_i18n_gettext('fr-CA', 'French (Canada)', 'i18n_l', 'name'),
	oils_i18n_gettext('fr-CA', 'Canadian French', 'i18n_l', 'description'));
INSERT INTO config.i18n_locale (code,marc_code,name,description)
    VALUES ('hy-AM', 'arm', oils_i18n_gettext('hy-AM', 'Armenian', 'i18n_l', 'name'),
	oils_i18n_gettext('hy-AM', 'Armenian', 'i18n_l', 'description'));
--INSERT INTO config.i18n_locale (code,marc_code,name,description)
--    VALUES ('es-US', 'spa', oils_i18n_gettext('es-US', 'Spanish (US)', 'i18n_l', 'name'),
--	oils_i18n_gettext('es-US', 'American Spanish', 'i18n_l', 'description'));
--INSERT INTO config.i18n_locale (code,marc_code,name,description)
--    VALUES ('es-MX', 'spa', oils_i18n_gettext('es-MX', 'Spanish (Mexico)', 'i18n_l', 'name'),
--	oils_i18n_gettext('es-MX', 'Mexican Spanish', 'i18n_l', 'description'));
INSERT INTO config.i18n_locale (code,marc_code,name,description)
    VALUES ('ru-RU', 'rus', oils_i18n_gettext('ru-RU', 'Russian', 'i18n_l', 'name'),
	oils_i18n_gettext('ru-RU', 'Russian', 'i18n_l', 'description'));

-- Z39.50 server attributes

INSERT INTO config.z3950_source (name, label, host, port, db, auth)
	VALUES ('loc', oils_i18n_gettext('loc', 'Library of Congress', 'czs', 'label'), 'z3950.loc.gov', 7090, 'Voyager', FALSE);
INSERT INTO config.z3950_source (name, label, host, port, db, auth)
	VALUES ('oclc', oils_i18n_gettext('oclc', 'OCLC', 'czs', 'label'), 'zcat.oclc.org', 210, 'OLUCWorldCat', TRUE);
INSERT INTO config.z3950_source (name, label, host, port, db, auth)
	VALUES ('biblios', oils_i18n_gettext('biblios','‡biblios.net', 'czs', 'label'), 'z3950.biblios.net', 210, 'bibliographic', FALSE);

INSERT INTO config.z3950_attr (id, source, name, label, code, format)
	VALUES (1, 'loc','tcn', oils_i18n_gettext(1, 'Title Control Number', 'cza', 'label'), 12, 1);
INSERT INTO config.z3950_attr (id, source, name, label, code, format)
	VALUES (2, 'loc', 'isbn', oils_i18n_gettext(2, 'ISBN', 'cza', 'label'), 7, 6);
INSERT INTO config.z3950_attr (id, source, name, label, code, format)
	VALUES (3, 'loc', 'lccn', oils_i18n_gettext(3, 'LCCN', 'cza', 'label'), 9, 1);
INSERT INTO config.z3950_attr (id, source, name, label, code, format)
	VALUES (4, 'loc', 'author', oils_i18n_gettext(4, 'Author', 'cza', 'label'), 1003, 6);
INSERT INTO config.z3950_attr (id, source, name, label, code, format)
	VALUES (5, 'loc', 'title', oils_i18n_gettext(5, 'Title', 'cza', 'label'), 4, 6);
INSERT INTO config.z3950_attr (id, source, name, label, code, format)
	VALUES (6, 'loc', 'issn', oils_i18n_gettext(6, 'ISSN', 'cza', 'label'), 8, 1);
INSERT INTO config.z3950_attr (id, source, name, label, code, format)
	VALUES (7, 'loc', 'publisher', oils_i18n_gettext(7, 'Publisher', 'cza', 'label'), 1018, 6);
INSERT INTO config.z3950_attr (id, source, name, label, code, format)
	VALUES (8, 'loc', 'pubdate', oils_i18n_gettext(8, 'Publication Date', 'cza', 'label'), 31, 1);
INSERT INTO config.z3950_attr (id, source, name, label, code, format)
	VALUES (9, 'loc', 'item_type', oils_i18n_gettext(9, 'Item Type', 'cza', 'label'), 1001, 1);

UPDATE config.z3950_attr SET truncation = 1 WHERE source = 'loc';

INSERT INTO config.z3950_attr (id, source, name, label, code, format)
	VALUES (10, 'oclc', 'tcn', oils_i18n_gettext(10, 'Title Control Number', 'cza', 'label'), 12, 1);
INSERT INTO config.z3950_attr (id, source, name, label, code, format)
	VALUES (11, 'oclc', 'isbn', oils_i18n_gettext(11, 'ISBN', 'cza', 'label'), 7, 6);
INSERT INTO config.z3950_attr (id, source, name, label, code, format)
	VALUES (12, 'oclc', 'lccn', oils_i18n_gettext(12, 'LCCN', 'cza', 'label'), 9, 1);
INSERT INTO config.z3950_attr (id, source, name, label, code, format)
	VALUES (13, 'oclc', 'author', oils_i18n_gettext(13, 'Author', 'cza', 'label'), 1003, 6);
INSERT INTO config.z3950_attr (id, source, name, label, code, format)
	VALUES (14, 'oclc', 'title', oils_i18n_gettext(14, 'Title', 'cza', 'label'), 4, 6);
INSERT INTO config.z3950_attr (id, source, name, label, code, format)
	VALUES (15, 'oclc', 'issn', oils_i18n_gettext(15, 'ISSN', 'cza', 'label'), 8, 1);
INSERT INTO config.z3950_attr (id, source, name, label, code, format)
	VALUES (16, 'oclc', 'publisher', oils_i18n_gettext(16, 'Publisher', 'cza', 'label'), 1018, 6);
INSERT INTO config.z3950_attr (id, source, name, label, code, format)
	VALUES (17, 'oclc', 'pubdate', oils_i18n_gettext(17, 'Publication Date', 'cza', 'label'), 31, 1);
INSERT INTO config.z3950_attr (id, source, name, label, code, format)
	VALUES (18, 'oclc', 'item_type', oils_i18n_gettext(18, 'Item Type', 'cza', 'label'), 1001, 1);

INSERT INTO config.z3950_attr (id, source, name, label, code, format)
	VALUES (19, 'biblios','tcn', oils_i18n_gettext(19, 'Title Control Number', 'cza', 'label'), 12, 1);
INSERT INTO config.z3950_attr (id, source, name, label, code, format)
	VALUES (20, 'biblios', 'isbn', oils_i18n_gettext(20, 'ISBN', 'cza', 'label'), 7, 6);
INSERT INTO config.z3950_attr (id, source, name, label, code, format)
	VALUES (21, 'biblios', 'lccn', oils_i18n_gettext(21, 'LCCN', 'cza', 'label'), 9, 1);
INSERT INTO config.z3950_attr (id, source, name, label, code, format)
	VALUES (22, 'biblios', 'author', oils_i18n_gettext(22, 'Author', 'cza', 'label'), 1003, 6);
INSERT INTO config.z3950_attr (id, source, name, label, code, format)
	VALUES (23, 'biblios', 'title', oils_i18n_gettext(23, 'Title', 'cza', 'label'), 4, 6);
INSERT INTO config.z3950_attr (id, source, name, label, code, format)
	VALUES (24, 'biblios', 'issn', oils_i18n_gettext(24, 'ISSN', 'cza', 'label'), 8, 1);
INSERT INTO config.z3950_attr (id, source, name, label, code, format)
	VALUES (25, 'biblios', 'publisher', oils_i18n_gettext(25, 'Publisher', 'cza', 'label'), 1018, 6);
INSERT INTO config.z3950_attr (id, source, name, label, code, format)
	VALUES (26, 'biblios', 'pubdate', oils_i18n_gettext(26, 'Publication Date', 'cza', 'label'), 31, 1);
INSERT INTO config.z3950_attr (id, source, name, label, code, format)
	VALUES (27, 'biblios', 'item_type', oils_i18n_gettext(27, 'Item Type', 'cza', 'label'), 1001, 1);

UPDATE config.z3950_attr SET truncation = 1 WHERE source = 'biblios';

SELECT SETVAL('config.z3950_attr_id_seq'::TEXT, 100);

--005.schema.actors.sql:

-- The PINES levels
INSERT INTO actor.org_unit_type (id, name, opac_label, depth, parent, can_have_users, can_have_vols) VALUES 
    ( 1, oils_i18n_gettext(1, 'Consortium', 'aout', 'name'),
	oils_i18n_gettext(1, 'Everywhere', 'aout', 'opac_label'), 0, NULL, FALSE, FALSE );
INSERT INTO actor.org_unit_type (id, name, opac_label, depth, parent, can_have_users, can_have_vols) VALUES 
    ( 2, oils_i18n_gettext(2, 'System', 'aout', 'name'),
	oils_i18n_gettext(2, 'Local Library System', 'aout', 'opac_label'), 1, 1, FALSE, FALSE );
INSERT INTO actor.org_unit_type (id, name, opac_label, depth, parent) VALUES 
    ( 3, oils_i18n_gettext(3, 'Branch', 'aout', 'name'),
	oils_i18n_gettext(3, 'This Branch', 'aout', 'opac_label'), 2, 2 );
INSERT INTO actor.org_unit_type (id, name, opac_label, depth, parent) VALUES 
    ( 4, oils_i18n_gettext(4, 'Sub-library', 'aout', 'name'),
	oils_i18n_gettext(4, 'This Specialized Library', 'aout', 'opac_label'), 3, 3 );
INSERT INTO actor.org_unit_type (id, name, opac_label, depth, parent) VALUES 
    ( 5, oils_i18n_gettext(5, 'Bookmobile', 'aout', 'name'),
	oils_i18n_gettext(5, 'Your Bookmobile', 'aout', 'opac_label'), 3, 3 );
SELECT SETVAL('actor.org_unit_type_id_seq'::TEXT, 100);

INSERT INTO actor.org_unit (id, parent_ou, ou_type, shortname, name) VALUES 
    (1, NULL, 1, 'CONS', oils_i18n_gettext(1, 'Example Consortium', 'aou', 'name'));
INSERT INTO actor.org_unit (id, parent_ou, ou_type, shortname, name) VALUES 
    (2, 1, 2, 'SYS1', oils_i18n_gettext(2, 'Example System 1', 'aou', 'name'));
INSERT INTO actor.org_unit (id, parent_ou, ou_type, shortname, name) VALUES 
    (3, 1, 2, 'SYS2', oils_i18n_gettext(3, 'Example System 2', 'aou', 'name'));
INSERT INTO actor.org_unit (id, parent_ou, ou_type, shortname, name) VALUES 
    (4, 2, 3, 'BR1', oils_i18n_gettext(4, 'Example Branch 1', 'aou', 'name'));
INSERT INTO actor.org_unit (id, parent_ou, ou_type, shortname, name) VALUES 
    (5, 2, 3, 'BR2', oils_i18n_gettext(5, 'Example Branch 2', 'aou', 'name'));
INSERT INTO actor.org_unit (id, parent_ou, ou_type, shortname, name) VALUES 
    (6, 3, 3, 'BR3', oils_i18n_gettext(6, 'Example Branch 3', 'aou', 'name'));
INSERT INTO actor.org_unit (id, parent_ou, ou_type, shortname, name) VALUES 
    (7, 3, 3, 'BR4', oils_i18n_gettext(7, 'Example Branch 4', 'aou', 'name'));
INSERT INTO actor.org_unit (id, parent_ou, ou_type, shortname, name) VALUES 
    (8, 4, 4, 'SL1', oils_i18n_gettext(8, 'Example Sub-library 1', 'aou', 'name'));
INSERT INTO actor.org_unit (id, parent_ou, ou_type, shortname, name) VALUES 
    (9, 6, 5, 'BM1', oils_i18n_gettext(9, 'Example Bookmobile 1', 'aou', 'name'));
SELECT SETVAL('actor.org_unit_id_seq'::TEXT, 100);

INSERT INTO actor.org_address (org_unit, street1, city, state, country, post_code)
SELECT id, '123 Main St.', 'Anywhere', 'GA', 'US', '30303'
FROM actor.org_unit;

UPDATE actor.org_unit SET holds_address = id, ill_address = id, billing_address = id, mailing_address = id;

INSERT INTO config.billing_type (id, name, owner) VALUES
	( 1, oils_i18n_gettext(1, 'Overdue Materials', 'cbt', 'name'), 1);
INSERT INTO config.billing_type (id, name, owner) VALUES
	( 2, oils_i18n_gettext(2, 'Long Overdue Collection Fee', 'cbt', 'name'), 1);
INSERT INTO config.billing_type (id, name, owner) VALUES
	( 3, oils_i18n_gettext(3, 'Lost Materials', 'cbt', 'name'), 1);
INSERT INTO config.billing_type (id, name, owner) VALUES
	( 4, oils_i18n_gettext(4, 'Lost Materials Processing Fee', 'cbt', 'name'), 1);
INSERT INTO config.billing_type (id, name, owner) VALUES
	( 5, oils_i18n_gettext(5, 'System: Deposit', 'cbt', 'name'), 1);
INSERT INTO config.billing_type (id, name, owner) VALUES
	( 6, oils_i18n_gettext(6, 'System: Rental', 'cbt', 'name'), 1);
INSERT INTO config.billing_type (id, name, owner) VALUES
	( 7, oils_i18n_gettext(7, 'Damaged Item', 'cbt', 'name'), 1);
INSERT INTO config.billing_type (id, name, owner) VALUES
	( 8, oils_i18n_gettext(8, 'Damaged Item Processing Fee', 'cbt', 'name'), 1);
INSERT INTO config.billing_type (id, name, owner) VALUES
	( 9, oils_i18n_gettext(9, 'Notification Fee', 'cbt', 'name'), 1);

INSERT INTO config.billing_type (id, name, owner) VALUES ( 101, oils_i18n_gettext(101, 'Misc', 'cbt', 'name'), 1);

SELECT SETVAL('config.billing_type_id_seq'::TEXT, 101);

--006.data.permissions.sql:
INSERT INTO permission.perm_list ( id, code, description ) VALUES
 ( -1, 'EVERYTHING', oils_i18n_gettext( -1, 
    'EVERYTHING', 'ppl', 'description' )),
 ( 1, 'OPAC_LOGIN', oils_i18n_gettext( 1, 
    'Allow a user to log in to the OPAC', 'ppl', 'description' )),
 ( 2, 'STAFF_LOGIN', oils_i18n_gettext( 2, 
    'Allow a user to log in to the staff client', 'ppl', 'description' )),
 ( 3, 'MR_HOLDS', oils_i18n_gettext( 3, 
    'Allow a user to create a metarecord holds', 'ppl', 'description' )),
 ( 4, 'TITLE_HOLDS', oils_i18n_gettext( 4, 
    'Allow a user to place a hold at the title level', 'ppl', 'description' )),
 ( 5, 'VOLUME_HOLDS', oils_i18n_gettext( 5, 
    'Allow a user to place a volume level hold', 'ppl', 'description' )),
 ( 6, 'COPY_HOLDS', oils_i18n_gettext( 6, 
    'Allow a user to place a hold on a specific copy', 'ppl', 'description' )),
 ( 7, 'REQUEST_HOLDS', oils_i18n_gettext( 7, 
    'Allow a user to create holds for another user (if true, we still check to make sure they have permission to make the type of hold they are requesting, for example, COPY_HOLDS)', 'ppl', 'description' )),
 ( 8, 'REQUEST_HOLDS_OVERRIDE', oils_i18n_gettext( 8, 
    '* no longer applicable', 'ppl', 'description' )),
 ( 9, 'VIEW_HOLD', oils_i18n_gettext( 9, 
    'Allow a user to view another user''s holds', 'ppl', 'description' )),
 ( 10, 'DELETE_HOLDS', oils_i18n_gettext( 10, 
    '* no longer applicable', 'ppl', 'description' )),
 ( 11, 'UPDATE_HOLD', oils_i18n_gettext( 11, 
    'Allow a user to update another user''s hold', 'ppl', 'description' )),
 ( 12, 'RENEW_CIRC', oils_i18n_gettext( 12, 
    'Allow a user to renew items', 'ppl', 'description' )),
 ( 13, 'VIEW_USER_FINES_SUMMARY', oils_i18n_gettext( 13, 
    'Allow a user to view bill details', 'ppl', 'description' )),
 ( 14, 'VIEW_USER_TRANSACTIONS', oils_i18n_gettext( 14, 
    'Allow a user to see another user''s grocery or circulation transactions in the Bills Interface; duplicate of VIEW_TRANSACTION', 'ppl', 'description' )),
 ( 15, 'UPDATE_MARC', oils_i18n_gettext( 15, 
    'Allow a user to edit a MARC record', 'ppl', 'description' )),
 ( 16, 'CREATE_MARC', oils_i18n_gettext( 16, 
    'Allow a user to create new MARC records', 'ppl', 'description' )),
 ( 17, 'IMPORT_MARC', oils_i18n_gettext( 17, 
    'Allow a user to import a MARC record via the Z39.50 interface', 'ppl', 'description' )),
 ( 18, 'CREATE_VOLUME', oils_i18n_gettext( 18, 
    'Allow a user to create a volume', 'ppl', 'description' )),
 ( 19, 'UPDATE_VOLUME', oils_i18n_gettext( 19, 
    'Allow a user to edit volumes - needed for merging records. This is a duplicate of VOLUME_UPDATE; user must have both permissions at appropriate level to merge records.', 'ppl', 'description' )),
 ( 20, 'DELETE_VOLUME', oils_i18n_gettext( 20, 
    'Allow a user to delete a volume', 'ppl', 'description' )),
 ( 21, 'CREATE_COPY', oils_i18n_gettext( 21, 
    'Allow a user to create a new copy object', 'ppl', 'description' )),
 ( 22, 'UPDATE_COPY', oils_i18n_gettext( 22, 
    'Allow a user to edit a copy', 'ppl', 'description' )),
 ( 23, 'DELETE_COPY', oils_i18n_gettext( 23, 
    'Allow a user to delete a copy', 'ppl', 'description' )),
 ( 24, 'RENEW_HOLD_OVERRIDE', oils_i18n_gettext( 24, 
    'Allow a user to continue to renew an item even if it is required for a hold', 'ppl', 'description' )),
 ( 25, 'CREATE_USER', oils_i18n_gettext( 25, 
    'Allow a user to create another user', 'ppl', 'description' )),
 ( 26, 'UPDATE_USER', oils_i18n_gettext( 26, 
    'Allow a user to edit a user''s record', 'ppl', 'description' )),
 ( 27, 'DELETE_USER', oils_i18n_gettext( 27, 
    'Allow a user to mark a user as deleted', 'ppl', 'description' )),
 ( 28, 'VIEW_USER', oils_i18n_gettext( 28, 
    'Allow a user to view another user''s Patron Record', 'ppl', 'description' )),
 ( 29, 'COPY_CHECKIN', oils_i18n_gettext( 29, 
    'Allow a user to check in a copy', 'ppl', 'description' )),
 ( 30, 'CREATE_TRANSIT', oils_i18n_gettext( 30, 
    'Allow a user to place an item in transit', 'ppl', 'description' )),
 ( 31, 'VIEW_PERMISSION', oils_i18n_gettext( 31, 
    'Allow a user to view user permissions within the user permissions editor', 'ppl', 'description' )),
 ( 32, 'CHECKIN_BYPASS_HOLD_FULFILL', oils_i18n_gettext( 32, 
    '* no longer applicable', 'ppl', 'description' )),
 ( 33, 'CREATE_PAYMENT', oils_i18n_gettext( 33, 
    'Allow a user to record payments in the Billing Interface', 'ppl', 'description' )),
 ( 34, 'SET_CIRC_LOST', oils_i18n_gettext( 34, 
    'Allow a user to mark an item as ''lost''', 'ppl', 'description' )),
 ( 35, 'SET_CIRC_MISSING', oils_i18n_gettext( 35, 
    'Allow a user to mark an item as ''missing''', 'ppl', 'description' )),
 ( 36, 'SET_CIRC_CLAIMS_RETURNED', oils_i18n_gettext( 36, 
    'Allow a user to mark an item as ''claims returned''', 'ppl', 'description' )),
 ( 37, 'CREATE_TRANSACTION', oils_i18n_gettext( 37, 
    'Allow a user to create a new billable transaction', 'ppl', 'description' )),
 ( 38, 'VIEW_TRANSACTION', oils_i18n_gettext( 38, 
    'Allow a user may view another user''s transactions', 'ppl', 'description' )),
 ( 39, 'CREATE_BILL', oils_i18n_gettext( 39, 
    'Allow a user to create a new bill on a transaction', 'ppl', 'description' )),
 ( 40, 'VIEW_CONTAINER', oils_i18n_gettext( 40, 
    'Allow a user to view another user''s containers (buckets)', 'ppl', 'description' )),
 ( 41, 'CREATE_CONTAINER', oils_i18n_gettext( 41, 
    'Allow a user to create a new container for another user', 'ppl', 'description' )),
 ( 42, 'UPDATE_ORG_UNIT', oils_i18n_gettext( 42, 
    'Allow a user to change the settings for an organization unit', 'ppl', 'description' )),
 ( 43, 'VIEW_CIRCULATIONS', oils_i18n_gettext( 43, 
    'Allow a user to see what another user has checked out', 'ppl', 'description' )),
 ( 44, 'DELETE_CONTAINER', oils_i18n_gettext( 44, 
    'Allow a user to delete another user''s container', 'ppl', 'description' )),
 ( 45, 'CREATE_CONTAINER_ITEM', oils_i18n_gettext( 45, 
    'Allow a user to create a container item for another user', 'ppl', 'description' )),
 ( 46, 'CREATE_USER_GROUP_LINK', oils_i18n_gettext( 46, 
    'Allow a user to add other users to permission groups', 'ppl', 'description' )),
 ( 47, 'REMOVE_USER_GROUP_LINK', oils_i18n_gettext( 47, 
    'Allow a user to remove other users from permission groups', 'ppl', 'description' )),
 ( 48, 'VIEW_PERM_GROUPS', oils_i18n_gettext( 48, 
    'Allow a user to view other users'' permission groups', 'ppl', 'description' )),
 ( 49, 'VIEW_PERMIT_CHECKOUT', oils_i18n_gettext( 49, 
    'Allow a user to determine whether another user can check out an item', 'ppl', 'description' )),
 ( 50, 'UPDATE_BATCH_COPY', oils_i18n_gettext( 50, 
    'Allow a user to edit copies in batch', 'ppl', 'description' )),
 ( 51, 'CREATE_PATRON_STAT_CAT', oils_i18n_gettext( 51, 
    'User may create a new patron statistical category', 'ppl', 'description' )),
 ( 52, 'CREATE_COPY_STAT_CAT', oils_i18n_gettext( 52, 
    'User may create a copy statistical category', 'ppl', 'description' )),
 ( 53, 'CREATE_PATRON_STAT_CAT_ENTRY', oils_i18n_gettext( 53, 
    'User may create an entry in a patron statistical category', 'ppl', 'description' )),
 ( 54, 'CREATE_COPY_STAT_CAT_ENTRY', oils_i18n_gettext( 54, 
    'User may create an entry in a copy statistical category', 'ppl', 'description' )),
 ( 55, 'UPDATE_PATRON_STAT_CAT', oils_i18n_gettext( 55, 
    'User may update a patron statistical category', 'ppl', 'description' )),
 ( 56, 'UPDATE_COPY_STAT_CAT', oils_i18n_gettext( 56, 
    'User may update a copy statistical category', 'ppl', 'description' )),
 ( 57, 'UPDATE_PATRON_STAT_CAT_ENTRY', oils_i18n_gettext( 57, 
    'User may update an entry in a patron statistical category', 'ppl', 'description' )),
 ( 58, 'UPDATE_COPY_STAT_CAT_ENTRY', oils_i18n_gettext( 58, 
    'User may update an entry in a copy statistical category', 'ppl', 'description' )),
 ( 59, 'CREATE_PATRON_STAT_CAT_ENTRY_MAP', oils_i18n_gettext( 59, 
    'User may link another user to an entry in a statistical category', 'ppl', 'description' )),
 ( 60, 'CREATE_COPY_STAT_CAT_ENTRY_MAP', oils_i18n_gettext( 60, 
    'User may link a copy to an entry in a statistical category', 'ppl', 'description' )),
 ( 61, 'DELETE_PATRON_STAT_CAT', oils_i18n_gettext( 61, 
    'User may delete a patron statistical category', 'ppl', 'description' )),
 ( 62, 'DELETE_COPY_STAT_CAT', oils_i18n_gettext( 62, 
    'User may delete a copy statistical category', 'ppl', 'description' )),
 ( 63, 'DELETE_PATRON_STAT_CAT_ENTRY', oils_i18n_gettext( 63, 
    'User may delete an entry from a patron statistical category', 'ppl', 'description' )),
 ( 64, 'DELETE_COPY_STAT_CAT_ENTRY', oils_i18n_gettext( 64, 
    'User may delete an entry from a copy statistical category', 'ppl', 'description' )),
 ( 65, 'DELETE_PATRON_STAT_CAT_ENTRY_MAP', oils_i18n_gettext( 65, 
    'User may delete a patron statistical category entry map', 'ppl', 'description' )),
 ( 66, 'DELETE_COPY_STAT_CAT_ENTRY_MAP', oils_i18n_gettext( 66, 
    'User may delete a copy statistical category entry map', 'ppl', 'description' )),
 ( 67, 'CREATE_NON_CAT_TYPE', oils_i18n_gettext( 67, 
    'Allow a user to create a new non-cataloged item type', 'ppl', 'description' )),
 ( 68, 'UPDATE_NON_CAT_TYPE', oils_i18n_gettext( 68, 
    'Allow a user to update a non-cataloged item type', 'ppl', 'description' )),
 ( 69, 'CREATE_IN_HOUSE_USE', oils_i18n_gettext( 69, 
    'Allow a user to create a new in-house-use ', 'ppl', 'description' )),
 ( 70, 'COPY_CHECKOUT', oils_i18n_gettext( 70, 
    'Allow a user to check out a copy', 'ppl', 'description' )),
 ( 71, 'CREATE_COPY_LOCATION', oils_i18n_gettext( 71, 
    'Allow a user to create a new copy location', 'ppl', 'description' )),
 ( 72, 'UPDATE_COPY_LOCATION', oils_i18n_gettext( 72, 
    'Allow a user to update a copy location', 'ppl', 'description' )),
 ( 73, 'DELETE_COPY_LOCATION', oils_i18n_gettext( 73, 
    'Allow a user to delete a copy location', 'ppl', 'description' )),
 ( 74, 'CREATE_COPY_TRANSIT', oils_i18n_gettext( 74, 
    'Allow a user to create a transit_copy object for transiting a copy', 'ppl', 'description' )),
 ( 75, 'COPY_TRANSIT_RECEIVE', oils_i18n_gettext( 75, 
    'Allow a user to close out a transit on a copy', 'ppl', 'description' )),
 ( 76, 'VIEW_HOLD_PERMIT', oils_i18n_gettext( 76, 
    'Allow a user to see if another user has permission to place a hold on a given copy', 'ppl', 'description' )),
 ( 77, 'VIEW_COPY_CHECKOUT_HISTORY', oils_i18n_gettext( 77, 
    'Allow a user to view which users have checked out a given copy', 'ppl', 'description' )),
 ( 78, 'REMOTE_Z3950_QUERY', oils_i18n_gettext( 78, 
    'Allow a user to perform Z39.50 queries against remote servers', 'ppl', 'description' )),
 ( 79, 'REGISTER_WORKSTATION', oils_i18n_gettext( 79, 
    'Allow a user to register a new workstation', 'ppl', 'description' )),
 ( 80, 'VIEW_COPY_NOTES', oils_i18n_gettext( 80, 
    'Allow a user to view all notes attached to a copy', 'ppl', 'description' )),
 ( 81, 'VIEW_VOLUME_NOTES', oils_i18n_gettext( 81, 
    'Allow a user to view all notes attached to a volume', 'ppl', 'description' )),
 ( 82, 'VIEW_TITLE_NOTES', oils_i18n_gettext( 82, 
    'Allow a user to view all notes attached to a title', 'ppl', 'description' )),
 ( 83, 'CREATE_COPY_NOTE', oils_i18n_gettext( 83, 
    'Allow a user to create a new copy note', 'ppl', 'description' )),
 ( 84, 'CREATE_VOLUME_NOTE', oils_i18n_gettext( 84, 
    'Allow a user to create a new volume note', 'ppl', 'description' )),
 ( 85, 'CREATE_TITLE_NOTE', oils_i18n_gettext( 85, 
    'Allow a user to create a new title note', 'ppl', 'description' )),
 ( 86, 'DELETE_COPY_NOTE', oils_i18n_gettext( 86, 
    'Allow a user to delete another user''s copy notes', 'ppl', 'description' )),
 ( 87, 'DELETE_VOLUME_NOTE', oils_i18n_gettext( 87, 
    'Allow a user to delete another user''s volume note', 'ppl', 'description' )),
 ( 88, 'DELETE_TITLE_NOTE', oils_i18n_gettext( 88, 
    'Allow a user to delete another user''s title note', 'ppl', 'description' )),
 ( 89, 'UPDATE_CONTAINER', oils_i18n_gettext( 89, 
    'Allow a user to update another user''s container', 'ppl', 'description' )),
 ( 90, 'CREATE_MY_CONTAINER', oils_i18n_gettext( 90, 
    'Allow a user to create a container for themselves', 'ppl', 'description' )),
 ( 91, 'VIEW_HOLD_NOTIFICATION', oils_i18n_gettext( 91, 
    'Allow a user to view notifications attached to a hold', 'ppl', 'description' )),
 ( 92, 'CREATE_HOLD_NOTIFICATION', oils_i18n_gettext( 92, 
    'Allow a user to create new hold notifications', 'ppl', 'description' )),
 ( 93, 'UPDATE_ORG_SETTING', oils_i18n_gettext( 93, 
    'Allow a user to update an organization unit setting', 'ppl', 'description' )),
 ( 94, 'OFFLINE_UPLOAD', oils_i18n_gettext( 94, 
    'Allow a user to upload an offline script', 'ppl', 'description' )),
 ( 95, 'OFFLINE_VIEW', oils_i18n_gettext( 95, 
    'Allow a user to view uploaded offline script information', 'ppl', 'description' )),
 ( 96, 'OFFLINE_EXECUTE', oils_i18n_gettext( 96, 
    'Allow a user to execute an offline script batch', 'ppl', 'description' )),
 ( 97, 'CIRC_OVERRIDE_DUE_DATE', oils_i18n_gettext( 97, 
    'Allow a user to change the due date on an item to any date', 'ppl', 'description' )),
 ( 98, 'CIRC_PERMIT_OVERRIDE', oils_i18n_gettext( 98, 
    'Allow a user to bypass the circulation permit call for check out', 'ppl', 'description' )),
 ( 99, 'COPY_IS_REFERENCE.override', oils_i18n_gettext( 99, 
    'Allow a user to override the copy_is_reference event', 'ppl', 'description' )),
 ( 100, 'VOID_BILLING', oils_i18n_gettext( 100, 
    'Allow a user to void a bill', 'ppl', 'description' )),
 ( 101, 'CIRC_CLAIMS_RETURNED.override', oils_i18n_gettext( 101, 
    'Allow a user to check in or check out an item that has a status of ''claims returned''', 'ppl', 'description' )),
 ( 102, 'COPY_BAD_STATUS.override', oils_i18n_gettext( 102, 
    'Allow a user to check out an item in a non-circulatable status', 'ppl', 'description' )),
 ( 103, 'COPY_ALERT_MESSAGE.override', oils_i18n_gettext( 103, 
    'Allow a user to check in/out an item that has an alert message', 'ppl', 'description' )),
 ( 104, 'COPY_STATUS_LOST.override', oils_i18n_gettext( 104, 
    'Allow a user to remove the lost status from a copy', 'ppl', 'description' )),
 ( 105, 'COPY_STATUS_MISSING.override', oils_i18n_gettext( 105, 
    'Allow a user to change the missing status on a copy', 'ppl', 'description' )),
 ( 106, 'ABORT_TRANSIT', oils_i18n_gettext( 106, 
    'Allow a user to abort a copy transit if the user is at the transit destination or source', 'ppl', 'description' )),
 ( 107, 'ABORT_REMOTE_TRANSIT', oils_i18n_gettext( 107, 
    'Allow a user to abort a copy transit if the user is not at the transit source or dest', 'ppl', 'description' )),
 ( 108, 'VIEW_ZIP_DATA', oils_i18n_gettext( 108, 
    'Allow a user to query the ZIP code data method', 'ppl', 'description' )),
 ( 109, 'CANCEL_HOLDS', oils_i18n_gettext( 109, 
    'Allow a user to cancel holds', 'ppl', 'description' )),
 ( 110, 'CREATE_DUPLICATE_HOLDS', oils_i18n_gettext( 110, 
    'Allow a user to create duplicate holds (two or more holds on the same title)', 'ppl', 'description' )),
 ( 111, 'actor.org_unit.closed_date.delete', oils_i18n_gettext( 111, 
    'Allow a user to remove a closed date interval for a given location', 'ppl', 'description' )),
 ( 112, 'actor.org_unit.closed_date.update', oils_i18n_gettext( 112, 
    'Allow a user to update a closed date interval for a given location', 'ppl', 'description' )),
 ( 113, 'actor.org_unit.closed_date.create', oils_i18n_gettext( 113, 
    'Allow a user to create a new closed date for a location', 'ppl', 'description' )),
 ( 114, 'DELETE_NON_CAT_TYPE', oils_i18n_gettext( 114, 
    'Allow a user to delete a non cataloged type', 'ppl', 'description' )),
 ( 115, 'money.collections_tracker.create', oils_i18n_gettext( 115, 
    'Allow a user to put someone into collections', 'ppl', 'description' )),
 ( 116, 'money.collections_tracker.delete', oils_i18n_gettext( 116, 
    'Allow a user to remove someone from collections', 'ppl', 'description' )),
 ( 117, 'BAR_PATRON', oils_i18n_gettext( 117, 
    'Allow a user to bar a patron', 'ppl', 'description' )),
 ( 118, 'UNBAR_PATRON', oils_i18n_gettext( 118, 
    'Allow a user to un-bar a patron', 'ppl', 'description' )),
 ( 119, 'DELETE_WORKSTATION', oils_i18n_gettext( 119, 
    'Allow a user to remove an existing workstation so a new one can replace it', 'ppl', 'description' )),
 ( 120, 'group_application.user', oils_i18n_gettext( 120, 
    'Allow a user to add/remove users to/from the "User" group', 'ppl', 'description' )),
 ( 121, 'group_application.user.patron', oils_i18n_gettext( 121, 
    'Allow a user to add/remove users to/from the "Patron" group', 'ppl', 'description' )),
 ( 122, 'group_application.user.staff', oils_i18n_gettext( 122, 
    'Allow a user to add/remove users to/from the "Staff" group', 'ppl', 'description' )),
 ( 123, 'group_application.user.staff.circ', oils_i18n_gettext( 123, 
    'Allow a user to add/remove users to/from the "Circulator" group', 'ppl', 'description' )),
 ( 124, 'group_application.user.staff.cat', oils_i18n_gettext( 124, 
    'Allow a user to add/remove users to/from the "Cataloger" group', 'ppl', 'description' )),
 ( 125, 'group_application.user.staff.admin.global_admin', oils_i18n_gettext( 125, 
    'Allow a user to add/remove users to/from the "GlobalAdmin" group', 'ppl', 'description' )),
 ( 126, 'group_application.user.staff.admin.local_admin', oils_i18n_gettext( 126, 
    'Allow a user to add/remove users to/from the "LocalAdmin" group', 'ppl', 'description' )),
 ( 127, 'group_application.user.staff.admin.lib_manager', oils_i18n_gettext( 127, 
    'Allow a user to add/remove users to/from the "LibraryManager" group', 'ppl', 'description' )),
 ( 128, 'group_application.user.staff.cat.cat1', oils_i18n_gettext( 128, 
    'Allow a user to add/remove users to/from the "Cat1" group', 'ppl', 'description' )),
 ( 129, 'group_application.user.staff.supercat', oils_i18n_gettext( 129, 
    'Allow a user to add/remove users to/from the "Supercat" group', 'ppl', 'description' )),
 ( 130, 'group_application.user.sip_client', oils_i18n_gettext( 130, 
    'Allow a user to add/remove users to/from the "SIP-Client" group', 'ppl', 'description' )),
 ( 131, 'group_application.user.vendor', oils_i18n_gettext( 131, 
    'Allow a user to add/remove users to/from the "Vendor" group', 'ppl', 'description' )),
 ( 132, 'ITEM_AGE_PROTECTED.override', oils_i18n_gettext( 132, 
    'Allow a user to place a hold on an age-protected item', 'ppl', 'description' )),
 ( 133, 'MAX_RENEWALS_REACHED.override', oils_i18n_gettext( 133, 
    'Allow a user to renew an item past the maximum renewal count', 'ppl', 'description' )),
 ( 134, 'PATRON_EXCEEDS_CHECKOUT_COUNT.override', oils_i18n_gettext( 134, 
    'Allow staff to override checkout count failure', 'ppl', 'description' )),
 ( 135, 'PATRON_EXCEEDS_OVERDUE_COUNT.override', oils_i18n_gettext( 135, 
    'Allow staff to override overdue count failure', 'ppl', 'description' )),
 ( 136, 'PATRON_EXCEEDS_FINES.override', oils_i18n_gettext( 136, 
    'Allow staff to override fine amount checkout failure', 'ppl', 'description' )),
 ( 137, 'CIRC_EXCEEDS_COPY_RANGE.override', oils_i18n_gettext( 137, 
    'Allow staff to override circulation copy range failure', 'ppl', 'description' )),
 ( 138, 'ITEM_ON_HOLDS_SHELF.override', oils_i18n_gettext( 138, 
    'Allow staff to override item on holds shelf failure', 'ppl', 'description' )),
 ( 139, 'COPY_NOT_AVAILABLE.override', oils_i18n_gettext( 139, 
    'Allow staff to force checkout of Missing/Lost type items', 'ppl', 'description' )),
 ( 140, 'HOLD_EXISTS.override', oils_i18n_gettext( 140, 
    'Allow a user to place multiple holds on a single title', 'ppl', 'description' )),
 ( 141, 'RUN_REPORTS', oils_i18n_gettext( 141, 
    'Allow a user to run reports', 'ppl', 'description' )),
 ( 142, 'SHARE_REPORT_FOLDER', oils_i18n_gettext( 142, 
    'Allow a user to share report his own folders', 'ppl', 'description' )),
 ( 143, 'VIEW_REPORT_OUTPUT', oils_i18n_gettext( 143, 
    'Allow a user to view report output', 'ppl', 'description' )),
 ( 144, 'COPY_CIRC_NOT_ALLOWED.override', oils_i18n_gettext( 144, 
    'Allow a user to checkout an item that is marked as non-circ', 'ppl', 'description' )),
 ( 145, 'DELETE_CONTAINER_ITEM', oils_i18n_gettext( 145, 
    'Allow a user to delete an item out of another user''s container', 'ppl', 'description' )),
 ( 146, 'ASSIGN_WORK_ORG_UNIT', oils_i18n_gettext( 146, 
    'Allow a staff member to define where another staff member has their permissions', 'ppl', 'description' )),
 ( 147, 'CREATE_FUNDING_SOURCE', oils_i18n_gettext( 147, 
    'Allow a user to create a new funding source', 'ppl', 'description' )),
 ( 148, 'DELETE_FUNDING_SOURCE', oils_i18n_gettext( 148, 
    'Allow a user to delete a funding source', 'ppl', 'description' )),
 ( 149, 'VIEW_FUNDING_SOURCE', oils_i18n_gettext( 149, 
    'Allow a user to view a funding source', 'ppl', 'description' )),
 ( 150, 'UPDATE_FUNDING_SOURCE', oils_i18n_gettext( 150, 
    'Allow a user to update a funding source', 'ppl', 'description' )),
 ( 151, 'CREATE_FUND', oils_i18n_gettext( 151, 
    'Allow a user to create a new fund', 'ppl', 'description' )),
 ( 152, 'DELETE_FUND', oils_i18n_gettext( 152, 
    'Allow a user to delete a fund', 'ppl', 'description' )),
 ( 153, 'VIEW_FUND', oils_i18n_gettext( 153, 
    'Allow a user to view a fund', 'ppl', 'description' )),
 ( 154, 'UPDATE_FUND', oils_i18n_gettext( 154, 
    'Allow a user to update a fund', 'ppl', 'description' )),
 ( 155, 'CREATE_FUND_ALLOCATION', oils_i18n_gettext( 155, 
    'Allow a user to create a new fund allocation', 'ppl', 'description' )),
 ( 156, 'DELETE_FUND_ALLOCATION', oils_i18n_gettext( 156, 
    'Allow a user to delete a fund allocation', 'ppl', 'description' )),
 ( 157, 'VIEW_FUND_ALLOCATION', oils_i18n_gettext( 157, 
    'Allow a user to view a fund allocation', 'ppl', 'description' )),
 ( 158, 'UPDATE_FUND_ALLOCATION', oils_i18n_gettext( 158, 
    'Allow a user to update a fund allocation', 'ppl', 'description' )),
 ( 159, 'GENERAL_ACQ', oils_i18n_gettext( 159, 
    'Lowest level permission required to access the ACQ interface', 'ppl', 'description' )),
 ( 160, 'CREATE_PROVIDER', oils_i18n_gettext( 160, 
    'Allow a user to create a new provider', 'ppl', 'description' )),
 ( 161, 'DELETE_PROVIDER', oils_i18n_gettext( 161, 
    'Allow a user to delate a provider', 'ppl', 'description' )),
 ( 162, 'VIEW_PROVIDER', oils_i18n_gettext( 162, 
    'Allow a user to view a provider', 'ppl', 'description' )),
 ( 163, 'UPDATE_PROVIDER', oils_i18n_gettext( 163, 
    'Allow a user to update a provider', 'ppl', 'description' )),
 ( 164, 'ADMIN_FUNDING_SOURCE', oils_i18n_gettext( 164, 
    'Allow a user to create/view/update/delete a funding source', 'ppl', 'description' )),
 ( 165, 'ADMIN_FUND', oils_i18n_gettext( 165, 
    '(Deprecated) Allow a user to create/view/update/delete a fund', 'ppl', 'description' )),
 ( 166, 'MANAGE_FUNDING_SOURCE', oils_i18n_gettext( 166, 
    'Allow a user to view/credit/debit a funding source', 'ppl', 'description' )),
 ( 167, 'MANAGE_FUND', oils_i18n_gettext( 167, 
    'Allow a user to view/credit/debit a fund', 'ppl', 'description' )),
 ( 168, 'CREATE_PICKLIST', oils_i18n_gettext( 168, 
    'Allows a user to create a picklist', 'ppl', 'description' )),
 ( 169, 'ADMIN_PROVIDER', oils_i18n_gettext( 169, 
    'Allow a user to create/view/update/delete a provider', 'ppl', 'description' )),
 ( 170, 'MANAGE_PROVIDER', oils_i18n_gettext( 170, 
    'Allow a user to view and purchase from a provider', 'ppl', 'description' )),
 ( 171, 'VIEW_PICKLIST', oils_i18n_gettext( 171, 
    'Allow a user to view another users picklist', 'ppl', 'description' )),
 ( 172, 'DELETE_RECORD', oils_i18n_gettext( 172, 
    'Allow a staff member to directly remove a bibliographic record', 'ppl', 'description' )),
 ( 173, 'ADMIN_CURRENCY_TYPE', oils_i18n_gettext( 173, 
    'Allow a user to create/view/update/delete a currency_type', 'ppl', 'description' )),
 ( 174, 'MARK_BAD_DEBT', oils_i18n_gettext( 174, 
    'Allow a user to mark a transaction as bad (unrecoverable) debt', 'ppl', 'description' )),
 ( 175, 'VIEW_BILLING_TYPE', oils_i18n_gettext( 175, 
    'Allow a user to view billing types', 'ppl', 'description' )),
 ( 176, 'MARK_ITEM_AVAILABLE', oils_i18n_gettext( 176, 
    'Allow a user to mark an item status as ''available''', 'ppl', 'description' )),
 ( 177, 'MARK_ITEM_CHECKED_OUT', oils_i18n_gettext( 177, 
    'Allow a user to mark an item status as ''checked out''', 'ppl', 'description' )),
 ( 178, 'MARK_ITEM_BINDERY', oils_i18n_gettext( 178, 
    'Allow a user to mark an item status as ''bindery''', 'ppl', 'description' )),
 ( 179, 'MARK_ITEM_LOST', oils_i18n_gettext( 179, 
    'Allow a user to mark an item status as ''lost''', 'ppl', 'description' )),
 ( 180, 'MARK_ITEM_MISSING', oils_i18n_gettext( 180, 
    'Allow a user to mark an item status as ''missing''', 'ppl', 'description' )),
 ( 181, 'MARK_ITEM_IN_PROCESS', oils_i18n_gettext( 181, 
    'Allow a user to mark an item status as ''in process''', 'ppl', 'description' )),
 ( 182, 'MARK_ITEM_IN_TRANSIT', oils_i18n_gettext( 182, 
    'Allow a user to mark an item status as ''in transit''', 'ppl', 'description' )),
 ( 183, 'MARK_ITEM_RESHELVING', oils_i18n_gettext( 183, 
    'Allow a user to mark an item status as ''reshelving''', 'ppl', 'description' )),
 ( 184, 'MARK_ITEM_ON_HOLDS_SHELF', oils_i18n_gettext( 184, 
    'Allow a user to mark an item status as ''on holds shelf''', 'ppl', 'description' )),
 ( 185, 'MARK_ITEM_ON_ORDER', oils_i18n_gettext( 185, 
    'Allow a user to mark an item status as ''on order''', 'ppl', 'description' )),
 ( 186, 'MARK_ITEM_ILL', oils_i18n_gettext( 186, 
    'Allow a user to mark an item status as ''inter-library loan''', 'ppl', 'description' )),
 ( 187, 'group_application.user.staff.acq', oils_i18n_gettext( 187, 
    'Allows a user to add/remove/edit users in the "ACQ" group', 'ppl', 'description' )),
 ( 188, 'CREATE_PURCHASE_ORDER', oils_i18n_gettext( 188, 
    'Allows a user to create a purchase order', 'ppl', 'description' )),
 ( 189, 'VIEW_PURCHASE_ORDER', oils_i18n_gettext( 189, 
    'Allows a user to view a purchase order', 'ppl', 'description' )),
 ( 190, 'IMPORT_ACQ_LINEITEM_BIB_RECORD', oils_i18n_gettext( 190, 
    'Allows a user to import a bib record from the acq staging area (on-order record) into the ILS bib data set', 'ppl', 'description' )),
 ( 191, 'RECEIVE_PURCHASE_ORDER', oils_i18n_gettext( 191, 
    'Allows a user to mark a purchase order, lineitem, or individual copy as received', 'ppl', 'description' )),
 ( 192, 'VIEW_ORG_SETTINGS', oils_i18n_gettext( 192, 
    'Allows a user to view all org settings at the specified level', 'ppl', 'description' )),
 ( 193, 'CREATE_MFHD_RECORD', oils_i18n_gettext( 193, 
    'Allows a user to create a new MFHD record', 'ppl', 'description' )),
 ( 194, 'UPDATE_MFHD_RECORD', oils_i18n_gettext( 194, 
    'Allows a user to update an MFHD record', 'ppl', 'description' )),
 ( 195, 'DELETE_MFHD_RECORD', oils_i18n_gettext( 195, 
    'Allows a user to delete an MFHD record', 'ppl', 'description' )),
 ( 196, 'ADMIN_ACQ_FUND', oils_i18n_gettext( 196, 
    'Allow a user to create/view/update/delete a fund', 'ppl', 'description' )),
 ( 197, 'group_application.user.staff.acq_admin', oils_i18n_gettext( 197, 
    'Allows a user to add/remove/edit users in the "Acquisitions Administrators" group', 'ppl', 'description' )),
 ( 198, 'SET_CIRC_CLAIMS_RETURNED.override', oils_i18n_gettext( 198, 
    'Allows staff to override the max claims returned value for a patron', 'ppl', 'description' )),
 ( 199, 'UPDATE_PATRON_CLAIM_RETURN_COUNT', oils_i18n_gettext( 199, 
    'Allows staff to manually change a patron''s claims returned count', 'ppl', 'description' )),
 ( 200, 'UPDATE_BILL_NOTE', oils_i18n_gettext( 200, 
    'Allows staff to edit the note for a bill on a transaction', 'ppl', 'description' )),
 ( 201, 'UPDATE_PAYMENT_NOTE', oils_i18n_gettext( 201, 
    'Allows staff to edit the note for a payment on a transaction', 'ppl', 'description' )),
 ( 202, 'UPDATE_PATRON_CLAIM_NEVER_CHECKED_OUT_COUNT', oils_i18n_gettext( 202, 
    'Allows staff to manually change a patron''s claims never checkout out count', 'ppl', 'description' )),
 ( 203, 'ADMIN_COPY_LOCATION_ORDER', oils_i18n_gettext( 203, 
    'Allow a user to create/view/update/delete a copy location order', 'ppl', 'description' )),
 ( 204, 'ASSIGN_GROUP_PERM', oils_i18n_gettext( 204, 
    'ASSIGN_GROUP_PERM', 'ppl', 'description' )),
 ( 205, 'CREATE_AUDIENCE', oils_i18n_gettext( 205, 
    'CREATE_AUDIENCE', 'ppl', 'description' )),
 ( 206, 'CREATE_BIB_LEVEL', oils_i18n_gettext( 206, 
    'CREATE_BIB_LEVEL', 'ppl', 'description' )),
 ( 207, 'CREATE_CIRC_DURATION', oils_i18n_gettext( 207, 
    'CREATE_CIRC_DURATION', 'ppl', 'description' )),
 ( 208, 'CREATE_CIRC_MOD', oils_i18n_gettext( 208, 
    'CREATE_CIRC_MOD', 'ppl', 'description' )),
 ( 209, 'CREATE_COPY_STATUS', oils_i18n_gettext( 209, 
    'CREATE_COPY_STATUS', 'ppl', 'description' )),
 ( 210, 'CREATE_HOURS_OF_OPERATION', oils_i18n_gettext( 210, 
    'CREATE_HOURS_OF_OPERATION', 'ppl', 'description' )),
 ( 211, 'CREATE_ITEM_FORM', oils_i18n_gettext( 211, 
    'CREATE_ITEM_FORM', 'ppl', 'description' )),
 ( 212, 'CREATE_ITEM_TYPE', oils_i18n_gettext( 212, 
    'CREATE_ITEM_TYPE', 'ppl', 'description' )),
 ( 213, 'CREATE_LANGUAGE', oils_i18n_gettext( 213, 
    'CREATE_LANGUAGE', 'ppl', 'description' )),
 ( 214, 'CREATE_LASSO', oils_i18n_gettext( 214, 
    'CREATE_LASSO', 'ppl', 'description' )),
 ( 215, 'CREATE_LASSO_MAP', oils_i18n_gettext( 215, 
    'CREATE_LASSO_MAP', 'ppl', 'description' )),
 ( 216, 'CREATE_LIT_FORM', oils_i18n_gettext( 216, 
    'CREATE_LIT_FORM', 'ppl', 'description' )),
 ( 217, 'CREATE_METABIB_FIELD', oils_i18n_gettext( 217, 
    'CREATE_METABIB_FIELD', 'ppl', 'description' )),
 ( 218, 'CREATE_NET_ACCESS_LEVEL', oils_i18n_gettext( 218, 
    'CREATE_NET_ACCESS_LEVEL', 'ppl', 'description' )),
 ( 219, 'CREATE_ORG_ADDRESS', oils_i18n_gettext( 219, 
    'CREATE_ORG_ADDRESS', 'ppl', 'description' )),
 ( 220, 'CREATE_ORG_TYPE', oils_i18n_gettext( 220, 
    'CREATE_ORG_TYPE', 'ppl', 'description' )),
 ( 221, 'CREATE_ORG_UNIT', oils_i18n_gettext( 221, 
    'CREATE_ORG_UNIT', 'ppl', 'description' )),
 ( 222, 'CREATE_ORG_UNIT_CLOSING', oils_i18n_gettext( 222, 
    'CREATE_ORG_UNIT_CLOSING', 'ppl', 'description' )),
 ( 223, 'CREATE_PERM', oils_i18n_gettext( 223, 
    'CREATE_PERM', 'ppl', 'description' )),
 ( 224, 'CREATE_RELEVANCE_ADJUSTMENT', oils_i18n_gettext( 224, 
    'CREATE_RELEVANCE_ADJUSTMENT', 'ppl', 'description' )),
 ( 225, 'CREATE_SURVEY', oils_i18n_gettext( 225, 
    'CREATE_SURVEY', 'ppl', 'description' )),
 ( 226, 'CREATE_VR_FORMAT', oils_i18n_gettext( 226, 
    'CREATE_VR_FORMAT', 'ppl', 'description' )),
 ( 227, 'CREATE_XML_TRANSFORM', oils_i18n_gettext( 227, 
    'CREATE_XML_TRANSFORM', 'ppl', 'description' )),
 ( 228, 'DELETE_AUDIENCE', oils_i18n_gettext( 228, 
    'DELETE_AUDIENCE', 'ppl', 'description' )),
 ( 229, 'DELETE_BIB_LEVEL', oils_i18n_gettext( 229, 
    'DELETE_BIB_LEVEL', 'ppl', 'description' )),
 ( 230, 'DELETE_CIRC_DURATION', oils_i18n_gettext( 230, 
    'DELETE_CIRC_DURATION', 'ppl', 'description' )),
 ( 231, 'DELETE_CIRC_MOD', oils_i18n_gettext( 231, 
    'DELETE_CIRC_MOD', 'ppl', 'description' )),
 ( 232, 'DELETE_COPY_STATUS', oils_i18n_gettext( 232, 
    'DELETE_COPY_STATUS', 'ppl', 'description' )),
 ( 233, 'DELETE_HOURS_OF_OPERATION', oils_i18n_gettext( 233, 
    'DELETE_HOURS_OF_OPERATION', 'ppl', 'description' )),
 ( 234, 'DELETE_ITEM_FORM', oils_i18n_gettext( 234, 
    'DELETE_ITEM_FORM', 'ppl', 'description' )),
 ( 235, 'DELETE_ITEM_TYPE', oils_i18n_gettext( 235, 
    'DELETE_ITEM_TYPE', 'ppl', 'description' )),
 ( 236, 'DELETE_LANGUAGE', oils_i18n_gettext( 236, 
    'DELETE_LANGUAGE', 'ppl', 'description' )),
 ( 237, 'DELETE_LASSO', oils_i18n_gettext( 237, 
    'DELETE_LASSO', 'ppl', 'description' )),
 ( 238, 'DELETE_LASSO_MAP', oils_i18n_gettext( 238, 
    'DELETE_LASSO_MAP', 'ppl', 'description' )),
 ( 239, 'DELETE_LIT_FORM', oils_i18n_gettext( 239, 
    'DELETE_LIT_FORM', 'ppl', 'description' )),
 ( 240, 'DELETE_METABIB_FIELD', oils_i18n_gettext( 240, 
    'DELETE_METABIB_FIELD', 'ppl', 'description' )),
 ( 241, 'DELETE_NET_ACCESS_LEVEL', oils_i18n_gettext( 241, 
    'DELETE_NET_ACCESS_LEVEL', 'ppl', 'description' )),
 ( 242, 'DELETE_ORG_ADDRESS', oils_i18n_gettext( 242, 
    'DELETE_ORG_ADDRESS', 'ppl', 'description' )),
 ( 243, 'DELETE_ORG_TYPE', oils_i18n_gettext( 243, 
    'DELETE_ORG_TYPE', 'ppl', 'description' )),
 ( 244, 'DELETE_ORG_UNIT', oils_i18n_gettext( 244, 
    'DELETE_ORG_UNIT', 'ppl', 'description' )),
 ( 245, 'DELETE_ORG_UNIT_CLOSING', oils_i18n_gettext( 245, 
    'DELETE_ORG_UNIT_CLOSING', 'ppl', 'description' )),
 ( 246, 'DELETE_PERM', oils_i18n_gettext( 246, 
    'DELETE_PERM', 'ppl', 'description' )),
 ( 247, 'DELETE_RELEVANCE_ADJUSTMENT', oils_i18n_gettext( 247, 
    'DELETE_RELEVANCE_ADJUSTMENT', 'ppl', 'description' )),
 ( 248, 'DELETE_SURVEY', oils_i18n_gettext( 248, 
    'DELETE_SURVEY', 'ppl', 'description' )),
 ( 249, 'DELETE_TRANSIT', oils_i18n_gettext( 249, 
    'DELETE_TRANSIT', 'ppl', 'description' )),
 ( 250, 'DELETE_VR_FORMAT', oils_i18n_gettext( 250, 
    'DELETE_VR_FORMAT', 'ppl', 'description' )),
 ( 251, 'DELETE_XML_TRANSFORM', oils_i18n_gettext( 251, 
    'DELETE_XML_TRANSFORM', 'ppl', 'description' )),
 ( 252, 'REMOVE_GROUP_PERM', oils_i18n_gettext( 252, 
    'REMOVE_GROUP_PERM', 'ppl', 'description' )),
 ( 253, 'TRANSIT_COPY', oils_i18n_gettext( 253, 
    'TRANSIT_COPY', 'ppl', 'description' )),
 ( 254, 'UPDATE_AUDIENCE', oils_i18n_gettext( 254, 
    'UPDATE_AUDIENCE', 'ppl', 'description' )),
 ( 255, 'UPDATE_BIB_LEVEL', oils_i18n_gettext( 255, 
    'UPDATE_BIB_LEVEL', 'ppl', 'description' )),
 ( 256, 'UPDATE_CIRC_DURATION', oils_i18n_gettext( 256, 
    'UPDATE_CIRC_DURATION', 'ppl', 'description' )),
 ( 257, 'UPDATE_CIRC_MOD', oils_i18n_gettext( 257, 
    'UPDATE_CIRC_MOD', 'ppl', 'description' )),
 ( 258, 'UPDATE_COPY_NOTE', oils_i18n_gettext( 258, 
    'UPDATE_COPY_NOTE', 'ppl', 'description' )),
 ( 259, 'UPDATE_COPY_STATUS', oils_i18n_gettext( 259, 
    'UPDATE_COPY_STATUS', 'ppl', 'description' )),
 ( 260, 'UPDATE_GROUP_PERM', oils_i18n_gettext( 260, 
    'UPDATE_GROUP_PERM', 'ppl', 'description' )),
 ( 261, 'UPDATE_HOURS_OF_OPERATION', oils_i18n_gettext( 261, 
    'UPDATE_HOURS_OF_OPERATION', 'ppl', 'description' )),
 ( 262, 'UPDATE_ITEM_FORM', oils_i18n_gettext( 262, 
    'UPDATE_ITEM_FORM', 'ppl', 'description' )),
 ( 263, 'UPDATE_ITEM_TYPE', oils_i18n_gettext( 263, 
    'UPDATE_ITEM_TYPE', 'ppl', 'description' )),
 ( 264, 'UPDATE_LANGUAGE', oils_i18n_gettext( 264, 
    'UPDATE_LANGUAGE', 'ppl', 'description' )),
 ( 265, 'UPDATE_LASSO', oils_i18n_gettext( 265, 
    'UPDATE_LASSO', 'ppl', 'description' )),
 ( 266, 'UPDATE_LASSO_MAP', oils_i18n_gettext( 266, 
    'UPDATE_LASSO_MAP', 'ppl', 'description' )),
 ( 267, 'UPDATE_LIT_FORM', oils_i18n_gettext( 267, 
    'UPDATE_LIT_FORM', 'ppl', 'description' )),
 ( 268, 'UPDATE_METABIB_FIELD', oils_i18n_gettext( 268, 
    'UPDATE_METABIB_FIELD', 'ppl', 'description' )),
 ( 269, 'UPDATE_NET_ACCESS_LEVEL', oils_i18n_gettext( 269, 
    'UPDATE_NET_ACCESS_LEVEL', 'ppl', 'description' )),
 ( 270, 'UPDATE_ORG_ADDRESS', oils_i18n_gettext( 270, 
    'UPDATE_ORG_ADDRESS', 'ppl', 'description' )),
 ( 271, 'UPDATE_ORG_TYPE', oils_i18n_gettext( 271, 
    'UPDATE_ORG_TYPE', 'ppl', 'description' )),
 ( 272, 'UPDATE_ORG_UNIT_CLOSING', oils_i18n_gettext( 272, 
    'UPDATE_ORG_UNIT_CLOSING', 'ppl', 'description' )),
 ( 273, 'UPDATE_PERM', oils_i18n_gettext( 273, 
    'UPDATE_PERM', 'ppl', 'description' )),
 ( 274, 'UPDATE_RELEVANCE_ADJUSTMENT', oils_i18n_gettext( 274, 
    'UPDATE_RELEVANCE_ADJUSTMENT', 'ppl', 'description' )),
 ( 275, 'UPDATE_SURVEY', oils_i18n_gettext( 275, 
    'UPDATE_SURVEY', 'ppl', 'description' )),
 ( 276, 'UPDATE_TRANSIT', oils_i18n_gettext( 276, 
    'UPDATE_TRANSIT', 'ppl', 'description' )),
 ( 277, 'UPDATE_VOLUME_NOTE', oils_i18n_gettext( 277, 
    'UPDATE_VOLUME_NOTE', 'ppl', 'description' )),
 ( 278, 'UPDATE_VR_FORMAT', oils_i18n_gettext( 278, 
    'UPDATE_VR_FORMAT', 'ppl', 'description' )),
 ( 279, 'UPDATE_XML_TRANSFORM', oils_i18n_gettext( 279, 
    'UPDATE_XML_TRANSFORM', 'ppl', 'description' )),
 ( 280, 'MERGE_BIB_RECORDS', oils_i18n_gettext( 280, 
    'MERGE_BIB_RECORDS', 'ppl', 'description' )),
 ( 281, 'UPDATE_PICKUP_LIB_FROM_HOLDS_SHELF', oils_i18n_gettext( 281, 
    'UPDATE_PICKUP_LIB_FROM_HOLDS_SHELF', 'ppl', 'description' )),
 ( 282, 'CREATE_ACQ_FUNDING_SOURCE', oils_i18n_gettext( 282, 
    'CREATE_ACQ_FUNDING_SOURCE', 'ppl', 'description' )),
 ( 283, 'CREATE_AUTHORITY_IMPORT_IMPORT_FIELD_DEF', oils_i18n_gettext( 283, 
    'CREATE_AUTHORITY_IMPORT_IMPORT_FIELD_DEF', 'ppl', 'description' )),
 ( 284, 'CREATE_AUTHORITY_IMPORT_QUEUE', oils_i18n_gettext( 284, 
    'CREATE_AUTHORITY_IMPORT_QUEUE', 'ppl', 'description' )),
 ( 285, 'CREATE_AUTHORITY_RECORD_NOTE', oils_i18n_gettext( 285, 
    'CREATE_AUTHORITY_RECORD_NOTE', 'ppl', 'description' )),
 ( 286, 'CREATE_BIB_IMPORT_FIELD_DEF', oils_i18n_gettext( 286, 
    'CREATE_BIB_IMPORT_FIELD_DEF', 'ppl', 'description' )),
 ( 287, 'CREATE_BIB_IMPORT_QUEUE', oils_i18n_gettext( 287, 
    'CREATE_BIB_IMPORT_QUEUE', 'ppl', 'description' )),
 ( 288, 'CREATE_LOCALE', oils_i18n_gettext( 288, 
    'CREATE_LOCALE', 'ppl', 'description' )),
 ( 289, 'CREATE_MARC_CODE', oils_i18n_gettext( 289, 
    'CREATE_MARC_CODE', 'ppl', 'description' )),
 ( 290, 'CREATE_TRANSLATION', oils_i18n_gettext( 290, 
    'CREATE_TRANSLATION', 'ppl', 'description' )),
 ( 291, 'DELETE_ACQ_FUNDING_SOURCE', oils_i18n_gettext( 291, 
    'DELETE_ACQ_FUNDING_SOURCE', 'ppl', 'description' )),
 ( 292, 'DELETE_AUTHORITY_IMPORT_IMPORT_FIELD_DEF', oils_i18n_gettext( 292, 
    'DELETE_AUTHORITY_IMPORT_IMPORT_FIELD_DEF', 'ppl', 'description' )),
 ( 293, 'DELETE_AUTHORITY_IMPORT_QUEUE', oils_i18n_gettext( 293, 
    'DELETE_AUTHORITY_IMPORT_QUEUE', 'ppl', 'description' )),
 ( 294, 'DELETE_AUTHORITY_RECORD_NOTE', oils_i18n_gettext( 294, 
    'DELETE_AUTHORITY_RECORD_NOTE', 'ppl', 'description' )),
 ( 295, 'DELETE_BIB_IMPORT_IMPORT_FIELD_DEF', oils_i18n_gettext( 295, 
    'DELETE_BIB_IMPORT_IMPORT_FIELD_DEF', 'ppl', 'description' )),
 ( 296, 'DELETE_BIB_IMPORT_QUEUE', oils_i18n_gettext( 296, 
    'DELETE_BIB_IMPORT_QUEUE', 'ppl', 'description' )),
 ( 297, 'DELETE_LOCALE', oils_i18n_gettext( 297, 
    'DELETE_LOCALE', 'ppl', 'description' )),
 ( 298, 'DELETE_MARC_CODE', oils_i18n_gettext( 298, 
    'DELETE_MARC_CODE', 'ppl', 'description' )),
 ( 299, 'DELETE_TRANSLATION', oils_i18n_gettext( 299, 
    'DELETE_TRANSLATION', 'ppl', 'description' )),
 ( 300, 'UPDATE_ACQ_FUNDING_SOURCE', oils_i18n_gettext( 300, 
    'UPDATE_ACQ_FUNDING_SOURCE', 'ppl', 'description' )),
 ( 301, 'UPDATE_AUTHORITY_IMPORT_IMPORT_FIELD_DEF', oils_i18n_gettext( 301, 
    'UPDATE_AUTHORITY_IMPORT_IMPORT_FIELD_DEF', 'ppl', 'description' )),
 ( 302, 'UPDATE_AUTHORITY_IMPORT_QUEUE', oils_i18n_gettext( 302, 
    'UPDATE_AUTHORITY_IMPORT_QUEUE', 'ppl', 'description' )),
 ( 303, 'UPDATE_AUTHORITY_RECORD_NOTE', oils_i18n_gettext( 303, 
    'UPDATE_AUTHORITY_RECORD_NOTE', 'ppl', 'description' )),
 ( 304, 'UPDATE_BIB_IMPORT_IMPORT_FIELD_DEF', oils_i18n_gettext( 304, 
    'UPDATE_BIB_IMPORT_IMPORT_FIELD_DEF', 'ppl', 'description' )),
 ( 305, 'UPDATE_BIB_IMPORT_QUEUE', oils_i18n_gettext( 305, 
    'UPDATE_BIB_IMPORT_QUEUE', 'ppl', 'description' )),
 ( 306, 'UPDATE_LOCALE', oils_i18n_gettext( 306, 
    'UPDATE_LOCALE', 'ppl', 'description' )),
 ( 307, 'UPDATE_MARC_CODE', oils_i18n_gettext( 307, 
    'UPDATE_MARC_CODE', 'ppl', 'description' )),
 ( 308, 'UPDATE_TRANSLATION', oils_i18n_gettext( 308, 
    'UPDATE_TRANSLATION', 'ppl', 'description' )),
 ( 309, 'VIEW_ACQ_FUNDING_SOURCE', oils_i18n_gettext( 309, 
    'VIEW_ACQ_FUNDING_SOURCE', 'ppl', 'description' )),
 ( 310, 'VIEW_AUTHORITY_RECORD_NOTES', oils_i18n_gettext( 310, 
    'VIEW_AUTHORITY_RECORD_NOTES', 'ppl', 'description' )),
 ( 311, 'CREATE_IMPORT_ITEM', oils_i18n_gettext( 311, 
    'CREATE_IMPORT_ITEM', 'ppl', 'description' )),
 ( 312, 'CREATE_IMPORT_ITEM_ATTR_DEF', oils_i18n_gettext( 312, 
    'CREATE_IMPORT_ITEM_ATTR_DEF', 'ppl', 'description' )),
 ( 313, 'CREATE_IMPORT_TRASH_FIELD', oils_i18n_gettext( 313, 
    'CREATE_IMPORT_TRASH_FIELD', 'ppl', 'description' )),
 ( 314, 'DELETE_IMPORT_ITEM', oils_i18n_gettext( 314, 
    'DELETE_IMPORT_ITEM', 'ppl', 'description' )),
 ( 315, 'DELETE_IMPORT_ITEM_ATTR_DEF', oils_i18n_gettext( 315, 
    'DELETE_IMPORT_ITEM_ATTR_DEF', 'ppl', 'description' )),
 ( 316, 'DELETE_IMPORT_TRASH_FIELD', oils_i18n_gettext( 316, 
    'DELETE_IMPORT_TRASH_FIELD', 'ppl', 'description' )),
 ( 317, 'UPDATE_IMPORT_ITEM', oils_i18n_gettext( 317, 
    'UPDATE_IMPORT_ITEM', 'ppl', 'description' )),
 ( 318, 'UPDATE_IMPORT_ITEM_ATTR_DEF', oils_i18n_gettext( 318, 
    'UPDATE_IMPORT_ITEM_ATTR_DEF', 'ppl', 'description' )),
 ( 319, 'UPDATE_IMPORT_TRASH_FIELD', oils_i18n_gettext( 319, 
    'UPDATE_IMPORT_TRASH_FIELD', 'ppl', 'description' )),
 ( 320, 'UPDATE_ORG_UNIT_SETTING_ALL', oils_i18n_gettext( 320, 
    'UPDATE_ORG_UNIT_SETTING_ALL', 'ppl', 'description' )),
 ( 321, 'UPDATE_ORG_UNIT_SETTING.circ.lost_materials_processing_fee', oils_i18n_gettext( 321, 
    'UPDATE_ORG_UNIT_SETTING.circ.lost_materials_processing_fee', 'ppl', 'description' )),
 ( 322, 'UPDATE_ORG_UNIT_SETTING.cat.default_item_price', oils_i18n_gettext( 322, 
    'UPDATE_ORG_UNIT_SETTING.cat.default_item_price', 'ppl', 'description' )),
 ( 323, 'UPDATE_ORG_UNIT_SETTING.auth.opac_timeout', oils_i18n_gettext( 323, 
    'UPDATE_ORG_UNIT_SETTING.auth.opac_timeout', 'ppl', 'description' )),
 ( 324, 'UPDATE_ORG_UNIT_SETTING.auth.staff_timeout', oils_i18n_gettext( 324, 
    'UPDATE_ORG_UNIT_SETTING.auth.staff_timeout', 'ppl', 'description' )),
 ( 325, 'UPDATE_ORG_UNIT_SETTING.org.bounced_emails', oils_i18n_gettext( 325, 
    'UPDATE_ORG_UNIT_SETTING.org.bounced_emails', 'ppl', 'description' )),
 ( 326, 'UPDATE_ORG_UNIT_SETTING.circ.hold_expire_alert_interval', oils_i18n_gettext( 326, 
    'UPDATE_ORG_UNIT_SETTING.circ.hold_expire_alert_interval', 'ppl', 'description' )),
 ( 327, 'UPDATE_ORG_UNIT_SETTING.circ.hold_expire_interval', oils_i18n_gettext( 327, 
    'UPDATE_ORG_UNIT_SETTING.circ.hold_expire_interval', 'ppl', 'description' )),
 ( 328, 'UPDATE_ORG_UNIT_SETTING.credit.payments.allow', oils_i18n_gettext( 328, 
    'UPDATE_ORG_UNIT_SETTING.credit.payments.allow', 'ppl', 'description' )),
 ( 329, 'UPDATE_ORG_UNIT_SETTING.circ.void_overdue_on_lost', oils_i18n_gettext( 329, 
    'UPDATE_ORG_UNIT_SETTING.circ.void_overdue_on_lost', 'ppl', 'description' )),
 ( 330, 'UPDATE_ORG_UNIT_SETTING.circ.hold_stalling.soft', oils_i18n_gettext( 330, 
    'UPDATE_ORG_UNIT_SETTING.circ.hold_stalling.soft', 'ppl', 'description' )),
 ( 331, 'UPDATE_ORG_UNIT_SETTING.circ.hold_boundary.hard', oils_i18n_gettext( 331, 
    'UPDATE_ORG_UNIT_SETTING.circ.hold_boundary.hard', 'ppl', 'description' )),
 ( 332, 'UPDATE_ORG_UNIT_SETTING.circ.hold_boundary.soft', oils_i18n_gettext( 332, 
    'UPDATE_ORG_UNIT_SETTING.circ.hold_boundary.soft', 'ppl', 'description' )),
 ( 333, 'UPDATE_ORG_UNIT_SETTING.opac.barcode_regex', oils_i18n_gettext( 333, 
    'UPDATE_ORG_UNIT_SETTING.opac.barcode_regex', 'ppl', 'description' )),
 ( 334, 'UPDATE_ORG_UNIT_SETTING.global.password_regex', oils_i18n_gettext( 334, 
    'UPDATE_ORG_UNIT_SETTING.global.password_regex', 'ppl', 'description' )),
 ( 335, 'UPDATE_ORG_UNIT_SETTING.circ.item_checkout_history.max', oils_i18n_gettext( 335, 
    'UPDATE_ORG_UNIT_SETTING.circ.item_checkout_history.max', 'ppl', 'description' )),
 ( 336, 'UPDATE_ORG_UNIT_SETTING.circ.reshelving_complete.interval', oils_i18n_gettext( 336, 
    'UPDATE_ORG_UNIT_SETTING.circ.reshelving_complete.interval', 'ppl', 'description' )),
 ( 337, 'UPDATE_ORG_UNIT_SETTING.circ.selfcheck.patron_login_timeout', oils_i18n_gettext( 337, 
    'UPDATE_ORG_UNIT_SETTING.circ.selfcheck.patron_login_timeout', 'ppl', 'description' )),
 ( 338, 'UPDATE_ORG_UNIT_SETTING.circ.selfcheck.alert_on_checkout_event', oils_i18n_gettext( 338, 
    'UPDATE_ORG_UNIT_SETTING.circ.selfcheck.alert_on_checkout_event', 'ppl', 'description' )),
 ( 339, 'UPDATE_ORG_UNIT_SETTING.circ.selfcheck.require_patron_password', oils_i18n_gettext( 339, 
    'UPDATE_ORG_UNIT_SETTING.circ.selfcheck.require_patron_password', 'ppl', 'description' )),
 ( 340, 'UPDATE_ORG_UNIT_SETTING.global.juvenile_age_threshold', oils_i18n_gettext( 340, 
    'UPDATE_ORG_UNIT_SETTING.global.juvenile_age_threshold', 'ppl', 'description' )),
 ( 341, 'UPDATE_ORG_UNIT_SETTING.cat.bib.keep_on_empty', oils_i18n_gettext( 341, 
    'UPDATE_ORG_UNIT_SETTING.cat.bib.keep_on_empty', 'ppl', 'description' )),
 ( 342, 'UPDATE_ORG_UNIT_SETTING.cat.bib.alert_on_empty', oils_i18n_gettext( 342, 
    'UPDATE_ORG_UNIT_SETTING.cat.bib.alert_on_empty', 'ppl', 'description' )),
 ( 343, 'UPDATE_ORG_UNIT_SETTING.patron.password.use_phone', oils_i18n_gettext( 343, 
    'UPDATE_ORG_UNIT_SETTING.patron.password.use_phone', 'ppl', 'description' )),
 ( 344, 'HOLD_ITEM_CHECKED_OUT.override', oils_i18n_gettext( 344, 
    'Allows a user to place a hold on an item that they already have checked out', 'ppl', 'description' )),
 ( 345, 'ADMIN_ACQ_CANCEL_CAUSE', oils_i18n_gettext( 345, 
    'Allow a user to create/update/delete reasons for order cancellations', 'ppl', 'description' )),
 ( 346, 'ACQ_XFER_MANUAL_DFUND_AMOUNT', oils_i18n_gettext( 346, 
    'Allow a user to transfer different amounts of money out of one fund and into another', 'ppl', 'description' )),
 ( 347, 'OVERRIDE_HOLD_HAS_LOCAL_COPY', oils_i18n_gettext( 347, 
    'Allow a user to override the circ.holds.hold_has_copy_at.block setting', 'ppl', 'description' )),
 ( 348, 'UPDATE_PICKUP_LIB_FROM_TRANSIT', oils_i18n_gettext( 348, 
    'Allow a user to change the pickup and transit destination for a captured hold item already in transit', 'ppl', 'description' )),
 ( 349, 'COPY_NEEDED_FOR_HOLD.override', oils_i18n_gettext( 349, 
    'Allow a user to force renewal of an item that could fulfill a hold request', 'ppl', 'description' )),
 ( 350, 'MERGE_AUTH_RECORDS', oils_i18n_gettext( 350, 
    'Allow a user to merge authority records together', 'ppl', 'description' )),
 ( 351, 'ALLOW_ALT_TCN', oils_i18n_gettext( 351, 
    'Allows staff to import a record using an alternate TCN to avoid conflicts', 'ppl', 'description' )),
 ( 352, 'ADMIN_TRIGGER_EVENT_DEF', oils_i18n_gettext( 352, 
    'Allow a user to administer trigger event definitions', 'ppl', 'description' )),
 ( 353, 'ADMIN_TRIGGER_CLEANUP', oils_i18n_gettext( 353, 
    'Allow a user to create, delete, and update trigger cleanup entries', 'ppl', 'description' )),
 ( 354, 'CREATE_TRIGGER_CLEANUP', oils_i18n_gettext( 354, 
    'Allow a user to create trigger cleanup entries', 'ppl', 'description' )),
 ( 355, 'DELETE_TRIGGER_CLEANUP', oils_i18n_gettext( 355, 
    'Allow a user to delete trigger cleanup entries', 'ppl', 'description' )),
 ( 356, 'UPDATE_TRIGGER_CLEANUP', oils_i18n_gettext( 356, 
    'Allow a user to update trigger cleanup entries', 'ppl', 'description' )),
 ( 357, 'CREATE_TRIGGER_EVENT_DEF', oils_i18n_gettext( 357, 
    'Allow a user to create trigger event definitions', 'ppl', 'description' )),
 ( 358, 'DELETE_TRIGGER_EVENT_DEF', oils_i18n_gettext( 358, 
    'Allow a user to delete trigger event definitions', 'ppl', 'description' )),
 ( 359, 'UPDATE_TRIGGER_EVENT_DEF', oils_i18n_gettext( 359, 
    'Allow a user to update trigger event definitions', 'ppl', 'description' )),
 ( 360, 'VIEW_TRIGGER_EVENT_DEF', oils_i18n_gettext( 360, 
    'Allow a user to view trigger event definitions', 'ppl', 'description' )),
 ( 361, 'ADMIN_TRIGGER_HOOK', oils_i18n_gettext( 361, 
    'Allow a user to create, update, and delete trigger hooks', 'ppl', 'description' )),
 ( 362, 'CREATE_TRIGGER_HOOK', oils_i18n_gettext( 362, 
    'Allow a user to create trigger hooks', 'ppl', 'description' )),
 ( 363, 'DELETE_TRIGGER_HOOK', oils_i18n_gettext( 363, 
    'Allow a user to delete trigger hooks', 'ppl', 'description' )),
 ( 364, 'UPDATE_TRIGGER_HOOK', oils_i18n_gettext( 364, 
    'Allow a user to update trigger hooks', 'ppl', 'description' )),
 ( 365, 'ADMIN_TRIGGER_REACTOR', oils_i18n_gettext( 365, 
    'Allow a user to create, update, and delete trigger reactors', 'ppl', 'description' )),
 ( 366, 'CREATE_TRIGGER_REACTOR', oils_i18n_gettext( 366, 
    'Allow a user to create trigger reactors', 'ppl', 'description' )),
 ( 367, 'DELETE_TRIGGER_REACTOR', oils_i18n_gettext( 367, 
    'Allow a user to delete trigger reactors', 'ppl', 'description' )),
 ( 368, 'UPDATE_TRIGGER_REACTOR', oils_i18n_gettext( 368, 
    'Allow a user to update trigger reactors', 'ppl', 'description' )),
 ( 369, 'ADMIN_TRIGGER_TEMPLATE_OUTPUT', oils_i18n_gettext( 369, 
    'Allow a user to delete trigger template output', 'ppl', 'description' )),
 ( 370, 'DELETE_TRIGGER_TEMPLATE_OUTPUT', oils_i18n_gettext( 370, 
    'Allow a user to delete trigger template output', 'ppl', 'description' )),
 ( 371, 'ADMIN_TRIGGER_VALIDATOR', oils_i18n_gettext( 371, 
    'Allow a user to create, update, and delete trigger validators', 'ppl', 'description' )),
 ( 372, 'CREATE_TRIGGER_VALIDATOR', oils_i18n_gettext( 372, 
    'Allow a user to create trigger validators', 'ppl', 'description' )),
 ( 373, 'DELETE_TRIGGER_VALIDATOR', oils_i18n_gettext( 373, 
    'Allow a user to delete trigger validators', 'ppl', 'description' )),
 ( 374, 'UPDATE_TRIGGER_VALIDATOR', oils_i18n_gettext( 374, 
    'Allow a user to update trigger validators', 'ppl', 'description' )),
 ( 376, 'ADMIN_BOOKING_RESOURCE', oils_i18n_gettext( 376, 
    'Enables the user to create/update/delete booking resources', 'ppl', 'description' )),
 ( 377, 'ADMIN_BOOKING_RESOURCE_TYPE', oils_i18n_gettext( 377, 
    'Enables the user to create/update/delete booking resource types', 'ppl', 'description' )),
 ( 378, 'ADMIN_BOOKING_RESOURCE_ATTR', oils_i18n_gettext( 378, 
    'Enables the user to create/update/delete booking resource attributes', 'ppl', 'description' )),
 ( 379, 'ADMIN_BOOKING_RESOURCE_ATTR_MAP', oils_i18n_gettext( 379, 
    'Enables the user to create/update/delete booking resource attribute maps', 'ppl', 'description' )),
 ( 380, 'ADMIN_BOOKING_RESOURCE_ATTR_VALUE', oils_i18n_gettext( 380, 
    'Enables the user to create/update/delete booking resource attribute values', 'ppl', 'description' )),
 ( 381, 'ADMIN_BOOKING_RESERVATION', oils_i18n_gettext( 381, 
    'Enables the user to create/update/delete booking reservations', 'ppl', 'description' )),
 ( 382, 'ADMIN_BOOKING_RESERVATION_ATTR_VALUE_MAP', oils_i18n_gettext( 382, 
    'Enables the user to create/update/delete booking reservation attribute value maps', 'ppl', 'description' )),
 ( 383, 'RETRIEVE_RESERVATION_PULL_LIST', oils_i18n_gettext( 383, 
    'Allows a user to retrieve a booking reservation pull list', 'ppl', 'description' )),
 ( 384, 'CAPTURE_RESERVATION', oils_i18n_gettext( 384, 
    'Allows a user to capture booking reservations', 'ppl', 'description' )),
 ( 385, 'UPDATE_RECORD', oils_i18n_gettext( 385, 
    'UPDATE_RECORD', 'ppl', 'description' )),
 ( 386, 'UPDATE_ORG_UNIT_SETTING.circ.block_renews_for_holds', oils_i18n_gettext( 386, 
    'UPDATE_ORG_UNIT_SETTING.circ.block_renews_for_holds', 'ppl', 'description' )),
 ( 387, 'MERGE_USERS', oils_i18n_gettext( 387, 
    'Allows user records to be merged', 'ppl', 'description' )),
 ( 388, 'ISSUANCE_HOLDS', oils_i18n_gettext( 388, 
    'Allow a user to place holds on serials issuances', 'ppl', 'description' )),
 ( 389, 'VIEW_CREDIT_CARD_PROCESSING', oils_i18n_gettext( 389, 
    'View org unit settings related to credit card processing', 'ppl', 'description' )),
 ( 390, 'ADMIN_CREDIT_CARD_PROCESSING', oils_i18n_gettext( 390, 
    'Update org unit settings related to credit card processing', 'ppl', 'description' )),
 ( 391, 'ADMIN_ACQ_CLAIM', oils_i18n_gettext( 391, 
    'ADMIN_ACQ_CLAIM', 'ppl', 'description' )),
 ( 392, 'ADMIN_ACQ_CLAIM_EVENT_TYPE', oils_i18n_gettext( 392, 
    'ADMIN_ACQ_CLAIM_EVENT_TYPE', 'ppl', 'description' )),
 ( 393, 'ADMIN_ACQ_CLAIM_TYPE', oils_i18n_gettext( 393, 
    'ADMIN_ACQ_CLAIM_TYPE', 'ppl', 'description' )),
 ( 394, 'ADMIN_ACQ_DISTRIB_FORMULA', oils_i18n_gettext( 394, 
    'ADMIN_ACQ_DISTRIB_FORMULA', 'ppl', 'description' )),
 ( 395, 'ADMIN_ACQ_FISCAL_YEAR', oils_i18n_gettext( 395, 
    'ADMIN_ACQ_FISCAL_YEAR', 'ppl', 'description' )),
 ( 396, 'ADMIN_ACQ_FUND_ALLOCATION_PERCENT', oils_i18n_gettext( 396, 
    'ADMIN_ACQ_FUND_ALLOCATION_PERCENT', 'ppl', 'description' )),
 ( 397, 'ADMIN_ACQ_FUND_TAG', oils_i18n_gettext( 397, 
    'ADMIN_ACQ_FUND_TAG', 'ppl', 'description' )),
 ( 398, 'ADMIN_ACQ_LINEITEM_ALERT_TEXT', oils_i18n_gettext( 398, 
    'ADMIN_ACQ_LINEITEM_ALERT_TEXT', 'ppl', 'description' )),
 ( 399, 'ADMIN_AGE_PROTECT_RULE', oils_i18n_gettext( 399, 
    'ADMIN_AGE_PROTECT_RULE', 'ppl', 'description' )),
 ( 400, 'ADMIN_ASSET_COPY_TEMPLATE', oils_i18n_gettext( 400, 
    'ADMIN_ASSET_COPY_TEMPLATE', 'ppl', 'description' )),
 ( 401, 'ADMIN_BOOKING_RESERVATION_ATTR_MAP', oils_i18n_gettext( 401, 
    'ADMIN_BOOKING_RESERVATION_ATTR_MAP', 'ppl', 'description' )),
 ( 402, 'ADMIN_CIRC_MATRIX_MATCHPOINT', oils_i18n_gettext( 402, 
    'ADMIN_CIRC_MATRIX_MATCHPOINT', 'ppl', 'description' )),
 ( 403, 'ADMIN_CIRC_MOD', oils_i18n_gettext( 403, 
    'ADMIN_CIRC_MOD', 'ppl', 'description' )),
 ( 404, 'ADMIN_CLAIM_POLICY', oils_i18n_gettext( 404, 
    'ADMIN_CLAIM_POLICY', 'ppl', 'description' )),
 ( 405, 'ADMIN_CONFIG_REMOTE_ACCOUNT', oils_i18n_gettext( 405, 
    'ADMIN_CONFIG_REMOTE_ACCOUNT', 'ppl', 'description' )),
 ( 406, 'ADMIN_FIELD_DOC', oils_i18n_gettext( 406, 
    'ADMIN_FIELD_DOC', 'ppl', 'description' )),
 ( 407, 'ADMIN_GLOBAL_FLAG', oils_i18n_gettext( 407, 
    'ADMIN_GLOBAL_FLAG', 'ppl', 'description' )),
 ( 408, 'ADMIN_GROUP_PENALTY_THRESHOLD', oils_i18n_gettext( 408, 
    'ADMIN_GROUP_PENALTY_THRESHOLD', 'ppl', 'description' )),
 ( 409, 'ADMIN_HOLD_CANCEL_CAUSE', oils_i18n_gettext( 409, 
    'ADMIN_HOLD_CANCEL_CAUSE', 'ppl', 'description' )),
 ( 410, 'ADMIN_HOLD_MATRIX_MATCHPOINT', oils_i18n_gettext( 410, 
    'ADMIN_HOLD_MATRIX_MATCHPOINT', 'ppl', 'description' )),
 ( 411, 'ADMIN_IDENT_TYPE', oils_i18n_gettext( 411, 
    'ADMIN_IDENT_TYPE', 'ppl', 'description' )),
 ( 412, 'ADMIN_IMPORT_ITEM_ATTR_DEF', oils_i18n_gettext( 412, 
    'ADMIN_IMPORT_ITEM_ATTR_DEF', 'ppl', 'description' )),
 ( 413, 'ADMIN_INDEX_NORMALIZER', oils_i18n_gettext( 413, 
    'ADMIN_INDEX_NORMALIZER', 'ppl', 'description' )),
 ( 414, 'ADMIN_INVOICE', oils_i18n_gettext( 414, 
    'ADMIN_INVOICE', 'ppl', 'description' )),
 ( 415, 'ADMIN_INVOICE_METHOD', oils_i18n_gettext( 415, 
    'ADMIN_INVOICE_METHOD', 'ppl', 'description' )),
 ( 416, 'ADMIN_INVOICE_PAYMENT_METHOD', oils_i18n_gettext( 416, 
    'ADMIN_INVOICE_PAYMENT_METHOD', 'ppl', 'description' )),
 ( 417, 'ADMIN_LINEITEM_MARC_ATTR_DEF', oils_i18n_gettext( 417, 
    'ADMIN_LINEITEM_MARC_ATTR_DEF', 'ppl', 'description' )),
 ( 418, 'ADMIN_MARC_CODE', oils_i18n_gettext( 418, 
    'ADMIN_MARC_CODE', 'ppl', 'description' )),
 ( 419, 'ADMIN_MAX_FINE_RULE', oils_i18n_gettext( 419, 
    'ADMIN_MAX_FINE_RULE', 'ppl', 'description' )),
 ( 420, 'ADMIN_MERGE_PROFILE', oils_i18n_gettext( 420, 
    'ADMIN_MERGE_PROFILE', 'ppl', 'description' )),
 ( 421, 'ADMIN_ORG_UNIT_SETTING_TYPE', oils_i18n_gettext( 421, 
    'ADMIN_ORG_UNIT_SETTING_TYPE', 'ppl', 'description' )),
 ( 422, 'ADMIN_RECURRING_FINE_RULE', oils_i18n_gettext( 422, 
    'ADMIN_RECURRING_FINE_RULE', 'ppl', 'description' )),
 ( 423, 'ADMIN_SERIAL_SUBSCRIPTION', oils_i18n_gettext( 423, 
    'ADMIN_SERIAL_SUBSCRIPTION', 'ppl', 'description' )),
 ( 424, 'ADMIN_STANDING_PENALTY', oils_i18n_gettext( 424, 
    'ADMIN_STANDING_PENALTY', 'ppl', 'description' )),
 ( 425, 'ADMIN_SURVEY', oils_i18n_gettext( 425, 
    'ADMIN_SURVEY', 'ppl', 'description' )),
 ( 426, 'ADMIN_USER_REQUEST_TYPE', oils_i18n_gettext( 426, 
    'ADMIN_USER_REQUEST_TYPE', 'ppl', 'description' )),
 ( 427, 'ADMIN_USER_SETTING_GROUP', oils_i18n_gettext( 427, 
    'ADMIN_USER_SETTING_GROUP', 'ppl', 'description' )),
 ( 428, 'ADMIN_USER_SETTING_TYPE', oils_i18n_gettext( 428, 
    'ADMIN_USER_SETTING_TYPE', 'ppl', 'description' )),
 ( 429, 'ADMIN_Z3950_SOURCE', oils_i18n_gettext( 429, 
    'ADMIN_Z3950_SOURCE', 'ppl', 'description' )),
 ( 430, 'CREATE_BIB_BTYPE', oils_i18n_gettext( 430, 
    'CREATE_BIB_BTYPE', 'ppl', 'description' )),
 ( 431, 'CREATE_BIBLIO_FINGERPRINT', oils_i18n_gettext( 431, 
    'CREATE_BIBLIO_FINGERPRINT', 'ppl', 'description' )),
 ( 432, 'CREATE_BIB_SOURCE', oils_i18n_gettext( 432, 
    'CREATE_BIB_SOURCE', 'ppl', 'description' )),
 ( 433, 'CREATE_BILLING_TYPE', oils_i18n_gettext( 433, 
    'CREATE_BILLING_TYPE', 'ppl', 'description' )),
 ( 434, 'CREATE_CN_BTYPE', oils_i18n_gettext( 434, 
    'CREATE_CN_BTYPE', 'ppl', 'description' )),
 ( 435, 'CREATE_COPY_BTYPE', oils_i18n_gettext( 435, 
    'CREATE_COPY_BTYPE', 'ppl', 'description' )),
 ( 436, 'CREATE_INVOICE', oils_i18n_gettext( 436, 
    'CREATE_INVOICE', 'ppl', 'description' )),
 ( 437, 'CREATE_INVOICE_ITEM_TYPE', oils_i18n_gettext( 437, 
    'CREATE_INVOICE_ITEM_TYPE', 'ppl', 'description' )),
 ( 438, 'CREATE_INVOICE_METHOD', oils_i18n_gettext( 438, 
    'CREATE_INVOICE_METHOD', 'ppl', 'description' )),
 ( 439, 'CREATE_MERGE_PROFILE', oils_i18n_gettext( 439, 
    'CREATE_MERGE_PROFILE', 'ppl', 'description' )),
 ( 440, 'CREATE_METABIB_CLASS', oils_i18n_gettext( 440, 
    'CREATE_METABIB_CLASS', 'ppl', 'description' )),
 ( 441, 'CREATE_METABIB_SEARCH_ALIAS', oils_i18n_gettext( 441, 
    'CREATE_METABIB_SEARCH_ALIAS', 'ppl', 'description' )),
 ( 442, 'CREATE_USER_BTYPE', oils_i18n_gettext( 442, 
    'CREATE_USER_BTYPE', 'ppl', 'description' )),
 ( 443, 'DELETE_BIB_BTYPE', oils_i18n_gettext( 443, 
    'DELETE_BIB_BTYPE', 'ppl', 'description' )),
 ( 444, 'DELETE_BIBLIO_FINGERPRINT', oils_i18n_gettext( 444, 
    'DELETE_BIBLIO_FINGERPRINT', 'ppl', 'description' )),
 ( 445, 'DELETE_BIB_SOURCE', oils_i18n_gettext( 445, 
    'DELETE_BIB_SOURCE', 'ppl', 'description' )),
 ( 446, 'DELETE_BILLING_TYPE', oils_i18n_gettext( 446, 
    'DELETE_BILLING_TYPE', 'ppl', 'description' )),
 ( 447, 'DELETE_CN_BTYPE', oils_i18n_gettext( 447, 
    'DELETE_CN_BTYPE', 'ppl', 'description' )),
 ( 448, 'DELETE_COPY_BTYPE', oils_i18n_gettext( 448, 
    'DELETE_COPY_BTYPE', 'ppl', 'description' )),
 ( 449, 'DELETE_INVOICE_ITEM_TYPE', oils_i18n_gettext( 449, 
    'DELETE_INVOICE_ITEM_TYPE', 'ppl', 'description' )),
 ( 450, 'DELETE_INVOICE_METHOD', oils_i18n_gettext( 450, 
    'DELETE_INVOICE_METHOD', 'ppl', 'description' )),
 ( 451, 'DELETE_MERGE_PROFILE', oils_i18n_gettext( 451, 
    'DELETE_MERGE_PROFILE', 'ppl', 'description' )),
 ( 452, 'DELETE_METABIB_CLASS', oils_i18n_gettext( 452, 
    'DELETE_METABIB_CLASS', 'ppl', 'description' )),
 ( 453, 'DELETE_METABIB_SEARCH_ALIAS', oils_i18n_gettext( 453, 
    'DELETE_METABIB_SEARCH_ALIAS', 'ppl', 'description' )),
 ( 454, 'DELETE_USER_BTYPE', oils_i18n_gettext( 454, 
    'DELETE_USER_BTYPE', 'ppl', 'description' )),
 ( 455, 'MANAGE_CLAIM', oils_i18n_gettext( 455, 
    'MANAGE_CLAIM', 'ppl', 'description' )),
 ( 456, 'UPDATE_BIB_BTYPE', oils_i18n_gettext( 456, 
    'UPDATE_BIB_BTYPE', 'ppl', 'description' )),
 ( 457, 'UPDATE_BIBLIO_FINGERPRINT', oils_i18n_gettext( 457, 
    'UPDATE_BIBLIO_FINGERPRINT', 'ppl', 'description' )),
 ( 458, 'UPDATE_BIB_SOURCE', oils_i18n_gettext( 458, 
    'UPDATE_BIB_SOURCE', 'ppl', 'description' )),
 ( 459, 'UPDATE_BILLING_TYPE', oils_i18n_gettext( 459, 
    'UPDATE_BILLING_TYPE', 'ppl', 'description' )),
 ( 460, 'UPDATE_CN_BTYPE', oils_i18n_gettext( 460, 
    'UPDATE_CN_BTYPE', 'ppl', 'description' )),
 ( 461, 'UPDATE_COPY_BTYPE', oils_i18n_gettext( 461, 
    'UPDATE_COPY_BTYPE', 'ppl', 'description' )),
 ( 462, 'UPDATE_INVOICE_ITEM_TYPE', oils_i18n_gettext( 462, 
    'UPDATE_INVOICE_ITEM_TYPE', 'ppl', 'description' )),
 ( 463, 'UPDATE_INVOICE_METHOD', oils_i18n_gettext( 463, 
    'UPDATE_INVOICE_METHOD', 'ppl', 'description' )),
 ( 464, 'UPDATE_MERGE_PROFILE', oils_i18n_gettext( 464, 
    'UPDATE_MERGE_PROFILE', 'ppl', 'description' )),
 ( 465, 'UPDATE_METABIB_CLASS', oils_i18n_gettext( 465, 
    'UPDATE_METABIB_CLASS', 'ppl', 'description' )),
 ( 466, 'UPDATE_METABIB_SEARCH_ALIAS', oils_i18n_gettext( 466, 
    'UPDATE_METABIB_SEARCH_ALIAS', 'ppl', 'description' )),
 ( 467, 'UPDATE_USER_BTYPE', oils_i18n_gettext( 467, 
    'UPDATE_USER_BTYPE', 'ppl', 'description' )),
 ( 468, 'user_request.create', oils_i18n_gettext( 468, 
    'user_request.create', 'ppl', 'description' )),
 ( 469, 'user_request.delete', oils_i18n_gettext( 469, 
    'user_request.delete', 'ppl', 'description' )),
 ( 470, 'user_request.update', oils_i18n_gettext( 470, 
    'user_request.update', 'ppl', 'description' )),
 ( 471, 'user_request.view', oils_i18n_gettext( 471, 
    'user_request.view', 'ppl', 'description' )),
 ( 472, 'VIEW_ACQ_FUND_ALLOCATION_PERCENT', oils_i18n_gettext( 472, 
    'VIEW_ACQ_FUND_ALLOCATION_PERCENT', 'ppl', 'description' )),
 ( 473, 'VIEW_CIRC_MATRIX_MATCHPOINT', oils_i18n_gettext( 473, 
    'VIEW_CIRC_MATRIX_MATCHPOINT', 'ppl', 'description' )),
 ( 474, 'VIEW_CLAIM', oils_i18n_gettext( 474, 
    'VIEW_CLAIM', 'ppl', 'description' )),
 ( 475, 'VIEW_GROUP_PENALTY_THRESHOLD', oils_i18n_gettext( 475, 
    'VIEW_GROUP_PENALTY_THRESHOLD', 'ppl', 'description' )),
 ( 476, 'VIEW_HOLD_MATRIX_MATCHPOINT', oils_i18n_gettext( 476, 
    'VIEW_HOLD_MATRIX_MATCHPOINT', 'ppl', 'description' )),
 ( 477, 'VIEW_INVOICE', oils_i18n_gettext( 477, 
    'VIEW_INVOICE', 'ppl', 'description' )),
 ( 478, 'VIEW_MERGE_PROFILE', oils_i18n_gettext( 478, 
    'VIEW_MERGE_PROFILE', 'ppl', 'description' )),
 ( 479, 'VIEW_SERIAL_SUBSCRIPTION', oils_i18n_gettext( 479, 
    'VIEW_SERIAL_SUBSCRIPTION', 'ppl', 'description' )),
 ( 480, 'VIEW_STANDING_PENALTY', oils_i18n_gettext( 480, 
    'VIEW_STANDING_PENALTY', 'ppl', 'description' )),
 ( 481, 'ADMIN_SERIAL_CAPTION_PATTERN', oils_i18n_gettext( 481, 
    'ADMIN_SERIAL_CAPTION_PATTERN', 'ppl', 'description' )),
 ( 482, 'ADMIN_SERIAL_DISTRIBUTION', oils_i18n_gettext( 482, 
    'ADMIN_SERIAL_DISTRIBUTION', 'ppl', 'description' )),
 ( 483, 'ADMIN_SERIAL_STREAM', oils_i18n_gettext( 483, 
    'ADMIN_SERIAL_STREAM', 'ppl', 'description' )),
 ( 484, 'RECEIVE_SERIAL', oils_i18n_gettext(484,
	'Receive serial items', 'ppl', 'description')),
 ( 485, 'CREATE_VOLUME_SUFFIX', oils_i18n_gettext(485,
    'Create suffix label definition.', 'ppl', 'description')),
 ( 486, 'UPDATE_VOLUME_SUFFIX', oils_i18n_gettext(486,
    'Update suffix label definition.', 'ppl', 'description')),
 ( 487, 'DELETE_VOLUME_SUFFIX', oils_i18n_gettext(487,
    'Delete suffix label definition.', 'ppl', 'description')),
 ( 488, 'CREATE_VOLUME_PREFIX', oils_i18n_gettext(488,
    'Create prefix label definition.', 'ppl', 'description')),
 ( 489, 'UPDATE_VOLUME_PREFIX', oils_i18n_gettext(489,
    'Update prefix label definition.', 'ppl', 'description')),
 ( 490, 'DELETE_VOLUME_PREFIX', oils_i18n_gettext(490,
    'Delete prefix label definition.', 'ppl', 'description')),
 ( 491, 'CREATE_MONOGRAPH_PART', oils_i18n_gettext(491,
    'Create monograph part definition.', 'ppl', 'description')),
 ( 492, 'UPDATE_MONOGRAPH_PART', oils_i18n_gettext(492,
    'Update monograph part definition.', 'ppl', 'description')),
 ( 493, 'DELETE_MONOGRAPH_PART', oils_i18n_gettext(493,
    'Delete monograph part definition.', 'ppl', 'description')),
 ( 494, 'ADMIN_CODED_VALUE', oils_i18n_gettext(494,
    'Create/Update/Delete SVF Record Attribute Coded Value Map', 'ppl', 'description')),
 ( 495, 'ADMIN_SERIAL_ITEM', oils_i18n_gettext(495,
    'Create/Retrieve/Update/Delete Serial Item', 'ppl', 'description')),
 ( 496, 'ADMIN_SVF', oils_i18n_gettext(496,
    'Create/Update/Delete SVF Record Attribute Defintion', 'ppl', 'description')),
 ( 497, 'CREATE_BIB_PTYPE', oils_i18n_gettext(497,
    'Create Bibliographic Record Peer Type', 'ppl', 'description')),
 ( 498, 'CREATE_PURCHASE_REQUEST', oils_i18n_gettext(498,
    'Create User Purchase Request', 'ppl', 'description')),
 ( 499, 'DELETE_BIB_PTYPE', oils_i18n_gettext(499,
    'Delete Bibliographic Record Peer Type', 'ppl', 'description')),
 ( 500, 'MAP_MONOGRAPH_PART', oils_i18n_gettext(500,
    'Create/Update/Delete Copy Monograph Part Map', 'ppl', 'description')),
 ( 501, 'MARK_ITEM_MISSING_PIECES', oils_i18n_gettext(501,
    'Allows the Mark Item Missing Pieces action.', 'ppl', 'description')),
 ( 502, 'UPDATE_BIB_PTYPE', oils_i18n_gettext(502,
    'Update Bibliographic Record Peer Type', 'ppl', 'description')),
 ( 503, 'UPDATE_HOLD_REQUEST_TIME', oils_i18n_gettext(503,
    'Allows editing of a hold''s request time, and/or its Cut-in-line/Top-of-queue flag.', 'ppl', 'description')),
 ( 504, 'UPDATE_PICKLIST', oils_i18n_gettext(504,
    'Allows update/re-use of an acquisitions pick/selection list.', 'ppl', 'description')),
 ( 505, 'UPDATE_WORKSTATION', oils_i18n_gettext(505,
    'Allows update of a workstation during workstation registration override.', 'ppl', 'description')),
 ( 506, 'VIEW_USER_SETTING_TYPE', oils_i18n_gettext(506,
    'Allows viewing of configurable user setting types.', 'ppl', 'description')),
 ( 507, 'ABORT_TRANSIT_ON_LOST', oils_i18n_gettext(507,
    'Allows a user to abort a transit on a copy with status of LOST', 'ppl', 'description')),
 ( 508, 'ABORT_TRANSIT_ON_MISSING', oils_i18n_gettext(508,
    'Allows a user to abort a transit on a copy with status of MISSING', 'ppl', 'description')),
 ( 509, 'TRANSIT_CHECKIN_INTERVAL_BLOCK.override', oils_i18n_gettext(509,
    'Allows a user to override the TRANSIT_CHECKIN_INTERVAL_BLOCK event', 'ppl', 'description')),
 ( 510, 'UPDATE_PATRON_COLLECTIONS_EXEMPT', oils_i18n_gettext(510,
    'Allows a user to indicate that a patron is exempt from collections processing', 'ppl', 'description')),
 ( 511, 'PERSISTENT_LOGIN', oils_i18n_gettext( 511,
    'Allows a user to authenticate and get a long-lived session (length configured in opensrf.xml)', 'ppl', 'description' ));


SELECT SETVAL('permission.perm_list_id_seq'::TEXT, 1000);

INSERT INTO permission.grp_tree (id, name, parent, description, perm_interval, usergroup, application_perm) VALUES
	(1, oils_i18n_gettext(1, 'Users', 'pgt', 'name'), NULL, NULL, '3 years', FALSE, 'group_application.user');
INSERT INTO permission.grp_tree (id, name, parent, description, perm_interval, usergroup, application_perm) VALUES
	(2, oils_i18n_gettext(2, 'Patrons', 'pgt', 'name'), 1, NULL, '3 years', TRUE, 'group_application.user.patron');
INSERT INTO permission.grp_tree (id, name, parent, description, perm_interval, usergroup, application_perm) VALUES
	(3, oils_i18n_gettext(3, 'Staff', 'pgt', 'name'), 1, NULL, '3 years', FALSE, 'group_application.user.staff');
INSERT INTO permission.grp_tree (id, name, parent, description, perm_interval, usergroup, application_perm) VALUES
	(4, oils_i18n_gettext(4, 'Catalogers', 'pgt', 'name'), 3, NULL, '3 years', TRUE, 'group_application.user.staff.cat');
INSERT INTO permission.grp_tree (id, name, parent, description, perm_interval, usergroup, application_perm) VALUES
	(5, oils_i18n_gettext(5, 'Circulators', 'pgt', 'name'), 3, NULL, '3 years', TRUE, 'group_application.user.staff.circ');
INSERT INTO permission.grp_tree (id, name, parent, description, perm_interval, usergroup, application_perm) VALUES
	(6, oils_i18n_gettext(6, 'Acquisitions', 'pgt', 'name'), 3, NULL, '3 years', TRUE, 'group_application.user.staff.acq');
INSERT INTO permission.grp_tree (id, name, parent, description, perm_interval, usergroup, application_perm) VALUES
	(7, oils_i18n_gettext(7, 'Acquisitions Administrator', 'pgt', 'name'), 3, NULL, '3 years', TRUE, 'group_application.user.staff.acq_admin');
INSERT INTO permission.grp_tree (id, name, parent, description, perm_interval, usergroup, application_perm) VALUES
	(8, oils_i18n_gettext(8, 'Cataloging Administrator', 'pgt', 'name'), 3, NULL, '3 years', TRUE, 'group_application.user.staff.cat_admin');
INSERT INTO permission.grp_tree (id, name, parent, description, perm_interval, usergroup, application_perm) VALUES
	(9, oils_i18n_gettext(9, 'Circulation Administrator', 'pgt', 'name'), 3, NULL, '3 years', TRUE, 'group_application.user.staff.circ_admin');
INSERT INTO permission.grp_tree (id, name, parent, description, perm_interval, usergroup, application_perm) VALUES
	(10, oils_i18n_gettext(10, 'Local Administrator', 'pgt', 'name'), 3, 
	oils_i18n_gettext(10, 'Can do anything at the Branch level', 'pgt', 'description'), '3 years', TRUE, 'group_application.user.staff.admin.local_admin');
INSERT INTO permission.grp_tree (id, name, parent, description, perm_interval, usergroup, application_perm) VALUES
	(11, oils_i18n_gettext(11, 'Serials', 'pgt', 'name'), 3, 
	oils_i18n_gettext(11, 'Serials (includes admin features)', 'pgt', 'description'), '3 years', TRUE, 'group_application.user.staff.serials');
INSERT INTO permission.grp_tree (id, name, parent, description, perm_interval, usergroup, application_perm) VALUES
	(12, oils_i18n_gettext(12, 'System Administrator', 'pgt', 'name'), 3, 
	oils_i18n_gettext(12, 'Can do anything at the System level', 'pgt', 'description'), '3 years', TRUE, 'group_application.user.staff.admin.system_admin');
INSERT INTO permission.grp_tree (id, name, parent, description, perm_interval, usergroup, application_perm) VALUES
	(13, oils_i18n_gettext(13, 'Global Administrator', 'pgt', 'name'), 3, 
	oils_i18n_gettext(13, 'Can do anything at the Consortium level', 'pgt', 'description'), '3 years', TRUE, 'group_application.user.staff.admin.global_admin');
INSERT INTO permission.grp_tree (id, name, parent, description, perm_interval, usergroup, application_perm) VALUES
	(14, oils_i18n_gettext(14, 'Data Review', 'pgt', 'name'), 3, NULL, '3 years', TRUE, 'group_application.user.staff.data_review');
INSERT INTO permission.grp_tree (id, name, parent, description, perm_interval, usergroup, application_perm) VALUES
	(15, oils_i18n_gettext(15, 'Volunteers', 'pgt', 'name'), 3, NULL, '3 years', TRUE, 'group_application.user.staff.volunteers');

SELECT SETVAL('permission.grp_tree_id_seq'::TEXT, (SELECT MAX(id) FROM permission.grp_tree));

INSERT INTO permission.grp_penalty_threshold (grp,org_unit,penalty,threshold)
    VALUES (1,1,1,10.0);
INSERT INTO permission.grp_penalty_threshold (grp,org_unit,penalty,threshold)
    VALUES (1,1,2,10.0);
INSERT INTO permission.grp_penalty_threshold (grp,org_unit,penalty,threshold)
    VALUES (1,1,3,10.0);

SELECT SETVAL('permission.grp_penalty_threshold_id_seq'::TEXT, (SELECT MAX(id) FROM permission.grp_penalty_threshold));


-- Add basic user permissions to the Users group

INSERT INTO permission.grp_perm_map (grp, perm, depth, grantable)
	SELECT
		pgt.id, perm.id, aout.depth, FALSE
	FROM
		permission.grp_tree pgt,
		permission.perm_list perm,
		actor.org_unit_type aout
	WHERE
		pgt.name = 'Users' AND
		aout.name = 'Consortium' AND
		perm.code IN (
			'COPY_CHECKIN',
			'CREATE_MY_CONTAINER',
			'CREATE_PURCHASE_REQUEST',
			'MR_HOLDS',
			'OPAC_LOGIN',
			'PERSISTENT_LOGIN',
			'RENEW_CIRC',
			'TITLE_HOLDS',
			'user_request.create'
		);


-- Add basic user permissions to the Data Review group

INSERT INTO permission.grp_perm_map (grp, perm, depth, grantable)
	SELECT
		pgt.id, perm.id, aout.depth, FALSE
	FROM
		permission.grp_tree pgt,
		permission.perm_list perm,
		actor.org_unit_type aout
	WHERE
		pgt.name = 'Data Review' AND
		aout.name = 'Consortium' AND
		perm.code IN (
			'CREATE_COPY_TRANSIT',
			'VIEW_BILLING_TYPE',
			'VIEW_CIRCULATIONS',
			'VIEW_COPY_NOTES',
			'VIEW_HOLD',
			'VIEW_ORG_SETTINGS',
			'VIEW_TITLE_NOTES',
			'VIEW_TRANSACTION',
			'VIEW_USER',
			'VIEW_USER_FINES_SUMMARY',
			'VIEW_USER_TRANSACTIONS',
			'VIEW_VOLUME_NOTES',
			'VIEW_ZIP_DATA');

INSERT INTO permission.grp_perm_map (grp, perm, depth, grantable)
	SELECT
		pgt.id, perm.id, aout.depth, FALSE
	FROM
		permission.grp_tree pgt,
		permission.perm_list perm,
		actor.org_unit_type aout
	WHERE
		pgt.name = 'Data Review' AND
		aout.name = 'System' AND
		perm.code IN (
			'COPY_CHECKOUT',
			'COPY_HOLDS',
			'CREATE_IN_HOUSE_USE',
			'CREATE_TRANSACTION',
			'OFFLINE_EXECUTE',
			'OFFLINE_VIEW',
			'STAFF_LOGIN',
			'VOLUME_HOLDS');


-- Add basic staff permissions to the Staff group

INSERT INTO permission.grp_perm_map (grp, perm, depth, grantable)
	SELECT
		pgt.id, perm.id, aout.depth, FALSE
	FROM
		permission.grp_tree pgt,
		permission.perm_list perm,
		actor.org_unit_type aout
	WHERE
		pgt.name = 'Staff' AND
		aout.name = 'Consortium' AND
		perm.code IN (
			'CREATE_CONTAINER',
			'CREATE_CONTAINER_ITEM',
			'CREATE_COPY_TRANSIT',
			'CREATE_HOLD_NOTIFICATION',
			'CREATE_TRANSACTION',
			'CREATE_TRANSIT',
			'DELETE_CONTAINER',
			'DELETE_CONTAINER_ITEM',
			'group_application.user',
			'group_application.user.patron',
			'REGISTER_WORKSTATION',
			'REMOTE_Z3950_QUERY',
			'REQUEST_HOLDS',
			'STAFF_LOGIN',
			'TRANSIT_COPY',
			'UPDATE_CONTAINER',
			'VIEW_CONTAINER',
			'VIEW_COPY_CHECKOUT_HISTORY',
			'VIEW_COPY_NOTES',
			'VIEW_HOLD',
			'VIEW_HOLD_NOTIFICATION',
			'VIEW_HOLD_PERMIT',
			'VIEW_PERM_GROUPS',
			'VIEW_PERMISSION',
			'VIEW_TITLE_NOTES',
			'VIEW_TRANSACTION',
			'VIEW_USER_SETTING_TYPE',
			'VIEW_VOLUME_NOTES'
		);

INSERT INTO permission.grp_perm_map (grp, perm, depth, grantable)
	SELECT
		pgt.id, perm.id, aout.depth, FALSE
	FROM
		permission.grp_tree pgt,
		permission.perm_list perm,
		actor.org_unit_type aout
	WHERE
		pgt.name = 'Staff' AND
		aout.name = 'System' AND
		perm.code IN (
			'CREATE_USER',
			'UPDATE_USER',
			'VIEW_BILLING_TYPE',
			'VIEW_CIRCULATIONS',
			'VIEW_ORG_SETTINGS',
			'VIEW_PERMIT_CHECKOUT',
			'VIEW_USER',
			'VIEW_USER_FINES_SUMMARY',
			'VIEW_USER_TRANSACTIONS');

INSERT INTO permission.grp_perm_map (grp, perm, depth, grantable)
	SELECT
		pgt.id, perm.id, aout.depth, FALSE
	FROM
		permission.grp_tree pgt,
		permission.perm_list perm,
		actor.org_unit_type aout
	WHERE
		pgt.name = 'Staff' AND
		aout.name = 'Branch' AND
		perm.code IN (
			'CANCEL_HOLDS',
			'COPY_CHECKOUT',
			'COPY_HOLDS',
			'COPY_TRANSIT_RECEIVE',
			'CREATE_BILL',
			'CREATE_IN_HOUSE_USE',
			'CREATE_PAYMENT',
			'RENEW_HOLD_OVERRIDE',
			'UPDATE_COPY',
			'UPDATE_VOLUME',
			'VOLUME_HOLDS');


-- Add basic cataloguing permissions to the Catalogers group

INSERT INTO permission.grp_perm_map (grp, perm, depth, grantable)
	SELECT
		pgt.id, perm.id, aout.depth, FALSE
	FROM
		permission.grp_tree pgt,
		permission.perm_list perm,
		actor.org_unit_type aout
	WHERE
		pgt.name = 'Catalogers' AND
		aout.name = 'Consortium' AND
		perm.code IN (
			'ALLOW_ALT_TCN',
			'CREATE_BIB_IMPORT_QUEUE',
			'CREATE_IMPORT_ITEM',
			'CREATE_MARC',
			'CREATE_TITLE_NOTE',
			'DELETE_BIB_IMPORT_QUEUE',
			'DELETE_IMPORT_ITEM',
			'DELETE_RECORD',
			'DELETE_TITLE_NOTE',
			'IMPORT_ACQ_LINEITEM_BIB_RECORD',
			'IMPORT_MARC',
			'MERGE_AUTH_RECORDS',
			'MERGE_BIB_RECORDS',
			'UPDATE_AUTHORITY_IMPORT_QUEUE',
			'UPDATE_AUTHORITY_RECORD_NOTE',
			'UPDATE_BIB_IMPORT_QUEUE',
			'UPDATE_MARC',
			'UPDATE_RECORD',
			'user_request.view',
			'VIEW_AUTHORITY_RECORD_NOTES');

INSERT INTO permission.grp_perm_map (grp, perm, depth, grantable)
	SELECT
		pgt.id, perm.id, aout.depth, FALSE
	FROM
		permission.grp_tree pgt,
		permission.perm_list perm,
		actor.org_unit_type aout
	WHERE
		pgt.name = 'Catalogers' AND
		aout.name = 'System' AND
		perm.code IN (
			'CREATE_COPY',
			'CREATE_COPY_NOTE',
			'CREATE_MFHD_RECORD',
			'CREATE_VOLUME',
			'CREATE_VOLUME_NOTE',
			'DELETE_COPY',
			'DELETE_COPY_NOTE',
			'DELETE_MFHD_RECORD',
			'DELETE_VOLUME',
			'DELETE_VOLUME_NOTE',
			'MAP_MONOGRAPH_PART',
			'MARK_ITEM_AVAILABLE',
			'MARK_ITEM_BINDERY',
			'MARK_ITEM_CHECKED_OUT',
			'MARK_ITEM_ILL',
			'MARK_ITEM_IN_PROCESS',
			'MARK_ITEM_IN_TRANSIT',
			'MARK_ITEM_LOST',
			'MARK_ITEM_MISSING',
			'MARK_ITEM_ON_HOLDS_SHELF',
			'MARK_ITEM_ON_ORDER',
			'MARK_ITEM_RESHELVING',
			'UPDATE_COPY',
			'UPDATE_COPY_NOTE',
			'UPDATE_IMPORT_ITEM',
			'UPDATE_MFHD_RECORD',
			'UPDATE_VOLUME',
			'UPDATE_VOLUME_NOTE',
			'VIEW_SERIAL_SUBSCRIPTION');


-- Add advanced cataloguing permissions to the Cataloging Admin group

INSERT INTO permission.grp_perm_map (grp, perm, depth, grantable)
	SELECT
		pgt.id, perm.id, aout.depth, TRUE
	FROM
		permission.grp_tree pgt,
		permission.perm_list perm,
		actor.org_unit_type aout
	WHERE
		pgt.name = 'Cataloging Administrator' AND
		aout.name = 'Consortium' AND
		perm.code IN (
			'ADMIN_IMPORT_ITEM_ATTR_DEF',
			'ADMIN_MERGE_PROFILE',
			'CREATE_AUTHORITY_IMPORT_IMPORT_DEF',
			'CREATE_BIB_IMPORT_FIELD_DEF',
			'CREATE_BIB_PTYPE',
			'CREATE_BIB_SOURCE',
			'CREATE_IMPORT_ITEM_ATTR_DEF',
			'CREATE_IMPORT_TRASH_FIELD',
			'CREATE_MERGE_PROFILE',
			'CREATE_MONOGRAPH_PART',
			'CREATE_VOLUME_PREFIX',
			'CREATE_VOLUME_SUFFIX',
			'DELETE_AUTHORITY_IMPORT_IMPORT_FIELD_DEF',
			'DELETE_BIB_PTYPE',
			'DELETE_BIB_SOURCE',
			'DELETE_IMPORT_ITEM_ATTR_DEF',
			'DELETE_IMPORT_TRASH_FIELD',
			'DELETE_MERGE_PROFILE',
			'DELETE_MONOGRAPH_PART',
			'DELETE_VOLUME_PREFIX',
			'DELETE_VOLUME_SUFFIX',
			'MAP_MONOGRAPH_PART',
			'UPDATE_AUTHORITY_IMPORT_IMPORT_FIELD_DEF',
			'UPDATE_BIB_IMPORT_IMPORT_FIELD_DEF',
			'UPDATE_BIB_PTYPE',
			'UPDATE_IMPORT_ITEM_ATTR_DEF',
			'UPDATE_IMPORT_TRASH_FIELD',
			'UPDATE_MERGE_PROFILE',
			'UPDATE_MONOGRAPH_PART',
			'UPDATE_VOLUME_PREFIX',
			'UPDATE_VOLUME_SUFFIX'
		);

INSERT INTO permission.grp_perm_map (grp, perm, depth, grantable)
	SELECT
		pgt.id, perm.id, aout.depth, TRUE
	FROM
		permission.grp_tree pgt,
		permission.perm_list perm,
		actor.org_unit_type aout
	WHERE
		pgt.name = 'Cataloging Administrator' AND
		aout.name = 'System' AND
		perm.code IN (
			'CREATE_COPY_STAT_CAT',
			'CREATE_COPY_STAT_CAT_ENTRY',
			'CREATE_COPY_STAT_CAT_ENTRY_MAP',
			'RUN_REPORTS',
			'SHARE_REPORT_FOLDER',
			'UPDATE_COPY_LOCATION',
			'UPDATE_COPY_STAT_CAT',
			'UPDATE_COPY_STAT_CAT_ENTRY',
			'VIEW_REPORT_OUTPUT');


-- Add basic circulation permissions to the Circulators group

INSERT INTO permission.grp_perm_map (grp, perm, depth, grantable)
	SELECT
		pgt.id, perm.id, aout.depth, FALSE
	FROM
		permission.grp_tree pgt,
		permission.perm_list perm,
		actor.org_unit_type aout
	WHERE
		pgt.name = 'Circulators' AND
		aout.name = 'Branch' AND
		perm.code IN (
			'ADMIN_BOOKING_RESERVATION',
			'ADMIN_BOOKING_RESOURCE',
			'ADMIN_BOOKING_RESOURCE_ATTR',
			'ADMIN_BOOKING_RESOURCE_ATTR_MAP',
			'ADMIN_BOOKING_RESOURCE_ATTR_VALUE',
			'ADMIN_BOOKING_RESOURCE_TYPE',
			'ASSIGN_GROUP_PERM',
			'MARK_ITEM_AVAILABLE',
			'MARK_ITEM_BINDERY',
			'MARK_ITEM_CHECKED_OUT',
			'MARK_ITEM_ILL',
			'MARK_ITEM_IN_PROCESS',
			'MARK_ITEM_IN_TRANSIT',
			'MARK_ITEM_LOST',
			'MARK_ITEM_MISSING',
			'MARK_ITEM_MISSING_PIECES',
			'MARK_ITEM_ON_HOLDS_SHELF',
			'MARK_ITEM_ON_ORDER',
			'MARK_ITEM_RESHELVING',
			'OFFLINE_UPLOAD',
			'OFFLINE_VIEW',
			'REMOVE_USER_GROUP_LINK',
			'SET_CIRC_CLAIMS_RETURNED',
			'SET_CIRC_CLAIMS_RETURNED.override',
			'SET_CIRC_LOST',
			'SET_CIRC_MISSING',
			'UPDATE_BILL_NOTE',
			'UPDATE_PATRON_CLAIM_NEVER_CHECKED_OUT_COUNT',
			'UPDATE_PATRON_CLAIM_RETURN_COUNT',
			'UPDATE_PAYMENT_NOTE',
			'UPDATE_PICKUP_LIB FROM_TRANSIT',
			'UPDATE_PICKUP_LIB_FROM_HOLDS_SHELF',
			'VIEW_GROUP_PENALTY_THRESHOLD',
			'VIEW_STANDING_PENALTY',
			'VOID_BILLING',
			'VOLUME_HOLDS');

INSERT INTO permission.grp_perm_map (grp, perm, depth, grantable)
	SELECT
		pgt.id, perm.id, aout.depth, FALSE
	FROM
		permission.grp_tree pgt,
		permission.perm_list perm,
		actor.org_unit_type aout
	WHERE
		pgt.name = 'Circulators' AND
		aout.name = 'System' AND
		perm.code IN (
			'ABORT_REMOTE_TRANSIT',
			'ABORT_TRANSIT',
			'CAPTURE_RESERVATION',
			'CIRC_CLAIMS_RETURNED.override',
			'CIRC_EXCEEDS_COPY_RANGE.override',
			'CIRC_OVERRIDE_DUE_DATE',
			'CIRC_PERMIT_OVERRIDE',
			'COPY_ALERT_MESSAGE.override',
			'COPY_BAD_STATUS.override',
			'COPY_CIRC_NOT_ALLOWED.override',
			'COPY_IS_REFERENCE.override',
			'COPY_NEEDED_FOR_HOLD.override',
			'COPY_NOT_AVAILABLE.override',
			'COPY_STATUS_LOST.override',
			'COPY_STATUS_MISSING.override',
			'CREATE_DUPLICATE_HOLDS',
			'CREATE_USER_GROUP_LINK',
			'DELETE_TRANSIT',
			'HOLD_EXISTS.override',
			'HOLD_ITEM_CHECKED_OUT.override',
			'ISSUANCE_HOLDS',
			'ITEM_AGE_PROTECTED.override',
			'ITEM_ON_HOLDS_SHELF.override',
			'MAX_RENEWALS_REACHED.override',
			'OVERRIDE_HOLD_HAS_LOCAL_COPY',
			'PATRON_EXCEEDS_CHECKOUT_COUNT.override',
			'PATRON_EXCEEDS_FINES.override',
			'PATRON_EXCEEDS_OVERDUE_COUNT.override',
			'RETRIEVE_RESERVATION_PULL_LIST',
			'UPDATE_HOLD');


-- Add advanced circulation permissions to the Circulation Admin group

INSERT INTO permission.grp_perm_map (grp, perm, depth, grantable)
	SELECT
		pgt.id, perm.id, aout.depth, TRUE
	FROM
		permission.grp_tree pgt,
		permission.perm_list perm,
		actor.org_unit_type aout
	WHERE
		pgt.name = 'Circulation Administrator' AND
		aout.name = 'Branch' AND
		perm.code IN (
			'DELETE_USER');

INSERT INTO permission.grp_perm_map (grp, perm, depth, grantable)
	SELECT
		pgt.id, perm.id, aout.depth, TRUE
	FROM
		permission.grp_tree pgt,
		permission.perm_list perm,
		actor.org_unit_type aout
	WHERE
		pgt.name = 'Circulation Administrator' AND
		aout.name = 'Consortium' AND
		perm.code IN (
			'ADMIN_MAX_FINE_RULE',
			'CREATE_CIRC_DURATION',
			'DELETE_CIRC_DURATION',
			'MARK_ITEM_MISSING_PIECES',
			'UPDATE_CIRC_DURATION',
			'UPDATE_HOLD_REQUEST_TIME',
			'UPDATE_NET_ACCESS_LEVEL',
			'VIEW_CIRC_MATRIX_MATCHPOINT',
            'ABORT_TRANSIT_ON_LOST', 
            'ABORT_TRANSIT_ON_MISSING',
            'UPDATE_PATRON_COLLECTIONS_EXEMPT',
			'VIEW_HOLD_MATRIX_MATCHPOINT');

INSERT INTO permission.grp_perm_map (grp, perm, depth, grantable)
	SELECT
		pgt.id, perm.id, aout.depth, TRUE
	FROM
		permission.grp_tree pgt,
		permission.perm_list perm,
		actor.org_unit_type aout
	WHERE
		pgt.name = 'Circulation Administrator' AND
		aout.name = 'System' AND
		perm.code IN (
			'ADMIN_BOOKING_RESERVATION',
			'ADMIN_BOOKING_RESERVATION_ATTR_MAP',
			'ADMIN_BOOKING_RESERVATION_ATTR_VALUE_MAP',
			'ADMIN_BOOKING_RESOURCE',
			'ADMIN_BOOKING_RESOURCE_ATTR',
			'ADMIN_BOOKING_RESOURCE_ATTR_MAP',
			'ADMIN_BOOKING_RESOURCE_ATTR_VALUE',
			'ADMIN_BOOKING_RESOURCE_TYPE',
			'ADMIN_COPY_LOCATION_ORDER',
			'ADMIN_HOLD_CANCEL_CAUSE',
			'ASSIGN_GROUP_PERM',
			'BAR_PATRON',
			'COPY_HOLDS',
			'COPY_TRANSIT_RECEIVE',
			'CREATE_BILL',
			'CREATE_BILLING_TYPE',
			'CREATE_NON_CAT_TYPE',
			'CREATE_PATRON_STAT_CAT',
			'CREATE_PATRON_STAT_CAT_ENTRY',
			'CREATE_PATRON_STAT_CAT_ENTRY_MAP',
			'CREATE_USER_GROUP_LINK',
			'DELETE_BILLING_TYPE',
			'DELETE_NON_CAT_TYPE',
			'DELETE_PATRON_STAT_CAT',
			'DELETE_PATRON_STAT_CAT_ENTRY',
			'DELETE_PATRON_STAT_CAT_ENTRY_MAP',
			'DELETE_TRANSIT',
			'group_application.user.staff',
			'MANAGE_BAD_DEBT',
			'MARK_ITEM_AVAILABLE',
			'MARK_ITEM_BINDERY',
			'MARK_ITEM_CHECKED_OUT',
			'MARK_ITEM_ILL',
			'MARK_ITEM_IN_PROCESS',
			'MARK_ITEM_IN_TRANSIT',
			'MARK_ITEM_LOST',
			'MARK_ITEM_MISSING',
			'MARK_ITEM_ON_HOLDS_SHELF',
			'MARK_ITEM_ON_ORDER',
			'MARK_ITEM_RESHELVING',
			'MERGE_USERS',
			'money.collections_tracker.create',
			'money.collections_tracker.delete',
			'OFFLINE_EXECUTE',
			'OFFLINE_UPLOAD',
			'OFFLINE_VIEW',
			'REMOVE_USER_GROUP_LINK',
			'SET_CIRC_CLAIMS_RETURNED',
			'SET_CIRC_CLAIMS_RETURNED.override',
			'SET_CIRC_LOST',
			'SET_CIRC_MISSING',
			'UNBAR_PATRON',
			'UPDATE_BILL_NOTE',
			'UPDATE_NON_CAT_TYPE',
			'UPDATE_PATRON_CLAIM_NEVER_CHECKED_OUT_COUNT',
			'UPDATE_PATRON_CLAIM_RETURN_COUNT',
			'UPDATE_PICKUP_LIB_FROM_HOLDS_SHELF',
			'UPDATE_PICKUP_LIB_FROM_TRANSIT',
			'UPDATE_USER',
			'VIEW_REPORT_OUTPUT',
			'VIEW_STANDING_PENALTY',
			'VOID_BILLING',
            'TRANSIT_CHECKIN_INTERVAL_BLOCK.override',
			'VOLUME_HOLDS');


-- Add basic sys admin permissions to the Local Administrator group

INSERT INTO permission.grp_perm_map (grp, perm, depth, grantable)
	SELECT
		pgt.id, perm.id, aout.depth, TRUE
	FROM
		permission.grp_tree pgt,
		permission.perm_list perm,
		actor.org_unit_type aout
	WHERE
		pgt.name = 'Local Administrator' AND
		aout.name = 'Branch' AND
		perm.code IN (
			'EVERYTHING');


-- Add administration permissions to the System Administrator group

INSERT INTO permission.grp_perm_map (grp, perm, depth, grantable)
	SELECT
		pgt.id, perm.id, aout.depth, TRUE
	FROM
		permission.grp_tree pgt,
		permission.perm_list perm,
		actor.org_unit_type aout
	WHERE
		pgt.name = 'System Administrator' AND
		aout.name = 'System' AND
		perm.code IN (
			'EVERYTHING');

INSERT INTO permission.grp_perm_map (grp, perm, depth, grantable)
	SELECT
		pgt.id, perm.id, aout.depth, FALSE
	FROM
		permission.grp_tree pgt,
		permission.perm_list perm,
		actor.org_unit_type aout
	WHERE
		pgt.name = 'System Administrator' AND
		aout.name = 'Consortium' AND
		perm.code ~ '^VIEW_TRIGGER';


-- Add administration permissions to the Global Administrator group

INSERT INTO permission.grp_perm_map (grp, perm, depth, grantable)
	SELECT
		pgt.id, perm.id, aout.depth, TRUE
	FROM
		permission.grp_tree pgt,
		permission.perm_list perm,
		actor.org_unit_type aout
	WHERE
		pgt.name = 'Global Administrator' AND
		aout.name = 'Consortium' AND
		perm.code IN (
			'EVERYTHING');


-- Add basic acquisitions permissions to the Acquisitions group

SELECT SETVAL('permission.grp_perm_map_id_seq'::TEXT, (SELECT MAX(id) FROM permission.grp_perm_map));

INSERT INTO permission.grp_perm_map (grp, perm, depth, grantable)
	SELECT
		pgt.id, perm.id, aout.depth, FALSE
	FROM
		permission.grp_tree pgt,
		permission.perm_list perm,
		actor.org_unit_type aout
	WHERE
		pgt.name = 'Acquisitions' AND
		aout.name = 'Consortium' AND
		perm.code IN (
			'ALLOW_ALT_TCN',
			'CREATE_BIB_IMPORT_QUEUE',
			'CREATE_IMPORT_ITEM',
			'CREATE_INVOICE',
			'CREATE_MARC',
			'CREATE_PICKLIST',
			'CREATE_PURCHASE_ORDER',
			'DELETE_BIB_IMPORT_QUEUE',
			'DELETE_IMPORT_ITEM',
			'DELETE_RECORD',
			'DELETE_VOLUME',
			'DELETE_VOLUME_NOTE',
			'GENERAL_ACQ',
			'IMPORT_ACQ_LINEITEM_BIB_RECORD',
			'IMPORT_MARC',
			'MANAGE_CLAIM',
			'MANAGE_FUND',
			'MANAGE_FUNDING_SOURCE',
			'MANAGE_PROVIDER',
			'MARK_ITEM_AVAILABLE',
			'MARK_ITEM_BINDERY',
			'MARK_ITEM_CHECKED_OUT',
			'MARK_ITEM_ILL',
			'MARK_ITEM_IN_PROCESS',
			'MARK_ITEM_IN_TRANSIT',
			'MARK_ITEM_LOST',
			'MARK_ITEM_MISSING',
			'MARK_ITEM_ON_HOLDS_SHELF',
			'MARK_ITEM_ON_ORDER',
			'MARK_ITEM_RESHELVING',
			'RECEIVE_PURCHASE_ORDER',
			'UPDATE_BATCH_COPY',
			'UPDATE_BIB_IMPORT_QUEUE',
			'UPDATE_COPY',
			'UPDATE_FUND',
			'UPDATE_FUND_ALLOCATION',
			'UPDATE_FUNDING_SOURCE',
			'UPDATE_IMPORT_ITEM',
			'UPDATE_MARC',
			'UPDATE_PICKLIST',
			'UPDATE_RECORD',
			'UPDATE_VOLUME',
			'user_request.delete',
			'user_request.update',
			'user_request.view',
			'VIEW_ACQ_FUND_ALLOCATION_PERCENT',
			'VIEW_ACQ_FUNDING_SOURCE',
			'VIEW_FUND',
			'VIEW_FUND_ALLOCATION',
			'VIEW_FUNDING_SOURCE',
			'VIEW_HOLDS',
			'VIEW_INVOICE',
			'VIEW_ORG_SETTINGS',
			'VIEW_PICKLIST',
			'VIEW_PROVIDER',
			'VIEW_PURCHASE_ORDER',
			'VIEW_REPORT_OUTPUT');


-- Add acquisitions administration permissions to the Acquisitions Admin group

INSERT INTO permission.grp_perm_map (grp, perm, depth, grantable)
	SELECT
		pgt.id, perm.id, aout.depth, TRUE
	FROM
		permission.grp_tree pgt,
		permission.perm_list perm,
		actor.org_unit_type aout
	WHERE
		pgt.name = 'Acquisitions Administrator' AND
		aout.name = 'Consortium' AND
		perm.code IN (
			'ACQ_XFER_MANUAL_DFUND_AMOUNT',
			'ADMIN_ACQ_CANCEL_CAUSE',
			'ADMIN_ACQ_CLAIM',
			'ADMIN_ACQ_CLAIM_EVENT_TYPE',
			'ADMIN_ACQ_CLAIM_TYPE',
			'ADMIN_ACQ_DISTRIB_FORMULA',
			'ADMIN_ACQ_FISCAL_YEAR',
			'ADMIN_ACQ_FUND',
			'ADMIN_ACQ_FUND_ALLOCATION_PERCENT',
			'ADMIN_ACQ_FUND_TAG',
			'ADMIN_ACQ_LINE_ITEM_ALERT_TEXT',
			'ADMIN_CLAIM_POLICY',
			'ADMIN_CURRENCY_TYPE',
			'ADMIN_FUND',
			'ADMIN_FUNDING_SOURCE',
			'ADMIN_INVOICE',
			'ADMIN_INVOICE_METHOD',
			'ADMIN_INVOICE_PAYMENT_METHOD',
			'ADMIN_LINEITEM_MARC_ATTR_DEF',
			'ADMIN_PROVIDER',
			'ADMIN_USER_REQUEST_TYPE',
			'CREATE_ACQ_FUNDING_SOURCE',
			'CREATE_FUND',
			'CREATE_FUND_ALLOCATION',
			'CREATE_FUNDING_SOURCE',
			'CREATE_INVOICE_ITEM_TYPE',
			'CREATE_INVOICE_METHOD',
			'CREATE_PROVIDER',
			'DELETE_ACQ_FUNDING_SOURCE',
			'DELETE_FUND',
			'DELETE_FUND_ALLOCATION',
			'DELETE_FUNDING_SOURCE',
			'DELETE_INVOICE_ITEM_TYPE',
			'DELETE_INVOICE_METHOD',
			'DELETE_PROVIDER',
			'RUN_REPORTS',
			'SHARE_REPORT_FOLDER',
			'UPDATE_ACQ_FUNDING_SOURCE',
			'UPDATE_INVOICE_ITEM_TYPE',
			'UPDATE_INVOICE_METHOD',
			'UPDATE_PICKLIST'
		);

-- Add serials permissions to the Serials group

INSERT INTO permission.grp_perm_map (grp, perm, depth, grantable)
	SELECT
		pgt.id, perm.id, aout.depth, FALSE
	FROM
		permission.grp_tree pgt,
		permission.perm_list perm,
		actor.org_unit_type aout
	WHERE
		pgt.name = 'Serials' AND
		aout.name = 'System' AND
		perm.code IN (
			'ADMIN_ASSET_COPY_TEMPLATE',
			'ADMIN_SERIAL_CAPTION_PATTERN',
			'ADMIN_SERIAL_DISTRIBUTION',
			'ADMIN_SERIAL_ITEM',
			'ADMIN_SERIAL_STREAM',
			'ADMIN_SERIAL_SUBSCRIPTION',
			'ISSUANCE_HOLDS',
			'RECEIVE_SERIAL');


-- Add basic staff permissions to the Volunteers group

INSERT INTO permission.grp_perm_map (grp, perm, depth, grantable)
	SELECT
		pgt.id, perm.id, aout.depth, FALSE
	FROM
		permission.grp_tree pgt,
		permission.perm_list perm,
		actor.org_unit_type aout
	WHERE
		pgt.name = 'Volunteers' AND
		aout.name = 'Branch' AND
		perm.code IN (
			'COPY_CHECKOUT',
			'CREATE_BILL',
			'CREATE_IN_HOUSE_USE',
			'CREATE_PAYMENT',
			'VIEW_BILLING_TYPE',
			'VIEW_CIRCS',
			'VIEW_COPY_CHECKOUT',
			'VIEW_HOLD',
			'VIEW_TITLE_HOLDS',
			'VIEW_TRANSACTION',
			'VIEW_USER',
			'VIEW_USER_FINES_SUMMARY',
			'VIEW_USER_TRANSACTIONS');

INSERT INTO permission.grp_perm_map (grp, perm, depth, grantable)
	SELECT
		pgt.id, perm.id, aout.depth, FALSE
	FROM
		permission.grp_tree pgt,
		permission.perm_list perm,
		actor.org_unit_type aout
	WHERE
		pgt.name = 'Volunteers' AND
		aout.name = 'Consortium' AND
		perm.code IN (
			'CREATE_COPY_TRANSIT',
			'CREATE_TRANSACTION',
			'CREATE_TRANSIT',
			'STAFF_LOGIN',
			'TRANSIT_COPY',
			'VIEW_ORG_SETTINGS');


-- Admin user account
INSERT INTO actor.usr ( profile, card, usrname, passwd, first_given_name, family_name, dob, master_account, super_user, ident_type, ident_value, home_ou ) VALUES ( 1, 1, md5(random()::text), md5(random()::text), 'Administrator', 'System Account', '1979-01-22', TRUE, TRUE, 1, 'identification', 1 );

-- Admin user barcode
INSERT INTO actor.card (usr, barcode) VALUES (1,md5(random()::text));
UPDATE actor.usr SET card = (SELECT currval('actor.card_id_seq')) WHERE id = 1;

-- Admin user permissions
INSERT INTO permission.usr_perm_map (usr,perm,depth) VALUES (1,-1,0);

-- Set a work_ou for the Administrator user
INSERT INTO permission.usr_work_ou_map (usr, work_ou) VALUES (1, 1);

--010.schema.biblio.sql:
INSERT INTO biblio.record_entry VALUES (-1,1,1,1,-1,NOW(),NOW(),FALSE,FALSE,'','AUTOGEN','-1','<record xmlns="http://www.loc.gov/MARC21/slim"/>','FOO');

--040.schema.asset.sql:
INSERT INTO asset.copy_location (id, name,owning_lib) VALUES (1, oils_i18n_gettext(1, 'Stacks', 'acpl', 'name'),1);
SELECT SETVAL('asset.copy_location_id_seq'::TEXT, 100);

INSERT INTO asset.call_number_suffix (id, owning_lib, label) VALUES (-1, 1, '');
INSERT INTO asset.call_number_prefix (id, owning_lib, label) VALUES (-1, 1, '');
INSERT INTO asset.call_number VALUES (-1,1,NOW(),1,NOW(),-1,1,'UNCATALOGED');

-- circ matrix
INSERT INTO config.circ_matrix_matchpoint (org_unit,grp,circulate,duration_rule,recurring_fine_rule,max_fine_rule) VALUES (1,1,true,11,1,1);

INSERT INTO config.circ_matrix_weights(name, org_unit, grp, circ_modifier, marc_type, marc_form, marc_bib_level, marc_vr_format, copy_circ_lib, copy_owning_lib, user_home_ou, ref_flag, juvenile_flag, is_renewal, usr_age_upper_bound, usr_age_lower_bound, item_age) VALUES 
    ('Default', 10.0, 11.0, 5.0, 4.0, 3.0, 2.0, 2.0, 8.0, 8.0, 8.0, 1.0, 6.0, 7.0, 0.0, 0.0, 0.0),
    ('Org_Unit_First', 11.0, 10.0, 5.0, 4.0, 3.0, 2.0, 2.0, 8.0, 8.0, 8.0, 1.0, 6.0, 7.0, 0.0, 0.0, 0.0),
    ('Item_Owner_First', 8.0, 8.0, 5.0, 4.0, 3.0, 2.0, 2.0, 10.0, 11.0, 8.0, 1.0, 6.0, 7.0, 0.0, 0.0, 0.0),
    ('All_Equal', 0.0, 0.0, 0.0, 0.0, 0.0, 0.0, 0.0, 0.0, 0.0, 0.0, 0.0, 0.0, 0.0, 0.0, 0.0, 0.0);

-- hold matrix - 110.hold_matrix.sql:
INSERT INTO config.hold_matrix_matchpoint (requestor_grp) VALUES (1);

INSERT INTO config.hold_matrix_weights(name, user_home_ou, request_ou, pickup_ou, item_owning_ou, item_circ_ou, usr_grp, requestor_grp, circ_modifier, marc_type, marc_form, marc_bib_level, marc_vr_format, juvenile_flag, ref_flag, item_age) VALUES
    ('Default', 5.0, 5.0, 5.0, 5.0, 5.0, 7.0, 8.0, 4.0, 3.0, 2.0, 1.0, 1.0, 4.0, 0.0, 0.0),
    ('Item_Owner_First', 5.0, 5.0, 5.0, 8.0, 7.0, 5.0, 5.0, 4.0, 3.0, 2.0, 1.0, 1.0, 4.0, 0.0, 0.0),
    ('User_Before_Requestor', 5.0, 5.0, 5.0, 5.0, 5.0, 8.0, 7.0, 4.0, 3.0, 2.0, 1.0, 1.0, 4.0, 0.0, 0.0),
    ('All_Equal', 0.0, 0.0, 0.0, 0.0, 0.0, 0.0, 0.0, 0.0, 0.0, 0.0, 0.0, 0.0, 0.0, 0.0, 0.0);

-- dynamic weight associations
INSERT INTO config.weight_assoc(active, org_unit, circ_weights, hold_weights) VALUES
    (true, 1, 1, 1);

-- User setting types
INSERT INTO config.usr_setting_type (name,opac_visible,label,description,datatype)
    VALUES ('opac.default_font', TRUE, 'OPAC Font Size', 'OPAC Font Size', 'string');

INSERT INTO config.usr_setting_type (name,opac_visible,label,description,datatype)
    VALUES ('opac.default_search_depth', TRUE, 'OPAC Search Depth', 'OPAC Search Depth', 'integer');

INSERT INTO config.usr_setting_type (name,opac_visible,label,description,datatype)
    VALUES ('opac.default_search_location', TRUE, 'OPAC Search Location', 'OPAC Search Location', 'integer');

INSERT INTO config.usr_setting_type (name,opac_visible,label,description,datatype)
    VALUES ('opac.hits_per_page', TRUE, 'Hits per Page', 'Hits per Page', 'string');

INSERT INTO config.usr_setting_type (name,opac_visible,label,description,datatype)
    VALUES ('opac.hold_notify', TRUE, 'Hold Notification Format', 'Hold Notification Format', 'string');

INSERT INTO config.usr_setting_type (name,opac_visible,label,description,datatype)
    VALUES ('staff_client.catalog.record_view.default', TRUE, 'Default Record View', 'Default Record View', 'string');

INSERT INTO config.usr_setting_type (name,opac_visible,label,description,datatype)
    VALUES ('staff_client.copy_editor.templates', TRUE, 'Copy Editor Template', 'Copy Editor Template', 'object');

INSERT INTO config.usr_setting_type (name,opac_visible,label,description,datatype)
    VALUES ('circ.holds_behind_desk', FALSE, 'Hold is behind Circ Desk', 'Hold is behind Circ Desk', 'bool');


-- org_unit setting types
INSERT into config.org_unit_setting_type
( name, label, description, datatype ) VALUES

( 'auth.opac_timeout',
    oils_i18n_gettext('auth.opac_timeout', 'OPAC Inactivity Timeout (in seconds)', 'coust', 'label'),
    oils_i18n_gettext('auth.opac_timeout', 'OPAC Inactivity Timeout (in seconds)', 'coust', 'description'),
    'integer'),

( 'auth.staff_timeout',
    oils_i18n_gettext('auth.staff_timeout', 'Staff Login Inactivity Timeout (in seconds)', 'coust', 'label'),
    oils_i18n_gettext('auth.staff_timeout', 'Staff Login Inactivity Timeout (in seconds)', 'coust', 'description'),
    'integer'),

( 'circ.lost_materials_processing_fee',
    oils_i18n_gettext('circ.lost_materials_processing_fee', 'Lost Materials Processing Fee', 'coust', 'label'),
    oils_i18n_gettext('circ.lost_materials_processing_fee', 'Lost Materials Processing Fee', 'coust', 'description'),
    'currency'),

( 'cat.default_item_price',
    oils_i18n_gettext('cat.default_item_price', 'Default Item Price', 'coust', 'label'),
    oils_i18n_gettext('cat.default_item_price', 'Default Item Price', 'coust', 'description'),
    'currency'),

( 'org.bounced_emails',
    oils_i18n_gettext('org.bounced_emails', 'Sending email address for patron notices', 'coust', 'label'),
    oils_i18n_gettext('org.bounced_emails', 'Sending email address for patron notices', 'coust', 'description'),
    'string'),

( 'circ.hold_expire_alert_interval',
    oils_i18n_gettext('circ.hold_expire_alert_interval', 'Holds: Expire Alert Interval', 'coust', 'label'),
    oils_i18n_gettext('circ.hold_expire_alert_interval', 'Amount of time before a hold expires at which point the patron should be alerted. Examples: "5 days", "1 hour"', 'coust', 'description'),
    'interval'),

( 'circ.hold_expire_interval',
    oils_i18n_gettext('circ.hold_expire_interval', 'Holds: Expire Interval', 'coust', 'label'),
    oils_i18n_gettext('circ.hold_expire_interval', 'Amount of time after a hold is placed before the hold expires.  Example "100 days"', 'coust', 'description'),
    'interval'),

( 'credit.payments.allow',
    oils_i18n_gettext('credit.payments.allow', 'Allow Credit Card Payments', 'coust', 'label'),
    oils_i18n_gettext('credit.payments.allow', 'If enabled, patrons will be able to pay fines accrued at this location via credit card', 'coust', 'description'),
    'bool'),

( 'global.default_locale',
    oils_i18n_gettext('global.default_locale', 'Global Default Locale', 'coust', 'label'),
    oils_i18n_gettext('global.default_locale', 'Global Default Locale', 'coust', 'description'),
    'string'),

( 'circ.void_overdue_on_lost',
    oils_i18n_gettext('circ.void_overdue_on_lost', 'Void overdue fines when items are marked lost', 'coust', 'label'),
    oils_i18n_gettext('circ.void_overdue_on_lost', 'Void overdue fines when items are marked lost', 'coust', 'description'),
    'bool'),

( 'circ.hold_stalling.soft',
    oils_i18n_gettext('circ.hold_stalling.soft', 'Holds: Soft stalling interval', 'coust', 'label'),
    oils_i18n_gettext('circ.hold_stalling.soft', 'How long to wait before allowing remote items to be opportunistically captured for a hold.  Example "5 days"', 'coust', 'description'),
    'interval'),

( 'circ.hold_stalling_hard',
    oils_i18n_gettext('circ.hold_stalling_hard', 'Holds: Hard stalling interval', 'coust', 'label'),
    oils_i18n_gettext('circ.hold_stalling_hard', 'Holds: Hard stalling interval', 'coust', 'description'),
    'interval'),

( 'circ.hold_boundary.hard',
    oils_i18n_gettext('circ.hold_boundary.hard', 'Holds: Hard boundary', 'coust', 'label'),
    oils_i18n_gettext('circ.hold_boundary.hard', 'Holds: Hard boundary', 'coust', 'description'),
    'integer'),

( 'circ.hold_boundary.soft',
    oils_i18n_gettext('circ.hold_boundary.soft', 'Holds: Soft boundary', 'coust', 'label'),
    oils_i18n_gettext('circ.hold_boundary.soft', 'Holds: Soft boundary', 'coust', 'description'),
    'integer'),

( 'opac.barcode_regex',
    oils_i18n_gettext('opac.barcode_regex', 'Patron barcode format', 'coust', 'label'),
    oils_i18n_gettext('opac.barcode_regex', 'Regular expression defining the patron barcode format', 'coust', 'description'),
    'string'),

( 'global.password_regex',
    oils_i18n_gettext('global.password_regex', 'Password format', 'coust', 'label'),
    oils_i18n_gettext('global.password_regex', 'Regular expression defining the password format', 'coust', 'description'),
    'string'),

( 'circ.item_checkout_history.max',
    oils_i18n_gettext('circ.item_checkout_history.max', 'Maximum previous checkouts displayed', 'coust', 'label'),
    oils_i18n_gettext('circ.item_checkout_history.max', 'This is the maximum number of previous circulations the staff client will display when investigating item details', 'coust', 'description'),
    'integer'),

( 'circ.reshelving_complete.interval',
    oils_i18n_gettext('circ.reshelving_complete.interval', 'Change reshelving status interval', 'coust', 'label'),
    oils_i18n_gettext('circ.reshelving_complete.interval', 'Amount of time to wait before changing an item from "reshelving" status to "available".  Examples: "1 day", "6 hours"', 'coust', 'description'),
    'interval'),

( 'circ.holds.default_estimated_wait_interval',
    oils_i18n_gettext('circ.holds.default_estimated_wait_interval', 'Holds: Default Estimated Wait', 'coust', 'label'),
    oils_i18n_gettext('circ.holds.default_estimated_wait_interval', 'When predicting the amount of time a patron will be waiting for a hold to be fulfilled, this is the default estimated length of time to assume an item will be checked out. Examples: "3 weeks", "7 days"', 'coust', 'description'),
    'interval'),

( 'circ.holds.min_estimated_wait_interval',
    oils_i18n_gettext('circ.holds.min_estimated_wait_interval', 'Holds: Minimum Estimated Wait', 'coust', 'label'),
    oils_i18n_gettext('circ.holds.min_estimated_wait_interval', 'When predicting the amount of time a patron will be waiting for a hold to be fulfilled, this is the minimum estimated length of time to assume an item will be checked out. Examples: "2 weeks", "5 days"', 'coust', 'description'),
    'interval'),

( 'circ.holds.age_protect.active_date',
    oils_i18n_gettext('circ.holds.age_protect.active_date', 'Holds: Use Active Date for Age Protection', 'coust', 'label'),
    oils_i18n_gettext('circ.holds.age_protect.active_date', 'When calculating age protection rules use the active date instead of the creation date.', 'coust', 'description'),
    'bool'),

( 'circ.selfcheck.patron_login_timeout',
    oils_i18n_gettext('circ.selfcheck.patron_login_timeout', 'Selfcheck: Patron Login Timeout (in seconds)', 'coust', 'label'),
    oils_i18n_gettext('circ.selfcheck.patron_login_timeout', 'Number of seconds of inactivity before the patron is logged out of the selfcheck interface', 'coust', 'description'),
    'integer'),

( 'circ.selfcheck.alert.popup',
    oils_i18n_gettext('circ.selfcheck.alert.popup', 'Selfcheck: Pop-up alert for errors', 'coust', 'label'),
    oils_i18n_gettext('circ.selfcheck.alert.popup', 'If true, checkout/renewal errors will cause a pop-up window in addition to the on-screen message', 'coust', 'description'),
    'bool'),

( 'circ.selfcheck.require_patron_password',
    oils_i18n_gettext('circ.selfcheck.require_patron_password', 'Selfcheck: Require patron password', 'coust', 'label'),
    oils_i18n_gettext('circ.selfcheck.require_patron_password', 'If true, patrons will be required to enter their password in addition to their username/barcode to log into the selfcheck interface', 'coust', 'description'),
    'bool'),

( 'global.juvenile_age_threshold',
    oils_i18n_gettext('global.juvenile_age_threshold', 'Juvenile Age Threshold', 'coust', 'label'),
    oils_i18n_gettext('global.juvenile_age_threshold', 'The age at which a user is no long considered a juvenile.  For example, "18 years".', 'coust', 'description'),
    'interval'),

( 'cat.bib.keep_on_empty',
    oils_i18n_gettext('cat.bib.keep_on_empty', 'Retain empty bib records', 'coust', 'label'),
    oils_i18n_gettext('cat.bib.keep_on_empty', 'Retain a bib record even when all attached copies are deleted', 'coust', 'description'),
    'bool'),

( 'cat.bib.alert_on_empty',
    oils_i18n_gettext('cat.bib.alert_on_empty', 'Alert on empty bib records', 'coust', 'label'),
    oils_i18n_gettext('cat.bib.alert_on_empty', 'Alert staff when the last copy for a record is being deleted', 'coust', 'description'),
    'bool'),

( 'patron.password.use_phone',
    oils_i18n_gettext('patron.password.use_phone', 'Patron: password from phone #', 'coust', 'label'),
    oils_i18n_gettext('patron.password.use_phone', 'Use the last 4 digits of the patrons phone number as the default password when creating new users', 'coust', 'description'),
    'bool'),

( 'circ.charge_on_damaged',
    oils_i18n_gettext('circ.charge_on_damaged', 'Charge item price when marked damaged', 'coust', 'label'),
    oils_i18n_gettext('circ.charge_on_damaged', 'Charge item price when marked damaged', 'coust', 'description'),
    'bool'),

( 'circ.charge_lost_on_zero',
    oils_i18n_gettext('circ.charge_lost_on_zero', 'Charge lost on zero', 'coust', 'label'),
    oils_i18n_gettext('circ.charge_lost_on_zero', 'Charge lost on zero', 'coust', 'description'),
    'bool'),

( 'circ.damaged_item_processing_fee',
    oils_i18n_gettext('circ.damaged_item_processing_fee', 'Charge processing fee for damaged items', 'coust', 'label'),
    oils_i18n_gettext('circ.damaged_item_processing_fee', 'Charge processing fee for damaged items', 'coust', 'description'),
    'currency'),

( 'circ.void_lost_on_checkin',
    oils_i18n_gettext('circ.void_lost_on_checkin', 'Circ: Void lost item billing when returned', 'coust', 'label'),
    oils_i18n_gettext('circ.void_lost_on_checkin', 'Void lost item billing when returned', 'coust', 'description'),
    'bool'),

( 'circ.max_accept_return_of_lost',
    oils_i18n_gettext('circ.max_accept_return_of_lost', 'Circ: Void lost max interval', 'coust', 'label'),
    oils_i18n_gettext('circ.max_accept_return_of_lost', 'Items that have been lost this long will not result in voided billings when returned.  E.g. ''6 months''', 'coust', 'description'),
    'interval'),

( 'circ.void_lost_proc_fee_on_checkin',
    oils_i18n_gettext('circ.void_lost_proc_fee_on_checkin', 'Circ: Void processing fee on lost item return', 'coust', 'label'),
    oils_i18n_gettext('circ.void_lost_proc_fee_on_checkin', 'Void processing fee when lost item returned', 'coust', 'description'),
    'bool'),

( 'circ.restore_overdue_on_lost_return',
    oils_i18n_gettext('circ.restore_overdue_on_lost_return', 'Circ: Restore overdues on lost item return', 'coust', 'label'),
    oils_i18n_gettext('circ.restore_overdue_on_lost_return', 'Restore overdue fines on lost item return', 'coust', 'description'),
    'bool'),

( 'circ.lost_immediately_available',
    oils_i18n_gettext('circ.lost_immediately_available', 'Circ: Lost items usable on checkin', 'coust', 'label'),
    oils_i18n_gettext('circ.lost_immediately_available', 'Lost items are usable on checkin instead of going ''home'' first', 'coust', 'description'),
    'bool'),

( 'circ.holds_fifo',
    oils_i18n_gettext('circ.holds_fifo', 'Holds: FIFO', 'coust', 'label'),
    oils_i18n_gettext('circ.holds_fifo', 'Force holds to a more strict First-In, First-Out capture', 'coust', 'description'),
    'bool'),

( 'opac.allow_pending_address',
    oils_i18n_gettext('opac.allow_pending_address', 'OPAC: Allow pending addresses', 'coust', 'label'),
    oils_i18n_gettext('opac.allow_pending_address', 'If enabled, patrons can create and edit existing addresses.  Addresses are kept in a pending state until staff approves the changes', 'coust', 'description'),
    'bool'),

( 'ui.circ.show_billing_tab_on_bills',
    oils_i18n_gettext('ui.circ.show_billing_tab_on_bills', 'Show billing tab first when bills are present', 'coust', 'label'),
    oils_i18n_gettext('ui.circ.show_billing_tab_on_bills', 'If enabled and a patron has outstanding bills and the alert page is not required, show the billing tab by default, instead of the checkout tab, when a patron is loaded', 'coust', 'description'),
    'bool'),

( 'ui.general.idle_timeout',
    oils_i18n_gettext('ui.general.idle_timeout', 'GUI: Idle timeout', 'coust', 'label'),
    oils_i18n_gettext('ui.general.idle_timeout', 'If you want staff client windows to be minimized after a certain amount of system idle time, set this to the number of seconds of idle time that you want to allow before minimizing (requires staff client restart).', 'coust', 'description'),
    'integer'),

( 'ui.circ.in_house_use.entry_cap',
    oils_i18n_gettext('ui.circ.in_house_use.entry_cap', 'GUI: Record In-House Use: Maximum # of uses allowed per entry.', 'coust', 'label'),
    oils_i18n_gettext('ui.circ.in_house_use.entry_cap', 'The # of uses entry in the Record In-House Use interface may not exceed the value of this setting.', 'coust', 'description'),
    'integer'),

( 'ui.circ.in_house_use.entry_warn',
    oils_i18n_gettext('ui.circ.in_house_use.entry_warn', 'GUI: Record In-House Use: # of uses threshold for Are You Sure? dialog.', 'coust', 'label'),
    oils_i18n_gettext('ui.circ.in_house_use.entry_warn', 'In the Record In-House Use interface, a submission attempt will warn if the # of uses field exceeds the value of this setting.', 'coust', 'description'),
    'integer'),

( 'acq.default_circ_modifier',
    oils_i18n_gettext('acq.default_circ_modifier', 'Default circulation modifier', 'coust', 'label'),
    oils_i18n_gettext('acq.default_circ_modifier', 'Default circulation modifier', 'coust', 'description'),
    'string'),

( 'acq.tmp_barcode_prefix',
    oils_i18n_gettext('acq.tmp_barcode_prefix', 'Temporary barcode prefix', 'coust', 'label'),
    oils_i18n_gettext('acq.tmp_barcode_prefix', 'Temporary barcode prefix', 'coust', 'description'),
    'string'),

( 'acq.tmp_callnumber_prefix',
    oils_i18n_gettext('acq.tmp_callnumber_prefix', 'Temporary call number prefix', 'coust', 'label'),
    oils_i18n_gettext('acq.tmp_callnumber_prefix', 'Temporary call number prefix', 'coust', 'description'),
    'string'),

( 'ui.circ.patron_summary.horizontal',
    oils_i18n_gettext('ui.circ.patron_summary.horizontal', 'Patron circulation summary is horizontal', 'coust', 'label'),
    oils_i18n_gettext('ui.circ.patron_summary.horizontal', 'Patron circulation summary is horizontal', 'coust', 'description'),
    'bool'),

( 'ui.staff.require_initials',
  oils_i18n_gettext('ui.staff.require_initials', 'GUI: Require staff initials for entry/edit of item/patron/penalty notes/messages.', 'coust', 'label'),
  oils_i18n_gettext('ui.staff.require_initials', 'Appends staff initials and edit date into note content.', 'coust', 'description'),
    'bool'),

( 'ui.general.button_bar',
    oils_i18n_gettext('ui.general.button_bar', 'GUI: Button bar', 'coust', 'label'),
    oils_i18n_gettext('ui.general.button_bar', 'Set to "circ" or "cat" for stock circulator or cataloger toolbar, respectively.', 'coust', 'description'),
    'string'),

( 'ui.general.hotkeyset',
    oils_i18n_gettext('ui.general.hotkeyset', 'GUI: Default Hotkeyset', 'coust', 'label'),
    oils_i18n_gettext('ui.general.hotkeyset', 'Default Hotkeyset for clients (filename without the .keyset).  Examples: Default, Minimal, and None', 'coust', 'description'),
    'string'),

( 'circ.hold_shelf_status_delay',
    oils_i18n_gettext('circ.hold_shelf_status_delay', 'Hold Shelf Status Delay', 'coust', 'label'),
    oils_i18n_gettext('circ.hold_shelf_status_delay', 'The purpose is to provide an interval of time after an item goes into the on-holds-shelf status before it appears to patrons that it is actually on the holds shelf.  This gives staff time to process the item before it shows as ready-for-pickup. Examples: "5 days", "1 hour"', 'coust', 'description'),
    'interval'),

( 'circ.patron_invalid_address_apply_penalty',
    oils_i18n_gettext('circ.patron_invalid_address_apply_penalty', 'Invalid patron address penalty', 'coust', 'label'),
    oils_i18n_gettext('circ.patron_invalid_address_apply_penalty', 'When set, if a patron address is set to invalid, a penalty is applied.', 'coust', 'description'),
    'bool'),

( 'circ.checkout_fills_related_hold',
    oils_i18n_gettext('circ.checkout_fills_related_hold', 'Checkout Fills Related Hold', 'coust', 'label'),
    oils_i18n_gettext('circ.checkout_fills_related_hold', 'When a patron checks out an item and they have no holds that directly target the item, the system will attempt to find a hold for the patron that could be fulfilled by the checked out item and fulfills it', 'coust', 'description'),
    'bool'),

( 'circ.checkout_fills_related_hold_exact_match_only',
    oils_i18n_gettext('circ.checkout_fills_related_hold_exact_match_only', 'Checkout Fills Related Hold On Valid Copy Only', 'coust', 'label'),
    oils_i18n_gettext('circ.checkout_fills_related_hold_exact_match_only', 'When filling related holds on checkout only match on items that are valid for opportunistic capture for the hold. Without this set a Title or Volume hold could match when the item is not holdable. With this set only holdable items will match.', 'coust', 'description'),
    'bool'),

( 'circ.selfcheck.auto_override_checkout_events',
    oils_i18n_gettext('circ.selfcheck.auto_override_checkout_events', 'Selfcheck override events list', 'coust', 'label'),
    oils_i18n_gettext('circ.selfcheck.auto_override_checkout_events', 'List of checkout/renewal events that the selfcheck interface should automatically override instead instead of alerting and stopping the transaction', 'coust', 'description'),
    'array'),

( 'circ.staff_client.actor_on_checkout',
    oils_i18n_gettext('circ.staff_client.actor_on_checkout', 'Load patron from Checkout', 'coust', 'label'),
    oils_i18n_gettext('circ.staff_client.actor_on_checkout', 'When scanning barcodes into Checkout auto-detect if a new patron barcode is scanned and auto-load the new patron.', 'coust', 'description'),
    'bool'),

( 'circ.staff_client.do_not_auto_attempt_print',
    oils_i18n_gettext('circ.staff_client.do_not_auto_attempt_print', 'Disable Automatic Print Attempt Type List', 'coust', 'label'),
    oils_i18n_gettext('circ.staff_client.do_not_auto_attempt_print', 'Disable automatic print attempts from staff client interfaces for the receipt types in this list.  Possible values: "Checkout", "Bill Pay", "Hold Slip", "Transit Slip", and "Hold/Transit Slip".  This is different from the Auto-Print checkbox in the pertinent interfaces in that it disables automatic print attempts altogether, rather than encouraging silent printing by suppressing the print dialog.  The Auto-Print checkbox in these interfaces have no effect on the behavior for this setting.  In the case of the Hold, Transit, and Hold/Transit slips, this also suppresses the alert dialogs that precede the print dialog (the ones that offer Print and Do Not Print as options).', 'coust', 'description'),
    'array'),

( 'ui.patron.default_inet_access_level',
    oils_i18n_gettext('ui.patron.default_inet_access_level', 'Default level of patrons'' internet access', 'coust', 'label'),
    oils_i18n_gettext('ui.patron.default_inet_access_level', 'Default level of patrons'' internet access', 'coust', 'description'),
    'integer'),

( 'circ.max_patron_claim_return_count',
    oils_i18n_gettext('circ.max_patron_claim_return_count', 'Max Patron Claims Returned Count', 'coust', 'label'),
    oils_i18n_gettext('circ.max_patron_claim_return_count', 'When this count is exceeded, a staff override is required to mark the item as claims returned', 'coust', 'description'),
    'integer'),

( 'circ.obscure_dob',
    oils_i18n_gettext('circ.obscure_dob', 'Obscure the Date of Birth field', 'coust', 'label'),
    oils_i18n_gettext('circ.obscure_dob', 'When true, the Date of Birth column in patron lists will default to Not Visible, and in the Patron Summary sidebar the value will display as <Hidden> unless the field label is clicked.', 'coust', 'description'),
    'bool'),

( 'circ.auto_hide_patron_summary',
    oils_i18n_gettext('circ.auto_hide_patron_summary', 'GUI: Toggle off the patron summary sidebar after first view.', 'coust', 'label'),
    oils_i18n_gettext('circ.auto_hide_patron_summary', 'When true, the patron summary sidebar will collapse after a new patron sub-interface is selected.', 'coust', 'description'),
    'bool'),

( 'credit.processor.default',
    oils_i18n_gettext('credit.processor.default', 'Credit card processing: Name default credit processor', 'coust', 'label'),
    oils_i18n_gettext('credit.processor.default', 'This might be "AuthorizeNet", "PayPal", etc.', 'coust', 'description'),
    'string'),

( 'credit.processor.authorizenet.enabled',
    oils_i18n_gettext('credit.processor.authorizenet.enabled', 'Credit card processing: Enable AuthorizeNet payments', 'coust', 'label'),
    oils_i18n_gettext('credit.processor.authorizenet.enabled', 'Enable AuthorizeNet payments', 'coust', 'description'),
    'bool'),

( 'credit.processor.authorizenet.login',
    oils_i18n_gettext('credit.processor.authorizenet.login', 'Credit card processing: AuthorizeNet login', 'coust', 'label'),
    oils_i18n_gettext('credit.processor.authorizenet.login', 'AuthorizeNet login', 'coust', 'description'),
    'string'),

( 'credit.processor.authorizenet.password',
    oils_i18n_gettext('credit.processor.authorizenet.password', 'Credit card processing: AuthorizeNet password', 'coust', 'label'),
    oils_i18n_gettext('credit.processor.authorizenet.password', 'AuthorizeNet password', 'coust', 'description'),
    'string'),

( 'credit.processor.authorizenet.server',
    oils_i18n_gettext('credit.processor.authorizenet.server', 'Credit card processing: AuthorizeNet server', 'coust', 'label'),
    oils_i18n_gettext('credit.processor.authorizenet.server', 'Required if using a developer/test account with AuthorizeNet', 'coust', 'description'),
    'string'),

( 'credit.processor.authorizenet.testmode',
    oils_i18n_gettext('credit.processor.authorizenet.testmode', 'Credit card processing: AuthorizeNet test mode', 'coust', 'label'),
    oils_i18n_gettext('credit.processor.authorizenet.testmode', 'AuthorizeNet test mode', 'coust', 'description'),
    'bool'),

( 'credit.processor.paypal.enabled',
    oils_i18n_gettext('credit.processor.paypal.enabled', 'Credit card processing: Enable PayPal payments', 'coust', 'label'),
    oils_i18n_gettext('credit.processor.paypal.enabled', 'Enable PayPal payments', 'coust', 'description'),
    'bool'),
( 'credit.processor.paypal.login',
    oils_i18n_gettext('credit.processor.paypal.login', 'Credit card processing: PayPal login', 'coust', 'label'),
    oils_i18n_gettext('credit.processor.paypal.login', 'PayPal login', 'coust', 'description'),
    'string'),
( 'credit.processor.paypal.password',
    oils_i18n_gettext('credit.processor.paypal.password', 'Credit card processing: PayPal password', 'coust', 'label'),
    oils_i18n_gettext('credit.processor.paypal.password', 'PayPal password', 'coust', 'description'),
    'string'),
( 'credit.processor.paypal.signature',
    oils_i18n_gettext('credit.processor.paypal.signature', 'Credit card processing: PayPal signature', 'coust', 'label'),
    oils_i18n_gettext('credit.processor.paypal.signature', 'PayPal signature', 'coust', 'description'),
    'string'),
( 'credit.processor.paypal.testmode',
    oils_i18n_gettext('credit.processor.paypal.testmode', 'Credit card processing: PayPal test mode', 'coust', 'label'),
    oils_i18n_gettext('credit.processor.paypal.testmode', 'PayPal test mode', 'coust', 'description'),
    'bool'),
( 'credit.processor.payflowpro.enabled',
    oils_i18n_gettext('credit.processor.payflowpro.enabled', 'Credit card processing: Enable PayflowPro payments', 'coust', 'label'),
    oils_i18n_gettext('credit.processor.payflowpro.enabled', 'This is NOT the same thing as the settings labeled with just "PayPal."', 'coust', 'description'),
    'bool'),
( 'credit.processor.payflowpro.login',
    oils_i18n_gettext('credit.processor.payflowpro.login', 'Credit card processing: PayflowPro login/merchant ID', 'coust', 'label'),
    oils_i18n_gettext('credit.processor.payflowpro.login', 'Often the same thing as the PayPal manager login', 'coust', 'description'),
    'string'),
( 'credit.processor.payflowpro.password',
    oils_i18n_gettext('credit.processor.payflowpro.password', 'Credit card processing: PayflowPro password', 'coust', 'label'),
    oils_i18n_gettext('credit.processor.payflowpro.password', 'PayflowPro password', 'coust', 'description'),
    'string'),
( 'credit.processor.payflowpro.testmode',
    oils_i18n_gettext('credit.processor.payflowpro.testmode', 'Credit card processing: PayflowPro test mode', 'coust', 'label'),
    oils_i18n_gettext('credit.processor.payflowpro.testmode', 'Do not really process transactions, but stay in test mode - uses pilot-payflowpro.paypal.com instead of the usual host', 'coust', 'description'),
    'bool'),
( 'credit.processor.payflowpro.vendor',
    oils_i18n_gettext('credit.processor.payflowpro.vendor', 'Credit card processing: PayflowPro vendor', 'coust', 'label'),
    oils_i18n_gettext('credit.processor.payflowpro.vendor', 'Often the same thing as the login', 'coust', 'description'),
    'string'),
( 'credit.processor.payflowpro.partner',
    oils_i18n_gettext('credit.processor.payflowpro.partner', 'Credit card processing: PayflowPro partner', 'coust', 'label'),
    oils_i18n_gettext('credit.processor.payflowpro.partner', 'Often "PayPal" or "VeriSign", sometimes others', 'coust', 'description'),
    'string'),

( 'ui.admin.work_log.max_entries',
    oils_i18n_gettext('ui.admin.work_log.max_entries', 'GUI: Work Log: Maximum Actions Logged', 'coust', 'label'),
    oils_i18n_gettext('ui.admin.work_log.max_entries', 'Maximum entries for "Most Recent Staff Actions" section of the Work Log interface.', 'coust', 'description'),
    'interval'),

( 'ui.admin.patron_log.max_entries',
    oils_i18n_gettext('ui.admin.patron_log.max_entries', 'GUI: Work Log: Maximum Patrons Logged', 'coust', 'label'),
    oils_i18n_gettext('ui.admin.patron_log.max_entries', 'Maximum entries for "Most Recently Affected Patrons..." section of the Work Log interface.', 'coust', 'description'),
    'interval'),

( 'lib.courier_code',
    oils_i18n_gettext('lib.courier_code', 'Courier Code', 'coust', 'label'),
    oils_i18n_gettext('lib.courier_code', 'Courier Code for the library.  Available in transit slip templates as the %courier_code% macro.', 'coust', 'description'),
    'string'),

( 'circ.block_renews_for_holds',
    oils_i18n_gettext('circ.block_renews_for_holds', 'Holds: Block Renewal of Items Needed for Holds', 'coust', 'label'),
    oils_i18n_gettext('circ.block_renews_for_holds', 'When an item could fulfill a hold, do not allow the current patron to renew', 'coust', 'description'),
    'bool'),

( 'circ.password_reset_request_per_user_limit',
    oils_i18n_gettext('circ.password_reset_request_per_user_limit', 'Circulation: Maximum concurrently active self-serve password reset requests per user', 'coust', 'label'),
    oils_i18n_gettext('circ.password_reset_request_per_user_limit', 'When a user has more than this number of concurrently active self-serve password reset requests for their account, prevent the user from creating any new self-serve password reset requests until the number of active requests for the user drops back below this number.', 'coust', 'description'),
    'string'),

( 'circ.password_reset_request_time_to_live',
    oils_i18n_gettext('circ.password_reset_request_time_to_live', 'Circulation: Self-serve password reset request time-to-live', 'coust', 'label'),
    oils_i18n_gettext('circ.password_reset_request_time_to_live', 'Length of time (in seconds) a self-serve password reset request should remain active.', 'coust', 'description'),
    'string'),

( 'circ.password_reset_request_throttle',
    oils_i18n_gettext('circ.password_reset_request_throttle', 'Circulation: Maximum concurrently active self-serve password reset requests', 'coust', 'label'),
    oils_i18n_gettext('circ.password_reset_request_throttle', 'Prevent the creation of new self-serve password reset requests until the number of active requests drops back below this number.', 'coust', 'description'),
    'string'),

( 'opac.fully_compressed_serial_holdings',
    oils_i18n_gettext('opac.fully_compressed_serial_holdings', 'OPAC: Use fully compressed serial holdings', 'coust', 'label'),
    oils_i18n_gettext('opac.fully_compressed_serial_holdings', 'Show fully compressed serial holdings for all libraries at and below the current context unit', 'coust', 'description'),
    'bool'),

( 'org.patron_opt_boundary',
    oils_i18n_gettext( 'org.patron_opt_boundary', 'Circ: Patron Opt-In Boundary', 'coust', 'label'),
    oils_i18n_gettext( 'org.patron_opt_boundary', 'This determines at which depth above which patrons must be opted in, and below which patrons will be assumed to be opted in.', 'coust', 'label'),
    'integer'),

( 'org.patron_opt_default',
    oils_i18n_gettext( 'org.patron_opt_default', 'Circ: Patron Opt-In Default', 'coust', 'label'),
    oils_i18n_gettext( 'org.patron_opt_default', 'This is the default depth at which a patron is opted in; it is calculated as an org unit relative to the current workstation.', 'coust', 'label'),
    'integer')
,( 
        'ui.circ.billing.uncheck_bills_and_unfocus_payment_box',
        oils_i18n_gettext(
            'ui.circ.billing.uncheck_bills_and_unfocus_payment_box',
            'GUI: Uncheck bills by default in the patron billing interface',
            'coust',
            'label'
        ),
        oils_i18n_gettext(
            'ui.circ.billing.uncheck_bills_and_unfocus_payment_box',
            'Uncheck bills by default in the patron billing interface,'
            || ' and focus on the Uncheck All button instead of the'
            || ' Payment Received field.',
            'coust',
            'description'
        ),
        'bool'
    )
;

UPDATE config.org_unit_setting_type
    SET view_perm = (SELECT id FROM permission.perm_list
        WHERE code = 'VIEW_CREDIT_CARD_PROCESSING' LIMIT 1)
    WHERE name LIKE 'credit.processor%' AND view_perm IS NULL;

UPDATE config.org_unit_setting_type
    SET update_perm = (SELECT id FROM permission.perm_list
        WHERE code = 'ADMIN_CREDIT_CARD_PROCESSING' LIMIT 1)
    WHERE name LIKE 'credit.processor%' AND update_perm IS NULL;

-- 0234.data.org-setting-ui.circ.suppress_checkin_popups.sql
INSERT INTO config.org_unit_setting_type ( name, label, description, datatype ) VALUES (
        'ui.circ.suppress_checkin_popups',
        oils_i18n_gettext(
            'ui.circ.suppress_checkin_popups', 
            'Circ: Suppress popup-dialogs during check-in.', 
            'coust', 
            'label'),
        oils_i18n_gettext(
            'ui.circ.suppress_checkin_popups', 
            'Circ: Suppress popup-dialogs during check-in.', 
            'coust', 
            'description'),
        'bool'
);

-- 0239.data.org-setting-format.date.time.sql
INSERT INTO config.org_unit_setting_type ( name, label, description, datatype ) VALUES (
        'format.date',
        oils_i18n_gettext(
            'format.date',
            'GUI: Format Dates with this pattern.', 
            'coust', 
            'label'),
        oils_i18n_gettext(
            'format.date',
            'GUI: Format Dates with this pattern (examples: "yyyy-MM-dd" for "2010-04-26", "MMM d, yyyy" for "Apr 26, 2010")', 
            'coust', 
            'description'),
        'string'
), (
        'format.time',
        oils_i18n_gettext(
            'format.time',
            'GUI: Format Times with this pattern.', 
            'coust', 
            'label'),
        oils_i18n_gettext(
            'format.time',
            'GUI: Format Times with this pattern (examples: "h:m:s.SSS a z" for "2:07:20.666 PM Eastern Daylight Time", "HH:mm" for "14:07")', 
            'coust', 
            'description'),
        'string'
);

-- 0247.data.org-setting-cat.bib.delete_on_no_copy_via_acq_lineitem_cancel.sql
INSERT INTO config.org_unit_setting_type ( name, label, description, datatype ) VALUES (
        'cat.bib.delete_on_no_copy_via_acq_lineitem_cancel',
        oils_i18n_gettext(
            'cat.bib.delete_on_no_copy_via_acq_lineitem_cancel',
            'CAT: Delete bib if all copies are deleted via Acquisitions lineitem cancellation.', 
            'coust', 
            'label'),
        oils_i18n_gettext(
            'cat.bib.delete_on_no_copy_via_acq_lineitem_cancel',
            'CAT: Delete bib if all copies are deleted via Acquisitions lineitem cancellation.', 
            'coust', 
            'description'),
        'bool'
);

-- 0250.data.org-setting-url.remote_column_settings.sql
INSERT INTO config.org_unit_setting_type ( name, label, description, datatype ) VALUES (
        'url.remote_column_settings',
        oils_i18n_gettext(
            'url.remote_column_settings',
            'GUI: URL for remote directory containing list column settings.', 
            'coust', 
            'label'),
        oils_i18n_gettext(
            'url.remote_column_settings',
            'GUI: URL for remote directory containing list column settings.  The format and naming convention for the files found in this directory match those in the local settings directory for a given workstation.  An administrator could create the desired settings locally and then copy all the tree_columns_for_* files to the remote directory.', 
            'coust', 
            'description'),
        'string'
);
INSERT INTO config.org_unit_setting_type ( name, label, description, datatype ) VALUES (
        'gui.disable_local_save_columns',
        oils_i18n_gettext(
            'gui.disable_local_save_columns',
            'GUI: Disable the ability to save list column configurations locally.', 
            'coust', 
            'label'),
        oils_i18n_gettext(
            'gui.disable_local_save_columns',
            'GUI: Disable the ability to save list column configurations locally.  If set, columns may still be manipulated, however, the changes do not persist.  Also, existing local configurations are ignored if this setting is true.', 
            'coust', 
            'description'),
        'bool'
);

-- 0290.data.org-setting-password-reset-request.sql
INSERT INTO config.org_unit_setting_type ( name, label, description, datatype ) VALUES (
        'circ.password_reset_request_requires_matching_email',
        oils_i18n_gettext(
            'circ.password_reset_request_requires_matching_email',
            'Circulation: Require matching email address for password reset requests', 
            'coust', 
            'label'),
        oils_i18n_gettext(
            'circ.password_reset_request_requires_matching_email',
            'Circulation: Require matching email address for password reset requests', 
            'coust', 
            'description'),
        'bool'
);

-- 0305.data.org-setting-circ.holds.expired_patron_block.sql
INSERT INTO config.org_unit_setting_type ( name, label, description, datatype ) VALUES (
        'circ.holds.expired_patron_block',
        oils_i18n_gettext(
            'circ.holds.expired_patron_block',
            'Circulation: Block hold request if hold recipient privileges have expired', 
            'coust', 
            'label'),
        oils_i18n_gettext(
            'circ.holds.expired_patron_block',
            'Circulation: Block hold request if hold recipient privileges have expired', 
            'coust', 
            'description'),
        'bool'
);

-- 0323.data.booking.elbow_room.sql
INSERT INTO config.org_unit_setting_type
    (name, label, description, datatype) VALUES (
        'circ.booking_reservation.default_elbow_room',
        oils_i18n_gettext(
            'circ.booking_reservation.default_elbow_room',
            'Booking: Elbow room',
            'coust',
            'label'
        ),
        oils_i18n_gettext(
            'circ.booking_reservation.default_elbow_room',
            'Elbow room specifies how far in the future you must make a reservation on an item if that item will have to transit to reach its pickup location.  It secondarily defines how soon a reservation on a given item must start before the check-in process will opportunistically capture it for the reservation shelf.',
            'coust',
            'label'
        ),
        'interval'
    );

-- 0XXX.patron_registration.sql
INSERT into config.org_unit_setting_type
( name, label, description, datatype ) VALUES

( 'ui.patron.edit.au.active.show',
    oils_i18n_gettext('ui.patron.edit.au.active.show', 'GUI: Show active field on patron registration', 'coust', 'label'),
    oils_i18n_gettext('ui.patron.edit.au.active.show', 'The active field will be shown on the patron registration screen. Showing a field makes it appear with required fields even when not required. If the field is required this setting is ignored.', 'coust', 'description'),
    'bool'),
( 'ui.patron.edit.au.active.suggest',
    oils_i18n_gettext('ui.patron.edit.au.active.suggest', 'GUI: Suggest active field on patron registration', 'coust', 'label'),
    oils_i18n_gettext('ui.patron.edit.au.active.suggest', 'The active field will be suggested on the patron registration screen. Suggesting a field makes it appear when suggested fields are shown. If the field is shown or required this setting is ignored.', 'coust', 'description'),
    'bool'),
( 'ui.patron.edit.au.alert_message.show',
    oils_i18n_gettext('ui.patron.edit.au.alert_message.show', 'GUI: Show alert_message field on patron registration', 'coust', 'label'),
    oils_i18n_gettext('ui.patron.edit.au.alert_message.show', 'The alert_message field will be shown on the patron registration screen. Showing a field makes it appear with required fields even when not required. If the field is required this setting is ignored.', 'coust', 'description'),
    'bool'),
( 'ui.patron.edit.au.alert_message.suggest',
    oils_i18n_gettext('ui.patron.edit.au.alert_message.suggest', 'GUI: Suggest alert_message field on patron registration', 'coust', 'label'),
    oils_i18n_gettext('ui.patron.edit.au.alert_message.suggest', 'The alert_message field will be suggested on the patron registration screen. Suggesting a field makes it appear when suggested fields are shown. If the field is shown or required this setting is ignored.', 'coust', 'description'),
    'bool'),
( 'ui.patron.edit.au.alias.show',
    oils_i18n_gettext('ui.patron.edit.au.alias.show', 'GUI: Show alias field on patron registration', 'coust', 'label'),
    oils_i18n_gettext('ui.patron.edit.au.alias.show', 'The alias field will be shown on the patron registration screen. Showing a field makes it appear with required fields even when not required. If the field is required this setting is ignored.', 'coust', 'description'),
    'bool'),
( 'ui.patron.edit.au.alias.suggest',
    oils_i18n_gettext('ui.patron.edit.au.alias.suggest', 'GUI: Suggest alias field on patron registration', 'coust', 'label'),
    oils_i18n_gettext('ui.patron.edit.au.alias.suggest', 'The alias field will be suggested on the patron registration screen. Suggesting a field makes it appear when suggested fields are shown. If the field is shown or required this setting is ignored.', 'coust', 'description'),
    'bool'),
( 'ui.patron.edit.au.barred.show',
    oils_i18n_gettext('ui.patron.edit.au.barred.show', 'GUI: Show barred field on patron registration', 'coust', 'label'),
    oils_i18n_gettext('ui.patron.edit.au.barred.show', 'The barred field will be shown on the patron registration screen. Showing a field makes it appear with required fields even when not required. If the field is required this setting is ignored.', 'coust', 'description'),
    'bool'),
( 'ui.patron.edit.au.barred.suggest',
    oils_i18n_gettext('ui.patron.edit.au.barred.suggest', 'GUI: Suggest barred field on patron registration', 'coust', 'label'),
    oils_i18n_gettext('ui.patron.edit.au.barred.suggest', 'The barred field will be suggested on the patron registration screen. Suggesting a field makes it appear when suggested fields are shown. If the field is shown or required this setting is ignored.', 'coust', 'description'),
    'bool'),
( 'ui.patron.edit.au.claims_never_checked_out_count.show',
    oils_i18n_gettext('ui.patron.edit.au.claims_never_checked_out_count.show', 'GUI: Show claims_never_checked_out_count field on patron registration', 'coust', 'label'),
    oils_i18n_gettext('ui.patron.edit.au.claims_never_checked_out_count.show', 'The claims_never_checked_out_count field will be shown on the patron registration screen. Showing a field makes it appear with required fields even when not required. If the field is required this setting is ignored.', 'coust', 'description'),
    'bool'),
( 'ui.patron.edit.au.claims_never_checked_out_count.suggest',
    oils_i18n_gettext('ui.patron.edit.au.claims_never_checked_out_count.suggest', 'GUI: Suggest claims_never_checked_out_count field on patron registration', 'coust', 'label'),
    oils_i18n_gettext('ui.patron.edit.au.claims_never_checked_out_count.suggest', 'The claims_never_checked_out_count field will be suggested on the patron registration screen. Suggesting a field makes it appear when suggested fields are shown. If the field is shown or required this setting is ignored.', 'coust', 'description'),
    'bool'),
( 'ui.patron.edit.au.claims_returned_count.show',
    oils_i18n_gettext('ui.patron.edit.au.claims_returned_count.show', 'GUI: Show claims_returned_count field on patron registration', 'coust', 'label'),
    oils_i18n_gettext('ui.patron.edit.au.claims_returned_count.show', 'The claims_returned_count field will be shown on the patron registration screen. Showing a field makes it appear with required fields even when not required. If the field is required this setting is ignored.', 'coust', 'description'),
    'bool'),
( 'ui.patron.edit.au.claims_returned_count.suggest',
    oils_i18n_gettext('ui.patron.edit.au.claims_returned_count.suggest', 'GUI: Suggest claims_returned_count field on patron registration', 'coust', 'label'),
    oils_i18n_gettext('ui.patron.edit.au.claims_returned_count.suggest', 'The claims_returned_count field will be suggested on the patron registration screen. Suggesting a field makes it appear when suggested fields are shown. If the field is shown or required this setting is ignored.', 'coust', 'description'),
    'bool'),
( 'ui.patron.edit.au.day_phone.example',
    oils_i18n_gettext('ui.patron.edit.au.day_phone.example', 'GUI: Example for day_phone field on patron registration', 'coust', 'label'),
    oils_i18n_gettext('ui.patron.edit.au.day_phone.example', 'The Example for validation on the day_phone field in patron registration.', 'coust', 'description'),
    'string'),
( 'ui.patron.edit.au.day_phone.regex',
    oils_i18n_gettext('ui.patron.edit.au.day_phone.regex', 'GUI: Regex for day_phone field on patron registration', 'coust', 'label'),
    oils_i18n_gettext('ui.patron.edit.au.day_phone.regex', 'The Regular Expression for validation on the day_phone field in patron registration.', 'coust', 'description'),
    'string'),
( 'ui.patron.edit.au.day_phone.require',
    oils_i18n_gettext('ui.patron.edit.au.day_phone.require', 'GUI: Require day_phone field on patron registration', 'coust', 'label'),
    oils_i18n_gettext('ui.patron.edit.au.day_phone.require', 'The day_phone field will be required on the patron registration screen.', 'coust', 'description'),
    'bool'),
( 'ui.patron.edit.au.day_phone.show',
    oils_i18n_gettext('ui.patron.edit.au.day_phone.show', 'GUI: Show day_phone field on patron registration', 'coust', 'label'),
    oils_i18n_gettext('ui.patron.edit.au.day_phone.show', 'The day_phone field will be shown on the patron registration screen. Showing a field makes it appear with required fields even when not required. If the field is required this setting is ignored.', 'coust', 'description'),
    'bool'),
( 'ui.patron.edit.au.day_phone.suggest',
    oils_i18n_gettext('ui.patron.edit.au.day_phone.suggest', 'GUI: Suggest day_phone field on patron registration', 'coust', 'label'),
    oils_i18n_gettext('ui.patron.edit.au.day_phone.suggest', 'The day_phone field will be suggested on the patron registration screen. Suggesting a field makes it appear when suggested fields are shown. If the field is shown or required this setting is ignored.', 'coust', 'description'),
    'bool'),
( 'ui.patron.edit.au.dob.calendar',
    oils_i18n_gettext('ui.patron.edit.au.dob.calendar', 'GUI: Show calendar widget for dob field on patron registration', 'coust', 'label'),
    oils_i18n_gettext('ui.patron.edit.au.dob.calendar', 'If set the calendar widget will appear when editing the dob field on the patron registration form.', 'coust', 'description'),
    'bool'),
( 'ui.patron.edit.au.dob.require',
    oils_i18n_gettext('ui.patron.edit.au.dob.require', 'GUI: Require dob field on patron registration', 'coust', 'label'),
    oils_i18n_gettext('ui.patron.edit.au.dob.require', 'The dob field will be required on the patron registration screen.', 'coust', 'description'),
    'bool'),
( 'ui.patron.edit.au.dob.show',
    oils_i18n_gettext('ui.patron.edit.au.dob.show', 'GUI: Show dob field on patron registration', 'coust', 'label'),
    oils_i18n_gettext('ui.patron.edit.au.dob.show', 'The dob field will be shown on the patron registration screen. Showing a field makes it appear with required fields even when not required. If the field is required this setting is ignored.', 'coust', 'description'),
    'bool'),
( 'ui.patron.edit.au.dob.suggest',
    oils_i18n_gettext('ui.patron.edit.au.dob.suggest', 'GUI: Suggest dob field on patron registration', 'coust', 'label'),
    oils_i18n_gettext('ui.patron.edit.au.dob.suggest', 'The dob field will be suggested on the patron registration screen. Suggesting a field makes it appear when suggested fields are shown. If the field is shown or required this setting is ignored.', 'coust', 'description'),
    'bool'),
( 'ui.patron.edit.au.email.example',
    oils_i18n_gettext('ui.patron.edit.au.email.example', 'GUI: Example for email field on patron registration', 'coust', 'label'),
    oils_i18n_gettext('ui.patron.edit.au.email.example', 'The Example for validation on the email field in patron registration.', 'coust', 'description'),
    'string'),
( 'ui.patron.edit.au.email.regex',
    oils_i18n_gettext('ui.patron.edit.au.email.regex', 'GUI: Regex for email field on patron registration', 'coust', 'label'),
    oils_i18n_gettext('ui.patron.edit.au.email.regex', 'The Regular Expression for validation on the email field in patron registration.', 'coust', 'description'),
    'string'),
( 'ui.patron.edit.au.email.require',
    oils_i18n_gettext('ui.patron.edit.au.email.require', 'GUI: Require email field on patron registration', 'coust', 'label'),
    oils_i18n_gettext('ui.patron.edit.au.email.require', 'The email field will be required on the patron registration screen.', 'coust', 'description'),
    'bool'),
( 'ui.patron.edit.au.email.show',
    oils_i18n_gettext('ui.patron.edit.au.email.show', 'GUI: Show email field on patron registration', 'coust', 'label'),
    oils_i18n_gettext('ui.patron.edit.au.email.show', 'The email field will be shown on the patron registration screen. Showing a field makes it appear with required fields even when not required. If the field is required this setting is ignored.', 'coust', 'description'),
    'bool'),
( 'ui.patron.edit.au.email.suggest',
    oils_i18n_gettext('ui.patron.edit.au.email.suggest', 'GUI: Suggest email field on patron registration', 'coust', 'label'),
    oils_i18n_gettext('ui.patron.edit.au.email.suggest', 'The email field will be suggested on the patron registration screen. Suggesting a field makes it appear when suggested fields are shown. If the field is shown or required this setting is ignored.', 'coust', 'description'),
    'bool'),
( 'ui.patron.edit.au.evening_phone.example',
    oils_i18n_gettext('ui.patron.edit.au.evening_phone.example', 'GUI: Example for evening_phone field on patron registration', 'coust', 'label'),
    oils_i18n_gettext('ui.patron.edit.au.evening_phone.example', 'The Example for validation on the evening_phone field in patron registration.', 'coust', 'description'),
    'string'),
( 'ui.patron.edit.au.evening_phone.regex',
    oils_i18n_gettext('ui.patron.edit.au.evening_phone.regex', 'GUI: Regex for evening_phone field on patron registration', 'coust', 'label'),
    oils_i18n_gettext('ui.patron.edit.au.evening_phone.regex', 'The Regular Expression for validation on the evening_phone field in patron registration.', 'coust', 'description'),
    'string'),
( 'ui.patron.edit.au.evening_phone.require',
    oils_i18n_gettext('ui.patron.edit.au.evening_phone.require', 'GUI: Require evening_phone field on patron registration', 'coust', 'label'),
    oils_i18n_gettext('ui.patron.edit.au.evening_phone.require', 'The evening_phone field will be required on the patron registration screen.', 'coust', 'description'),
    'bool'),
( 'ui.patron.edit.au.evening_phone.show',
    oils_i18n_gettext('ui.patron.edit.au.evening_phone.show', 'GUI: Show evening_phone field on patron registration', 'coust', 'label'),
    oils_i18n_gettext('ui.patron.edit.au.evening_phone.show', 'The evening_phone field will be shown on the patron registration screen. Showing a field makes it appear with required fields even when not required. If the field is required this setting is ignored.', 'coust', 'description'),
    'bool'),
( 'ui.patron.edit.au.evening_phone.suggest',
    oils_i18n_gettext('ui.patron.edit.au.evening_phone.suggest', 'GUI: Suggest evening_phone field on patron registration', 'coust', 'label'),
    oils_i18n_gettext('ui.patron.edit.au.evening_phone.suggest', 'The evening_phone field will be suggested on the patron registration screen. Suggesting a field makes it appear when suggested fields are shown. If the field is shown or required this setting is ignored.', 'coust', 'description'),
    'bool'),
( 'ui.patron.edit.au.ident_value.show',
    oils_i18n_gettext('ui.patron.edit.au.ident_value.show', 'GUI: Show ident_value field on patron registration', 'coust', 'label'),
    oils_i18n_gettext('ui.patron.edit.au.ident_value.show', 'The ident_value field will be shown on the patron registration screen. Showing a field makes it appear with required fields even when not required. If the field is required this setting is ignored.', 'coust', 'description'),
    'bool'),
( 'ui.patron.edit.au.ident_value.suggest',
    oils_i18n_gettext('ui.patron.edit.au.ident_value.suggest', 'GUI: Suggest ident_value field on patron registration', 'coust', 'label'),
    oils_i18n_gettext('ui.patron.edit.au.ident_value.suggest', 'The ident_value field will be suggested on the patron registration screen. Suggesting a field makes it appear when suggested fields are shown. If the field is shown or required this setting is ignored.', 'coust', 'description'),
    'bool'),
( 'ui.patron.edit.au.ident_value2.show',
    oils_i18n_gettext('ui.patron.edit.au.ident_value2.show', 'GUI: Show ident_value2 field on patron registration', 'coust', 'label'),
    oils_i18n_gettext('ui.patron.edit.au.ident_value2.show', 'The ident_value2 field will be shown on the patron registration screen. Showing a field makes it appear with required fields even when not required. If the field is required this setting is ignored.', 'coust', 'description'),
    'bool'),
( 'ui.patron.edit.au.ident_value2.suggest',
    oils_i18n_gettext('ui.patron.edit.au.ident_value2.suggest', 'GUI: Suggest ident_value2 field on patron registration', 'coust', 'label'),
    oils_i18n_gettext('ui.patron.edit.au.ident_value2.suggest', 'The ident_value2 field will be suggested on the patron registration screen. Suggesting a field makes it appear when suggested fields are shown. If the field is shown or required this setting is ignored.', 'coust', 'description'),
    'bool'),
( 'ui.patron.edit.au.juvenile.show',
    oils_i18n_gettext('ui.patron.edit.au.juvenile.show', 'GUI: Show juvenile field on patron registration', 'coust', 'label'),
    oils_i18n_gettext('ui.patron.edit.au.juvenile.show', 'The juvenile field will be shown on the patron registration screen. Showing a field makes it appear with required fields even when not required. If the field is required this setting is ignored.', 'coust', 'description'),
    'bool'),
( 'ui.patron.edit.au.juvenile.suggest',
    oils_i18n_gettext('ui.patron.edit.au.juvenile.suggest', 'GUI: Suggest juvenile field on patron registration', 'coust', 'label'),
    oils_i18n_gettext('ui.patron.edit.au.juvenile.suggest', 'The juvenile field will be suggested on the patron registration screen. Suggesting a field makes it appear when suggested fields are shown. If the field is shown or required this setting is ignored.', 'coust', 'description'),
    'bool'),
( 'ui.patron.edit.au.master_account.show',
    oils_i18n_gettext('ui.patron.edit.au.master_account.show', 'GUI: Show master_account field on patron registration', 'coust', 'label'),
    oils_i18n_gettext('ui.patron.edit.au.master_account.show', 'The master_account field will be shown on the patron registration screen. Showing a field makes it appear with required fields even when not required. If the field is required this setting is ignored.', 'coust', 'description'),
    'bool'),
( 'ui.patron.edit.au.master_account.suggest',
    oils_i18n_gettext('ui.patron.edit.au.master_account.suggest', 'GUI: Suggest master_account field on patron registration', 'coust', 'label'),
    oils_i18n_gettext('ui.patron.edit.au.master_account.suggest', 'The master_account field will be suggested on the patron registration screen. Suggesting a field makes it appear when suggested fields are shown. If the field is shown or required this setting is ignored.', 'coust', 'description'),
    'bool'),
( 'ui.patron.edit.au.other_phone.example',
    oils_i18n_gettext('ui.patron.edit.au.other_phone.example', 'GUI: Example for other_phone field on patron registration', 'coust', 'label'),
    oils_i18n_gettext('ui.patron.edit.au.other_phone.example', 'The Example for validation on the other_phone field in patron registration.', 'coust', 'description'),
    'string'),
( 'ui.patron.edit.au.other_phone.regex',
    oils_i18n_gettext('ui.patron.edit.au.other_phone.regex', 'GUI: Regex for other_phone field on patron registration', 'coust', 'label'),
    oils_i18n_gettext('ui.patron.edit.au.other_phone.regex', 'The Regular Expression for validation on the other_phone field in patron registration.', 'coust', 'description'),
    'string'),
( 'ui.patron.edit.au.other_phone.require',
    oils_i18n_gettext('ui.patron.edit.au.other_phone.require', 'GUI: Require other_phone field on patron registration', 'coust', 'label'),
    oils_i18n_gettext('ui.patron.edit.au.other_phone.require', 'The other_phone field will be required on the patron registration screen.', 'coust', 'description'),
    'bool'),
( 'ui.patron.edit.au.other_phone.show',
    oils_i18n_gettext('ui.patron.edit.au.other_phone.show', 'GUI: Show other_phone field on patron registration', 'coust', 'label'),
    oils_i18n_gettext('ui.patron.edit.au.other_phone.show', 'The other_phone field will be shown on the patron registration screen. Showing a field makes it appear with required fields even when not required. If the field is required this setting is ignored.', 'coust', 'description'),
    'bool'),
( 'ui.patron.edit.au.other_phone.suggest',
    oils_i18n_gettext('ui.patron.edit.au.other_phone.suggest', 'GUI: Suggest other_phone field on patron registration', 'coust', 'label'),
    oils_i18n_gettext('ui.patron.edit.au.other_phone.suggest', 'The other_phone field will be suggested on the patron registration screen. Suggesting a field makes it appear when suggested fields are shown. If the field is shown or required this setting is ignored.', 'coust', 'description'),
    'bool'),
( 'ui.patron.edit.au.second_given_name.show',
    oils_i18n_gettext('ui.patron.edit.au.second_given_name.show', 'GUI: Show second_given_name field on patron registration', 'coust', 'label'),
    oils_i18n_gettext('ui.patron.edit.au.second_given_name.show', 'The second_given_name field will be shown on the patron registration screen. Showing a field makes it appear with required fields even when not required. If the field is required this setting is ignored.', 'coust', 'description'),
    'bool'),
( 'ui.patron.edit.au.second_given_name.suggest',
    oils_i18n_gettext('ui.patron.edit.au.second_given_name.suggest', 'GUI: Suggest second_given_name field on patron registration', 'coust', 'label'),
    oils_i18n_gettext('ui.patron.edit.au.second_given_name.suggest', 'The second_given_name field will be suggested on the patron registration screen. Suggesting a field makes it appear when suggested fields are shown. If the field is shown or required this setting is ignored.', 'coust', 'description'),
    'bool'),
( 'ui.patron.edit.au.suffix.show',
    oils_i18n_gettext('ui.patron.edit.au.suffix.show', 'GUI: Show suffix field on patron registration', 'coust', 'label'),
    oils_i18n_gettext('ui.patron.edit.au.suffix.show', 'The suffix field will be shown on the patron registration screen. Showing a field makes it appear with required fields even when not required. If the field is required this setting is ignored.', 'coust', 'description'),
    'bool'),
( 'ui.patron.edit.au.suffix.suggest',
    oils_i18n_gettext('ui.patron.edit.au.suffix.suggest', 'GUI: Suggest suffix field on patron registration', 'coust', 'label'),
    oils_i18n_gettext('ui.patron.edit.au.suffix.suggest', 'The suffix field will be suggested on the patron registration screen. Suggesting a field makes it appear when suggested fields are shown. If the field is shown or required this setting is ignored.', 'coust', 'description'),
    'bool'),
( 'ui.patron.edit.aua.county.require',
    oils_i18n_gettext('ui.patron.edit.aua.county.require', 'GUI: Require county field on patron registration', 'coust', 'label'),
    oils_i18n_gettext('ui.patron.edit.aua.county.require', 'The county field will be required on the patron registration screen.', 'coust', 'description'),
    'bool'),
( 'ui.patron.edit.aua.post_code.example',
    oils_i18n_gettext('ui.patron.edit.aua.post_code.example', 'GUI: Example for post_code field on patron registration', 'coust', 'label'),
    oils_i18n_gettext('ui.patron.edit.aua.post_code.example', 'The Example for validation on the post_code field in patron registration.', 'coust', 'description'),
    'string'),
( 'ui.patron.edit.aua.post_code.regex',
    oils_i18n_gettext('ui.patron.edit.aua.post_code.regex', 'GUI: Regex for post_code field on patron registration', 'coust', 'label'),
    oils_i18n_gettext('ui.patron.edit.aua.post_code.regex', 'The Regular Expression for validation on the post_code field in patron registration.', 'coust', 'description'),
    'string'),
( 'ui.patron.edit.default_suggested',
    oils_i18n_gettext('ui.patron.edit.default_suggested', 'GUI: Default showing suggested patron registration fields', 'coust', 'label'),
    oils_i18n_gettext('ui.patron.edit.default_suggested', 'Instead of All fields, show just suggested fields in patron registration by default.', 'coust', 'description'),
    'bool'),
( 'ui.patron.edit.phone.example',
    oils_i18n_gettext('ui.patron.edit.phone.example', 'GUI: Example for phone fields on patron registration', 'coust', 'label'),
    oils_i18n_gettext('ui.patron.edit.phone.example', 'The Example for validation on phone fields in patron registration. Applies to all phone fields without their own setting.', 'coust', 'description'),
    'string'),
( 'ui.patron.edit.phone.regex',
    oils_i18n_gettext('ui.patron.edit.phone.regex', 'GUI: Regex for phone fields on patron registration', 'coust', 'label'),
    oils_i18n_gettext('ui.patron.edit.phone.regex', 'The Regular Expression for validation on phone fields in patron registration. Applies to all phone fields without their own setting.', 'coust', 'description'),
    'string');

-- *** Has to go below coust definition to satisfy referential integrity ***
-- In booking, elbow room defines:
--  a) how far in the future you must make a reservation on a given item if
--      that item will have to transit somewhere to fulfill the reservation.
--  b) how soon a reservation must be starting for the reserved item to
--      be op-captured by the checkin interface.
INSERT INTO actor.org_unit_setting (org_unit, name, value) VALUES (
    (SELECT id FROM actor.org_unit WHERE parent_ou IS NULL),
    'circ.booking_reservation.default_elbow_room',
    '"1 day"'
);

-- Org_unit_setting_type(s) that need an fm_class:
INSERT into config.org_unit_setting_type
( name, label, description, datatype, fm_class ) VALUES
( 'acq.default_copy_location',
  oils_i18n_gettext( 'acq.default_copy_location', 'Default copy location', 'coust', 'label'),
  oils_i18n_gettext( 'acq.default_copy_location', 'Default copy location', 'coust', 'description'),
  'link',
  'acpl' );

-- Staged Search (for default matchpoints)
INSERT INTO search.relevance_adjustment (field, bump_type, multiplier) VALUES(1, 'first_word', 1.5);
INSERT INTO search.relevance_adjustment (field, bump_type, multiplier) VALUES(1, 'full_match', 20);

INSERT INTO search.relevance_adjustment (field, bump_type, multiplier) VALUES(2, 'first_word', 1.5);
INSERT INTO search.relevance_adjustment (field, bump_type, multiplier) VALUES(2, 'word_order', 10);
INSERT INTO search.relevance_adjustment (field, bump_type, multiplier) VALUES(2, 'full_match', 20);

INSERT INTO search.relevance_adjustment (field, bump_type, multiplier) VALUES(3, 'first_word', 1.5);
INSERT INTO search.relevance_adjustment (field, bump_type, multiplier) VALUES(3, 'word_order', 10);
INSERT INTO search.relevance_adjustment (field, bump_type, multiplier) VALUES(3, 'full_match', 20);

INSERT INTO search.relevance_adjustment (field, bump_type, multiplier) VALUES(4, 'first_word', 1.5);
INSERT INTO search.relevance_adjustment (field, bump_type, multiplier) VALUES(4, 'word_order', 10);
INSERT INTO search.relevance_adjustment (field, bump_type, multiplier) VALUES(4, 'full_match', 20);

INSERT INTO search.relevance_adjustment (field, bump_type, multiplier) VALUES(5, 'first_word', 1.5);
INSERT INTO search.relevance_adjustment (field, bump_type, multiplier) VALUES(5, 'word_order', 10);
INSERT INTO search.relevance_adjustment (field, bump_type, multiplier) VALUES(5, 'full_match', 20);

INSERT INTO search.relevance_adjustment (field, bump_type, multiplier) VALUES(6, 'first_word', 1.5);
INSERT INTO search.relevance_adjustment (field, bump_type, multiplier) VALUES(6, 'word_order', 10);
INSERT INTO search.relevance_adjustment (field, bump_type, multiplier) VALUES(6, 'full_match', 20);

INSERT INTO search.relevance_adjustment (field, bump_type, multiplier) VALUES(7, 'first_word', 1.5);

INSERT INTO search.relevance_adjustment (field, bump_type, multiplier) VALUES(8, 'first_word', 1.5);

INSERT INTO search.relevance_adjustment (field, bump_type, multiplier) VALUES(9, 'first_word', 1.5);

INSERT INTO search.relevance_adjustment (field, bump_type, multiplier) VALUES(10, 'first_word', 1.5);

INSERT INTO search.relevance_adjustment (field, bump_type, multiplier) VALUES(15, 'word_order', 10);

-- Vandelay (for importing and exporting records) 012.schema.vandelay.sql 
INSERT INTO vandelay.bib_attr_definition ( id, code, description, xpath ) VALUES (1, 'title', oils_i18n_gettext(1, 'Title of work', 'vqbrad', 'description'),'//*[@tag="245"]/*[contains("abcmnopr",@code)]');
INSERT INTO vandelay.bib_attr_definition ( id, code, description, xpath ) VALUES (2, 'author', oils_i18n_gettext(2, 'Author of work', 'vqbrad', 'description'),'//*[@tag="100" or @tag="110" or @tag="113"]/*[contains("ad",@code)]');
INSERT INTO vandelay.bib_attr_definition ( id, code, description, xpath ) VALUES (3, 'language', oils_i18n_gettext(3, 'Language of work', 'vqbrad', 'description'),'//*[@tag="240"]/*[@code="l"][1]');
INSERT INTO vandelay.bib_attr_definition ( id, code, description, xpath ) VALUES (4, 'pagination', oils_i18n_gettext(4, 'Pagination', 'vqbrad', 'description'),'//*[@tag="300"]/*[@code="a"][1]');
INSERT INTO vandelay.bib_attr_definition ( id, code, description, xpath, remove ) VALUES (5, 'isbn',oils_i18n_gettext(5, 'ISBN', 'vqbrad', 'description'),'//*[@tag="020"]/*[@code="a"]', $r$(?:-|\s.+$)$r$);
INSERT INTO vandelay.bib_attr_definition ( id, code, description, xpath, remove ) VALUES (6, 'issn',oils_i18n_gettext(6, 'ISSN', 'vqbrad', 'description'),'//*[@tag="022"]/*[@code="a"]', $r$(?:-|\s.+$)$r$);
INSERT INTO vandelay.bib_attr_definition ( id, code, description, xpath ) VALUES (7, 'price',oils_i18n_gettext(7, 'Price', 'vqbrad', 'description'),'//*[@tag="020" or @tag="022"]/*[@code="c"][1]');
INSERT INTO vandelay.bib_attr_definition ( id, code, description, xpath) VALUES (8, 'rec_identifier',oils_i18n_gettext(8, 'Accession Number', 'vqbrad', 'description'),'//*[@tag="001"]');
INSERT INTO vandelay.bib_attr_definition ( id, code, description, xpath) VALUES (9, 'eg_tcn',oils_i18n_gettext(9, 'TCN Value', 'vqbrad', 'description'),'//*[@tag="901"]/*[@code="a"]');
INSERT INTO vandelay.bib_attr_definition ( id, code, description, xpath) VALUES (10, 'eg_tcn_source',oils_i18n_gettext(10, 'TCN Source', 'vqbrad', 'description'),'//*[@tag="901"]/*[@code="b"]');
INSERT INTO vandelay.bib_attr_definition ( id, code, description, xpath) VALUES (11, 'eg_identifier',oils_i18n_gettext(11, 'Internal ID', 'vqbrad', 'description'),'//*[@tag="901"]/*[@code="c"]');
INSERT INTO vandelay.bib_attr_definition ( id, code, description, xpath ) VALUES (12, 'publisher',oils_i18n_gettext(12, 'Publisher', 'vqbrad', 'description'),'//*[@tag="260"]/*[@code="b"][1]');
INSERT INTO vandelay.bib_attr_definition ( id, code, description, xpath, remove ) VALUES (13, 'pubdate',oils_i18n_gettext(13, 'Publication Date', 'vqbrad', 'description'),'//*[@tag="260"]/*[@code="c"][1]',$r$\D$r$);
INSERT INTO vandelay.bib_attr_definition ( id, code, description, xpath ) VALUES (14, 'edition',oils_i18n_gettext(14, 'Edition', 'vqbrad', 'description'),'//*[@tag="250"]/*[@code="a"][1]');
INSERT INTO vandelay.bib_attr_definition ( id, code, description, xpath ) VALUES (15, 'item_barcode',oils_i18n_gettext(15, 'Item Barcode', 'vqbrad', 'description'),'//*[@tag="852"]/*[@code="p"][1]');
SELECT SETVAL('vandelay.bib_attr_definition_id_seq'::TEXT, 100);

INSERT INTO vandelay.import_item_attr_definition (
    owner, name, tag, owning_lib, circ_lib, location,
    call_number, circ_modifier, barcode, price, copy_number,
    circulate, ref, holdable, opac_visible, status
) VALUES (
    1,
    'Evergreen 852 export format',
    '852',
    '[@code = "b"][1]',
    '[@code = "b"][2]',
    'c',
    'j',
    'g',
    'p',
    'y',
    't',
    '[@code = "x" and text() = "circulating"]',
    '[@code = "x" and text() = "reference"]',
    '[@code = "x" and text() = "holdable"]',
    '[@code = "x" and text() = "visible"]',
    'z'
);

INSERT INTO vandelay.import_item_attr_definition (
    owner,
    name,
    tag,
    owning_lib,
    location,
    call_number,
    circ_modifier,
    barcode,
    price,
    status
) VALUES (
    1,
    'Unicorn Import format -- 999',
    '999',
    'm',
    'l',
    'a',
    't',
    'i',
    'p',
    'k'
);

INSERT INTO vandelay.authority_attr_definition (id, code, description, xpath) VALUES (1, 'rec_identifier',oils_i18n_gettext(1, 'Identifier', 'vqarad', 'description'),'//*[@tag="001"]');
SELECT SETVAL('vandelay.authority_attr_definition_id_seq'::TEXT, 100);


INSERT INTO container.copy_bucket_type (code,label) VALUES ('misc', oils_i18n_gettext('misc', 'Miscellaneous', 'ccpbt', 'label'));
INSERT INTO container.copy_bucket_type (code,label) VALUES ('staff_client', oils_i18n_gettext('staff_client', 'General Staff Client container', 'ccpbt', 'label'));
INSERT INTO container.copy_bucket_type (code,label) VALUES ( 'circ_history', 'Circulation History' );
INSERT INTO container.call_number_bucket_type (code,label) VALUES ('misc', oils_i18n_gettext('misc', 'Miscellaneous', 'ccnbt', 'label'));
INSERT INTO container.biblio_record_entry_bucket_type (code,label) VALUES ('misc', oils_i18n_gettext('misc', 'Miscellaneous', 'cbrebt', 'label'));
INSERT INTO container.biblio_record_entry_bucket_type (code,label) VALUES ('staff_client', oils_i18n_gettext('staff_client', 'General Staff Client container', 'cbrebt', 'label'));
INSERT INTO container.biblio_record_entry_bucket_type (code,label) VALUES ('bookbag', oils_i18n_gettext('bookbag', 'Book Bag', 'cbrebt', 'label'));
INSERT INTO container.biblio_record_entry_bucket_type (code,label) VALUES ('reading_list', oils_i18n_gettext('reading_list', 'Reading List', 'cbrebt', 'label'));
INSERT INTO container.biblio_record_entry_bucket_type (code,label) VALUES ('template_merge',oils_i18n_gettext('template_merge','Template Merge Container', 'cbrebt', 'label'));

INSERT INTO container.user_bucket_type (code,label) VALUES ('misc', oils_i18n_gettext('misc', 'Miscellaneous', 'cubt', 'label'));
INSERT INTO container.user_bucket_type (code,label) VALUES ('folks', oils_i18n_gettext('folks', 'Friends', 'cubt', 'label'));
INSERT INTO container.user_bucket_type (code,label) VALUES ('folks:pub_book_bags.view', oils_i18n_gettext('folks:pub_book_bags.view', 'List Published Book Bags', 'cubt', 'label'));
INSERT INTO container.user_bucket_type (code,label) VALUES ('folks:pub_book_bags.add', oils_i18n_gettext('folks:pub_book_bags.add', 'Add to Published Book Bags', 'cubt', 'label'));
INSERT INTO container.user_bucket_type (code,label) VALUES ('folks:circ.view', oils_i18n_gettext('folks:circ.view', 'View Circulations', 'cubt', 'label'));
INSERT INTO container.user_bucket_type (code,label) VALUES ('folks:circ.renew', oils_i18n_gettext('folks:circ.renew', 'Renew Circulations', 'cubt', 'label'));
INSERT INTO container.user_bucket_type (code,label) VALUES ('folks:circ.checkout', oils_i18n_gettext('folks:circ.checkout', 'Checkout Items', 'cubt', 'label'));
INSERT INTO container.user_bucket_type (code,label) VALUES ('folks:hold.view', oils_i18n_gettext('folks:hold.view', 'View Holds', 'cubt', 'label'));
INSERT INTO container.user_bucket_type (code,label) VALUES ('folks:hold.cancel', oils_i18n_gettext('folks:hold.cancel', 'Cancel Holds', 'cubt', 'label'));


----------------------------------
-- MARC21 record structure data --
----------------------------------

-- Record type map
INSERT INTO config.marc21_rec_type_map (code, type_val, blvl_val) VALUES ('BKS','at','acdm');
INSERT INTO config.marc21_rec_type_map (code, type_val, blvl_val) VALUES ('SER','a','bsi');
INSERT INTO config.marc21_rec_type_map (code, type_val, blvl_val) VALUES ('VIS','gkro','abcdmsi');
INSERT INTO config.marc21_rec_type_map (code, type_val, blvl_val) VALUES ('MIX','p','cdi');
INSERT INTO config.marc21_rec_type_map (code, type_val, blvl_val) VALUES ('MAP','ef','abcdmsi');
INSERT INTO config.marc21_rec_type_map (code, type_val, blvl_val) VALUES ('SCO','cd','abcdmsi');
INSERT INTO config.marc21_rec_type_map (code, type_val, blvl_val) VALUES ('REC','ij','abcdmsi');
INSERT INTO config.marc21_rec_type_map (code, type_val, blvl_val) VALUES ('COM','m','abcdmsi');
INSERT INTO config.marc21_rec_type_map (code, type_val, blvl_val) VALUES ('AUT','z',' ');
INSERT INTO config.marc21_rec_type_map (code, type_val, blvl_val) VALUES ('MFHD','uvxy',' ');


------ Physical Characteristics

-- Map
INSERT INTO config.marc21_physical_characteristic_type_map (ptype_key, label) VALUES ('a','Map');
INSERT INTO config.marc21_physical_characteristic_subfield_map (ptype_key,subfield,start_pos,length,label) VALUES ('a','b','1','1','SMD');
INSERT INTO config.marc21_physical_characteristic_value_map (value,ptype_subfield,label) VALUES ('d',CURRVAL('config.marc21_physical_characteristic_subfield_map_id_seq'),'Atlas');
INSERT INTO config.marc21_physical_characteristic_value_map (value,ptype_subfield,label) VALUES ('g',CURRVAL('config.marc21_physical_characteristic_subfield_map_id_seq'),'Diagram');
INSERT INTO config.marc21_physical_characteristic_value_map (value,ptype_subfield,label) VALUES ('j',CURRVAL('config.marc21_physical_characteristic_subfield_map_id_seq'),'Map');
INSERT INTO config.marc21_physical_characteristic_value_map (value,ptype_subfield,label) VALUES ('k',CURRVAL('config.marc21_physical_characteristic_subfield_map_id_seq'),'Profile');
INSERT INTO config.marc21_physical_characteristic_value_map (value,ptype_subfield,label) VALUES ('q',CURRVAL('config.marc21_physical_characteristic_subfield_map_id_seq'),'Model');
INSERT INTO config.marc21_physical_characteristic_value_map (value,ptype_subfield,label) VALUES ('r',CURRVAL('config.marc21_physical_characteristic_subfield_map_id_seq'),'Remote-sensing image');
INSERT INTO config.marc21_physical_characteristic_value_map (value,ptype_subfield,label) VALUES ('s',CURRVAL('config.marc21_physical_characteristic_subfield_map_id_seq'),'Section');
INSERT INTO config.marc21_physical_characteristic_value_map (value,ptype_subfield,label) VALUES ('u',CURRVAL('config.marc21_physical_characteristic_subfield_map_id_seq'),'Unspecified');
INSERT INTO config.marc21_physical_characteristic_value_map (value,ptype_subfield,label) VALUES ('y',CURRVAL('config.marc21_physical_characteristic_subfield_map_id_seq'),'View');
INSERT INTO config.marc21_physical_characteristic_value_map (value,ptype_subfield,label) VALUES ('z',CURRVAL('config.marc21_physical_characteristic_subfield_map_id_seq'),'Other');
INSERT INTO config.marc21_physical_characteristic_subfield_map (ptype_key,subfield,start_pos,length,label) VALUES ('a','d','3','1','Color');
INSERT INTO config.marc21_physical_characteristic_value_map (value,ptype_subfield,label) VALUES ('a',CURRVAL('config.marc21_physical_characteristic_subfield_map_id_seq'),'One color');
INSERT INTO config.marc21_physical_characteristic_value_map (value,ptype_subfield,label) VALUES ('c',CURRVAL('config.marc21_physical_characteristic_subfield_map_id_seq'),'Multicolored');
INSERT INTO config.marc21_physical_characteristic_subfield_map (ptype_key,subfield,start_pos,length,label) VALUES ('a','e','4','1','Physical medium');
INSERT INTO config.marc21_physical_characteristic_value_map (value,ptype_subfield,label) VALUES ('a',CURRVAL('config.marc21_physical_characteristic_subfield_map_id_seq'),'Paper');
INSERT INTO config.marc21_physical_characteristic_value_map (value,ptype_subfield,label) VALUES ('b',CURRVAL('config.marc21_physical_characteristic_subfield_map_id_seq'),'Wood');
INSERT INTO config.marc21_physical_characteristic_value_map (value,ptype_subfield,label) VALUES ('c',CURRVAL('config.marc21_physical_characteristic_subfield_map_id_seq'),'Stone');
INSERT INTO config.marc21_physical_characteristic_value_map (value,ptype_subfield,label) VALUES ('d',CURRVAL('config.marc21_physical_characteristic_subfield_map_id_seq'),'Metal');
INSERT INTO config.marc21_physical_characteristic_value_map (value,ptype_subfield,label) VALUES ('e',CURRVAL('config.marc21_physical_characteristic_subfield_map_id_seq'),'Synthetics');
INSERT INTO config.marc21_physical_characteristic_value_map (value,ptype_subfield,label) VALUES ('f',CURRVAL('config.marc21_physical_characteristic_subfield_map_id_seq'),'Skins');
INSERT INTO config.marc21_physical_characteristic_value_map (value,ptype_subfield,label) VALUES ('g',CURRVAL('config.marc21_physical_characteristic_subfield_map_id_seq'),'Textile');
INSERT INTO config.marc21_physical_characteristic_value_map (value,ptype_subfield,label) VALUES ('p',CURRVAL('config.marc21_physical_characteristic_subfield_map_id_seq'),'Plaster');
INSERT INTO config.marc21_physical_characteristic_value_map (value,ptype_subfield,label) VALUES ('q',CURRVAL('config.marc21_physical_characteristic_subfield_map_id_seq'),'Flexible base photographic medium, positive');
INSERT INTO config.marc21_physical_characteristic_value_map (value,ptype_subfield,label) VALUES ('r',CURRVAL('config.marc21_physical_characteristic_subfield_map_id_seq'),'Flexible base photographic medium, negative');
INSERT INTO config.marc21_physical_characteristic_value_map (value,ptype_subfield,label) VALUES ('s',CURRVAL('config.marc21_physical_characteristic_subfield_map_id_seq'),'Non-flexible base photographic medium, positive');
INSERT INTO config.marc21_physical_characteristic_value_map (value,ptype_subfield,label) VALUES ('t',CURRVAL('config.marc21_physical_characteristic_subfield_map_id_seq'),'Non-flexible base photographic medium, negative');
INSERT INTO config.marc21_physical_characteristic_value_map (value,ptype_subfield,label) VALUES ('u',CURRVAL('config.marc21_physical_characteristic_subfield_map_id_seq'),'Unknown');
INSERT INTO config.marc21_physical_characteristic_value_map (value,ptype_subfield,label) VALUES ('y',CURRVAL('config.marc21_physical_characteristic_subfield_map_id_seq'),'Other photographic medium');
INSERT INTO config.marc21_physical_characteristic_value_map (value,ptype_subfield,label) VALUES ('z',CURRVAL('config.marc21_physical_characteristic_subfield_map_id_seq'),'Other');
INSERT INTO config.marc21_physical_characteristic_subfield_map (ptype_key,subfield,start_pos,length,label) VALUES ('a','f','5','1','Type of reproduction');
INSERT INTO config.marc21_physical_characteristic_value_map (value,ptype_subfield,label) VALUES ('f',CURRVAL('config.marc21_physical_characteristic_subfield_map_id_seq'),'Facsimile');
INSERT INTO config.marc21_physical_characteristic_value_map (value,ptype_subfield,label) VALUES ('n',CURRVAL('config.marc21_physical_characteristic_subfield_map_id_seq'),'Not applicable');
INSERT INTO config.marc21_physical_characteristic_value_map (value,ptype_subfield,label) VALUES ('u',CURRVAL('config.marc21_physical_characteristic_subfield_map_id_seq'),'Unknown');
INSERT INTO config.marc21_physical_characteristic_value_map (value,ptype_subfield,label) VALUES ('z',CURRVAL('config.marc21_physical_characteristic_subfield_map_id_seq'),'Other');
INSERT INTO config.marc21_physical_characteristic_subfield_map (ptype_key,subfield,start_pos,length,label) VALUES ('a','g','6','1','Production/reproduction details');
INSERT INTO config.marc21_physical_characteristic_value_map (value,ptype_subfield,label) VALUES ('a',CURRVAL('config.marc21_physical_characteristic_subfield_map_id_seq'),'Photocopy, blueline print');
INSERT INTO config.marc21_physical_characteristic_value_map (value,ptype_subfield,label) VALUES ('b',CURRVAL('config.marc21_physical_characteristic_subfield_map_id_seq'),'Photocopy');
INSERT INTO config.marc21_physical_characteristic_value_map (value,ptype_subfield,label) VALUES ('c',CURRVAL('config.marc21_physical_characteristic_subfield_map_id_seq'),'Pre-production');
INSERT INTO config.marc21_physical_characteristic_value_map (value,ptype_subfield,label) VALUES ('d',CURRVAL('config.marc21_physical_characteristic_subfield_map_id_seq'),'Film');
INSERT INTO config.marc21_physical_characteristic_value_map (value,ptype_subfield,label) VALUES ('u',CURRVAL('config.marc21_physical_characteristic_subfield_map_id_seq'),'Unknown');
INSERT INTO config.marc21_physical_characteristic_value_map (value,ptype_subfield,label) VALUES ('z',CURRVAL('config.marc21_physical_characteristic_subfield_map_id_seq'),'Other');
INSERT INTO config.marc21_physical_characteristic_subfield_map (ptype_key,subfield,start_pos,length,label) VALUES ('a','h','7','1','Positive/negative');
INSERT INTO config.marc21_physical_characteristic_value_map (value,ptype_subfield,label) VALUES ('a',CURRVAL('config.marc21_physical_characteristic_subfield_map_id_seq'),'Positive');
INSERT INTO config.marc21_physical_characteristic_value_map (value,ptype_subfield,label) VALUES ('b',CURRVAL('config.marc21_physical_characteristic_subfield_map_id_seq'),'Negative');
INSERT INTO config.marc21_physical_characteristic_value_map (value,ptype_subfield,label) VALUES ('m',CURRVAL('config.marc21_physical_characteristic_subfield_map_id_seq'),'Mixed');
INSERT INTO config.marc21_physical_characteristic_value_map (value,ptype_subfield,label) VALUES ('n',CURRVAL('config.marc21_physical_characteristic_subfield_map_id_seq'),'Not applicable');

-- Electronic Resource
INSERT INTO config.marc21_physical_characteristic_type_map (ptype_key, label) VALUES ('c','Electronic Resource');
INSERT INTO config.marc21_physical_characteristic_subfield_map (ptype_key,subfield,start_pos,length,label) VALUES ('c','b','1','1','SMD');
INSERT INTO config.marc21_physical_characteristic_value_map (value,ptype_subfield,label) VALUES ('a',CURRVAL('config.marc21_physical_characteristic_subfield_map_id_seq'),'Tape Cartridge');
INSERT INTO config.marc21_physical_characteristic_value_map (value,ptype_subfield,label) VALUES ('b',CURRVAL('config.marc21_physical_characteristic_subfield_map_id_seq'),'Chip cartridge');
INSERT INTO config.marc21_physical_characteristic_value_map (value,ptype_subfield,label) VALUES ('c',CURRVAL('config.marc21_physical_characteristic_subfield_map_id_seq'),'Computer optical disk cartridge');
INSERT INTO config.marc21_physical_characteristic_value_map (value,ptype_subfield,label) VALUES ('f',CURRVAL('config.marc21_physical_characteristic_subfield_map_id_seq'),'Tape cassette');
INSERT INTO config.marc21_physical_characteristic_value_map (value,ptype_subfield,label) VALUES ('h',CURRVAL('config.marc21_physical_characteristic_subfield_map_id_seq'),'Tape reel');
INSERT INTO config.marc21_physical_characteristic_value_map (value,ptype_subfield,label) VALUES ('j',CURRVAL('config.marc21_physical_characteristic_subfield_map_id_seq'),'Magnetic disk');
INSERT INTO config.marc21_physical_characteristic_value_map (value,ptype_subfield,label) VALUES ('m',CURRVAL('config.marc21_physical_characteristic_subfield_map_id_seq'),'Magneto-optical disk');
INSERT INTO config.marc21_physical_characteristic_value_map (value,ptype_subfield,label) VALUES ('o',CURRVAL('config.marc21_physical_characteristic_subfield_map_id_seq'),'Optical disk');
INSERT INTO config.marc21_physical_characteristic_value_map (value,ptype_subfield,label) VALUES ('r',CURRVAL('config.marc21_physical_characteristic_subfield_map_id_seq'),'Remote');
INSERT INTO config.marc21_physical_characteristic_value_map (value,ptype_subfield,label) VALUES ('u',CURRVAL('config.marc21_physical_characteristic_subfield_map_id_seq'),'Unspecified');
INSERT INTO config.marc21_physical_characteristic_value_map (value,ptype_subfield,label) VALUES ('z',CURRVAL('config.marc21_physical_characteristic_subfield_map_id_seq'),'Other');
INSERT INTO config.marc21_physical_characteristic_subfield_map (ptype_key,subfield,start_pos,length,label) VALUES ('c','d','3','1','Color');
INSERT INTO config.marc21_physical_characteristic_value_map (value,ptype_subfield,label) VALUES ('a',CURRVAL('config.marc21_physical_characteristic_subfield_map_id_seq'),'One color');
INSERT INTO config.marc21_physical_characteristic_value_map (value,ptype_subfield,label) VALUES ('b',CURRVAL('config.marc21_physical_characteristic_subfield_map_id_seq'),'Black-and-white');
INSERT INTO config.marc21_physical_characteristic_value_map (value,ptype_subfield,label) VALUES ('c',CURRVAL('config.marc21_physical_characteristic_subfield_map_id_seq'),'Multicolored');
INSERT INTO config.marc21_physical_characteristic_value_map (value,ptype_subfield,label) VALUES ('g',CURRVAL('config.marc21_physical_characteristic_subfield_map_id_seq'),'Gray scale');
INSERT INTO config.marc21_physical_characteristic_value_map (value,ptype_subfield,label) VALUES ('m',CURRVAL('config.marc21_physical_characteristic_subfield_map_id_seq'),'Mixed');
INSERT INTO config.marc21_physical_characteristic_value_map (value,ptype_subfield,label) VALUES ('n',CURRVAL('config.marc21_physical_characteristic_subfield_map_id_seq'),'Not applicable');
INSERT INTO config.marc21_physical_characteristic_value_map (value,ptype_subfield,label) VALUES ('u',CURRVAL('config.marc21_physical_characteristic_subfield_map_id_seq'),'Unknown');
INSERT INTO config.marc21_physical_characteristic_value_map (value,ptype_subfield,label) VALUES ('z',CURRVAL('config.marc21_physical_characteristic_subfield_map_id_seq'),'Other');
INSERT INTO config.marc21_physical_characteristic_subfield_map (ptype_key,subfield,start_pos,length,label) VALUES ('c','e','4','1','Dimensions');
INSERT INTO config.marc21_physical_characteristic_value_map (value,ptype_subfield,label) VALUES ('a',CURRVAL('config.marc21_physical_characteristic_subfield_map_id_seq'),'3 1/2 in.');
INSERT INTO config.marc21_physical_characteristic_value_map (value,ptype_subfield,label) VALUES ('e',CURRVAL('config.marc21_physical_characteristic_subfield_map_id_seq'),'12 in.');
INSERT INTO config.marc21_physical_characteristic_value_map (value,ptype_subfield,label) VALUES ('g',CURRVAL('config.marc21_physical_characteristic_subfield_map_id_seq'),'4 3/4 in. or 12 cm.');
INSERT INTO config.marc21_physical_characteristic_value_map (value,ptype_subfield,label) VALUES ('i',CURRVAL('config.marc21_physical_characteristic_subfield_map_id_seq'),'1 1/8 x 2 3/8 in.');
INSERT INTO config.marc21_physical_characteristic_value_map (value,ptype_subfield,label) VALUES ('j',CURRVAL('config.marc21_physical_characteristic_subfield_map_id_seq'),'3 7/8 x 2 1/2 in.');
INSERT INTO config.marc21_physical_characteristic_value_map (value,ptype_subfield,label) VALUES ('n',CURRVAL('config.marc21_physical_characteristic_subfield_map_id_seq'),'Not applicable');
INSERT INTO config.marc21_physical_characteristic_value_map (value,ptype_subfield,label) VALUES ('o',CURRVAL('config.marc21_physical_characteristic_subfield_map_id_seq'),'5 1/4 in.');
INSERT INTO config.marc21_physical_characteristic_value_map (value,ptype_subfield,label) VALUES ('u',CURRVAL('config.marc21_physical_characteristic_subfield_map_id_seq'),'Unknown');
INSERT INTO config.marc21_physical_characteristic_value_map (value,ptype_subfield,label) VALUES ('v',CURRVAL('config.marc21_physical_characteristic_subfield_map_id_seq'),'8 in.');
INSERT INTO config.marc21_physical_characteristic_value_map (value,ptype_subfield,label) VALUES ('z',CURRVAL('config.marc21_physical_characteristic_subfield_map_id_seq'),'Other');
INSERT INTO config.marc21_physical_characteristic_subfield_map (ptype_key,subfield,start_pos,length,label) VALUES ('c','f','5','1','Sound');
INSERT INTO config.marc21_physical_characteristic_value_map (value,ptype_subfield,label) VALUES (' ',CURRVAL('config.marc21_physical_characteristic_subfield_map_id_seq'),'No sound (Silent)');
INSERT INTO config.marc21_physical_characteristic_value_map (value,ptype_subfield,label) VALUES ('a',CURRVAL('config.marc21_physical_characteristic_subfield_map_id_seq'),'Sound');
INSERT INTO config.marc21_physical_characteristic_value_map (value,ptype_subfield,label) VALUES ('u',CURRVAL('config.marc21_physical_characteristic_subfield_map_id_seq'),'Unknown');
INSERT INTO config.marc21_physical_characteristic_subfield_map (ptype_key,subfield,start_pos,length,label) VALUES ('c','g','6','3','Image bit depth');
INSERT INTO config.marc21_physical_characteristic_value_map (value,ptype_subfield,label) VALUES ('---',CURRVAL('config.marc21_physical_characteristic_subfield_map_id_seq'),'Unknown');
INSERT INTO config.marc21_physical_characteristic_value_map (value,ptype_subfield,label) VALUES ('mmm',CURRVAL('config.marc21_physical_characteristic_subfield_map_id_seq'),'Multiple');
INSERT INTO config.marc21_physical_characteristic_value_map (value,ptype_subfield,label) VALUES ('nnn',CURRVAL('config.marc21_physical_characteristic_subfield_map_id_seq'),'Not applicable');
INSERT INTO config.marc21_physical_characteristic_subfield_map (ptype_key,subfield,start_pos,length,label) VALUES ('c','h','9','1','File formats');
INSERT INTO config.marc21_physical_characteristic_value_map (value,ptype_subfield,label) VALUES ('a',CURRVAL('config.marc21_physical_characteristic_subfield_map_id_seq'),'One file format');
INSERT INTO config.marc21_physical_characteristic_value_map (value,ptype_subfield,label) VALUES ('m',CURRVAL('config.marc21_physical_characteristic_subfield_map_id_seq'),'Multiple file formats');
INSERT INTO config.marc21_physical_characteristic_value_map (value,ptype_subfield,label) VALUES ('u',CURRVAL('config.marc21_physical_characteristic_subfield_map_id_seq'),'Unknown');
INSERT INTO config.marc21_physical_characteristic_subfield_map (ptype_key,subfield,start_pos,length,label) VALUES ('c','i','10','1','Quality assurance target(s)');
INSERT INTO config.marc21_physical_characteristic_value_map (value,ptype_subfield,label) VALUES ('a',CURRVAL('config.marc21_physical_characteristic_subfield_map_id_seq'),'Absent');
INSERT INTO config.marc21_physical_characteristic_value_map (value,ptype_subfield,label) VALUES ('n',CURRVAL('config.marc21_physical_characteristic_subfield_map_id_seq'),'Not applicable');
INSERT INTO config.marc21_physical_characteristic_value_map (value,ptype_subfield,label) VALUES ('p',CURRVAL('config.marc21_physical_characteristic_subfield_map_id_seq'),'Present');
INSERT INTO config.marc21_physical_characteristic_value_map (value,ptype_subfield,label) VALUES ('u',CURRVAL('config.marc21_physical_characteristic_subfield_map_id_seq'),'Unknown');
INSERT INTO config.marc21_physical_characteristic_subfield_map (ptype_key,subfield,start_pos,length,label) VALUES ('c','j','11','1','Antecedent/Source');
INSERT INTO config.marc21_physical_characteristic_value_map (value,ptype_subfield,label) VALUES ('a',CURRVAL('config.marc21_physical_characteristic_subfield_map_id_seq'),'File reproduced from original');
INSERT INTO config.marc21_physical_characteristic_value_map (value,ptype_subfield,label) VALUES ('b',CURRVAL('config.marc21_physical_characteristic_subfield_map_id_seq'),'File reproduced from microform');
INSERT INTO config.marc21_physical_characteristic_value_map (value,ptype_subfield,label) VALUES ('c',CURRVAL('config.marc21_physical_characteristic_subfield_map_id_seq'),'File reproduced from electronic resource');
INSERT INTO config.marc21_physical_characteristic_value_map (value,ptype_subfield,label) VALUES ('d',CURRVAL('config.marc21_physical_characteristic_subfield_map_id_seq'),'File reproduced from an intermediate (not microform)');
INSERT INTO config.marc21_physical_characteristic_value_map (value,ptype_subfield,label) VALUES ('m',CURRVAL('config.marc21_physical_characteristic_subfield_map_id_seq'),'Mixed');
INSERT INTO config.marc21_physical_characteristic_value_map (value,ptype_subfield,label) VALUES ('n',CURRVAL('config.marc21_physical_characteristic_subfield_map_id_seq'),'Not applicable');
INSERT INTO config.marc21_physical_characteristic_value_map (value,ptype_subfield,label) VALUES ('u',CURRVAL('config.marc21_physical_characteristic_subfield_map_id_seq'),'Unknown');
INSERT INTO config.marc21_physical_characteristic_subfield_map (ptype_key,subfield,start_pos,length,label) VALUES ('c','k','12','1','Level of compression');
INSERT INTO config.marc21_physical_characteristic_value_map (value,ptype_subfield,label) VALUES ('a',CURRVAL('config.marc21_physical_characteristic_subfield_map_id_seq'),'Uncompressed');
INSERT INTO config.marc21_physical_characteristic_value_map (value,ptype_subfield,label) VALUES ('b',CURRVAL('config.marc21_physical_characteristic_subfield_map_id_seq'),'Lossless');
INSERT INTO config.marc21_physical_characteristic_value_map (value,ptype_subfield,label) VALUES ('d',CURRVAL('config.marc21_physical_characteristic_subfield_map_id_seq'),'Lossy');
INSERT INTO config.marc21_physical_characteristic_value_map (value,ptype_subfield,label) VALUES ('m',CURRVAL('config.marc21_physical_characteristic_subfield_map_id_seq'),'Mixed');
INSERT INTO config.marc21_physical_characteristic_value_map (value,ptype_subfield,label) VALUES ('u',CURRVAL('config.marc21_physical_characteristic_subfield_map_id_seq'),'Unknown');
INSERT INTO config.marc21_physical_characteristic_subfield_map (ptype_key,subfield,start_pos,length,label) VALUES ('c','l','13','1','Reformatting quality');
INSERT INTO config.marc21_physical_characteristic_value_map (value,ptype_subfield,label) VALUES ('a',CURRVAL('config.marc21_physical_characteristic_subfield_map_id_seq'),'Access');
INSERT INTO config.marc21_physical_characteristic_value_map (value,ptype_subfield,label) VALUES ('n',CURRVAL('config.marc21_physical_characteristic_subfield_map_id_seq'),'Not applicable');
INSERT INTO config.marc21_physical_characteristic_value_map (value,ptype_subfield,label) VALUES ('p',CURRVAL('config.marc21_physical_characteristic_subfield_map_id_seq'),'Preservation');
INSERT INTO config.marc21_physical_characteristic_value_map (value,ptype_subfield,label) VALUES ('r',CURRVAL('config.marc21_physical_characteristic_subfield_map_id_seq'),'Replacement');
INSERT INTO config.marc21_physical_characteristic_value_map (value,ptype_subfield,label) VALUES ('u',CURRVAL('config.marc21_physical_characteristic_subfield_map_id_seq'),'Unknown');

-- Globe
INSERT INTO config.marc21_physical_characteristic_type_map (ptype_key, label) VALUES ('d','Globe');
INSERT INTO config.marc21_physical_characteristic_subfield_map (ptype_key,subfield,start_pos,length,label) VALUES ('d','b','1','1','SMD');
INSERT INTO config.marc21_physical_characteristic_value_map (value,ptype_subfield,label) VALUES ('a',CURRVAL('config.marc21_physical_characteristic_subfield_map_id_seq'),'Celestial globe');
INSERT INTO config.marc21_physical_characteristic_value_map (value,ptype_subfield,label) VALUES ('b',CURRVAL('config.marc21_physical_characteristic_subfield_map_id_seq'),'Planetary or lunar globe');
INSERT INTO config.marc21_physical_characteristic_value_map (value,ptype_subfield,label) VALUES ('c',CURRVAL('config.marc21_physical_characteristic_subfield_map_id_seq'),'Terrestrial globe');
INSERT INTO config.marc21_physical_characteristic_value_map (value,ptype_subfield,label) VALUES ('e',CURRVAL('config.marc21_physical_characteristic_subfield_map_id_seq'),'Earth moon globe');
INSERT INTO config.marc21_physical_characteristic_value_map (value,ptype_subfield,label) VALUES ('u',CURRVAL('config.marc21_physical_characteristic_subfield_map_id_seq'),'Unspecified');
INSERT INTO config.marc21_physical_characteristic_value_map (value,ptype_subfield,label) VALUES ('z',CURRVAL('config.marc21_physical_characteristic_subfield_map_id_seq'),'Other');
INSERT INTO config.marc21_physical_characteristic_subfield_map (ptype_key,subfield,start_pos,length,label) VALUES ('d','d','3','1','Color');
INSERT INTO config.marc21_physical_characteristic_value_map (value,ptype_subfield,label) VALUES ('a',CURRVAL('config.marc21_physical_characteristic_subfield_map_id_seq'),'One color');
INSERT INTO config.marc21_physical_characteristic_value_map (value,ptype_subfield,label) VALUES ('c',CURRVAL('config.marc21_physical_characteristic_subfield_map_id_seq'),'Multicolored');
INSERT INTO config.marc21_physical_characteristic_subfield_map (ptype_key,subfield,start_pos,length,label) VALUES ('d','e','4','1','Physical medium');
INSERT INTO config.marc21_physical_characteristic_value_map (value,ptype_subfield,label) VALUES ('a',CURRVAL('config.marc21_physical_characteristic_subfield_map_id_seq'),'Paper');
INSERT INTO config.marc21_physical_characteristic_value_map (value,ptype_subfield,label) VALUES ('b',CURRVAL('config.marc21_physical_characteristic_subfield_map_id_seq'),'Wood');
INSERT INTO config.marc21_physical_characteristic_value_map (value,ptype_subfield,label) VALUES ('c',CURRVAL('config.marc21_physical_characteristic_subfield_map_id_seq'),'Stone');
INSERT INTO config.marc21_physical_characteristic_value_map (value,ptype_subfield,label) VALUES ('d',CURRVAL('config.marc21_physical_characteristic_subfield_map_id_seq'),'Metal');
INSERT INTO config.marc21_physical_characteristic_value_map (value,ptype_subfield,label) VALUES ('e',CURRVAL('config.marc21_physical_characteristic_subfield_map_id_seq'),'Synthetics');
INSERT INTO config.marc21_physical_characteristic_value_map (value,ptype_subfield,label) VALUES ('f',CURRVAL('config.marc21_physical_characteristic_subfield_map_id_seq'),'Skins');
INSERT INTO config.marc21_physical_characteristic_value_map (value,ptype_subfield,label) VALUES ('g',CURRVAL('config.marc21_physical_characteristic_subfield_map_id_seq'),'Textile');
INSERT INTO config.marc21_physical_characteristic_value_map (value,ptype_subfield,label) VALUES ('p',CURRVAL('config.marc21_physical_characteristic_subfield_map_id_seq'),'Plaster');
INSERT INTO config.marc21_physical_characteristic_value_map (value,ptype_subfield,label) VALUES ('u',CURRVAL('config.marc21_physical_characteristic_subfield_map_id_seq'),'Unknown');
INSERT INTO config.marc21_physical_characteristic_value_map (value,ptype_subfield,label) VALUES ('z',CURRVAL('config.marc21_physical_characteristic_subfield_map_id_seq'),'Other');
INSERT INTO config.marc21_physical_characteristic_subfield_map (ptype_key,subfield,start_pos,length,label) VALUES ('d','f','5','1','Type of reproduction');
INSERT INTO config.marc21_physical_characteristic_value_map (value,ptype_subfield,label) VALUES ('f',CURRVAL('config.marc21_physical_characteristic_subfield_map_id_seq'),'Facsimile');
INSERT INTO config.marc21_physical_characteristic_value_map (value,ptype_subfield,label) VALUES ('n',CURRVAL('config.marc21_physical_characteristic_subfield_map_id_seq'),'Not applicable');
INSERT INTO config.marc21_physical_characteristic_value_map (value,ptype_subfield,label) VALUES ('u',CURRVAL('config.marc21_physical_characteristic_subfield_map_id_seq'),'Unknown');
INSERT INTO config.marc21_physical_characteristic_value_map (value,ptype_subfield,label) VALUES ('z',CURRVAL('config.marc21_physical_characteristic_subfield_map_id_seq'),'Other');

-- Tactile Material
INSERT INTO config.marc21_physical_characteristic_type_map (ptype_key, label) VALUES ('f','Tactile Material');
INSERT INTO config.marc21_physical_characteristic_subfield_map (ptype_key,subfield,start_pos,length,label) VALUES ('f','b','1','1','SMD');
INSERT INTO config.marc21_physical_characteristic_value_map (value,ptype_subfield,label) VALUES ('a',CURRVAL('config.marc21_physical_characteristic_subfield_map_id_seq'),'Moon');
INSERT INTO config.marc21_physical_characteristic_value_map (value,ptype_subfield,label) VALUES ('b',CURRVAL('config.marc21_physical_characteristic_subfield_map_id_seq'),'Braille');
INSERT INTO config.marc21_physical_characteristic_value_map (value,ptype_subfield,label) VALUES ('c',CURRVAL('config.marc21_physical_characteristic_subfield_map_id_seq'),'Combination');
INSERT INTO config.marc21_physical_characteristic_value_map (value,ptype_subfield,label) VALUES ('d',CURRVAL('config.marc21_physical_characteristic_subfield_map_id_seq'),'Tactile, with no writing system');
INSERT INTO config.marc21_physical_characteristic_value_map (value,ptype_subfield,label) VALUES ('u',CURRVAL('config.marc21_physical_characteristic_subfield_map_id_seq'),'Unspecified');
INSERT INTO config.marc21_physical_characteristic_value_map (value,ptype_subfield,label) VALUES ('z',CURRVAL('config.marc21_physical_characteristic_subfield_map_id_seq'),'Other');
INSERT INTO config.marc21_physical_characteristic_subfield_map (ptype_key,subfield,start_pos,length,label) VALUES ('f','d','3','2','Class of braille writing');
INSERT INTO config.marc21_physical_characteristic_value_map (value,ptype_subfield,label) VALUES ('a',CURRVAL('config.marc21_physical_characteristic_subfield_map_id_seq'),'Literary braille');
INSERT INTO config.marc21_physical_characteristic_value_map (value,ptype_subfield,label) VALUES ('b',CURRVAL('config.marc21_physical_characteristic_subfield_map_id_seq'),'Format code braille');
INSERT INTO config.marc21_physical_characteristic_value_map (value,ptype_subfield,label) VALUES ('c',CURRVAL('config.marc21_physical_characteristic_subfield_map_id_seq'),'Mathematics and scientific braille');
INSERT INTO config.marc21_physical_characteristic_value_map (value,ptype_subfield,label) VALUES ('d',CURRVAL('config.marc21_physical_characteristic_subfield_map_id_seq'),'Computer braille');
INSERT INTO config.marc21_physical_characteristic_value_map (value,ptype_subfield,label) VALUES ('e',CURRVAL('config.marc21_physical_characteristic_subfield_map_id_seq'),'Music braille');
INSERT INTO config.marc21_physical_characteristic_value_map (value,ptype_subfield,label) VALUES ('m',CURRVAL('config.marc21_physical_characteristic_subfield_map_id_seq'),'Multiple braille types');
INSERT INTO config.marc21_physical_characteristic_value_map (value,ptype_subfield,label) VALUES ('n',CURRVAL('config.marc21_physical_characteristic_subfield_map_id_seq'),'Not applicable');
INSERT INTO config.marc21_physical_characteristic_value_map (value,ptype_subfield,label) VALUES ('u',CURRVAL('config.marc21_physical_characteristic_subfield_map_id_seq'),'Unknown');
INSERT INTO config.marc21_physical_characteristic_value_map (value,ptype_subfield,label) VALUES ('z',CURRVAL('config.marc21_physical_characteristic_subfield_map_id_seq'),'Other');
INSERT INTO config.marc21_physical_characteristic_subfield_map (ptype_key,subfield,start_pos,length,label) VALUES ('f','e','4','1','Level of contraction');
INSERT INTO config.marc21_physical_characteristic_value_map (value,ptype_subfield,label) VALUES ('a',CURRVAL('config.marc21_physical_characteristic_subfield_map_id_seq'),'Uncontracted');
INSERT INTO config.marc21_physical_characteristic_value_map (value,ptype_subfield,label) VALUES ('b',CURRVAL('config.marc21_physical_characteristic_subfield_map_id_seq'),'Contracted');
INSERT INTO config.marc21_physical_characteristic_value_map (value,ptype_subfield,label) VALUES ('m',CURRVAL('config.marc21_physical_characteristic_subfield_map_id_seq'),'Combination');
INSERT INTO config.marc21_physical_characteristic_value_map (value,ptype_subfield,label) VALUES ('n',CURRVAL('config.marc21_physical_characteristic_subfield_map_id_seq'),'Not applicable');
INSERT INTO config.marc21_physical_characteristic_value_map (value,ptype_subfield,label) VALUES ('u',CURRVAL('config.marc21_physical_characteristic_subfield_map_id_seq'),'Unknown');
INSERT INTO config.marc21_physical_characteristic_value_map (value,ptype_subfield,label) VALUES ('z',CURRVAL('config.marc21_physical_characteristic_subfield_map_id_seq'),'Other');
INSERT INTO config.marc21_physical_characteristic_subfield_map (ptype_key,subfield,start_pos,length,label) VALUES ('f','f','6','3','Braille music format');
INSERT INTO config.marc21_physical_characteristic_value_map (value,ptype_subfield,label) VALUES ('a',CURRVAL('config.marc21_physical_characteristic_subfield_map_id_seq'),'Bar over bar');
INSERT INTO config.marc21_physical_characteristic_value_map (value,ptype_subfield,label) VALUES ('b',CURRVAL('config.marc21_physical_characteristic_subfield_map_id_seq'),'Bar by bar');
INSERT INTO config.marc21_physical_characteristic_value_map (value,ptype_subfield,label) VALUES ('c',CURRVAL('config.marc21_physical_characteristic_subfield_map_id_seq'),'Line over line');
INSERT INTO config.marc21_physical_characteristic_value_map (value,ptype_subfield,label) VALUES ('d',CURRVAL('config.marc21_physical_characteristic_subfield_map_id_seq'),'Paragraph');
INSERT INTO config.marc21_physical_characteristic_value_map (value,ptype_subfield,label) VALUES ('e',CURRVAL('config.marc21_physical_characteristic_subfield_map_id_seq'),'Single line');
INSERT INTO config.marc21_physical_characteristic_value_map (value,ptype_subfield,label) VALUES ('f',CURRVAL('config.marc21_physical_characteristic_subfield_map_id_seq'),'Section by section');
INSERT INTO config.marc21_physical_characteristic_value_map (value,ptype_subfield,label) VALUES ('g',CURRVAL('config.marc21_physical_characteristic_subfield_map_id_seq'),'Line by line');
INSERT INTO config.marc21_physical_characteristic_value_map (value,ptype_subfield,label) VALUES ('h',CURRVAL('config.marc21_physical_characteristic_subfield_map_id_seq'),'Open score');
INSERT INTO config.marc21_physical_characteristic_value_map (value,ptype_subfield,label) VALUES ('i',CURRVAL('config.marc21_physical_characteristic_subfield_map_id_seq'),'Spanner short form scoring');
INSERT INTO config.marc21_physical_characteristic_value_map (value,ptype_subfield,label) VALUES ('j',CURRVAL('config.marc21_physical_characteristic_subfield_map_id_seq'),'Short form scoring');
INSERT INTO config.marc21_physical_characteristic_value_map (value,ptype_subfield,label) VALUES ('k',CURRVAL('config.marc21_physical_characteristic_subfield_map_id_seq'),'Outline');
INSERT INTO config.marc21_physical_characteristic_value_map (value,ptype_subfield,label) VALUES ('l',CURRVAL('config.marc21_physical_characteristic_subfield_map_id_seq'),'Vertical score');
INSERT INTO config.marc21_physical_characteristic_value_map (value,ptype_subfield,label) VALUES ('n',CURRVAL('config.marc21_physical_characteristic_subfield_map_id_seq'),'Not applicable');
INSERT INTO config.marc21_physical_characteristic_value_map (value,ptype_subfield,label) VALUES ('u',CURRVAL('config.marc21_physical_characteristic_subfield_map_id_seq'),'Unknown');
INSERT INTO config.marc21_physical_characteristic_value_map (value,ptype_subfield,label) VALUES ('z',CURRVAL('config.marc21_physical_characteristic_subfield_map_id_seq'),'Other');
INSERT INTO config.marc21_physical_characteristic_subfield_map (ptype_key,subfield,start_pos,length,label) VALUES ('f','g','9','1','Special physical characteristics');
INSERT INTO config.marc21_physical_characteristic_value_map (value,ptype_subfield,label) VALUES ('a',CURRVAL('config.marc21_physical_characteristic_subfield_map_id_seq'),'Print/braille');
INSERT INTO config.marc21_physical_characteristic_value_map (value,ptype_subfield,label) VALUES ('b',CURRVAL('config.marc21_physical_characteristic_subfield_map_id_seq'),'Jumbo or enlarged braille');
INSERT INTO config.marc21_physical_characteristic_value_map (value,ptype_subfield,label) VALUES ('n',CURRVAL('config.marc21_physical_characteristic_subfield_map_id_seq'),'Not applicable');
INSERT INTO config.marc21_physical_characteristic_value_map (value,ptype_subfield,label) VALUES ('u',CURRVAL('config.marc21_physical_characteristic_subfield_map_id_seq'),'Unknown');
INSERT INTO config.marc21_physical_characteristic_value_map (value,ptype_subfield,label) VALUES ('z',CURRVAL('config.marc21_physical_characteristic_subfield_map_id_seq'),'Other');

-- Projected Graphic
INSERT INTO config.marc21_physical_characteristic_type_map (ptype_key, label) VALUES ('g','Projected Graphic');
INSERT INTO config.marc21_physical_characteristic_subfield_map (ptype_key,subfield,start_pos,length,label) VALUES ('g','b','1','1','SMD');
INSERT INTO config.marc21_physical_characteristic_value_map (value,ptype_subfield,label) VALUES ('c',CURRVAL('config.marc21_physical_characteristic_subfield_map_id_seq'),'Film cartridge');
INSERT INTO config.marc21_physical_characteristic_value_map (value,ptype_subfield,label) VALUES ('d',CURRVAL('config.marc21_physical_characteristic_subfield_map_id_seq'),'Filmstrip');
INSERT INTO config.marc21_physical_characteristic_value_map (value,ptype_subfield,label) VALUES ('f',CURRVAL('config.marc21_physical_characteristic_subfield_map_id_seq'),'Film filmstrip type');
INSERT INTO config.marc21_physical_characteristic_value_map (value,ptype_subfield,label) VALUES ('o',CURRVAL('config.marc21_physical_characteristic_subfield_map_id_seq'),'Filmstrip roll');
INSERT INTO config.marc21_physical_characteristic_value_map (value,ptype_subfield,label) VALUES ('s',CURRVAL('config.marc21_physical_characteristic_subfield_map_id_seq'),'Slide');
INSERT INTO config.marc21_physical_characteristic_value_map (value,ptype_subfield,label) VALUES ('t',CURRVAL('config.marc21_physical_characteristic_subfield_map_id_seq'),'Transparency');
INSERT INTO config.marc21_physical_characteristic_value_map (value,ptype_subfield,label) VALUES ('z',CURRVAL('config.marc21_physical_characteristic_subfield_map_id_seq'),'Other');
INSERT INTO config.marc21_physical_characteristic_subfield_map (ptype_key,subfield,start_pos,length,label) VALUES ('g','d','3','1','Color');
INSERT INTO config.marc21_physical_characteristic_value_map (value,ptype_subfield,label) VALUES ('b',CURRVAL('config.marc21_physical_characteristic_subfield_map_id_seq'),'Black-and-white');
INSERT INTO config.marc21_physical_characteristic_value_map (value,ptype_subfield,label) VALUES ('c',CURRVAL('config.marc21_physical_characteristic_subfield_map_id_seq'),'Multicolored');
INSERT INTO config.marc21_physical_characteristic_value_map (value,ptype_subfield,label) VALUES ('h',CURRVAL('config.marc21_physical_characteristic_subfield_map_id_seq'),'Hand-colored');
INSERT INTO config.marc21_physical_characteristic_value_map (value,ptype_subfield,label) VALUES ('m',CURRVAL('config.marc21_physical_characteristic_subfield_map_id_seq'),'Mixed');
INSERT INTO config.marc21_physical_characteristic_value_map (value,ptype_subfield,label) VALUES ('n',CURRVAL('config.marc21_physical_characteristic_subfield_map_id_seq'),'Not applicable');
INSERT INTO config.marc21_physical_characteristic_value_map (value,ptype_subfield,label) VALUES ('u',CURRVAL('config.marc21_physical_characteristic_subfield_map_id_seq'),'Unknown');
INSERT INTO config.marc21_physical_characteristic_value_map (value,ptype_subfield,label) VALUES ('z',CURRVAL('config.marc21_physical_characteristic_subfield_map_id_seq'),'Other');
INSERT INTO config.marc21_physical_characteristic_subfield_map (ptype_key,subfield,start_pos,length,label) VALUES ('g','e','4','1','Base of emulsion');
INSERT INTO config.marc21_physical_characteristic_value_map (value,ptype_subfield,label) VALUES ('d',CURRVAL('config.marc21_physical_characteristic_subfield_map_id_seq'),'Glass');
INSERT INTO config.marc21_physical_characteristic_value_map (value,ptype_subfield,label) VALUES ('e',CURRVAL('config.marc21_physical_characteristic_subfield_map_id_seq'),'Synthetics');
INSERT INTO config.marc21_physical_characteristic_value_map (value,ptype_subfield,label) VALUES ('j',CURRVAL('config.marc21_physical_characteristic_subfield_map_id_seq'),'Safety film');
INSERT INTO config.marc21_physical_characteristic_value_map (value,ptype_subfield,label) VALUES ('k',CURRVAL('config.marc21_physical_characteristic_subfield_map_id_seq'),'Film base, other than safety film');
INSERT INTO config.marc21_physical_characteristic_value_map (value,ptype_subfield,label) VALUES ('m',CURRVAL('config.marc21_physical_characteristic_subfield_map_id_seq'),'Mixed collection');
INSERT INTO config.marc21_physical_characteristic_value_map (value,ptype_subfield,label) VALUES ('o',CURRVAL('config.marc21_physical_characteristic_subfield_map_id_seq'),'Paper');
INSERT INTO config.marc21_physical_characteristic_value_map (value,ptype_subfield,label) VALUES ('u',CURRVAL('config.marc21_physical_characteristic_subfield_map_id_seq'),'Unknown');
INSERT INTO config.marc21_physical_characteristic_value_map (value,ptype_subfield,label) VALUES ('z',CURRVAL('config.marc21_physical_characteristic_subfield_map_id_seq'),'Other');
INSERT INTO config.marc21_physical_characteristic_subfield_map (ptype_key,subfield,start_pos,length,label) VALUES ('g','f','5','1','Sound on medium or separate');
INSERT INTO config.marc21_physical_characteristic_value_map (value,ptype_subfield,label) VALUES ('a',CURRVAL('config.marc21_physical_characteristic_subfield_map_id_seq'),'Sound on medium');
INSERT INTO config.marc21_physical_characteristic_value_map (value,ptype_subfield,label) VALUES ('b',CURRVAL('config.marc21_physical_characteristic_subfield_map_id_seq'),'Sound separate from medium');
INSERT INTO config.marc21_physical_characteristic_value_map (value,ptype_subfield,label) VALUES ('u',CURRVAL('config.marc21_physical_characteristic_subfield_map_id_seq'),'Unknown');
INSERT INTO config.marc21_physical_characteristic_subfield_map (ptype_key,subfield,start_pos,length,label) VALUES ('g','g','6','1','Medium for sound');
INSERT INTO config.marc21_physical_characteristic_value_map (value,ptype_subfield,label) VALUES ('a',CURRVAL('config.marc21_physical_characteristic_subfield_map_id_seq'),'Optical sound track on motion picture film');
INSERT INTO config.marc21_physical_characteristic_value_map (value,ptype_subfield,label) VALUES ('b',CURRVAL('config.marc21_physical_characteristic_subfield_map_id_seq'),'Magnetic sound track on motion picture film');
INSERT INTO config.marc21_physical_characteristic_value_map (value,ptype_subfield,label) VALUES ('c',CURRVAL('config.marc21_physical_characteristic_subfield_map_id_seq'),'Magnetic audio tape in cartridge');
INSERT INTO config.marc21_physical_characteristic_value_map (value,ptype_subfield,label) VALUES ('d',CURRVAL('config.marc21_physical_characteristic_subfield_map_id_seq'),'Sound disc');
INSERT INTO config.marc21_physical_characteristic_value_map (value,ptype_subfield,label) VALUES ('e',CURRVAL('config.marc21_physical_characteristic_subfield_map_id_seq'),'Magnetic audio tape on reel');
INSERT INTO config.marc21_physical_characteristic_value_map (value,ptype_subfield,label) VALUES ('f',CURRVAL('config.marc21_physical_characteristic_subfield_map_id_seq'),'Magnetic audio tape in cassette');
INSERT INTO config.marc21_physical_characteristic_value_map (value,ptype_subfield,label) VALUES ('g',CURRVAL('config.marc21_physical_characteristic_subfield_map_id_seq'),'Optical and magnetic sound track on film');
INSERT INTO config.marc21_physical_characteristic_value_map (value,ptype_subfield,label) VALUES ('h',CURRVAL('config.marc21_physical_characteristic_subfield_map_id_seq'),'Videotape');
INSERT INTO config.marc21_physical_characteristic_value_map (value,ptype_subfield,label) VALUES ('i',CURRVAL('config.marc21_physical_characteristic_subfield_map_id_seq'),'Videodisc');
INSERT INTO config.marc21_physical_characteristic_value_map (value,ptype_subfield,label) VALUES ('u',CURRVAL('config.marc21_physical_characteristic_subfield_map_id_seq'),'Unknown');
INSERT INTO config.marc21_physical_characteristic_value_map (value,ptype_subfield,label) VALUES ('z',CURRVAL('config.marc21_physical_characteristic_subfield_map_id_seq'),'Other');
INSERT INTO config.marc21_physical_characteristic_subfield_map (ptype_key,subfield,start_pos,length,label) VALUES ('g','h','7','1','Dimensions');
INSERT INTO config.marc21_physical_characteristic_value_map (value,ptype_subfield,label) VALUES ('a',CURRVAL('config.marc21_physical_characteristic_subfield_map_id_seq'),'Standard 8 mm.');
INSERT INTO config.marc21_physical_characteristic_value_map (value,ptype_subfield,label) VALUES ('b',CURRVAL('config.marc21_physical_characteristic_subfield_map_id_seq'),'Super 8 mm./single 8 mm.');
INSERT INTO config.marc21_physical_characteristic_value_map (value,ptype_subfield,label) VALUES ('c',CURRVAL('config.marc21_physical_characteristic_subfield_map_id_seq'),'9.5 mm.');
INSERT INTO config.marc21_physical_characteristic_value_map (value,ptype_subfield,label) VALUES ('d',CURRVAL('config.marc21_physical_characteristic_subfield_map_id_seq'),'16 mm.');
INSERT INTO config.marc21_physical_characteristic_value_map (value,ptype_subfield,label) VALUES ('e',CURRVAL('config.marc21_physical_characteristic_subfield_map_id_seq'),'28 mm.');
INSERT INTO config.marc21_physical_characteristic_value_map (value,ptype_subfield,label) VALUES ('f',CURRVAL('config.marc21_physical_characteristic_subfield_map_id_seq'),'35 mm.');
INSERT INTO config.marc21_physical_characteristic_value_map (value,ptype_subfield,label) VALUES ('g',CURRVAL('config.marc21_physical_characteristic_subfield_map_id_seq'),'70 mm.');
INSERT INTO config.marc21_physical_characteristic_value_map (value,ptype_subfield,label) VALUES ('j',CURRVAL('config.marc21_physical_characteristic_subfield_map_id_seq'),'2 x 2 in. (5 x 5 cm.)');
INSERT INTO config.marc21_physical_characteristic_value_map (value,ptype_subfield,label) VALUES ('k',CURRVAL('config.marc21_physical_characteristic_subfield_map_id_seq'),'2 1/4 x 2 1/4 in. (6 x 6 cm.)');
INSERT INTO config.marc21_physical_characteristic_value_map (value,ptype_subfield,label) VALUES ('s',CURRVAL('config.marc21_physical_characteristic_subfield_map_id_seq'),'4 x 5 in. (10 x 13 cm.)');
INSERT INTO config.marc21_physical_characteristic_value_map (value,ptype_subfield,label) VALUES ('t',CURRVAL('config.marc21_physical_characteristic_subfield_map_id_seq'),'5 x 7 in. (13 x 18 cm.)');
INSERT INTO config.marc21_physical_characteristic_value_map (value,ptype_subfield,label) VALUES ('u',CURRVAL('config.marc21_physical_characteristic_subfield_map_id_seq'),'Unknown');
INSERT INTO config.marc21_physical_characteristic_value_map (value,ptype_subfield,label) VALUES ('v',CURRVAL('config.marc21_physical_characteristic_subfield_map_id_seq'),'8 x 10 in. (21 x 26 cm.)');
INSERT INTO config.marc21_physical_characteristic_value_map (value,ptype_subfield,label) VALUES ('w',CURRVAL('config.marc21_physical_characteristic_subfield_map_id_seq'),'9 x 9 in. (23 x 23 cm.)');
INSERT INTO config.marc21_physical_characteristic_value_map (value,ptype_subfield,label) VALUES ('x',CURRVAL('config.marc21_physical_characteristic_subfield_map_id_seq'),'10 x 10 in. (26 x 26 cm.)');
INSERT INTO config.marc21_physical_characteristic_value_map (value,ptype_subfield,label) VALUES ('y',CURRVAL('config.marc21_physical_characteristic_subfield_map_id_seq'),'7 x 7 in. (18 x 18 cm.)');
INSERT INTO config.marc21_physical_characteristic_value_map (value,ptype_subfield,label) VALUES ('z',CURRVAL('config.marc21_physical_characteristic_subfield_map_id_seq'),'Other');
INSERT INTO config.marc21_physical_characteristic_subfield_map (ptype_key,subfield,start_pos,length,label) VALUES ('g','i','8','1','Secondary support material');
INSERT INTO config.marc21_physical_characteristic_value_map (value,ptype_subfield,label) VALUES ('c',CURRVAL('config.marc21_physical_characteristic_subfield_map_id_seq'),'Cardboard');
INSERT INTO config.marc21_physical_characteristic_value_map (value,ptype_subfield,label) VALUES ('d',CURRVAL('config.marc21_physical_characteristic_subfield_map_id_seq'),'Glass');
INSERT INTO config.marc21_physical_characteristic_value_map (value,ptype_subfield,label) VALUES ('e',CURRVAL('config.marc21_physical_characteristic_subfield_map_id_seq'),'Synthetics');
INSERT INTO config.marc21_physical_characteristic_value_map (value,ptype_subfield,label) VALUES ('h',CURRVAL('config.marc21_physical_characteristic_subfield_map_id_seq'),'metal');
INSERT INTO config.marc21_physical_characteristic_value_map (value,ptype_subfield,label) VALUES ('j',CURRVAL('config.marc21_physical_characteristic_subfield_map_id_seq'),'Metal and glass');
INSERT INTO config.marc21_physical_characteristic_value_map (value,ptype_subfield,label) VALUES ('k',CURRVAL('config.marc21_physical_characteristic_subfield_map_id_seq'),'Synthetics and glass');
INSERT INTO config.marc21_physical_characteristic_value_map (value,ptype_subfield,label) VALUES ('m',CURRVAL('config.marc21_physical_characteristic_subfield_map_id_seq'),'Mixed collection');
INSERT INTO config.marc21_physical_characteristic_value_map (value,ptype_subfield,label) VALUES ('u',CURRVAL('config.marc21_physical_characteristic_subfield_map_id_seq'),'Unknown');
INSERT INTO config.marc21_physical_characteristic_value_map (value,ptype_subfield,label) VALUES ('z',CURRVAL('config.marc21_physical_characteristic_subfield_map_id_seq'),'Other');

-- Microform
INSERT INTO config.marc21_physical_characteristic_type_map (ptype_key, label) VALUES ('h','Microform');
INSERT INTO config.marc21_physical_characteristic_subfield_map (ptype_key,subfield,start_pos,length,label) VALUES ('h','b','1','1','SMD');
INSERT INTO config.marc21_physical_characteristic_value_map (value,ptype_subfield,label) VALUES ('a',CURRVAL('config.marc21_physical_characteristic_subfield_map_id_seq'),'Aperture card');
INSERT INTO config.marc21_physical_characteristic_value_map (value,ptype_subfield,label) VALUES ('b',CURRVAL('config.marc21_physical_characteristic_subfield_map_id_seq'),'Microfilm cartridge');
INSERT INTO config.marc21_physical_characteristic_value_map (value,ptype_subfield,label) VALUES ('c',CURRVAL('config.marc21_physical_characteristic_subfield_map_id_seq'),'Microfilm cassette');
INSERT INTO config.marc21_physical_characteristic_value_map (value,ptype_subfield,label) VALUES ('d',CURRVAL('config.marc21_physical_characteristic_subfield_map_id_seq'),'Microfilm reel');
INSERT INTO config.marc21_physical_characteristic_value_map (value,ptype_subfield,label) VALUES ('e',CURRVAL('config.marc21_physical_characteristic_subfield_map_id_seq'),'Microfiche');
INSERT INTO config.marc21_physical_characteristic_value_map (value,ptype_subfield,label) VALUES ('f',CURRVAL('config.marc21_physical_characteristic_subfield_map_id_seq'),'Microfiche cassette');
INSERT INTO config.marc21_physical_characteristic_value_map (value,ptype_subfield,label) VALUES ('g',CURRVAL('config.marc21_physical_characteristic_subfield_map_id_seq'),'Microopaque');
INSERT INTO config.marc21_physical_characteristic_value_map (value,ptype_subfield,label) VALUES ('u',CURRVAL('config.marc21_physical_characteristic_subfield_map_id_seq'),'Unspecified');
INSERT INTO config.marc21_physical_characteristic_value_map (value,ptype_subfield,label) VALUES ('z',CURRVAL('config.marc21_physical_characteristic_subfield_map_id_seq'),'Other');
INSERT INTO config.marc21_physical_characteristic_subfield_map (ptype_key,subfield,start_pos,length,label) VALUES ('h','d','3','1','Positive/negative');
INSERT INTO config.marc21_physical_characteristic_value_map (value,ptype_subfield,label) VALUES ('a',CURRVAL('config.marc21_physical_characteristic_subfield_map_id_seq'),'Positive');
INSERT INTO config.marc21_physical_characteristic_value_map (value,ptype_subfield,label) VALUES ('b',CURRVAL('config.marc21_physical_characteristic_subfield_map_id_seq'),'Negative');
INSERT INTO config.marc21_physical_characteristic_value_map (value,ptype_subfield,label) VALUES ('m',CURRVAL('config.marc21_physical_characteristic_subfield_map_id_seq'),'Mixed');
INSERT INTO config.marc21_physical_characteristic_value_map (value,ptype_subfield,label) VALUES ('u',CURRVAL('config.marc21_physical_characteristic_subfield_map_id_seq'),'Unknown');
INSERT INTO config.marc21_physical_characteristic_subfield_map (ptype_key,subfield,start_pos,length,label) VALUES ('h','e','4','1','Dimensions');
INSERT INTO config.marc21_physical_characteristic_value_map (value,ptype_subfield,label) VALUES ('a',CURRVAL('config.marc21_physical_characteristic_subfield_map_id_seq'),'8 mm.');
INSERT INTO config.marc21_physical_characteristic_value_map (value,ptype_subfield,label) VALUES ('e',CURRVAL('config.marc21_physical_characteristic_subfield_map_id_seq'),'16 mm.');
INSERT INTO config.marc21_physical_characteristic_value_map (value,ptype_subfield,label) VALUES ('f',CURRVAL('config.marc21_physical_characteristic_subfield_map_id_seq'),'35 mm.');
INSERT INTO config.marc21_physical_characteristic_value_map (value,ptype_subfield,label) VALUES ('g',CURRVAL('config.marc21_physical_characteristic_subfield_map_id_seq'),'70mm.');
INSERT INTO config.marc21_physical_characteristic_value_map (value,ptype_subfield,label) VALUES ('h',CURRVAL('config.marc21_physical_characteristic_subfield_map_id_seq'),'105 mm.');
INSERT INTO config.marc21_physical_characteristic_value_map (value,ptype_subfield,label) VALUES ('l',CURRVAL('config.marc21_physical_characteristic_subfield_map_id_seq'),'3 x 5 in. (8 x 13 cm.)');
INSERT INTO config.marc21_physical_characteristic_value_map (value,ptype_subfield,label) VALUES ('m',CURRVAL('config.marc21_physical_characteristic_subfield_map_id_seq'),'4 x 6 in. (11 x 15 cm.)');
INSERT INTO config.marc21_physical_characteristic_value_map (value,ptype_subfield,label) VALUES ('o',CURRVAL('config.marc21_physical_characteristic_subfield_map_id_seq'),'6 x 9 in. (16 x 23 cm.)');
INSERT INTO config.marc21_physical_characteristic_value_map (value,ptype_subfield,label) VALUES ('p',CURRVAL('config.marc21_physical_characteristic_subfield_map_id_seq'),'3 1/4 x 7 3/8 in. (9 x 19 cm.)');
INSERT INTO config.marc21_physical_characteristic_value_map (value,ptype_subfield,label) VALUES ('u',CURRVAL('config.marc21_physical_characteristic_subfield_map_id_seq'),'Unknown');
INSERT INTO config.marc21_physical_characteristic_value_map (value,ptype_subfield,label) VALUES ('z',CURRVAL('config.marc21_physical_characteristic_subfield_map_id_seq'),'Other');
INSERT INTO config.marc21_physical_characteristic_subfield_map (ptype_key,subfield,start_pos,length,label) VALUES ('h','f','5','4','Reduction ratio range/Reduction ratio');
INSERT INTO config.marc21_physical_characteristic_value_map (value,ptype_subfield,label) VALUES ('a',CURRVAL('config.marc21_physical_characteristic_subfield_map_id_seq'),'Low (1-16x)');
INSERT INTO config.marc21_physical_characteristic_value_map (value,ptype_subfield,label) VALUES ('b',CURRVAL('config.marc21_physical_characteristic_subfield_map_id_seq'),'Normal (16-30x)');
INSERT INTO config.marc21_physical_characteristic_value_map (value,ptype_subfield,label) VALUES ('c',CURRVAL('config.marc21_physical_characteristic_subfield_map_id_seq'),'High (31-60x)');
INSERT INTO config.marc21_physical_characteristic_value_map (value,ptype_subfield,label) VALUES ('d',CURRVAL('config.marc21_physical_characteristic_subfield_map_id_seq'),'Very high (61-90x)');
INSERT INTO config.marc21_physical_characteristic_value_map (value,ptype_subfield,label) VALUES ('e',CURRVAL('config.marc21_physical_characteristic_subfield_map_id_seq'),'Ultra (90x-)');
INSERT INTO config.marc21_physical_characteristic_value_map (value,ptype_subfield,label) VALUES ('u',CURRVAL('config.marc21_physical_characteristic_subfield_map_id_seq'),'Unknown');
INSERT INTO config.marc21_physical_characteristic_value_map (value,ptype_subfield,label) VALUES ('v',CURRVAL('config.marc21_physical_characteristic_subfield_map_id_seq'),'Reduction ratio varies');
INSERT INTO config.marc21_physical_characteristic_subfield_map (ptype_key,subfield,start_pos,length,label) VALUES ('h','g','9','1','Color');
INSERT INTO config.marc21_physical_characteristic_value_map (value,ptype_subfield,label) VALUES ('b',CURRVAL('config.marc21_physical_characteristic_subfield_map_id_seq'),'Black-and-white');
INSERT INTO config.marc21_physical_characteristic_value_map (value,ptype_subfield,label) VALUES ('c',CURRVAL('config.marc21_physical_characteristic_subfield_map_id_seq'),'Multicolored');
INSERT INTO config.marc21_physical_characteristic_value_map (value,ptype_subfield,label) VALUES ('m',CURRVAL('config.marc21_physical_characteristic_subfield_map_id_seq'),'Mixed');
INSERT INTO config.marc21_physical_characteristic_value_map (value,ptype_subfield,label) VALUES ('u',CURRVAL('config.marc21_physical_characteristic_subfield_map_id_seq'),'Unknown');
INSERT INTO config.marc21_physical_characteristic_value_map (value,ptype_subfield,label) VALUES ('z',CURRVAL('config.marc21_physical_characteristic_subfield_map_id_seq'),'Other');
INSERT INTO config.marc21_physical_characteristic_subfield_map (ptype_key,subfield,start_pos,length,label) VALUES ('h','h','10','1','Emulsion on film');
INSERT INTO config.marc21_physical_characteristic_value_map (value,ptype_subfield,label) VALUES ('a',CURRVAL('config.marc21_physical_characteristic_subfield_map_id_seq'),'Silver halide');
INSERT INTO config.marc21_physical_characteristic_value_map (value,ptype_subfield,label) VALUES ('b',CURRVAL('config.marc21_physical_characteristic_subfield_map_id_seq'),'Diazo');
INSERT INTO config.marc21_physical_characteristic_value_map (value,ptype_subfield,label) VALUES ('c',CURRVAL('config.marc21_physical_characteristic_subfield_map_id_seq'),'Vesicular');
INSERT INTO config.marc21_physical_characteristic_value_map (value,ptype_subfield,label) VALUES ('m',CURRVAL('config.marc21_physical_characteristic_subfield_map_id_seq'),'Mixed');
INSERT INTO config.marc21_physical_characteristic_value_map (value,ptype_subfield,label) VALUES ('n',CURRVAL('config.marc21_physical_characteristic_subfield_map_id_seq'),'Not applicable');
INSERT INTO config.marc21_physical_characteristic_value_map (value,ptype_subfield,label) VALUES ('u',CURRVAL('config.marc21_physical_characteristic_subfield_map_id_seq'),'Unknown');
INSERT INTO config.marc21_physical_characteristic_value_map (value,ptype_subfield,label) VALUES ('z',CURRVAL('config.marc21_physical_characteristic_subfield_map_id_seq'),'Other');
INSERT INTO config.marc21_physical_characteristic_subfield_map (ptype_key,subfield,start_pos,length,label) VALUES ('h','i','11','1','Quality assurance target(s)');
INSERT INTO config.marc21_physical_characteristic_value_map (value,ptype_subfield,label) VALUES ('a',CURRVAL('config.marc21_physical_characteristic_subfield_map_id_seq'),'1st gen. master');
INSERT INTO config.marc21_physical_characteristic_value_map (value,ptype_subfield,label) VALUES ('b',CURRVAL('config.marc21_physical_characteristic_subfield_map_id_seq'),'Printing master');
INSERT INTO config.marc21_physical_characteristic_value_map (value,ptype_subfield,label) VALUES ('c',CURRVAL('config.marc21_physical_characteristic_subfield_map_id_seq'),'Service copy');
INSERT INTO config.marc21_physical_characteristic_value_map (value,ptype_subfield,label) VALUES ('m',CURRVAL('config.marc21_physical_characteristic_subfield_map_id_seq'),'Mixed generation');
INSERT INTO config.marc21_physical_characteristic_value_map (value,ptype_subfield,label) VALUES ('u',CURRVAL('config.marc21_physical_characteristic_subfield_map_id_seq'),'Unknown');
INSERT INTO config.marc21_physical_characteristic_subfield_map (ptype_key,subfield,start_pos,length,label) VALUES ('h','j','12','1','Base of film');
INSERT INTO config.marc21_physical_characteristic_value_map (value,ptype_subfield,label) VALUES ('a',CURRVAL('config.marc21_physical_characteristic_subfield_map_id_seq'),'Safety base, undetermined');
INSERT INTO config.marc21_physical_characteristic_value_map (value,ptype_subfield,label) VALUES ('c',CURRVAL('config.marc21_physical_characteristic_subfield_map_id_seq'),'Safety base, acetate undetermined');
INSERT INTO config.marc21_physical_characteristic_value_map (value,ptype_subfield,label) VALUES ('d',CURRVAL('config.marc21_physical_characteristic_subfield_map_id_seq'),'Safety base, diacetate');
INSERT INTO config.marc21_physical_characteristic_value_map (value,ptype_subfield,label) VALUES ('l',CURRVAL('config.marc21_physical_characteristic_subfield_map_id_seq'),'Nitrate base');
INSERT INTO config.marc21_physical_characteristic_value_map (value,ptype_subfield,label) VALUES ('m',CURRVAL('config.marc21_physical_characteristic_subfield_map_id_seq'),'Mixed base');
INSERT INTO config.marc21_physical_characteristic_value_map (value,ptype_subfield,label) VALUES ('n',CURRVAL('config.marc21_physical_characteristic_subfield_map_id_seq'),'Not applicable');
INSERT INTO config.marc21_physical_characteristic_value_map (value,ptype_subfield,label) VALUES ('p',CURRVAL('config.marc21_physical_characteristic_subfield_map_id_seq'),'Safety base, polyester');
INSERT INTO config.marc21_physical_characteristic_value_map (value,ptype_subfield,label) VALUES ('r',CURRVAL('config.marc21_physical_characteristic_subfield_map_id_seq'),'Safety base, mixed');
INSERT INTO config.marc21_physical_characteristic_value_map (value,ptype_subfield,label) VALUES ('t',CURRVAL('config.marc21_physical_characteristic_subfield_map_id_seq'),'Safety base, triacetate');
INSERT INTO config.marc21_physical_characteristic_value_map (value,ptype_subfield,label) VALUES ('u',CURRVAL('config.marc21_physical_characteristic_subfield_map_id_seq'),'Unknown');
INSERT INTO config.marc21_physical_characteristic_value_map (value,ptype_subfield,label) VALUES ('z',CURRVAL('config.marc21_physical_characteristic_subfield_map_id_seq'),'Other');

-- Non-projected Graphic
INSERT INTO config.marc21_physical_characteristic_type_map (ptype_key, label) VALUES ('k','Non-projected Graphic');
INSERT INTO config.marc21_physical_characteristic_subfield_map (ptype_key,subfield,start_pos,length,label) VALUES ('k','b','1','1','SMD');
INSERT INTO config.marc21_physical_characteristic_value_map (value,ptype_subfield,label) VALUES ('c',CURRVAL('config.marc21_physical_characteristic_subfield_map_id_seq'),'Collage');
INSERT INTO config.marc21_physical_characteristic_value_map (value,ptype_subfield,label) VALUES ('d',CURRVAL('config.marc21_physical_characteristic_subfield_map_id_seq'),'Drawing');
INSERT INTO config.marc21_physical_characteristic_value_map (value,ptype_subfield,label) VALUES ('e',CURRVAL('config.marc21_physical_characteristic_subfield_map_id_seq'),'Painting');
INSERT INTO config.marc21_physical_characteristic_value_map (value,ptype_subfield,label) VALUES ('f',CURRVAL('config.marc21_physical_characteristic_subfield_map_id_seq'),'Photo-mechanical print');
INSERT INTO config.marc21_physical_characteristic_value_map (value,ptype_subfield,label) VALUES ('g',CURRVAL('config.marc21_physical_characteristic_subfield_map_id_seq'),'Photonegative');
INSERT INTO config.marc21_physical_characteristic_value_map (value,ptype_subfield,label) VALUES ('h',CURRVAL('config.marc21_physical_characteristic_subfield_map_id_seq'),'Photoprint');
INSERT INTO config.marc21_physical_characteristic_value_map (value,ptype_subfield,label) VALUES ('i',CURRVAL('config.marc21_physical_characteristic_subfield_map_id_seq'),'Picture');
INSERT INTO config.marc21_physical_characteristic_value_map (value,ptype_subfield,label) VALUES ('j',CURRVAL('config.marc21_physical_characteristic_subfield_map_id_seq'),'Print');
INSERT INTO config.marc21_physical_characteristic_value_map (value,ptype_subfield,label) VALUES ('l',CURRVAL('config.marc21_physical_characteristic_subfield_map_id_seq'),'Technical drawing');
INSERT INTO config.marc21_physical_characteristic_value_map (value,ptype_subfield,label) VALUES ('n',CURRVAL('config.marc21_physical_characteristic_subfield_map_id_seq'),'Chart');
INSERT INTO config.marc21_physical_characteristic_value_map (value,ptype_subfield,label) VALUES ('o',CURRVAL('config.marc21_physical_characteristic_subfield_map_id_seq'),'Flash/activity card');
INSERT INTO config.marc21_physical_characteristic_value_map (value,ptype_subfield,label) VALUES ('u',CURRVAL('config.marc21_physical_characteristic_subfield_map_id_seq'),'Unspecified');
INSERT INTO config.marc21_physical_characteristic_value_map (value,ptype_subfield,label) VALUES ('z',CURRVAL('config.marc21_physical_characteristic_subfield_map_id_seq'),'Other');
INSERT INTO config.marc21_physical_characteristic_subfield_map (ptype_key,subfield,start_pos,length,label) VALUES ('k','d','3','1','Color');
INSERT INTO config.marc21_physical_characteristic_value_map (value,ptype_subfield,label) VALUES ('a',CURRVAL('config.marc21_physical_characteristic_subfield_map_id_seq'),'One color');
INSERT INTO config.marc21_physical_characteristic_value_map (value,ptype_subfield,label) VALUES ('b',CURRVAL('config.marc21_physical_characteristic_subfield_map_id_seq'),'Black-and-white');
INSERT INTO config.marc21_physical_characteristic_value_map (value,ptype_subfield,label) VALUES ('c',CURRVAL('config.marc21_physical_characteristic_subfield_map_id_seq'),'Multicolored');
INSERT INTO config.marc21_physical_characteristic_value_map (value,ptype_subfield,label) VALUES ('h',CURRVAL('config.marc21_physical_characteristic_subfield_map_id_seq'),'Hand-colored');
INSERT INTO config.marc21_physical_characteristic_value_map (value,ptype_subfield,label) VALUES ('m',CURRVAL('config.marc21_physical_characteristic_subfield_map_id_seq'),'Mixed');
INSERT INTO config.marc21_physical_characteristic_value_map (value,ptype_subfield,label) VALUES ('u',CURRVAL('config.marc21_physical_characteristic_subfield_map_id_seq'),'Unknown');
INSERT INTO config.marc21_physical_characteristic_value_map (value,ptype_subfield,label) VALUES ('z',CURRVAL('config.marc21_physical_characteristic_subfield_map_id_seq'),'Other');
INSERT INTO config.marc21_physical_characteristic_subfield_map (ptype_key,subfield,start_pos,length,label) VALUES ('k','e','4','1','Primary support material');
INSERT INTO config.marc21_physical_characteristic_value_map (value,ptype_subfield,label) VALUES ('a',CURRVAL('config.marc21_physical_characteristic_subfield_map_id_seq'),'Canvas');
INSERT INTO config.marc21_physical_characteristic_value_map (value,ptype_subfield,label) VALUES ('b',CURRVAL('config.marc21_physical_characteristic_subfield_map_id_seq'),'Bristol board');
INSERT INTO config.marc21_physical_characteristic_value_map (value,ptype_subfield,label) VALUES ('c',CURRVAL('config.marc21_physical_characteristic_subfield_map_id_seq'),'Cardboard/illustration board');
INSERT INTO config.marc21_physical_characteristic_value_map (value,ptype_subfield,label) VALUES ('d',CURRVAL('config.marc21_physical_characteristic_subfield_map_id_seq'),'Glass');
INSERT INTO config.marc21_physical_characteristic_value_map (value,ptype_subfield,label) VALUES ('e',CURRVAL('config.marc21_physical_characteristic_subfield_map_id_seq'),'Synthetics');
INSERT INTO config.marc21_physical_characteristic_value_map (value,ptype_subfield,label) VALUES ('f',CURRVAL('config.marc21_physical_characteristic_subfield_map_id_seq'),'Skins');
INSERT INTO config.marc21_physical_characteristic_value_map (value,ptype_subfield,label) VALUES ('g',CURRVAL('config.marc21_physical_characteristic_subfield_map_id_seq'),'Textile');
INSERT INTO config.marc21_physical_characteristic_value_map (value,ptype_subfield,label) VALUES ('h',CURRVAL('config.marc21_physical_characteristic_subfield_map_id_seq'),'Metal');
INSERT INTO config.marc21_physical_characteristic_value_map (value,ptype_subfield,label) VALUES ('m',CURRVAL('config.marc21_physical_characteristic_subfield_map_id_seq'),'Mixed collection');
INSERT INTO config.marc21_physical_characteristic_value_map (value,ptype_subfield,label) VALUES ('o',CURRVAL('config.marc21_physical_characteristic_subfield_map_id_seq'),'Paper');
INSERT INTO config.marc21_physical_characteristic_value_map (value,ptype_subfield,label) VALUES ('p',CURRVAL('config.marc21_physical_characteristic_subfield_map_id_seq'),'Plaster');
INSERT INTO config.marc21_physical_characteristic_value_map (value,ptype_subfield,label) VALUES ('q',CURRVAL('config.marc21_physical_characteristic_subfield_map_id_seq'),'Hardboard');
INSERT INTO config.marc21_physical_characteristic_value_map (value,ptype_subfield,label) VALUES ('r',CURRVAL('config.marc21_physical_characteristic_subfield_map_id_seq'),'Porcelain');
INSERT INTO config.marc21_physical_characteristic_value_map (value,ptype_subfield,label) VALUES ('s',CURRVAL('config.marc21_physical_characteristic_subfield_map_id_seq'),'Stone');
INSERT INTO config.marc21_physical_characteristic_value_map (value,ptype_subfield,label) VALUES ('t',CURRVAL('config.marc21_physical_characteristic_subfield_map_id_seq'),'Wood');
INSERT INTO config.marc21_physical_characteristic_value_map (value,ptype_subfield,label) VALUES ('u',CURRVAL('config.marc21_physical_characteristic_subfield_map_id_seq'),'Unknown');
INSERT INTO config.marc21_physical_characteristic_value_map (value,ptype_subfield,label) VALUES ('z',CURRVAL('config.marc21_physical_characteristic_subfield_map_id_seq'),'Other');
INSERT INTO config.marc21_physical_characteristic_subfield_map (ptype_key,subfield,start_pos,length,label) VALUES ('k','f','5','1','Secondary support material');
INSERT INTO config.marc21_physical_characteristic_value_map (value,ptype_subfield,label) VALUES ('a',CURRVAL('config.marc21_physical_characteristic_subfield_map_id_seq'),'Canvas');
INSERT INTO config.marc21_physical_characteristic_value_map (value,ptype_subfield,label) VALUES ('b',CURRVAL('config.marc21_physical_characteristic_subfield_map_id_seq'),'Bristol board');
INSERT INTO config.marc21_physical_characteristic_value_map (value,ptype_subfield,label) VALUES ('c',CURRVAL('config.marc21_physical_characteristic_subfield_map_id_seq'),'Cardboard/illustration board');
INSERT INTO config.marc21_physical_characteristic_value_map (value,ptype_subfield,label) VALUES ('d',CURRVAL('config.marc21_physical_characteristic_subfield_map_id_seq'),'Glass');
INSERT INTO config.marc21_physical_characteristic_value_map (value,ptype_subfield,label) VALUES ('e',CURRVAL('config.marc21_physical_characteristic_subfield_map_id_seq'),'Synthetics');
INSERT INTO config.marc21_physical_characteristic_value_map (value,ptype_subfield,label) VALUES ('f',CURRVAL('config.marc21_physical_characteristic_subfield_map_id_seq'),'Skins');
INSERT INTO config.marc21_physical_characteristic_value_map (value,ptype_subfield,label) VALUES ('g',CURRVAL('config.marc21_physical_characteristic_subfield_map_id_seq'),'Textile');
INSERT INTO config.marc21_physical_characteristic_value_map (value,ptype_subfield,label) VALUES ('h',CURRVAL('config.marc21_physical_characteristic_subfield_map_id_seq'),'Metal');
INSERT INTO config.marc21_physical_characteristic_value_map (value,ptype_subfield,label) VALUES ('m',CURRVAL('config.marc21_physical_characteristic_subfield_map_id_seq'),'Mixed collection');
INSERT INTO config.marc21_physical_characteristic_value_map (value,ptype_subfield,label) VALUES ('o',CURRVAL('config.marc21_physical_characteristic_subfield_map_id_seq'),'Paper');
INSERT INTO config.marc21_physical_characteristic_value_map (value,ptype_subfield,label) VALUES ('p',CURRVAL('config.marc21_physical_characteristic_subfield_map_id_seq'),'Plaster');
INSERT INTO config.marc21_physical_characteristic_value_map (value,ptype_subfield,label) VALUES ('q',CURRVAL('config.marc21_physical_characteristic_subfield_map_id_seq'),'Hardboard');
INSERT INTO config.marc21_physical_characteristic_value_map (value,ptype_subfield,label) VALUES ('r',CURRVAL('config.marc21_physical_characteristic_subfield_map_id_seq'),'Porcelain');
INSERT INTO config.marc21_physical_characteristic_value_map (value,ptype_subfield,label) VALUES ('s',CURRVAL('config.marc21_physical_characteristic_subfield_map_id_seq'),'Stone');
INSERT INTO config.marc21_physical_characteristic_value_map (value,ptype_subfield,label) VALUES ('t',CURRVAL('config.marc21_physical_characteristic_subfield_map_id_seq'),'Wood');
INSERT INTO config.marc21_physical_characteristic_value_map (value,ptype_subfield,label) VALUES ('u',CURRVAL('config.marc21_physical_characteristic_subfield_map_id_seq'),'Unknown');
INSERT INTO config.marc21_physical_characteristic_value_map (value,ptype_subfield,label) VALUES ('z',CURRVAL('config.marc21_physical_characteristic_subfield_map_id_seq'),'Other');

-- Motion Picture
INSERT INTO config.marc21_physical_characteristic_type_map (ptype_key, label) VALUES ('m','Motion Picture');
INSERT INTO config.marc21_physical_characteristic_subfield_map (ptype_key,subfield,start_pos,length,label) VALUES ('m','b','1','1','SMD');
INSERT INTO config.marc21_physical_characteristic_value_map (value,ptype_subfield,label) VALUES ('a',CURRVAL('config.marc21_physical_characteristic_subfield_map_id_seq'),'Film cartridge');
INSERT INTO config.marc21_physical_characteristic_value_map (value,ptype_subfield,label) VALUES ('f',CURRVAL('config.marc21_physical_characteristic_subfield_map_id_seq'),'Film cassette');
INSERT INTO config.marc21_physical_characteristic_value_map (value,ptype_subfield,label) VALUES ('r',CURRVAL('config.marc21_physical_characteristic_subfield_map_id_seq'),'Film reel');
INSERT INTO config.marc21_physical_characteristic_value_map (value,ptype_subfield,label) VALUES ('u',CURRVAL('config.marc21_physical_characteristic_subfield_map_id_seq'),'Unspecified');
INSERT INTO config.marc21_physical_characteristic_value_map (value,ptype_subfield,label) VALUES ('z',CURRVAL('config.marc21_physical_characteristic_subfield_map_id_seq'),'Other');
INSERT INTO config.marc21_physical_characteristic_subfield_map (ptype_key,subfield,start_pos,length,label) VALUES ('m','d','3','1','Color');
INSERT INTO config.marc21_physical_characteristic_value_map (value,ptype_subfield,label) VALUES ('b',CURRVAL('config.marc21_physical_characteristic_subfield_map_id_seq'),'Black-and-white');
INSERT INTO config.marc21_physical_characteristic_value_map (value,ptype_subfield,label) VALUES ('c',CURRVAL('config.marc21_physical_characteristic_subfield_map_id_seq'),'Multicolored');
INSERT INTO config.marc21_physical_characteristic_value_map (value,ptype_subfield,label) VALUES ('h',CURRVAL('config.marc21_physical_characteristic_subfield_map_id_seq'),'Hand-colored');
INSERT INTO config.marc21_physical_characteristic_value_map (value,ptype_subfield,label) VALUES ('m',CURRVAL('config.marc21_physical_characteristic_subfield_map_id_seq'),'Mixed');
INSERT INTO config.marc21_physical_characteristic_value_map (value,ptype_subfield,label) VALUES ('u',CURRVAL('config.marc21_physical_characteristic_subfield_map_id_seq'),'Unknown');
INSERT INTO config.marc21_physical_characteristic_value_map (value,ptype_subfield,label) VALUES ('z',CURRVAL('config.marc21_physical_characteristic_subfield_map_id_seq'),'Other');
INSERT INTO config.marc21_physical_characteristic_subfield_map (ptype_key,subfield,start_pos,length,label) VALUES ('m','e','4','1','Motion picture presentation format');
INSERT INTO config.marc21_physical_characteristic_value_map (value,ptype_subfield,label) VALUES ('a',CURRVAL('config.marc21_physical_characteristic_subfield_map_id_seq'),'Standard sound aperture, reduced frame');
INSERT INTO config.marc21_physical_characteristic_value_map (value,ptype_subfield,label) VALUES ('b',CURRVAL('config.marc21_physical_characteristic_subfield_map_id_seq'),'Nonanamorphic (wide-screen)');
INSERT INTO config.marc21_physical_characteristic_value_map (value,ptype_subfield,label) VALUES ('c',CURRVAL('config.marc21_physical_characteristic_subfield_map_id_seq'),'3D');
INSERT INTO config.marc21_physical_characteristic_value_map (value,ptype_subfield,label) VALUES ('d',CURRVAL('config.marc21_physical_characteristic_subfield_map_id_seq'),'Anamorphic (wide-screen)');
INSERT INTO config.marc21_physical_characteristic_value_map (value,ptype_subfield,label) VALUES ('e',CURRVAL('config.marc21_physical_characteristic_subfield_map_id_seq'),'Other-wide screen format');
INSERT INTO config.marc21_physical_characteristic_value_map (value,ptype_subfield,label) VALUES ('f',CURRVAL('config.marc21_physical_characteristic_subfield_map_id_seq'),'Standard. silent aperture, full frame');
INSERT INTO config.marc21_physical_characteristic_value_map (value,ptype_subfield,label) VALUES ('u',CURRVAL('config.marc21_physical_characteristic_subfield_map_id_seq'),'Unknown');
INSERT INTO config.marc21_physical_characteristic_value_map (value,ptype_subfield,label) VALUES ('z',CURRVAL('config.marc21_physical_characteristic_subfield_map_id_seq'),'Other');
INSERT INTO config.marc21_physical_characteristic_subfield_map (ptype_key,subfield,start_pos,length,label) VALUES ('m','f','5','1','Sound on medium or separate');
INSERT INTO config.marc21_physical_characteristic_value_map (value,ptype_subfield,label) VALUES ('a',CURRVAL('config.marc21_physical_characteristic_subfield_map_id_seq'),'Sound on medium');
INSERT INTO config.marc21_physical_characteristic_value_map (value,ptype_subfield,label) VALUES ('b',CURRVAL('config.marc21_physical_characteristic_subfield_map_id_seq'),'Sound separate from medium');
INSERT INTO config.marc21_physical_characteristic_value_map (value,ptype_subfield,label) VALUES ('u',CURRVAL('config.marc21_physical_characteristic_subfield_map_id_seq'),'Unknown');
INSERT INTO config.marc21_physical_characteristic_subfield_map (ptype_key,subfield,start_pos,length,label) VALUES ('m','g','6','1','Medium for sound');
INSERT INTO config.marc21_physical_characteristic_value_map (value,ptype_subfield,label) VALUES ('a',CURRVAL('config.marc21_physical_characteristic_subfield_map_id_seq'),'Optical sound track on motion picture film');
INSERT INTO config.marc21_physical_characteristic_value_map (value,ptype_subfield,label) VALUES ('b',CURRVAL('config.marc21_physical_characteristic_subfield_map_id_seq'),'Magnetic sound track on motion picture film');
INSERT INTO config.marc21_physical_characteristic_value_map (value,ptype_subfield,label) VALUES ('c',CURRVAL('config.marc21_physical_characteristic_subfield_map_id_seq'),'Magnetic audio tape in cartridge');
INSERT INTO config.marc21_physical_characteristic_value_map (value,ptype_subfield,label) VALUES ('d',CURRVAL('config.marc21_physical_characteristic_subfield_map_id_seq'),'Sound disc');
INSERT INTO config.marc21_physical_characteristic_value_map (value,ptype_subfield,label) VALUES ('e',CURRVAL('config.marc21_physical_characteristic_subfield_map_id_seq'),'Magnetic audio tape on reel');
INSERT INTO config.marc21_physical_characteristic_value_map (value,ptype_subfield,label) VALUES ('f',CURRVAL('config.marc21_physical_characteristic_subfield_map_id_seq'),'Magnetic audio tape in cassette');
INSERT INTO config.marc21_physical_characteristic_value_map (value,ptype_subfield,label) VALUES ('g',CURRVAL('config.marc21_physical_characteristic_subfield_map_id_seq'),'Optical and magnetic sound track on film');
INSERT INTO config.marc21_physical_characteristic_value_map (value,ptype_subfield,label) VALUES ('h',CURRVAL('config.marc21_physical_characteristic_subfield_map_id_seq'),'Videotape');
INSERT INTO config.marc21_physical_characteristic_value_map (value,ptype_subfield,label) VALUES ('i',CURRVAL('config.marc21_physical_characteristic_subfield_map_id_seq'),'Videodisc');
INSERT INTO config.marc21_physical_characteristic_value_map (value,ptype_subfield,label) VALUES ('u',CURRVAL('config.marc21_physical_characteristic_subfield_map_id_seq'),'Unknown');
INSERT INTO config.marc21_physical_characteristic_value_map (value,ptype_subfield,label) VALUES ('z',CURRVAL('config.marc21_physical_characteristic_subfield_map_id_seq'),'Other');
INSERT INTO config.marc21_physical_characteristic_subfield_map (ptype_key,subfield,start_pos,length,label) VALUES ('m','h','7','1','Dimensions');
INSERT INTO config.marc21_physical_characteristic_value_map (value,ptype_subfield,label) VALUES ('a',CURRVAL('config.marc21_physical_characteristic_subfield_map_id_seq'),'Standard 8 mm.');
INSERT INTO config.marc21_physical_characteristic_value_map (value,ptype_subfield,label) VALUES ('b',CURRVAL('config.marc21_physical_characteristic_subfield_map_id_seq'),'Super 8 mm./single 8 mm.');
INSERT INTO config.marc21_physical_characteristic_value_map (value,ptype_subfield,label) VALUES ('c',CURRVAL('config.marc21_physical_characteristic_subfield_map_id_seq'),'9.5 mm.');
INSERT INTO config.marc21_physical_characteristic_value_map (value,ptype_subfield,label) VALUES ('d',CURRVAL('config.marc21_physical_characteristic_subfield_map_id_seq'),'16 mm.');
INSERT INTO config.marc21_physical_characteristic_value_map (value,ptype_subfield,label) VALUES ('e',CURRVAL('config.marc21_physical_characteristic_subfield_map_id_seq'),'28 mm.');
INSERT INTO config.marc21_physical_characteristic_value_map (value,ptype_subfield,label) VALUES ('f',CURRVAL('config.marc21_physical_characteristic_subfield_map_id_seq'),'35 mm.');
INSERT INTO config.marc21_physical_characteristic_value_map (value,ptype_subfield,label) VALUES ('g',CURRVAL('config.marc21_physical_characteristic_subfield_map_id_seq'),'70 mm.');
INSERT INTO config.marc21_physical_characteristic_value_map (value,ptype_subfield,label) VALUES ('u',CURRVAL('config.marc21_physical_characteristic_subfield_map_id_seq'),'Unknown');
INSERT INTO config.marc21_physical_characteristic_value_map (value,ptype_subfield,label) VALUES ('z',CURRVAL('config.marc21_physical_characteristic_subfield_map_id_seq'),'Other');
INSERT INTO config.marc21_physical_characteristic_subfield_map (ptype_key,subfield,start_pos,length,label) VALUES ('m','i','8','1','Configuration of playback channels');
INSERT INTO config.marc21_physical_characteristic_value_map (value,ptype_subfield,label) VALUES ('k',CURRVAL('config.marc21_physical_characteristic_subfield_map_id_seq'),'Mixed');
INSERT INTO config.marc21_physical_characteristic_value_map (value,ptype_subfield,label) VALUES ('m',CURRVAL('config.marc21_physical_characteristic_subfield_map_id_seq'),'Monaural');
INSERT INTO config.marc21_physical_characteristic_value_map (value,ptype_subfield,label) VALUES ('n',CURRVAL('config.marc21_physical_characteristic_subfield_map_id_seq'),'Not applicable');
INSERT INTO config.marc21_physical_characteristic_value_map (value,ptype_subfield,label) VALUES ('q',CURRVAL('config.marc21_physical_characteristic_subfield_map_id_seq'),'Multichannel, surround or quadraphonic');
INSERT INTO config.marc21_physical_characteristic_value_map (value,ptype_subfield,label) VALUES ('s',CURRVAL('config.marc21_physical_characteristic_subfield_map_id_seq'),'Stereophonic');
INSERT INTO config.marc21_physical_characteristic_value_map (value,ptype_subfield,label) VALUES ('u',CURRVAL('config.marc21_physical_characteristic_subfield_map_id_seq'),'Unknown');
INSERT INTO config.marc21_physical_characteristic_value_map (value,ptype_subfield,label) VALUES ('z',CURRVAL('config.marc21_physical_characteristic_subfield_map_id_seq'),'Other');
INSERT INTO config.marc21_physical_characteristic_subfield_map (ptype_key,subfield,start_pos,length,label) VALUES ('m','j','9','1','Production elements');
INSERT INTO config.marc21_physical_characteristic_value_map (value,ptype_subfield,label) VALUES ('a',CURRVAL('config.marc21_physical_characteristic_subfield_map_id_seq'),'Work print');
INSERT INTO config.marc21_physical_characteristic_value_map (value,ptype_subfield,label) VALUES ('b',CURRVAL('config.marc21_physical_characteristic_subfield_map_id_seq'),'Trims');
INSERT INTO config.marc21_physical_characteristic_value_map (value,ptype_subfield,label) VALUES ('c',CURRVAL('config.marc21_physical_characteristic_subfield_map_id_seq'),'Outtakes');
INSERT INTO config.marc21_physical_characteristic_value_map (value,ptype_subfield,label) VALUES ('d',CURRVAL('config.marc21_physical_characteristic_subfield_map_id_seq'),'Rushes');
INSERT INTO config.marc21_physical_characteristic_value_map (value,ptype_subfield,label) VALUES ('e',CURRVAL('config.marc21_physical_characteristic_subfield_map_id_seq'),'Mixing tracks');
INSERT INTO config.marc21_physical_characteristic_value_map (value,ptype_subfield,label) VALUES ('f',CURRVAL('config.marc21_physical_characteristic_subfield_map_id_seq'),'Title bands/inter-title rolls');
INSERT INTO config.marc21_physical_characteristic_value_map (value,ptype_subfield,label) VALUES ('g',CURRVAL('config.marc21_physical_characteristic_subfield_map_id_seq'),'Production rolls');
INSERT INTO config.marc21_physical_characteristic_value_map (value,ptype_subfield,label) VALUES ('n',CURRVAL('config.marc21_physical_characteristic_subfield_map_id_seq'),'Not applicable');
INSERT INTO config.marc21_physical_characteristic_value_map (value,ptype_subfield,label) VALUES ('z',CURRVAL('config.marc21_physical_characteristic_subfield_map_id_seq'),'Other');

-- Remote-sensing Image
INSERT INTO config.marc21_physical_characteristic_type_map (ptype_key, label) VALUES ('r','Remote-sensing Image');
INSERT INTO config.marc21_physical_characteristic_subfield_map (ptype_key,subfield,start_pos,length,label) VALUES ('r','b','1','1','SMD');
INSERT INTO config.marc21_physical_characteristic_value_map (value,ptype_subfield,label) VALUES ('u',CURRVAL('config.marc21_physical_characteristic_subfield_map_id_seq'),'Unspecified');
INSERT INTO config.marc21_physical_characteristic_subfield_map (ptype_key,subfield,start_pos,length,label) VALUES ('r','d','3','1','Altitude of sensor');
INSERT INTO config.marc21_physical_characteristic_value_map (value,ptype_subfield,label) VALUES ('a',CURRVAL('config.marc21_physical_characteristic_subfield_map_id_seq'),'Surface');
INSERT INTO config.marc21_physical_characteristic_value_map (value,ptype_subfield,label) VALUES ('b',CURRVAL('config.marc21_physical_characteristic_subfield_map_id_seq'),'Airborne');
INSERT INTO config.marc21_physical_characteristic_value_map (value,ptype_subfield,label) VALUES ('c',CURRVAL('config.marc21_physical_characteristic_subfield_map_id_seq'),'Spaceborne');
INSERT INTO config.marc21_physical_characteristic_value_map (value,ptype_subfield,label) VALUES ('n',CURRVAL('config.marc21_physical_characteristic_subfield_map_id_seq'),'Not applicable');
INSERT INTO config.marc21_physical_characteristic_value_map (value,ptype_subfield,label) VALUES ('u',CURRVAL('config.marc21_physical_characteristic_subfield_map_id_seq'),'Unknown');
INSERT INTO config.marc21_physical_characteristic_value_map (value,ptype_subfield,label) VALUES ('z',CURRVAL('config.marc21_physical_characteristic_subfield_map_id_seq'),'Other');
INSERT INTO config.marc21_physical_characteristic_subfield_map (ptype_key,subfield,start_pos,length,label) VALUES ('r','e','4','1','Attitude of sensor');
INSERT INTO config.marc21_physical_characteristic_value_map (value,ptype_subfield,label) VALUES ('a',CURRVAL('config.marc21_physical_characteristic_subfield_map_id_seq'),'Low oblique');
INSERT INTO config.marc21_physical_characteristic_value_map (value,ptype_subfield,label) VALUES ('b',CURRVAL('config.marc21_physical_characteristic_subfield_map_id_seq'),'High oblique');
INSERT INTO config.marc21_physical_characteristic_value_map (value,ptype_subfield,label) VALUES ('c',CURRVAL('config.marc21_physical_characteristic_subfield_map_id_seq'),'Vertical');
INSERT INTO config.marc21_physical_characteristic_value_map (value,ptype_subfield,label) VALUES ('n',CURRVAL('config.marc21_physical_characteristic_subfield_map_id_seq'),'Not applicable');
INSERT INTO config.marc21_physical_characteristic_value_map (value,ptype_subfield,label) VALUES ('u',CURRVAL('config.marc21_physical_characteristic_subfield_map_id_seq'),'Unknown');
INSERT INTO config.marc21_physical_characteristic_subfield_map (ptype_key,subfield,start_pos,length,label) VALUES ('r','f','5','1','Cloud cover');
INSERT INTO config.marc21_physical_characteristic_value_map (value,ptype_subfield,label) VALUES ('0',CURRVAL('config.marc21_physical_characteristic_subfield_map_id_seq'),'0-09%');
INSERT INTO config.marc21_physical_characteristic_value_map (value,ptype_subfield,label) VALUES ('1',CURRVAL('config.marc21_physical_characteristic_subfield_map_id_seq'),'10-19%');
INSERT INTO config.marc21_physical_characteristic_value_map (value,ptype_subfield,label) VALUES ('2',CURRVAL('config.marc21_physical_characteristic_subfield_map_id_seq'),'20-29%');
INSERT INTO config.marc21_physical_characteristic_value_map (value,ptype_subfield,label) VALUES ('3',CURRVAL('config.marc21_physical_characteristic_subfield_map_id_seq'),'30-39%');
INSERT INTO config.marc21_physical_characteristic_value_map (value,ptype_subfield,label) VALUES ('4',CURRVAL('config.marc21_physical_characteristic_subfield_map_id_seq'),'40-49%');
INSERT INTO config.marc21_physical_characteristic_value_map (value,ptype_subfield,label) VALUES ('5',CURRVAL('config.marc21_physical_characteristic_subfield_map_id_seq'),'50-59%');
INSERT INTO config.marc21_physical_characteristic_value_map (value,ptype_subfield,label) VALUES ('6',CURRVAL('config.marc21_physical_characteristic_subfield_map_id_seq'),'60-69%');
INSERT INTO config.marc21_physical_characteristic_value_map (value,ptype_subfield,label) VALUES ('7',CURRVAL('config.marc21_physical_characteristic_subfield_map_id_seq'),'70-79%');
INSERT INTO config.marc21_physical_characteristic_value_map (value,ptype_subfield,label) VALUES ('8',CURRVAL('config.marc21_physical_characteristic_subfield_map_id_seq'),'80-89%');
INSERT INTO config.marc21_physical_characteristic_value_map (value,ptype_subfield,label) VALUES ('9',CURRVAL('config.marc21_physical_characteristic_subfield_map_id_seq'),'90-100%');
INSERT INTO config.marc21_physical_characteristic_value_map (value,ptype_subfield,label) VALUES ('n',CURRVAL('config.marc21_physical_characteristic_subfield_map_id_seq'),'Not applicable');
INSERT INTO config.marc21_physical_characteristic_value_map (value,ptype_subfield,label) VALUES ('u',CURRVAL('config.marc21_physical_characteristic_subfield_map_id_seq'),'Unknown');
INSERT INTO config.marc21_physical_characteristic_subfield_map (ptype_key,subfield,start_pos,length,label) VALUES ('r','g','6','1','Platform construction type');
INSERT INTO config.marc21_physical_characteristic_value_map (value,ptype_subfield,label) VALUES ('a',CURRVAL('config.marc21_physical_characteristic_subfield_map_id_seq'),'Balloon');
INSERT INTO config.marc21_physical_characteristic_value_map (value,ptype_subfield,label) VALUES ('b',CURRVAL('config.marc21_physical_characteristic_subfield_map_id_seq'),'Aircraft-low altitude');
INSERT INTO config.marc21_physical_characteristic_value_map (value,ptype_subfield,label) VALUES ('c',CURRVAL('config.marc21_physical_characteristic_subfield_map_id_seq'),'Aircraft-medium altitude');
INSERT INTO config.marc21_physical_characteristic_value_map (value,ptype_subfield,label) VALUES ('d',CURRVAL('config.marc21_physical_characteristic_subfield_map_id_seq'),'Aircraft-high altitude');
INSERT INTO config.marc21_physical_characteristic_value_map (value,ptype_subfield,label) VALUES ('e',CURRVAL('config.marc21_physical_characteristic_subfield_map_id_seq'),'Manned spacecraft');
INSERT INTO config.marc21_physical_characteristic_value_map (value,ptype_subfield,label) VALUES ('f',CURRVAL('config.marc21_physical_characteristic_subfield_map_id_seq'),'Unmanned spacecraft');
INSERT INTO config.marc21_physical_characteristic_value_map (value,ptype_subfield,label) VALUES ('g',CURRVAL('config.marc21_physical_characteristic_subfield_map_id_seq'),'Land-based remote-sensing device');
INSERT INTO config.marc21_physical_characteristic_value_map (value,ptype_subfield,label) VALUES ('h',CURRVAL('config.marc21_physical_characteristic_subfield_map_id_seq'),'Water surface-based remote-sensing device');
INSERT INTO config.marc21_physical_characteristic_value_map (value,ptype_subfield,label) VALUES ('i',CURRVAL('config.marc21_physical_characteristic_subfield_map_id_seq'),'Submersible remote-sensing device');
INSERT INTO config.marc21_physical_characteristic_value_map (value,ptype_subfield,label) VALUES ('n',CURRVAL('config.marc21_physical_characteristic_subfield_map_id_seq'),'Not applicable');
INSERT INTO config.marc21_physical_characteristic_value_map (value,ptype_subfield,label) VALUES ('u',CURRVAL('config.marc21_physical_characteristic_subfield_map_id_seq'),'Unknown');
INSERT INTO config.marc21_physical_characteristic_value_map (value,ptype_subfield,label) VALUES ('z',CURRVAL('config.marc21_physical_characteristic_subfield_map_id_seq'),'Other');
INSERT INTO config.marc21_physical_characteristic_subfield_map (ptype_key,subfield,start_pos,length,label) VALUES ('r','h','7','1','Platform use category');
INSERT INTO config.marc21_physical_characteristic_value_map (value,ptype_subfield,label) VALUES ('a',CURRVAL('config.marc21_physical_characteristic_subfield_map_id_seq'),'Meteorological');
INSERT INTO config.marc21_physical_characteristic_value_map (value,ptype_subfield,label) VALUES ('b',CURRVAL('config.marc21_physical_characteristic_subfield_map_id_seq'),'Surface observing');
INSERT INTO config.marc21_physical_characteristic_value_map (value,ptype_subfield,label) VALUES ('c',CURRVAL('config.marc21_physical_characteristic_subfield_map_id_seq'),'Space observing');
INSERT INTO config.marc21_physical_characteristic_value_map (value,ptype_subfield,label) VALUES ('m',CURRVAL('config.marc21_physical_characteristic_subfield_map_id_seq'),'Mixed uses');
INSERT INTO config.marc21_physical_characteristic_value_map (value,ptype_subfield,label) VALUES ('n',CURRVAL('config.marc21_physical_characteristic_subfield_map_id_seq'),'Not applicable');
INSERT INTO config.marc21_physical_characteristic_value_map (value,ptype_subfield,label) VALUES ('u',CURRVAL('config.marc21_physical_characteristic_subfield_map_id_seq'),'Unknown');
INSERT INTO config.marc21_physical_characteristic_value_map (value,ptype_subfield,label) VALUES ('z',CURRVAL('config.marc21_physical_characteristic_subfield_map_id_seq'),'Other');
INSERT INTO config.marc21_physical_characteristic_subfield_map (ptype_key,subfield,start_pos,length,label) VALUES ('r','i','8','1','Sensor type');
INSERT INTO config.marc21_physical_characteristic_value_map (value,ptype_subfield,label) VALUES ('a',CURRVAL('config.marc21_physical_characteristic_subfield_map_id_seq'),'Active');
INSERT INTO config.marc21_physical_characteristic_value_map (value,ptype_subfield,label) VALUES ('b',CURRVAL('config.marc21_physical_characteristic_subfield_map_id_seq'),'Passive');
INSERT INTO config.marc21_physical_characteristic_value_map (value,ptype_subfield,label) VALUES ('u',CURRVAL('config.marc21_physical_characteristic_subfield_map_id_seq'),'Unknown');
INSERT INTO config.marc21_physical_characteristic_value_map (value,ptype_subfield,label) VALUES ('z',CURRVAL('config.marc21_physical_characteristic_subfield_map_id_seq'),'Other');
INSERT INTO config.marc21_physical_characteristic_subfield_map (ptype_key,subfield,start_pos,length,label) VALUES ('r','j','9','2','Data type');
INSERT INTO config.marc21_physical_characteristic_value_map (value,ptype_subfield,label) VALUES ('aa',CURRVAL('config.marc21_physical_characteristic_subfield_map_id_seq'),'Visible light');
INSERT INTO config.marc21_physical_characteristic_value_map (value,ptype_subfield,label) VALUES ('da',CURRVAL('config.marc21_physical_characteristic_subfield_map_id_seq'),'Near infrared');
INSERT INTO config.marc21_physical_characteristic_value_map (value,ptype_subfield,label) VALUES ('db',CURRVAL('config.marc21_physical_characteristic_subfield_map_id_seq'),'Middle infrared');
INSERT INTO config.marc21_physical_characteristic_value_map (value,ptype_subfield,label) VALUES ('dc',CURRVAL('config.marc21_physical_characteristic_subfield_map_id_seq'),'Far infrared');
INSERT INTO config.marc21_physical_characteristic_value_map (value,ptype_subfield,label) VALUES ('dd',CURRVAL('config.marc21_physical_characteristic_subfield_map_id_seq'),'Thermal infrared');
INSERT INTO config.marc21_physical_characteristic_value_map (value,ptype_subfield,label) VALUES ('de',CURRVAL('config.marc21_physical_characteristic_subfield_map_id_seq'),'Shortwave infrared (SWIR)');
INSERT INTO config.marc21_physical_characteristic_value_map (value,ptype_subfield,label) VALUES ('df',CURRVAL('config.marc21_physical_characteristic_subfield_map_id_seq'),'Reflective infrared');
INSERT INTO config.marc21_physical_characteristic_value_map (value,ptype_subfield,label) VALUES ('dv',CURRVAL('config.marc21_physical_characteristic_subfield_map_id_seq'),'Combinations');
INSERT INTO config.marc21_physical_characteristic_value_map (value,ptype_subfield,label) VALUES ('dz',CURRVAL('config.marc21_physical_characteristic_subfield_map_id_seq'),'Other infrared data');
INSERT INTO config.marc21_physical_characteristic_value_map (value,ptype_subfield,label) VALUES ('ga',CURRVAL('config.marc21_physical_characteristic_subfield_map_id_seq'),'Sidelooking airborne radar (SLAR)');
INSERT INTO config.marc21_physical_characteristic_value_map (value,ptype_subfield,label) VALUES ('gb',CURRVAL('config.marc21_physical_characteristic_subfield_map_id_seq'),'Synthetic aperture radar (SAR-single frequency)');
INSERT INTO config.marc21_physical_characteristic_value_map (value,ptype_subfield,label) VALUES ('gc',CURRVAL('config.marc21_physical_characteristic_subfield_map_id_seq'),'SAR-multi-frequency (multichannel)');
INSERT INTO config.marc21_physical_characteristic_value_map (value,ptype_subfield,label) VALUES ('gd',CURRVAL('config.marc21_physical_characteristic_subfield_map_id_seq'),'SAR-like polarization');
INSERT INTO config.marc21_physical_characteristic_value_map (value,ptype_subfield,label) VALUES ('ge',CURRVAL('config.marc21_physical_characteristic_subfield_map_id_seq'),'SAR-cross polarization');
INSERT INTO config.marc21_physical_characteristic_value_map (value,ptype_subfield,label) VALUES ('gf',CURRVAL('config.marc21_physical_characteristic_subfield_map_id_seq'),'Infometric SAR');
INSERT INTO config.marc21_physical_characteristic_value_map (value,ptype_subfield,label) VALUES ('gg',CURRVAL('config.marc21_physical_characteristic_subfield_map_id_seq'),'Polarmetric SAR');
INSERT INTO config.marc21_physical_characteristic_value_map (value,ptype_subfield,label) VALUES ('gu',CURRVAL('config.marc21_physical_characteristic_subfield_map_id_seq'),'Passive microwave mapping');
INSERT INTO config.marc21_physical_characteristic_value_map (value,ptype_subfield,label) VALUES ('gz',CURRVAL('config.marc21_physical_characteristic_subfield_map_id_seq'),'Other microwave data');
INSERT INTO config.marc21_physical_characteristic_value_map (value,ptype_subfield,label) VALUES ('ja',CURRVAL('config.marc21_physical_characteristic_subfield_map_id_seq'),'Far ultraviolet');
INSERT INTO config.marc21_physical_characteristic_value_map (value,ptype_subfield,label) VALUES ('jb',CURRVAL('config.marc21_physical_characteristic_subfield_map_id_seq'),'Middle ultraviolet');
INSERT INTO config.marc21_physical_characteristic_value_map (value,ptype_subfield,label) VALUES ('jc',CURRVAL('config.marc21_physical_characteristic_subfield_map_id_seq'),'Near ultraviolet');
INSERT INTO config.marc21_physical_characteristic_value_map (value,ptype_subfield,label) VALUES ('jv',CURRVAL('config.marc21_physical_characteristic_subfield_map_id_seq'),'Ultraviolet combinations');
INSERT INTO config.marc21_physical_characteristic_value_map (value,ptype_subfield,label) VALUES ('jz',CURRVAL('config.marc21_physical_characteristic_subfield_map_id_seq'),'Other ultraviolet data');
INSERT INTO config.marc21_physical_characteristic_value_map (value,ptype_subfield,label) VALUES ('ma',CURRVAL('config.marc21_physical_characteristic_subfield_map_id_seq'),'Multi-spectral, multidata');
INSERT INTO config.marc21_physical_characteristic_value_map (value,ptype_subfield,label) VALUES ('mb',CURRVAL('config.marc21_physical_characteristic_subfield_map_id_seq'),'Multi-temporal');
INSERT INTO config.marc21_physical_characteristic_value_map (value,ptype_subfield,label) VALUES ('mm',CURRVAL('config.marc21_physical_characteristic_subfield_map_id_seq'),'Combination of various data types');
INSERT INTO config.marc21_physical_characteristic_value_map (value,ptype_subfield,label) VALUES ('nn',CURRVAL('config.marc21_physical_characteristic_subfield_map_id_seq'),'Not applicable');
INSERT INTO config.marc21_physical_characteristic_value_map (value,ptype_subfield,label) VALUES ('pa',CURRVAL('config.marc21_physical_characteristic_subfield_map_id_seq'),'Sonar-water depth');
INSERT INTO config.marc21_physical_characteristic_value_map (value,ptype_subfield,label) VALUES ('pb',CURRVAL('config.marc21_physical_characteristic_subfield_map_id_seq'),'Sonar-bottom topography images, sidescan');
INSERT INTO config.marc21_physical_characteristic_value_map (value,ptype_subfield,label) VALUES ('pc',CURRVAL('config.marc21_physical_characteristic_subfield_map_id_seq'),'Sonar-bottom topography, near-surface');
INSERT INTO config.marc21_physical_characteristic_value_map (value,ptype_subfield,label) VALUES ('pd',CURRVAL('config.marc21_physical_characteristic_subfield_map_id_seq'),'Sonar-bottom topography, near-bottom');
INSERT INTO config.marc21_physical_characteristic_value_map (value,ptype_subfield,label) VALUES ('pe',CURRVAL('config.marc21_physical_characteristic_subfield_map_id_seq'),'Seismic surveys');
INSERT INTO config.marc21_physical_characteristic_value_map (value,ptype_subfield,label) VALUES ('pz',CURRVAL('config.marc21_physical_characteristic_subfield_map_id_seq'),'Other acoustical data');
INSERT INTO config.marc21_physical_characteristic_value_map (value,ptype_subfield,label) VALUES ('ra',CURRVAL('config.marc21_physical_characteristic_subfield_map_id_seq'),'Gravity anomales (general)');
INSERT INTO config.marc21_physical_characteristic_value_map (value,ptype_subfield,label) VALUES ('rb',CURRVAL('config.marc21_physical_characteristic_subfield_map_id_seq'),'Free-air');
INSERT INTO config.marc21_physical_characteristic_value_map (value,ptype_subfield,label) VALUES ('rc',CURRVAL('config.marc21_physical_characteristic_subfield_map_id_seq'),'Bouger');
INSERT INTO config.marc21_physical_characteristic_value_map (value,ptype_subfield,label) VALUES ('rd',CURRVAL('config.marc21_physical_characteristic_subfield_map_id_seq'),'Isostatic');
INSERT INTO config.marc21_physical_characteristic_value_map (value,ptype_subfield,label) VALUES ('sa',CURRVAL('config.marc21_physical_characteristic_subfield_map_id_seq'),'Magnetic field');
INSERT INTO config.marc21_physical_characteristic_value_map (value,ptype_subfield,label) VALUES ('ta',CURRVAL('config.marc21_physical_characteristic_subfield_map_id_seq'),'Radiometric surveys');
INSERT INTO config.marc21_physical_characteristic_value_map (value,ptype_subfield,label) VALUES ('uu',CURRVAL('config.marc21_physical_characteristic_subfield_map_id_seq'),'Unknown');
INSERT INTO config.marc21_physical_characteristic_value_map (value,ptype_subfield,label) VALUES ('zz',CURRVAL('config.marc21_physical_characteristic_subfield_map_id_seq'),'Other');

-- Sound Recording
INSERT INTO config.marc21_physical_characteristic_type_map (ptype_key, label) VALUES ('s','Sound Recording');
INSERT INTO config.marc21_physical_characteristic_subfield_map (ptype_key,subfield,start_pos,length,label) VALUES ('s','b','1','1','SMD');
INSERT INTO config.marc21_physical_characteristic_value_map (value,ptype_subfield,label) VALUES ('d',CURRVAL('config.marc21_physical_characteristic_subfield_map_id_seq'),'Sound disc');
INSERT INTO config.marc21_physical_characteristic_value_map (value,ptype_subfield,label) VALUES ('e',CURRVAL('config.marc21_physical_characteristic_subfield_map_id_seq'),'Cylinder');
INSERT INTO config.marc21_physical_characteristic_value_map (value,ptype_subfield,label) VALUES ('g',CURRVAL('config.marc21_physical_characteristic_subfield_map_id_seq'),'Sound cartridge');
INSERT INTO config.marc21_physical_characteristic_value_map (value,ptype_subfield,label) VALUES ('i',CURRVAL('config.marc21_physical_characteristic_subfield_map_id_seq'),'Sound-track film');
INSERT INTO config.marc21_physical_characteristic_value_map (value,ptype_subfield,label) VALUES ('q',CURRVAL('config.marc21_physical_characteristic_subfield_map_id_seq'),'Roll');
INSERT INTO config.marc21_physical_characteristic_value_map (value,ptype_subfield,label) VALUES ('s',CURRVAL('config.marc21_physical_characteristic_subfield_map_id_seq'),'Sound cassette');
INSERT INTO config.marc21_physical_characteristic_value_map (value,ptype_subfield,label) VALUES ('t',CURRVAL('config.marc21_physical_characteristic_subfield_map_id_seq'),'Sound-tape reel');
INSERT INTO config.marc21_physical_characteristic_value_map (value,ptype_subfield,label) VALUES ('u',CURRVAL('config.marc21_physical_characteristic_subfield_map_id_seq'),'Unspecified');
INSERT INTO config.marc21_physical_characteristic_value_map (value,ptype_subfield,label) VALUES ('w',CURRVAL('config.marc21_physical_characteristic_subfield_map_id_seq'),'Wire recording');
INSERT INTO config.marc21_physical_characteristic_value_map (value,ptype_subfield,label) VALUES ('z',CURRVAL('config.marc21_physical_characteristic_subfield_map_id_seq'),'Other');
INSERT INTO config.marc21_physical_characteristic_subfield_map (ptype_key,subfield,start_pos,length,label) VALUES ('s','d','3','1','Speed');
INSERT INTO config.marc21_physical_characteristic_value_map (value,ptype_subfield,label) VALUES ('a',CURRVAL('config.marc21_physical_characteristic_subfield_map_id_seq'),'16 rpm');
INSERT INTO config.marc21_physical_characteristic_value_map (value,ptype_subfield,label) VALUES ('b',CURRVAL('config.marc21_physical_characteristic_subfield_map_id_seq'),'33 1/3 rpm');
INSERT INTO config.marc21_physical_characteristic_value_map (value,ptype_subfield,label) VALUES ('c',CURRVAL('config.marc21_physical_characteristic_subfield_map_id_seq'),'45 rpm');
INSERT INTO config.marc21_physical_characteristic_value_map (value,ptype_subfield,label) VALUES ('d',CURRVAL('config.marc21_physical_characteristic_subfield_map_id_seq'),'78 rpm');
INSERT INTO config.marc21_physical_characteristic_value_map (value,ptype_subfield,label) VALUES ('e',CURRVAL('config.marc21_physical_characteristic_subfield_map_id_seq'),'8 rpm');
INSERT INTO config.marc21_physical_characteristic_value_map (value,ptype_subfield,label) VALUES ('f',CURRVAL('config.marc21_physical_characteristic_subfield_map_id_seq'),'1.4 mps');
INSERT INTO config.marc21_physical_characteristic_value_map (value,ptype_subfield,label) VALUES ('h',CURRVAL('config.marc21_physical_characteristic_subfield_map_id_seq'),'120 rpm');
INSERT INTO config.marc21_physical_characteristic_value_map (value,ptype_subfield,label) VALUES ('i',CURRVAL('config.marc21_physical_characteristic_subfield_map_id_seq'),'160 rpm');
INSERT INTO config.marc21_physical_characteristic_value_map (value,ptype_subfield,label) VALUES ('k',CURRVAL('config.marc21_physical_characteristic_subfield_map_id_seq'),'15/16 ips');
INSERT INTO config.marc21_physical_characteristic_value_map (value,ptype_subfield,label) VALUES ('l',CURRVAL('config.marc21_physical_characteristic_subfield_map_id_seq'),'1 7/8 ips');
INSERT INTO config.marc21_physical_characteristic_value_map (value,ptype_subfield,label) VALUES ('m',CURRVAL('config.marc21_physical_characteristic_subfield_map_id_seq'),'3 3/4 ips');
INSERT INTO config.marc21_physical_characteristic_value_map (value,ptype_subfield,label) VALUES ('o',CURRVAL('config.marc21_physical_characteristic_subfield_map_id_seq'),'7 1/2 ips');
INSERT INTO config.marc21_physical_characteristic_value_map (value,ptype_subfield,label) VALUES ('p',CURRVAL('config.marc21_physical_characteristic_subfield_map_id_seq'),'15 ips');
INSERT INTO config.marc21_physical_characteristic_value_map (value,ptype_subfield,label) VALUES ('r',CURRVAL('config.marc21_physical_characteristic_subfield_map_id_seq'),'30 ips');
INSERT INTO config.marc21_physical_characteristic_value_map (value,ptype_subfield,label) VALUES ('u',CURRVAL('config.marc21_physical_characteristic_subfield_map_id_seq'),'Unknown');
INSERT INTO config.marc21_physical_characteristic_value_map (value,ptype_subfield,label) VALUES ('z',CURRVAL('config.marc21_physical_characteristic_subfield_map_id_seq'),'Other');
INSERT INTO config.marc21_physical_characteristic_subfield_map (ptype_key,subfield,start_pos,length,label) VALUES ('s','e','4','1','Configuration of playback channels');
INSERT INTO config.marc21_physical_characteristic_value_map (value,ptype_subfield,label) VALUES ('m',CURRVAL('config.marc21_physical_characteristic_subfield_map_id_seq'),'Monaural');
INSERT INTO config.marc21_physical_characteristic_value_map (value,ptype_subfield,label) VALUES ('q',CURRVAL('config.marc21_physical_characteristic_subfield_map_id_seq'),'Quadraphonic');
INSERT INTO config.marc21_physical_characteristic_value_map (value,ptype_subfield,label) VALUES ('s',CURRVAL('config.marc21_physical_characteristic_subfield_map_id_seq'),'Stereophonic');
INSERT INTO config.marc21_physical_characteristic_value_map (value,ptype_subfield,label) VALUES ('u',CURRVAL('config.marc21_physical_characteristic_subfield_map_id_seq'),'Unknown');
INSERT INTO config.marc21_physical_characteristic_value_map (value,ptype_subfield,label) VALUES ('z',CURRVAL('config.marc21_physical_characteristic_subfield_map_id_seq'),'Other');
INSERT INTO config.marc21_physical_characteristic_subfield_map (ptype_key,subfield,start_pos,length,label) VALUES ('s','f','5','1','Groove width or pitch');
INSERT INTO config.marc21_physical_characteristic_value_map (value,ptype_subfield,label) VALUES ('m',CURRVAL('config.marc21_physical_characteristic_subfield_map_id_seq'),'Microgroove/fine');
INSERT INTO config.marc21_physical_characteristic_value_map (value,ptype_subfield,label) VALUES ('n',CURRVAL('config.marc21_physical_characteristic_subfield_map_id_seq'),'Not applicable');
INSERT INTO config.marc21_physical_characteristic_value_map (value,ptype_subfield,label) VALUES ('s',CURRVAL('config.marc21_physical_characteristic_subfield_map_id_seq'),'Coarse/standard');
INSERT INTO config.marc21_physical_characteristic_value_map (value,ptype_subfield,label) VALUES ('u',CURRVAL('config.marc21_physical_characteristic_subfield_map_id_seq'),'Unknown');
INSERT INTO config.marc21_physical_characteristic_value_map (value,ptype_subfield,label) VALUES ('z',CURRVAL('config.marc21_physical_characteristic_subfield_map_id_seq'),'Other');
INSERT INTO config.marc21_physical_characteristic_subfield_map (ptype_key,subfield,start_pos,length,label) VALUES ('s','g','6','1','Dimensions');
INSERT INTO config.marc21_physical_characteristic_value_map (value,ptype_subfield,label) VALUES ('a',CURRVAL('config.marc21_physical_characteristic_subfield_map_id_seq'),'3 in.');
INSERT INTO config.marc21_physical_characteristic_value_map (value,ptype_subfield,label) VALUES ('b',CURRVAL('config.marc21_physical_characteristic_subfield_map_id_seq'),'5 in.');
INSERT INTO config.marc21_physical_characteristic_value_map (value,ptype_subfield,label) VALUES ('c',CURRVAL('config.marc21_physical_characteristic_subfield_map_id_seq'),'7 in.');
INSERT INTO config.marc21_physical_characteristic_value_map (value,ptype_subfield,label) VALUES ('d',CURRVAL('config.marc21_physical_characteristic_subfield_map_id_seq'),'10 in.');
INSERT INTO config.marc21_physical_characteristic_value_map (value,ptype_subfield,label) VALUES ('e',CURRVAL('config.marc21_physical_characteristic_subfield_map_id_seq'),'12 in.');
INSERT INTO config.marc21_physical_characteristic_value_map (value,ptype_subfield,label) VALUES ('f',CURRVAL('config.marc21_physical_characteristic_subfield_map_id_seq'),'16 in.');
INSERT INTO config.marc21_physical_characteristic_value_map (value,ptype_subfield,label) VALUES ('g',CURRVAL('config.marc21_physical_characteristic_subfield_map_id_seq'),'4 3/4 in. (12 cm.)');
INSERT INTO config.marc21_physical_characteristic_value_map (value,ptype_subfield,label) VALUES ('j',CURRVAL('config.marc21_physical_characteristic_subfield_map_id_seq'),'3 7/8 x 2 1/2 in.');
INSERT INTO config.marc21_physical_characteristic_value_map (value,ptype_subfield,label) VALUES ('n',CURRVAL('config.marc21_physical_characteristic_subfield_map_id_seq'),'Not applicable');
INSERT INTO config.marc21_physical_characteristic_value_map (value,ptype_subfield,label) VALUES ('o',CURRVAL('config.marc21_physical_characteristic_subfield_map_id_seq'),'5 1/4 x 3 7/8 in.');
INSERT INTO config.marc21_physical_characteristic_value_map (value,ptype_subfield,label) VALUES ('s',CURRVAL('config.marc21_physical_characteristic_subfield_map_id_seq'),'2 3/4 x 4 in.');
INSERT INTO config.marc21_physical_characteristic_value_map (value,ptype_subfield,label) VALUES ('u',CURRVAL('config.marc21_physical_characteristic_subfield_map_id_seq'),'Unknown');
INSERT INTO config.marc21_physical_characteristic_value_map (value,ptype_subfield,label) VALUES ('z',CURRVAL('config.marc21_physical_characteristic_subfield_map_id_seq'),'Other');
INSERT INTO config.marc21_physical_characteristic_subfield_map (ptype_key,subfield,start_pos,length,label) VALUES ('s','h','7','1','Tape width');
INSERT INTO config.marc21_physical_characteristic_value_map (value,ptype_subfield,label) VALUES ('l',CURRVAL('config.marc21_physical_characteristic_subfield_map_id_seq'),'1/8 in.');
INSERT INTO config.marc21_physical_characteristic_value_map (value,ptype_subfield,label) VALUES ('m',CURRVAL('config.marc21_physical_characteristic_subfield_map_id_seq'),'1/4in.');
INSERT INTO config.marc21_physical_characteristic_value_map (value,ptype_subfield,label) VALUES ('n',CURRVAL('config.marc21_physical_characteristic_subfield_map_id_seq'),'Not applicable');
INSERT INTO config.marc21_physical_characteristic_value_map (value,ptype_subfield,label) VALUES ('o',CURRVAL('config.marc21_physical_characteristic_subfield_map_id_seq'),'1/2 in.');
INSERT INTO config.marc21_physical_characteristic_value_map (value,ptype_subfield,label) VALUES ('p',CURRVAL('config.marc21_physical_characteristic_subfield_map_id_seq'),'1 in.');
INSERT INTO config.marc21_physical_characteristic_value_map (value,ptype_subfield,label) VALUES ('u',CURRVAL('config.marc21_physical_characteristic_subfield_map_id_seq'),'Unknown');
INSERT INTO config.marc21_physical_characteristic_value_map (value,ptype_subfield,label) VALUES ('z',CURRVAL('config.marc21_physical_characteristic_subfield_map_id_seq'),'Other');
INSERT INTO config.marc21_physical_characteristic_subfield_map (ptype_key,subfield,start_pos,length,label) VALUES ('s','i','8','1','Tape configuration ');
INSERT INTO config.marc21_physical_characteristic_value_map (value,ptype_subfield,label) VALUES ('a',CURRVAL('config.marc21_physical_characteristic_subfield_map_id_seq'),'Full (1) track');
INSERT INTO config.marc21_physical_characteristic_value_map (value,ptype_subfield,label) VALUES ('b',CURRVAL('config.marc21_physical_characteristic_subfield_map_id_seq'),'Half (2) track');
INSERT INTO config.marc21_physical_characteristic_value_map (value,ptype_subfield,label) VALUES ('c',CURRVAL('config.marc21_physical_characteristic_subfield_map_id_seq'),'Quarter (4) track');
INSERT INTO config.marc21_physical_characteristic_value_map (value,ptype_subfield,label) VALUES ('d',CURRVAL('config.marc21_physical_characteristic_subfield_map_id_seq'),'8 track');
INSERT INTO config.marc21_physical_characteristic_value_map (value,ptype_subfield,label) VALUES ('e',CURRVAL('config.marc21_physical_characteristic_subfield_map_id_seq'),'12 track');
INSERT INTO config.marc21_physical_characteristic_value_map (value,ptype_subfield,label) VALUES ('f',CURRVAL('config.marc21_physical_characteristic_subfield_map_id_seq'),'16 track');
INSERT INTO config.marc21_physical_characteristic_value_map (value,ptype_subfield,label) VALUES ('n',CURRVAL('config.marc21_physical_characteristic_subfield_map_id_seq'),'Not applicable');
INSERT INTO config.marc21_physical_characteristic_value_map (value,ptype_subfield,label) VALUES ('u',CURRVAL('config.marc21_physical_characteristic_subfield_map_id_seq'),'Unknown');
INSERT INTO config.marc21_physical_characteristic_value_map (value,ptype_subfield,label) VALUES ('z',CURRVAL('config.marc21_physical_characteristic_subfield_map_id_seq'),'Other');
INSERT INTO config.marc21_physical_characteristic_subfield_map (ptype_key,subfield,start_pos,length,label) VALUES ('s','m','12','1','Special playback');
INSERT INTO config.marc21_physical_characteristic_value_map (value,ptype_subfield,label) VALUES ('a',CURRVAL('config.marc21_physical_characteristic_subfield_map_id_seq'),'NAB standard');
INSERT INTO config.marc21_physical_characteristic_value_map (value,ptype_subfield,label) VALUES ('b',CURRVAL('config.marc21_physical_characteristic_subfield_map_id_seq'),'CCIR standard');
INSERT INTO config.marc21_physical_characteristic_value_map (value,ptype_subfield,label) VALUES ('c',CURRVAL('config.marc21_physical_characteristic_subfield_map_id_seq'),'Dolby-B encoded, standard Dolby');
INSERT INTO config.marc21_physical_characteristic_value_map (value,ptype_subfield,label) VALUES ('d',CURRVAL('config.marc21_physical_characteristic_subfield_map_id_seq'),'dbx encoded');
INSERT INTO config.marc21_physical_characteristic_value_map (value,ptype_subfield,label) VALUES ('e',CURRVAL('config.marc21_physical_characteristic_subfield_map_id_seq'),'Digital recording');
INSERT INTO config.marc21_physical_characteristic_value_map (value,ptype_subfield,label) VALUES ('f',CURRVAL('config.marc21_physical_characteristic_subfield_map_id_seq'),'Dolby-A encoded');
INSERT INTO config.marc21_physical_characteristic_value_map (value,ptype_subfield,label) VALUES ('g',CURRVAL('config.marc21_physical_characteristic_subfield_map_id_seq'),'Dolby-C encoded');
INSERT INTO config.marc21_physical_characteristic_value_map (value,ptype_subfield,label) VALUES ('h',CURRVAL('config.marc21_physical_characteristic_subfield_map_id_seq'),'CX encoded');
INSERT INTO config.marc21_physical_characteristic_value_map (value,ptype_subfield,label) VALUES ('n',CURRVAL('config.marc21_physical_characteristic_subfield_map_id_seq'),'Not applicable');
INSERT INTO config.marc21_physical_characteristic_value_map (value,ptype_subfield,label) VALUES ('u',CURRVAL('config.marc21_physical_characteristic_subfield_map_id_seq'),'Unknown');
INSERT INTO config.marc21_physical_characteristic_value_map (value,ptype_subfield,label) VALUES ('z',CURRVAL('config.marc21_physical_characteristic_subfield_map_id_seq'),'Other');
INSERT INTO config.marc21_physical_characteristic_subfield_map (ptype_key,subfield,start_pos,length,label) VALUES ('s','n','13','1','Capture and storage');
INSERT INTO config.marc21_physical_characteristic_value_map (value,ptype_subfield,label) VALUES ('a',CURRVAL('config.marc21_physical_characteristic_subfield_map_id_seq'),'Acoustical capture, direct storage');
INSERT INTO config.marc21_physical_characteristic_value_map (value,ptype_subfield,label) VALUES ('b',CURRVAL('config.marc21_physical_characteristic_subfield_map_id_seq'),'Direct storage, not acoustical');
INSERT INTO config.marc21_physical_characteristic_value_map (value,ptype_subfield,label) VALUES ('d',CURRVAL('config.marc21_physical_characteristic_subfield_map_id_seq'),'Digital storage');
INSERT INTO config.marc21_physical_characteristic_value_map (value,ptype_subfield,label) VALUES ('e',CURRVAL('config.marc21_physical_characteristic_subfield_map_id_seq'),'Analog electrical storage');
INSERT INTO config.marc21_physical_characteristic_value_map (value,ptype_subfield,label) VALUES ('u',CURRVAL('config.marc21_physical_characteristic_subfield_map_id_seq'),'Unknown');
INSERT INTO config.marc21_physical_characteristic_value_map (value,ptype_subfield,label) VALUES ('z',CURRVAL('config.marc21_physical_characteristic_subfield_map_id_seq'),'Other');

-- Videorecording
INSERT INTO config.marc21_physical_characteristic_type_map (ptype_key, label) VALUES ('v','Videorecording');
INSERT INTO config.marc21_physical_characteristic_subfield_map (ptype_key,subfield,start_pos,length,label) VALUES ('v','b','1','1','SMD');
INSERT INTO config.marc21_physical_characteristic_value_map (value,ptype_subfield,label) VALUES ('c',CURRVAL('config.marc21_physical_characteristic_subfield_map_id_seq'),'Videocartridge');
INSERT INTO config.marc21_physical_characteristic_value_map (value,ptype_subfield,label) VALUES ('d',CURRVAL('config.marc21_physical_characteristic_subfield_map_id_seq'),'Videodisc');
INSERT INTO config.marc21_physical_characteristic_value_map (value,ptype_subfield,label) VALUES ('f',CURRVAL('config.marc21_physical_characteristic_subfield_map_id_seq'),'Videocassette');
INSERT INTO config.marc21_physical_characteristic_value_map (value,ptype_subfield,label) VALUES ('r',CURRVAL('config.marc21_physical_characteristic_subfield_map_id_seq'),'Videoreel');
INSERT INTO config.marc21_physical_characteristic_value_map (value,ptype_subfield,label) VALUES ('u',CURRVAL('config.marc21_physical_characteristic_subfield_map_id_seq'),'Unspecified');
INSERT INTO config.marc21_physical_characteristic_value_map (value,ptype_subfield,label) VALUES ('z',CURRVAL('config.marc21_physical_characteristic_subfield_map_id_seq'),'Other');
INSERT INTO config.marc21_physical_characteristic_subfield_map (ptype_key,subfield,start_pos,length,label) VALUES ('v','d','3','1','Color');
INSERT INTO config.marc21_physical_characteristic_value_map (value,ptype_subfield,label) VALUES ('b',CURRVAL('config.marc21_physical_characteristic_subfield_map_id_seq'),'Black-and-white');
INSERT INTO config.marc21_physical_characteristic_value_map (value,ptype_subfield,label) VALUES ('c',CURRVAL('config.marc21_physical_characteristic_subfield_map_id_seq'),'Multicolored');
INSERT INTO config.marc21_physical_characteristic_value_map (value,ptype_subfield,label) VALUES ('m',CURRVAL('config.marc21_physical_characteristic_subfield_map_id_seq'),'Mixed');
INSERT INTO config.marc21_physical_characteristic_value_map (value,ptype_subfield,label) VALUES ('n',CURRVAL('config.marc21_physical_characteristic_subfield_map_id_seq'),'Not applicable');
INSERT INTO config.marc21_physical_characteristic_value_map (value,ptype_subfield,label) VALUES ('u',CURRVAL('config.marc21_physical_characteristic_subfield_map_id_seq'),'Unknown');
INSERT INTO config.marc21_physical_characteristic_value_map (value,ptype_subfield,label) VALUES ('z',CURRVAL('config.marc21_physical_characteristic_subfield_map_id_seq'),'Other');
INSERT INTO config.marc21_physical_characteristic_subfield_map (ptype_key,subfield,start_pos,length,label) VALUES ('v','e','4','1','Videorecording format');
INSERT INTO config.marc21_physical_characteristic_value_map (value,ptype_subfield,label) VALUES ('a',CURRVAL('config.marc21_physical_characteristic_subfield_map_id_seq'),'Beta');
INSERT INTO config.marc21_physical_characteristic_value_map (value,ptype_subfield,label) VALUES ('b',CURRVAL('config.marc21_physical_characteristic_subfield_map_id_seq'),'VHS');
INSERT INTO config.marc21_physical_characteristic_value_map (value,ptype_subfield,label) VALUES ('c',CURRVAL('config.marc21_physical_characteristic_subfield_map_id_seq'),'U-matic');
INSERT INTO config.marc21_physical_characteristic_value_map (value,ptype_subfield,label) VALUES ('d',CURRVAL('config.marc21_physical_characteristic_subfield_map_id_seq'),'EIAJ');
INSERT INTO config.marc21_physical_characteristic_value_map (value,ptype_subfield,label) VALUES ('e',CURRVAL('config.marc21_physical_characteristic_subfield_map_id_seq'),'Type C');
INSERT INTO config.marc21_physical_characteristic_value_map (value,ptype_subfield,label) VALUES ('f',CURRVAL('config.marc21_physical_characteristic_subfield_map_id_seq'),'Quadruplex');
INSERT INTO config.marc21_physical_characteristic_value_map (value,ptype_subfield,label) VALUES ('g',CURRVAL('config.marc21_physical_characteristic_subfield_map_id_seq'),'Laserdisc');
INSERT INTO config.marc21_physical_characteristic_value_map (value,ptype_subfield,label) VALUES ('h',CURRVAL('config.marc21_physical_characteristic_subfield_map_id_seq'),'CED');
INSERT INTO config.marc21_physical_characteristic_value_map (value,ptype_subfield,label) VALUES ('i',CURRVAL('config.marc21_physical_characteristic_subfield_map_id_seq'),'Betacam');
INSERT INTO config.marc21_physical_characteristic_value_map (value,ptype_subfield,label) VALUES ('j',CURRVAL('config.marc21_physical_characteristic_subfield_map_id_seq'),'Betacam SP');
INSERT INTO config.marc21_physical_characteristic_value_map (value,ptype_subfield,label) VALUES ('k',CURRVAL('config.marc21_physical_characteristic_subfield_map_id_seq'),'Super-VHS');
INSERT INTO config.marc21_physical_characteristic_value_map (value,ptype_subfield,label) VALUES ('m',CURRVAL('config.marc21_physical_characteristic_subfield_map_id_seq'),'M-II');
INSERT INTO config.marc21_physical_characteristic_value_map (value,ptype_subfield,label) VALUES ('o',CURRVAL('config.marc21_physical_characteristic_subfield_map_id_seq'),'D-2');
INSERT INTO config.marc21_physical_characteristic_value_map (value,ptype_subfield,label) VALUES ('p',CURRVAL('config.marc21_physical_characteristic_subfield_map_id_seq'),'8 mm.');
INSERT INTO config.marc21_physical_characteristic_value_map (value,ptype_subfield,label) VALUES ('q',CURRVAL('config.marc21_physical_characteristic_subfield_map_id_seq'),'Hi-8 mm.');
INSERT INTO config.marc21_physical_characteristic_value_map (value,ptype_subfield,label) VALUES ('u',CURRVAL('config.marc21_physical_characteristic_subfield_map_id_seq'),'Unknown');
INSERT INTO config.marc21_physical_characteristic_value_map (value,ptype_subfield,label) VALUES ('v',CURRVAL('config.marc21_physical_characteristic_subfield_map_id_seq'),'DVD');
INSERT INTO config.marc21_physical_characteristic_value_map (value,ptype_subfield,label) VALUES ('z',CURRVAL('config.marc21_physical_characteristic_subfield_map_id_seq'),'Other');
INSERT INTO config.marc21_physical_characteristic_subfield_map (ptype_key,subfield,start_pos,length,label) VALUES ('v','f','5','1','Sound on medium or separate');
INSERT INTO config.marc21_physical_characteristic_value_map (value,ptype_subfield,label) VALUES ('a',CURRVAL('config.marc21_physical_characteristic_subfield_map_id_seq'),'Sound on medium');
INSERT INTO config.marc21_physical_characteristic_value_map (value,ptype_subfield,label) VALUES ('b',CURRVAL('config.marc21_physical_characteristic_subfield_map_id_seq'),'Sound separate from medium');
INSERT INTO config.marc21_physical_characteristic_value_map (value,ptype_subfield,label) VALUES ('u',CURRVAL('config.marc21_physical_characteristic_subfield_map_id_seq'),'Unknown');
INSERT INTO config.marc21_physical_characteristic_subfield_map (ptype_key,subfield,start_pos,length,label) VALUES ('v','g','6','1','Medium for sound');
INSERT INTO config.marc21_physical_characteristic_value_map (value,ptype_subfield,label) VALUES ('a',CURRVAL('config.marc21_physical_characteristic_subfield_map_id_seq'),'Optical sound track on motion picture film');
INSERT INTO config.marc21_physical_characteristic_value_map (value,ptype_subfield,label) VALUES ('b',CURRVAL('config.marc21_physical_characteristic_subfield_map_id_seq'),'Magnetic sound track on motion picture film');
INSERT INTO config.marc21_physical_characteristic_value_map (value,ptype_subfield,label) VALUES ('c',CURRVAL('config.marc21_physical_characteristic_subfield_map_id_seq'),'Magnetic audio tape in cartridge');
INSERT INTO config.marc21_physical_characteristic_value_map (value,ptype_subfield,label) VALUES ('d',CURRVAL('config.marc21_physical_characteristic_subfield_map_id_seq'),'Sound disc');
INSERT INTO config.marc21_physical_characteristic_value_map (value,ptype_subfield,label) VALUES ('e',CURRVAL('config.marc21_physical_characteristic_subfield_map_id_seq'),'Magnetic audio tape on reel');
INSERT INTO config.marc21_physical_characteristic_value_map (value,ptype_subfield,label) VALUES ('f',CURRVAL('config.marc21_physical_characteristic_subfield_map_id_seq'),'Magnetic audio tape in cassette');
INSERT INTO config.marc21_physical_characteristic_value_map (value,ptype_subfield,label) VALUES ('g',CURRVAL('config.marc21_physical_characteristic_subfield_map_id_seq'),'Optical and magnetic sound track on motion picture film');
INSERT INTO config.marc21_physical_characteristic_value_map (value,ptype_subfield,label) VALUES ('h',CURRVAL('config.marc21_physical_characteristic_subfield_map_id_seq'),'Videotape');
INSERT INTO config.marc21_physical_characteristic_value_map (value,ptype_subfield,label) VALUES ('i',CURRVAL('config.marc21_physical_characteristic_subfield_map_id_seq'),'Videodisc');
INSERT INTO config.marc21_physical_characteristic_value_map (value,ptype_subfield,label) VALUES ('u',CURRVAL('config.marc21_physical_characteristic_subfield_map_id_seq'),'Unknown');
INSERT INTO config.marc21_physical_characteristic_value_map (value,ptype_subfield,label) VALUES ('z',CURRVAL('config.marc21_physical_characteristic_subfield_map_id_seq'),'Other');
INSERT INTO config.marc21_physical_characteristic_subfield_map (ptype_key,subfield,start_pos,length,label) VALUES ('v','h','7','1','Dimensions');
INSERT INTO config.marc21_physical_characteristic_value_map (value,ptype_subfield,label) VALUES ('a',CURRVAL('config.marc21_physical_characteristic_subfield_map_id_seq'),'8 mm.');
INSERT INTO config.marc21_physical_characteristic_value_map (value,ptype_subfield,label) VALUES ('m',CURRVAL('config.marc21_physical_characteristic_subfield_map_id_seq'),'1/4 in.');
INSERT INTO config.marc21_physical_characteristic_value_map (value,ptype_subfield,label) VALUES ('o',CURRVAL('config.marc21_physical_characteristic_subfield_map_id_seq'),'1/2 in.');
INSERT INTO config.marc21_physical_characteristic_value_map (value,ptype_subfield,label) VALUES ('p',CURRVAL('config.marc21_physical_characteristic_subfield_map_id_seq'),'1 in.');
INSERT INTO config.marc21_physical_characteristic_value_map (value,ptype_subfield,label) VALUES ('q',CURRVAL('config.marc21_physical_characteristic_subfield_map_id_seq'),'2 in.');
INSERT INTO config.marc21_physical_characteristic_value_map (value,ptype_subfield,label) VALUES ('r',CURRVAL('config.marc21_physical_characteristic_subfield_map_id_seq'),'3/4 in.');
INSERT INTO config.marc21_physical_characteristic_value_map (value,ptype_subfield,label) VALUES ('u',CURRVAL('config.marc21_physical_characteristic_subfield_map_id_seq'),'Unknown');
INSERT INTO config.marc21_physical_characteristic_value_map (value,ptype_subfield,label) VALUES ('z',CURRVAL('config.marc21_physical_characteristic_subfield_map_id_seq'),'Other');
INSERT INTO config.marc21_physical_characteristic_subfield_map (ptype_key,subfield,start_pos,length,label) VALUES ('v','i','8','1','Configuration of playback channel');
INSERT INTO config.marc21_physical_characteristic_value_map (value,ptype_subfield,label) VALUES ('k',CURRVAL('config.marc21_physical_characteristic_subfield_map_id_seq'),'Mixed');
INSERT INTO config.marc21_physical_characteristic_value_map (value,ptype_subfield,label) VALUES ('m',CURRVAL('config.marc21_physical_characteristic_subfield_map_id_seq'),'Monaural');
INSERT INTO config.marc21_physical_characteristic_value_map (value,ptype_subfield,label) VALUES ('n',CURRVAL('config.marc21_physical_characteristic_subfield_map_id_seq'),'Not applicable');
INSERT INTO config.marc21_physical_characteristic_value_map (value,ptype_subfield,label) VALUES ('q',CURRVAL('config.marc21_physical_characteristic_subfield_map_id_seq'),'Multichannel, surround or quadraphonic');
INSERT INTO config.marc21_physical_characteristic_value_map (value,ptype_subfield,label) VALUES ('s',CURRVAL('config.marc21_physical_characteristic_subfield_map_id_seq'),'Stereophonic');
INSERT INTO config.marc21_physical_characteristic_value_map (value,ptype_subfield,label) VALUES ('u',CURRVAL('config.marc21_physical_characteristic_subfield_map_id_seq'),'Unknown');
INSERT INTO config.marc21_physical_characteristic_value_map (value,ptype_subfield,label) VALUES ('z',CURRVAL('config.marc21_physical_characteristic_subfield_map_id_seq'),'Other');

-- Fixed Field position data -- 0-based!
INSERT INTO config.marc21_ff_pos_map (fixed_field, tag, rec_type,start_pos, length, default_val) VALUES ('Alph', '006', 'SER', 16, 1, ' ');
INSERT INTO config.marc21_ff_pos_map (fixed_field, tag, rec_type,start_pos, length, default_val) VALUES ('Alph', '008', 'SER', 33, 1, ' ');
INSERT INTO config.marc21_ff_pos_map (fixed_field, tag, rec_type,start_pos, length, default_val) VALUES ('Audn', '006', 'BKS', 5, 1, ' ');
INSERT INTO config.marc21_ff_pos_map (fixed_field, tag, rec_type,start_pos, length, default_val) VALUES ('Audn', '006', 'COM', 5, 1, ' ');
INSERT INTO config.marc21_ff_pos_map (fixed_field, tag, rec_type,start_pos, length, default_val) VALUES ('Audn', '006', 'REC', 5, 1, ' ');
INSERT INTO config.marc21_ff_pos_map (fixed_field, tag, rec_type,start_pos, length, default_val) VALUES ('Audn', '006', 'SCO', 5, 1, ' ');
INSERT INTO config.marc21_ff_pos_map (fixed_field, tag, rec_type,start_pos, length, default_val) VALUES ('Audn', '006', 'SER', 5, 1, ' ');
INSERT INTO config.marc21_ff_pos_map (fixed_field, tag, rec_type,start_pos, length, default_val) VALUES ('Audn', '006', 'VIS', 5, 1, ' ');
INSERT INTO config.marc21_ff_pos_map (fixed_field, tag, rec_type,start_pos, length, default_val) VALUES ('Audn', '008', 'BKS', 22, 1, ' ');
INSERT INTO config.marc21_ff_pos_map (fixed_field, tag, rec_type,start_pos, length, default_val) VALUES ('Audn', '008', 'COM', 22, 1, ' ');
INSERT INTO config.marc21_ff_pos_map (fixed_field, tag, rec_type,start_pos, length, default_val) VALUES ('Audn', '008', 'REC', 22, 1, ' ');
INSERT INTO config.marc21_ff_pos_map (fixed_field, tag, rec_type,start_pos, length, default_val) VALUES ('Audn', '008', 'SCO', 22, 1, ' ');
INSERT INTO config.marc21_ff_pos_map (fixed_field, tag, rec_type,start_pos, length, default_val) VALUES ('Audn', '008', 'SER', 22, 1, ' ');
INSERT INTO config.marc21_ff_pos_map (fixed_field, tag, rec_type,start_pos, length, default_val) VALUES ('Audn', '008', 'VIS', 22, 1, ' ');
INSERT INTO config.marc21_ff_pos_map (fixed_field, tag, rec_type,start_pos, length, default_val) VALUES ('BLvl', 'ldr', 'BKS', 7, 1, 'm');
INSERT INTO config.marc21_ff_pos_map (fixed_field, tag, rec_type,start_pos, length, default_val) VALUES ('BLvl', 'ldr', 'COM', 7, 1, 'm');
INSERT INTO config.marc21_ff_pos_map (fixed_field, tag, rec_type,start_pos, length, default_val) VALUES ('BLvl', 'ldr', 'MAP', 7, 1, 'm');
INSERT INTO config.marc21_ff_pos_map (fixed_field, tag, rec_type,start_pos, length, default_val) VALUES ('BLvl', 'ldr', 'MIX', 7, 1, 'c');
INSERT INTO config.marc21_ff_pos_map (fixed_field, tag, rec_type,start_pos, length, default_val) VALUES ('BLvl', 'ldr', 'REC', 7, 1, 'm');
INSERT INTO config.marc21_ff_pos_map (fixed_field, tag, rec_type,start_pos, length, default_val) VALUES ('BLvl', 'ldr', 'SCO', 7, 1, 'm');
INSERT INTO config.marc21_ff_pos_map (fixed_field, tag, rec_type,start_pos, length, default_val) VALUES ('BLvl', 'ldr', 'SER', 7, 1, 's');
INSERT INTO config.marc21_ff_pos_map (fixed_field, tag, rec_type,start_pos, length, default_val) VALUES ('BLvl', 'ldr', 'VIS', 7, 1, 'm');
INSERT INTO config.marc21_ff_pos_map (fixed_field, tag, rec_type,start_pos, length, default_val) VALUES ('Biog', '006', 'BKS', 17, 1, ' ');
INSERT INTO config.marc21_ff_pos_map (fixed_field, tag, rec_type,start_pos, length, default_val) VALUES ('Biog', '008', 'BKS', 34, 1, ' ');
INSERT INTO config.marc21_ff_pos_map (fixed_field, tag, rec_type,start_pos, length, default_val) VALUES ('Conf', '006', 'BKS', 7, 4, ' ');
INSERT INTO config.marc21_ff_pos_map (fixed_field, tag, rec_type,start_pos, length, default_val) VALUES ('Conf', '006', 'SER', 8, 3, ' ');
INSERT INTO config.marc21_ff_pos_map (fixed_field, tag, rec_type,start_pos, length, default_val) VALUES ('Conf', '008', 'BKS', 24, 4, ' ');
INSERT INTO config.marc21_ff_pos_map (fixed_field, tag, rec_type,start_pos, length, default_val) VALUES ('Conf', '008', 'SER', 25, 3, ' ');
INSERT INTO config.marc21_ff_pos_map (fixed_field, tag, rec_type,start_pos, length, default_val) VALUES ('Ctrl', 'ldr', 'BKS', 8, 1, ' ');
INSERT INTO config.marc21_ff_pos_map (fixed_field, tag, rec_type,start_pos, length, default_val) VALUES ('Ctrl', 'ldr', 'COM', 8, 1, ' ');
INSERT INTO config.marc21_ff_pos_map (fixed_field, tag, rec_type,start_pos, length, default_val) VALUES ('Ctrl', 'ldr', 'MAP', 8, 1, ' ');
INSERT INTO config.marc21_ff_pos_map (fixed_field, tag, rec_type,start_pos, length, default_val) VALUES ('Ctrl', 'ldr', 'MIX', 8, 1, ' ');
INSERT INTO config.marc21_ff_pos_map (fixed_field, tag, rec_type,start_pos, length, default_val) VALUES ('Ctrl', 'ldr', 'REC', 8, 1, ' ');
INSERT INTO config.marc21_ff_pos_map (fixed_field, tag, rec_type,start_pos, length, default_val) VALUES ('Ctrl', 'ldr', 'SCO', 8, 1, ' ');
INSERT INTO config.marc21_ff_pos_map (fixed_field, tag, rec_type,start_pos, length, default_val) VALUES ('Ctrl', 'ldr', 'SER', 8, 1, ' ');
INSERT INTO config.marc21_ff_pos_map (fixed_field, tag, rec_type,start_pos, length, default_val) VALUES ('Ctrl', 'ldr', 'VIS', 8, 1, ' ');
INSERT INTO config.marc21_ff_pos_map (fixed_field, tag, rec_type,start_pos, length, default_val) VALUES ('Ctry', '008', 'BKS', 15, 3, ' ');
INSERT INTO config.marc21_ff_pos_map (fixed_field, tag, rec_type,start_pos, length, default_val) VALUES ('Ctry', '008', 'COM', 15, 3, ' ');
INSERT INTO config.marc21_ff_pos_map (fixed_field, tag, rec_type,start_pos, length, default_val) VALUES ('Ctry', '008', 'MAP', 15, 3, ' ');
INSERT INTO config.marc21_ff_pos_map (fixed_field, tag, rec_type,start_pos, length, default_val) VALUES ('Ctry', '008', 'MIX', 15, 3, ' ');
INSERT INTO config.marc21_ff_pos_map (fixed_field, tag, rec_type,start_pos, length, default_val) VALUES ('Ctry', '008', 'REC', 15, 3, ' ');
INSERT INTO config.marc21_ff_pos_map (fixed_field, tag, rec_type,start_pos, length, default_val) VALUES ('Ctry', '008', 'SCO', 15, 3, ' ');
INSERT INTO config.marc21_ff_pos_map (fixed_field, tag, rec_type,start_pos, length, default_val) VALUES ('Ctry', '008', 'SER', 15, 3, ' ');
INSERT INTO config.marc21_ff_pos_map (fixed_field, tag, rec_type,start_pos, length, default_val) VALUES ('Ctry', '008', 'VIS', 15, 3, ' ');
INSERT INTO config.marc21_ff_pos_map (fixed_field, tag, rec_type,start_pos, length, default_val) VALUES ('Date1', '008', 'BKS', 7, 4, ' ');
INSERT INTO config.marc21_ff_pos_map (fixed_field, tag, rec_type,start_pos, length, default_val) VALUES ('Date1', '008', 'COM', 7, 4, ' ');
INSERT INTO config.marc21_ff_pos_map (fixed_field, tag, rec_type,start_pos, length, default_val) VALUES ('Date1', '008', 'MAP', 7, 4, ' ');
INSERT INTO config.marc21_ff_pos_map (fixed_field, tag, rec_type,start_pos, length, default_val) VALUES ('Date1', '008', 'MIX', 7, 4, ' ');
INSERT INTO config.marc21_ff_pos_map (fixed_field, tag, rec_type,start_pos, length, default_val) VALUES ('Date1', '008', 'REC', 7, 4, ' ');
INSERT INTO config.marc21_ff_pos_map (fixed_field, tag, rec_type,start_pos, length, default_val) VALUES ('Date1', '008', 'SCO', 7, 4, ' ');
INSERT INTO config.marc21_ff_pos_map (fixed_field, tag, rec_type,start_pos, length, default_val) VALUES ('Date1', '008', 'SER', 7, 4, ' ');
INSERT INTO config.marc21_ff_pos_map (fixed_field, tag, rec_type,start_pos, length, default_val) VALUES ('Date1', '008', 'VIS', 7, 4, ' ');
INSERT INTO config.marc21_ff_pos_map (fixed_field, tag, rec_type,start_pos, length, default_val) VALUES ('Date2', '008', 'BKS', 11, 4, ' ');
INSERT INTO config.marc21_ff_pos_map (fixed_field, tag, rec_type,start_pos, length, default_val) VALUES ('Date2', '008', 'COM', 11, 4, ' ');
INSERT INTO config.marc21_ff_pos_map (fixed_field, tag, rec_type,start_pos, length, default_val) VALUES ('Date2', '008', 'MAP', 11, 4, ' ');
INSERT INTO config.marc21_ff_pos_map (fixed_field, tag, rec_type,start_pos, length, default_val) VALUES ('Date2', '008', 'MIX', 11, 4, ' ');
INSERT INTO config.marc21_ff_pos_map (fixed_field, tag, rec_type,start_pos, length, default_val) VALUES ('Date2', '008', 'REC', 11, 4, ' ');
INSERT INTO config.marc21_ff_pos_map (fixed_field, tag, rec_type,start_pos, length, default_val) VALUES ('Date2', '008', 'SCO', 11, 4, ' ');
INSERT INTO config.marc21_ff_pos_map (fixed_field, tag, rec_type,start_pos, length, default_val) VALUES ('Date2', '008', 'SER', 11, 4, '9');
INSERT INTO config.marc21_ff_pos_map (fixed_field, tag, rec_type,start_pos, length, default_val) VALUES ('Date2', '008', 'VIS', 11, 4, ' ');
INSERT INTO config.marc21_ff_pos_map (fixed_field, tag, rec_type,start_pos, length, default_val) VALUES ('Desc', 'ldr', 'BKS', 18, 1, ' ');
INSERT INTO config.marc21_ff_pos_map (fixed_field, tag, rec_type,start_pos, length, default_val) VALUES ('Desc', 'ldr', 'COM', 18, 1, ' ');
INSERT INTO config.marc21_ff_pos_map (fixed_field, tag, rec_type,start_pos, length, default_val) VALUES ('Desc', 'ldr', 'MAP', 18, 1, ' ');
INSERT INTO config.marc21_ff_pos_map (fixed_field, tag, rec_type,start_pos, length, default_val) VALUES ('Desc', 'ldr', 'MIX', 18, 1, ' ');
INSERT INTO config.marc21_ff_pos_map (fixed_field, tag, rec_type,start_pos, length, default_val) VALUES ('Desc', 'ldr', 'REC', 18, 1, ' ');
INSERT INTO config.marc21_ff_pos_map (fixed_field, tag, rec_type,start_pos, length, default_val) VALUES ('Desc', 'ldr', 'SCO', 18, 1, ' ');
INSERT INTO config.marc21_ff_pos_map (fixed_field, tag, rec_type,start_pos, length, default_val) VALUES ('Desc', 'ldr', 'SER', 18, 1, ' ');
INSERT INTO config.marc21_ff_pos_map (fixed_field, tag, rec_type,start_pos, length, default_val) VALUES ('Desc', 'ldr', 'VIS', 18, 1, ' ');
INSERT INTO config.marc21_ff_pos_map (fixed_field, tag, rec_type,start_pos, length, default_val) VALUES ('DtSt', '008', 'BKS', 6, 1, ' ');
INSERT INTO config.marc21_ff_pos_map (fixed_field, tag, rec_type,start_pos, length, default_val) VALUES ('DtSt', '008', 'COM', 6, 1, ' ');
INSERT INTO config.marc21_ff_pos_map (fixed_field, tag, rec_type,start_pos, length, default_val) VALUES ('DtSt', '008', 'MAP', 6, 1, ' ');
INSERT INTO config.marc21_ff_pos_map (fixed_field, tag, rec_type,start_pos, length, default_val) VALUES ('DtSt', '008', 'MIX', 6, 1, ' ');
INSERT INTO config.marc21_ff_pos_map (fixed_field, tag, rec_type,start_pos, length, default_val) VALUES ('DtSt', '008', 'REC', 6, 1, ' ');
INSERT INTO config.marc21_ff_pos_map (fixed_field, tag, rec_type,start_pos, length, default_val) VALUES ('DtSt', '008', 'SCO', 6, 1, ' ');
INSERT INTO config.marc21_ff_pos_map (fixed_field, tag, rec_type,start_pos, length, default_val) VALUES ('DtSt', '008', 'SER', 6, 1, 'c');
INSERT INTO config.marc21_ff_pos_map (fixed_field, tag, rec_type,start_pos, length, default_val) VALUES ('DtSt', '008', 'VIS', 6, 1, ' ');
INSERT INTO config.marc21_ff_pos_map (fixed_field, tag, rec_type,start_pos, length, default_val) VALUES ('ELvl', 'ldr', 'BKS', 17, 1, ' ');
INSERT INTO config.marc21_ff_pos_map (fixed_field, tag, rec_type,start_pos, length, default_val) VALUES ('ELvl', 'ldr', 'COM', 17, 1, ' ');
INSERT INTO config.marc21_ff_pos_map (fixed_field, tag, rec_type,start_pos, length, default_val) VALUES ('ELvl', 'ldr', 'MAP', 17, 1, ' ');
INSERT INTO config.marc21_ff_pos_map (fixed_field, tag, rec_type,start_pos, length, default_val) VALUES ('ELvl', 'ldr', 'MIX', 17, 1, ' ');
INSERT INTO config.marc21_ff_pos_map (fixed_field, tag, rec_type,start_pos, length, default_val) VALUES ('ELvl', 'ldr', 'REC', 17, 1, ' ');
INSERT INTO config.marc21_ff_pos_map (fixed_field, tag, rec_type,start_pos, length, default_val) VALUES ('ELvl', 'ldr', 'SCO', 17, 1, ' ');
INSERT INTO config.marc21_ff_pos_map (fixed_field, tag, rec_type,start_pos, length, default_val) VALUES ('ELvl', 'ldr', 'SER', 17, 1, ' ');
INSERT INTO config.marc21_ff_pos_map (fixed_field, tag, rec_type,start_pos, length, default_val) VALUES ('ELvl', 'ldr', 'VIS', 17, 1, ' ');
INSERT INTO config.marc21_ff_pos_map (fixed_field, tag, rec_type,start_pos, length, default_val) VALUES ('ELvl', 'ldr', 'AUT', 17, 1, ' ');
INSERT INTO config.marc21_ff_pos_map (fixed_field, tag, rec_type,start_pos, length, default_val) VALUES ('Fest', '006', 'BKS', 13, 1, '0');
INSERT INTO config.marc21_ff_pos_map (fixed_field, tag, rec_type,start_pos, length, default_val) VALUES ('Fest', '008', 'BKS', 30, 1, '0');
INSERT INTO config.marc21_ff_pos_map (fixed_field, tag, rec_type,start_pos, length, default_val) VALUES ('Form', '006', 'BKS', 6, 1, ' ');
INSERT INTO config.marc21_ff_pos_map (fixed_field, tag, rec_type,start_pos, length, default_val) VALUES ('Form', '006', 'MAP', 12, 1, ' ');
INSERT INTO config.marc21_ff_pos_map (fixed_field, tag, rec_type,start_pos, length, default_val) VALUES ('Form', '006', 'MIX', 6, 1, ' ');
INSERT INTO config.marc21_ff_pos_map (fixed_field, tag, rec_type,start_pos, length, default_val) VALUES ('Form', '006', 'REC', 6, 1, ' ');
INSERT INTO config.marc21_ff_pos_map (fixed_field, tag, rec_type,start_pos, length, default_val) VALUES ('Form', '006', 'SCO', 6, 1, ' ');
INSERT INTO config.marc21_ff_pos_map (fixed_field, tag, rec_type,start_pos, length, default_val) VALUES ('Form', '006', 'SER', 6, 1, ' ');
INSERT INTO config.marc21_ff_pos_map (fixed_field, tag, rec_type,start_pos, length, default_val) VALUES ('Form', '006', 'VIS', 12, 1, ' ');
INSERT INTO config.marc21_ff_pos_map (fixed_field, tag, rec_type,start_pos, length, default_val) VALUES ('Form', '008', 'BKS', 23, 1, ' ');
INSERT INTO config.marc21_ff_pos_map (fixed_field, tag, rec_type,start_pos, length, default_val) VALUES ('Form', '008', 'MAP', 29, 1, ' ');
INSERT INTO config.marc21_ff_pos_map (fixed_field, tag, rec_type,start_pos, length, default_val) VALUES ('Form', '008', 'MIX', 23, 1, ' ');
INSERT INTO config.marc21_ff_pos_map (fixed_field, tag, rec_type,start_pos, length, default_val) VALUES ('Form', '008', 'REC', 23, 1, ' ');
INSERT INTO config.marc21_ff_pos_map (fixed_field, tag, rec_type,start_pos, length, default_val) VALUES ('Form', '008', 'SCO', 23, 1, ' ');
INSERT INTO config.marc21_ff_pos_map (fixed_field, tag, rec_type,start_pos, length, default_val) VALUES ('Form', '008', 'SER', 23, 1, ' ');
INSERT INTO config.marc21_ff_pos_map (fixed_field, tag, rec_type,start_pos, length, default_val) VALUES ('Form', '008', 'VIS', 29, 1, ' ');
INSERT INTO config.marc21_ff_pos_map (fixed_field, tag, rec_type,start_pos, length, default_val) VALUES ('GPub', '006', 'BKS', 11, 1, ' ');
INSERT INTO config.marc21_ff_pos_map (fixed_field, tag, rec_type,start_pos, length, default_val) VALUES ('GPub', '006', 'COM', 11, 1, ' ');
INSERT INTO config.marc21_ff_pos_map (fixed_field, tag, rec_type,start_pos, length, default_val) VALUES ('GPub', '006', 'MAP', 11, 1, ' ');
INSERT INTO config.marc21_ff_pos_map (fixed_field, tag, rec_type,start_pos, length, default_val) VALUES ('GPub', '006', 'SER', 11, 1, ' ');
INSERT INTO config.marc21_ff_pos_map (fixed_field, tag, rec_type,start_pos, length, default_val) VALUES ('GPub', '006', 'VIS', 11, 1, ' ');
INSERT INTO config.marc21_ff_pos_map (fixed_field, tag, rec_type,start_pos, length, default_val) VALUES ('GPub', '008', 'BKS', 28, 1, ' ');
INSERT INTO config.marc21_ff_pos_map (fixed_field, tag, rec_type,start_pos, length, default_val) VALUES ('GPub', '008', 'COM', 28, 1, ' ');
INSERT INTO config.marc21_ff_pos_map (fixed_field, tag, rec_type,start_pos, length, default_val) VALUES ('GPub', '008', 'MAP', 28, 1, ' ');
INSERT INTO config.marc21_ff_pos_map (fixed_field, tag, rec_type,start_pos, length, default_val) VALUES ('GPub', '008', 'SER', 28, 1, ' ');
INSERT INTO config.marc21_ff_pos_map (fixed_field, tag, rec_type,start_pos, length, default_val) VALUES ('GPub', '008', 'VIS', 28, 1, ' ');
INSERT INTO config.marc21_ff_pos_map (fixed_field, tag, rec_type,start_pos, length, default_val) VALUES ('Ills', '006', 'BKS', 1, 4, ' ');
INSERT INTO config.marc21_ff_pos_map (fixed_field, tag, rec_type,start_pos, length, default_val) VALUES ('Ills', '008', 'BKS', 18, 4, ' ');
INSERT INTO config.marc21_ff_pos_map (fixed_field, tag, rec_type,start_pos, length, default_val) VALUES ('Indx', '006', 'BKS', 14, 1, '0');
INSERT INTO config.marc21_ff_pos_map (fixed_field, tag, rec_type,start_pos, length, default_val) VALUES ('Indx', '006', 'MAP', 14, 1, '0');
INSERT INTO config.marc21_ff_pos_map (fixed_field, tag, rec_type,start_pos, length, default_val) VALUES ('Indx', '008', 'BKS', 31, 1, '0');
INSERT INTO config.marc21_ff_pos_map (fixed_field, tag, rec_type,start_pos, length, default_val) VALUES ('Indx', '008', 'MAP', 31, 1, '0');
INSERT INTO config.marc21_ff_pos_map (fixed_field, tag, rec_type,start_pos, length, default_val) VALUES ('Lang', '008', 'BKS', 35, 3, ' ');
INSERT INTO config.marc21_ff_pos_map (fixed_field, tag, rec_type,start_pos, length, default_val) VALUES ('Lang', '008', 'COM', 35, 3, ' ');
INSERT INTO config.marc21_ff_pos_map (fixed_field, tag, rec_type,start_pos, length, default_val) VALUES ('Lang', '008', 'MAP', 35, 3, ' ');
INSERT INTO config.marc21_ff_pos_map (fixed_field, tag, rec_type,start_pos, length, default_val) VALUES ('Lang', '008', 'MIX', 35, 3, ' ');
INSERT INTO config.marc21_ff_pos_map (fixed_field, tag, rec_type,start_pos, length, default_val) VALUES ('Lang', '008', 'REC', 35, 3, ' ');
INSERT INTO config.marc21_ff_pos_map (fixed_field, tag, rec_type,start_pos, length, default_val) VALUES ('Lang', '008', 'SCO', 35, 3, ' ');
INSERT INTO config.marc21_ff_pos_map (fixed_field, tag, rec_type,start_pos, length, default_val) VALUES ('Lang', '008', 'SER', 35, 3, ' ');
INSERT INTO config.marc21_ff_pos_map (fixed_field, tag, rec_type,start_pos, length, default_val) VALUES ('Lang', '008', 'VIS', 35, 3, ' ');
INSERT INTO config.marc21_ff_pos_map (fixed_field, tag, rec_type,start_pos, length, default_val) VALUES ('LitF', '006', 'BKS', 16, 1, '0');
INSERT INTO config.marc21_ff_pos_map (fixed_field, tag, rec_type,start_pos, length, default_val) VALUES ('LitF', '008', 'BKS', 33, 1, '0');
INSERT INTO config.marc21_ff_pos_map (fixed_field, tag, rec_type,start_pos, length, default_val) VALUES ('MRec', '008', 'BKS', 38, 1, ' ');
INSERT INTO config.marc21_ff_pos_map (fixed_field, tag, rec_type,start_pos, length, default_val) VALUES ('MRec', '008', 'COM', 38, 1, ' ');
INSERT INTO config.marc21_ff_pos_map (fixed_field, tag, rec_type,start_pos, length, default_val) VALUES ('MRec', '008', 'MAP', 38, 1, ' ');
INSERT INTO config.marc21_ff_pos_map (fixed_field, tag, rec_type,start_pos, length, default_val) VALUES ('MRec', '008', 'MIX', 38, 1, ' ');
INSERT INTO config.marc21_ff_pos_map (fixed_field, tag, rec_type,start_pos, length, default_val) VALUES ('MRec', '008', 'REC', 38, 1, ' ');
INSERT INTO config.marc21_ff_pos_map (fixed_field, tag, rec_type,start_pos, length, default_val) VALUES ('MRec', '008', 'SCO', 38, 1, ' ');
INSERT INTO config.marc21_ff_pos_map (fixed_field, tag, rec_type,start_pos, length, default_val) VALUES ('MRec', '008', 'SER', 38, 1, ' ');
INSERT INTO config.marc21_ff_pos_map (fixed_field, tag, rec_type,start_pos, length, default_val) VALUES ('MRec', '008', 'VIS', 38, 1, ' ');
INSERT INTO config.marc21_ff_pos_map (fixed_field, tag, rec_type,start_pos, length, default_val) VALUES ('S/L', '006', 'SER', 17, 1, '0');
INSERT INTO config.marc21_ff_pos_map (fixed_field, tag, rec_type,start_pos, length, default_val) VALUES ('S/L', '008', 'SER', 34, 1, '0');
INSERT INTO config.marc21_ff_pos_map (fixed_field, tag, rec_type,start_pos, length, default_val) VALUES ('TMat', '006', 'VIS', 16, 1, ' ');
INSERT INTO config.marc21_ff_pos_map (fixed_field, tag, rec_type,start_pos, length, default_val) VALUES ('TMat', '008', 'VIS', 33, 1, ' ');
INSERT INTO config.marc21_ff_pos_map (fixed_field, tag, rec_type,start_pos, length, default_val) VALUES ('Type', 'ldr', 'BKS', 6, 1, 'a');
INSERT INTO config.marc21_ff_pos_map (fixed_field, tag, rec_type,start_pos, length, default_val) VALUES ('Type', 'ldr', 'COM', 6, 1, 'm');
INSERT INTO config.marc21_ff_pos_map (fixed_field, tag, rec_type,start_pos, length, default_val) VALUES ('Type', 'ldr', 'MAP', 6, 1, 'e');
INSERT INTO config.marc21_ff_pos_map (fixed_field, tag, rec_type,start_pos, length, default_val) VALUES ('Type', 'ldr', 'MIX', 6, 1, 'p');
INSERT INTO config.marc21_ff_pos_map (fixed_field, tag, rec_type,start_pos, length, default_val) VALUES ('Type', 'ldr', 'REC', 6, 1, 'i');
INSERT INTO config.marc21_ff_pos_map (fixed_field, tag, rec_type,start_pos, length, default_val) VALUES ('Type', 'ldr', 'SCO', 6, 1, 'c');
INSERT INTO config.marc21_ff_pos_map (fixed_field, tag, rec_type,start_pos, length, default_val) VALUES ('Type', 'ldr', 'SER', 6, 1, 'a');
INSERT INTO config.marc21_ff_pos_map (fixed_field, tag, rec_type,start_pos, length, default_val) VALUES ('Type', 'ldr', 'VIS', 6, 1, 'g');
INSERT INTO config.marc21_ff_pos_map (fixed_field, tag, rec_type,start_pos, length, default_val) VALUES ('Subj', '008', 'AUT', 11, 1, '|');
INSERT INTO config.marc21_ff_pos_map (fixed_field, tag, rec_type,start_pos, length, default_val) VALUES ('RecStat', 'ldr', 'AUT', 5, 1, 'n');

-- record attributes
INSERT INTO config.record_attr_definition (name,label,fixed_field) values ('alph','Alph','Alph');
INSERT INTO config.record_attr_definition (name,label,fixed_field) values ('audience','Audn','Audn');
INSERT INTO config.record_attr_definition (name,label,fixed_field) values ('bib_level','BLvl','BLvl');
INSERT INTO config.record_attr_definition (name,label,fixed_field) values ('biog','Biog','Biog');
INSERT INTO config.record_attr_definition (name,label,fixed_field) values ('conf','Conf','Conf');
INSERT INTO config.record_attr_definition (name,label,fixed_field) values ('control_type','Ctrl','Ctrl');
INSERT INTO config.record_attr_definition (name,label,fixed_field) values ('ctry','Ctry','Ctry');
INSERT INTO config.record_attr_definition (name,label,fixed_field) values ('date1','Date1','Date1');
INSERT INTO config.record_attr_definition (name,label,fixed_field,sorter,filter) values ('pubdate','Pub Date','Date1',TRUE,FALSE);
INSERT INTO config.record_attr_definition (name,label,fixed_field) values ('date2','Date2','Date2');
INSERT INTO config.record_attr_definition (name,label,fixed_field) values ('cat_form','Desc','Desc');
INSERT INTO config.record_attr_definition (name,label,fixed_field) values ('pub_status','DtSt','DtSt');
INSERT INTO config.record_attr_definition (name,label,fixed_field) values ('enc_level','ELvl','ELvl');
INSERT INTO config.record_attr_definition (name,label,fixed_field) values ('fest','Fest','Fest');
INSERT INTO config.record_attr_definition (name,label,fixed_field) values ('item_form','Form','Form');
INSERT INTO config.record_attr_definition (name,label,fixed_field) values ('gpub','GPub','GPub');
INSERT INTO config.record_attr_definition (name,label,fixed_field) values ('ills','Ills','Ills');
INSERT INTO config.record_attr_definition (name,label,fixed_field) values ('indx','Indx','Indx');
INSERT INTO config.record_attr_definition (name,label,fixed_field) values ('item_lang','Lang','Lang');
INSERT INTO config.record_attr_definition (name,label,fixed_field) values ('language','Language (2.0 compat version)','Lang');
INSERT INTO config.record_attr_definition (name,label,fixed_field) values ('lit_form','LitF','LitF');
INSERT INTO config.record_attr_definition (name,label,fixed_field) values ('mrec','MRec','MRec');
INSERT INTO config.record_attr_definition (name,label,fixed_field) values ('ff_sl','S/L','S/L');
INSERT INTO config.record_attr_definition (name,label,fixed_field) values ('type_mat','TMat','TMat');
INSERT INTO config.record_attr_definition (name,label,fixed_field) values ('item_type','Type','Type');
INSERT INTO config.record_attr_definition (name,label,phys_char_sf) values ('vr_format','Videorecording format',72);
INSERT INTO config.record_attr_definition (name,label,sorter,filter,tag) values ('titlesort','Title',TRUE,FALSE,'tnf');
INSERT INTO config.record_attr_definition (name,label,sorter,filter,tag,sf_list) values ('authorsort','Author',TRUE,FALSE,'1%','abcdefgklmnopqrstvxyz');

-- TO-DO: Auto-generate these values from CLDR
-- XXX These are the values used in MARC records ... does that match CLDR, including deprecated languages?
INSERT INTO config.coded_value_map (id, ctype, code, value) VALUES
    (1, 'item_lang', 'aar', oils_i18n_gettext('aar', 'Afar', 'ccvm', 'value')),
    (2, 'item_lang', 'abk', oils_i18n_gettext('abk', 'Abkhaz', 'ccvm', 'value')),
    (3, 'item_lang', 'ace', oils_i18n_gettext('ace', 'Achinese', 'ccvm', 'value')),
    (4, 'item_lang', 'ach', oils_i18n_gettext('ach', 'Acoli', 'ccvm', 'value')),
    (5, 'item_lang', 'ada', oils_i18n_gettext('ada', 'Adangme', 'ccvm', 'value')),
    (6, 'item_lang', 'ady', oils_i18n_gettext('ady', 'Adygei', 'ccvm', 'value')),
    (7, 'item_lang', 'afa', oils_i18n_gettext('afa', 'Afroasiatic (Other)', 'ccvm', 'value')),
    (8, 'item_lang', 'afh', oils_i18n_gettext('afh', 'Afrihili (Artificial language)', 'ccvm', 'value')),
    (9, 'item_lang', 'afr', oils_i18n_gettext('afr', 'Afrikaans', 'ccvm', 'value')),
    (10, 'item_lang', '-ajm', oils_i18n_gettext('-ajm', 'Aljamía', 'ccvm', 'value')),
    (11, 'item_lang', 'aka', oils_i18n_gettext('aka', 'Akan', 'ccvm', 'value')),
    (12, 'item_lang', 'akk', oils_i18n_gettext('akk', 'Akkadian', 'ccvm', 'value')),
    (13, 'item_lang', 'alb', oils_i18n_gettext('alb', 'Albanian', 'ccvm', 'value')),
    (14, 'item_lang', 'ale', oils_i18n_gettext('ale', 'Aleut', 'ccvm', 'value')),
    (15, 'item_lang', 'alg', oils_i18n_gettext('alg', 'Algonquian (Other)', 'ccvm', 'value')),
    (16, 'item_lang', 'amh', oils_i18n_gettext('amh', 'Amharic', 'ccvm', 'value')),
    (17, 'item_lang', 'ang', oils_i18n_gettext('ang', 'English, Old (ca. 450-1100)', 'ccvm', 'value')),
    (18, 'item_lang', 'apa', oils_i18n_gettext('apa', 'Apache languages', 'ccvm', 'value')),
    (19, 'item_lang', 'ara', oils_i18n_gettext('ara', 'Arabic', 'ccvm', 'value')),
    (20, 'item_lang', 'arc', oils_i18n_gettext('arc', 'Aramaic', 'ccvm', 'value')),
    (21, 'item_lang', 'arg', oils_i18n_gettext('arg', 'Aragonese Spanish', 'ccvm', 'value')),
    (22, 'item_lang', 'arm', oils_i18n_gettext('arm', 'Armenian', 'ccvm', 'value')),
    (23, 'item_lang', 'arn', oils_i18n_gettext('arn', 'Mapuche', 'ccvm', 'value')),
    (24, 'item_lang', 'arp', oils_i18n_gettext('arp', 'Arapaho', 'ccvm', 'value')),
    (25, 'item_lang', 'art', oils_i18n_gettext('art', 'Artificial (Other)', 'ccvm', 'value')),
    (26, 'item_lang', 'arw', oils_i18n_gettext('arw', 'Arawak', 'ccvm', 'value')),
    (27, 'item_lang', 'asm', oils_i18n_gettext('asm', 'Assamese', 'ccvm', 'value')),
    (28, 'item_lang', 'ast', oils_i18n_gettext('ast', 'Bable', 'ccvm', 'value')),
    (29, 'item_lang', 'ath', oils_i18n_gettext('ath', 'Athapascan (Other)', 'ccvm', 'value')),
    (30, 'item_lang', 'aus', oils_i18n_gettext('aus', 'Australian languages', 'ccvm', 'value')),
    (31, 'item_lang', 'ava', oils_i18n_gettext('ava', 'Avaric', 'ccvm', 'value')),
    (32, 'item_lang', 'ave', oils_i18n_gettext('ave', 'Avestan', 'ccvm', 'value')),
    (33, 'item_lang', 'awa', oils_i18n_gettext('awa', 'Awadhi', 'ccvm', 'value')),
    (34, 'item_lang', 'aym', oils_i18n_gettext('aym', 'Aymara', 'ccvm', 'value')),
    (35, 'item_lang', 'aze', oils_i18n_gettext('aze', 'Azerbaijani', 'ccvm', 'value')),
    (36, 'item_lang', 'bad', oils_i18n_gettext('bad', 'Banda', 'ccvm', 'value')),
    (37, 'item_lang', 'bai', oils_i18n_gettext('bai', 'Bamileke languages', 'ccvm', 'value')),
    (38, 'item_lang', 'bak', oils_i18n_gettext('bak', 'Bashkir', 'ccvm', 'value')),
    (39, 'item_lang', 'bal', oils_i18n_gettext('bal', 'Baluchi', 'ccvm', 'value')),
    (40, 'item_lang', 'bam', oils_i18n_gettext('40', 'Bambara', 'ccvm', 'value')),
    (41, 'item_lang', 'ban', oils_i18n_gettext('41', 'Balinese', 'ccvm', 'value')),
    (42, 'item_lang', 'baq', oils_i18n_gettext('42', 'Basque', 'ccvm', 'value')),
    (43, 'item_lang', 'bas', oils_i18n_gettext('43', 'Basa', 'ccvm', 'value')),
    (44, 'item_lang', 'bat', oils_i18n_gettext('44', 'Baltic (Other)', 'ccvm', 'value')),
    (45, 'item_lang', 'bej', oils_i18n_gettext('45', 'Beja', 'ccvm', 'value')),
    (46, 'item_lang', 'bel', oils_i18n_gettext('46', 'Belarusian', 'ccvm', 'value')),
    (47, 'item_lang', 'bem', oils_i18n_gettext('47', 'Bemba', 'ccvm', 'value')),
    (48, 'item_lang', 'ben', oils_i18n_gettext('48', 'Bengali', 'ccvm', 'value')),
    (49, 'item_lang', 'ber', oils_i18n_gettext('49', 'Berber (Other)', 'ccvm', 'value')),
    (50, 'item_lang', 'bho', oils_i18n_gettext('50', 'Bhojpuri', 'ccvm', 'value')),
    (51, 'item_lang', 'bih', oils_i18n_gettext('51', 'Bihari', 'ccvm', 'value')),
    (52, 'item_lang', 'bik', oils_i18n_gettext('52', 'Bikol', 'ccvm', 'value')),
    (53, 'item_lang', 'bin', oils_i18n_gettext('53', 'Edo', 'ccvm', 'value')),
    (54, 'item_lang', 'bis', oils_i18n_gettext('54', 'Bislama', 'ccvm', 'value')),
    (55, 'item_lang', 'bla', oils_i18n_gettext('55', 'Siksika', 'ccvm', 'value')),
    (56, 'item_lang', 'bnt', oils_i18n_gettext('56', 'Bantu (Other)', 'ccvm', 'value')),
    (57, 'item_lang', 'bos', oils_i18n_gettext('57', 'Bosnian', 'ccvm', 'value')),
    (58, 'item_lang', 'bra', oils_i18n_gettext('58', 'Braj', 'ccvm', 'value')),
    (59, 'item_lang', 'bre', oils_i18n_gettext('59', 'Breton', 'ccvm', 'value')),
    (60, 'item_lang', 'btk', oils_i18n_gettext('60', 'Batak', 'ccvm', 'value')),
    (61, 'item_lang', 'bua', oils_i18n_gettext('61', 'Buriat', 'ccvm', 'value')),
    (62, 'item_lang', 'bug', oils_i18n_gettext('62', 'Bugis', 'ccvm', 'value')),
    (63, 'item_lang', 'bul', oils_i18n_gettext('63', 'Bulgarian', 'ccvm', 'value')),
    (64, 'item_lang', 'bur', oils_i18n_gettext('64', 'Burmese', 'ccvm', 'value')),
    (65, 'item_lang', 'cad', oils_i18n_gettext('65', 'Caddo', 'ccvm', 'value')),
    (66, 'item_lang', 'cai', oils_i18n_gettext('66', 'Central American Indian (Other)', 'ccvm', 'value')),
    (67, 'item_lang', '-cam', oils_i18n_gettext('67', 'Khmer', 'ccvm', 'value')),
    (68, 'item_lang', 'car', oils_i18n_gettext('68', 'Carib', 'ccvm', 'value')),
    (69, 'item_lang', 'cat', oils_i18n_gettext('69', 'Catalan', 'ccvm', 'value')),
    (70, 'item_lang', 'cau', oils_i18n_gettext('70', 'Caucasian (Other)', 'ccvm', 'value')),
    (71, 'item_lang', 'ceb', oils_i18n_gettext('71', 'Cebuano', 'ccvm', 'value')),
    (72, 'item_lang', 'cel', oils_i18n_gettext('72', 'Celtic (Other)', 'ccvm', 'value')),
    (73, 'item_lang', 'cha', oils_i18n_gettext('73', 'Chamorro', 'ccvm', 'value')),
    (74, 'item_lang', 'chb', oils_i18n_gettext('74', 'Chibcha', 'ccvm', 'value')),
    (75, 'item_lang', 'che', oils_i18n_gettext('75', 'Chechen', 'ccvm', 'value')),
    (76, 'item_lang', 'chg', oils_i18n_gettext('76', 'Chagatai', 'ccvm', 'value')),
    (77, 'item_lang', 'chi', oils_i18n_gettext('77', 'Chinese', 'ccvm', 'value')),
    (78, 'item_lang', 'chk', oils_i18n_gettext('78', 'Truk', 'ccvm', 'value')),
    (79, 'item_lang', 'chm', oils_i18n_gettext('79', 'Mari', 'ccvm', 'value')),
    (80, 'item_lang', 'chn', oils_i18n_gettext('80', 'Chinook jargon', 'ccvm', 'value')),
    (81, 'item_lang', 'cho', oils_i18n_gettext('81', 'Choctaw', 'ccvm', 'value')),
    (82, 'item_lang', 'chp', oils_i18n_gettext('82', 'Chipewyan', 'ccvm', 'value')),
    (83, 'item_lang', 'chr', oils_i18n_gettext('83', 'Cherokee', 'ccvm', 'value')),
    (84, 'item_lang', 'chu', oils_i18n_gettext('84', 'Church Slavic', 'ccvm', 'value')),
    (85, 'item_lang', 'chv', oils_i18n_gettext('85', 'Chuvash', 'ccvm', 'value')),
    (86, 'item_lang', 'chy', oils_i18n_gettext('86', 'Cheyenne', 'ccvm', 'value')),
    (87, 'item_lang', 'cmc', oils_i18n_gettext('87', 'Chamic languages', 'ccvm', 'value')),
    (88, 'item_lang', 'cop', oils_i18n_gettext('88', 'Coptic', 'ccvm', 'value')),
    (89, 'item_lang', 'cor', oils_i18n_gettext('89', 'Cornish', 'ccvm', 'value')),
    (90, 'item_lang', 'cos', oils_i18n_gettext('90', 'Corsican', 'ccvm', 'value')),
    (91, 'item_lang', 'cpe', oils_i18n_gettext('91', 'Creoles and Pidgins, English-based (Other)', 'ccvm', 'value')),
    (92, 'item_lang', 'cpf', oils_i18n_gettext('92', 'Creoles and Pidgins, French-based (Other)', 'ccvm', 'value')),
    (93, 'item_lang', 'cpp', oils_i18n_gettext('93', 'Creoles and Pidgins, Portuguese-based (Other)', 'ccvm', 'value')),
    (94, 'item_lang', 'cre', oils_i18n_gettext('94', 'Cree', 'ccvm', 'value')),
    (95, 'item_lang', 'crh', oils_i18n_gettext('95', 'Crimean Tatar', 'ccvm', 'value')),
    (96, 'item_lang', 'crp', oils_i18n_gettext('96', 'Creoles and Pidgins (Other)', 'ccvm', 'value')),
    (97, 'item_lang', 'cus', oils_i18n_gettext('97', 'Cushitic (Other)', 'ccvm', 'value')),
    (98, 'item_lang', 'cze', oils_i18n_gettext('98', 'Czech', 'ccvm', 'value')),
    (99, 'item_lang', 'dak', oils_i18n_gettext('99', 'Dakota', 'ccvm', 'value')),
    (100, 'item_lang', 'dan', oils_i18n_gettext('100', 'Danish', 'ccvm', 'value')),
    (101, 'item_lang', 'dar', oils_i18n_gettext('101', 'Dargwa', 'ccvm', 'value')),
    (102, 'item_lang', 'day', oils_i18n_gettext('102', 'Dayak', 'ccvm', 'value')),
    (103, 'item_lang', 'del', oils_i18n_gettext('103', 'Delaware', 'ccvm', 'value')),
    (104, 'item_lang', 'den', oils_i18n_gettext('104', 'Slave', 'ccvm', 'value')),
    (105, 'item_lang', 'dgr', oils_i18n_gettext('105', 'Dogrib', 'ccvm', 'value')),
    (106, 'item_lang', 'din', oils_i18n_gettext('106', 'Dinka', 'ccvm', 'value')),
    (107, 'item_lang', 'div', oils_i18n_gettext('107', 'Divehi', 'ccvm', 'value')),
    (108, 'item_lang', 'doi', oils_i18n_gettext('108', 'Dogri', 'ccvm', 'value')),
    (109, 'item_lang', 'dra', oils_i18n_gettext('109', 'Dravidian (Other)', 'ccvm', 'value')),
    (110, 'item_lang', 'dua', oils_i18n_gettext('110', 'Duala', 'ccvm', 'value')),
    (111, 'item_lang', 'dum', oils_i18n_gettext('111', 'Dutch, Middle (ca. 1050-1350)', 'ccvm', 'value')),
    (112, 'item_lang', 'dut', oils_i18n_gettext('112', 'Dutch', 'ccvm', 'value')),
    (113, 'item_lang', 'dyu', oils_i18n_gettext('113', 'Dyula', 'ccvm', 'value')),
    (114, 'item_lang', 'dzo', oils_i18n_gettext('114', 'Dzongkha', 'ccvm', 'value')),
    (115, 'item_lang', 'efi', oils_i18n_gettext('115', 'Efik', 'ccvm', 'value')),
    (116, 'item_lang', 'egy', oils_i18n_gettext('116', 'Egyptian', 'ccvm', 'value')),
    (117, 'item_lang', 'eka', oils_i18n_gettext('117', 'Ekajuk', 'ccvm', 'value')),
    (118, 'item_lang', 'elx', oils_i18n_gettext('118', 'Elamite', 'ccvm', 'value')),
    (119, 'item_lang', 'eng', oils_i18n_gettext('119', 'English', 'ccvm', 'value')),
    (120, 'item_lang', 'enm', oils_i18n_gettext('120', 'English, Middle (1100-1500)', 'ccvm', 'value')),
    (121, 'item_lang', 'epo', oils_i18n_gettext('121', 'Esperanto', 'ccvm', 'value')),
    (122, 'item_lang', '-esk', oils_i18n_gettext('122', 'Eskimo languages', 'ccvm', 'value')),
    (123, 'item_lang', '-esp', oils_i18n_gettext('123', 'Esperanto', 'ccvm', 'value')),
    (124, 'item_lang', 'est', oils_i18n_gettext('124', 'Estonian', 'ccvm', 'value')),
    (125, 'item_lang', '-eth', oils_i18n_gettext('125', 'Ethiopic', 'ccvm', 'value')),
    (126, 'item_lang', 'ewe', oils_i18n_gettext('126', 'Ewe', 'ccvm', 'value')),
    (127, 'item_lang', 'ewo', oils_i18n_gettext('127', 'Ewondo', 'ccvm', 'value')),
    (128, 'item_lang', 'fan', oils_i18n_gettext('128', 'Fang', 'ccvm', 'value')),
    (129, 'item_lang', 'fao', oils_i18n_gettext('129', 'Faroese', 'ccvm', 'value')),
    (130, 'item_lang', '-far', oils_i18n_gettext('130', 'Faroese', 'ccvm', 'value')),
    (131, 'item_lang', 'fat', oils_i18n_gettext('131', 'Fanti', 'ccvm', 'value')),
    (132, 'item_lang', 'fij', oils_i18n_gettext('132', 'Fijian', 'ccvm', 'value')),
    (133, 'item_lang', 'fin', oils_i18n_gettext('133', 'Finnish', 'ccvm', 'value')),
    (134, 'item_lang', 'fiu', oils_i18n_gettext('134', 'Finno-Ugrian (Other)', 'ccvm', 'value')),
    (135, 'item_lang', 'fon', oils_i18n_gettext('135', 'Fon', 'ccvm', 'value')),
    (136, 'item_lang', 'fre', oils_i18n_gettext('136', 'French', 'ccvm', 'value')),
    (137, 'item_lang', '-fri', oils_i18n_gettext('137', 'Frisian', 'ccvm', 'value')),
    (138, 'item_lang', 'frm', oils_i18n_gettext('138', 'French, Middle (ca. 1400-1600)', 'ccvm', 'value')),
    (139, 'item_lang', 'fro', oils_i18n_gettext('139', 'French, Old (ca. 842-1400)', 'ccvm', 'value')),
    (140, 'item_lang', 'fry', oils_i18n_gettext('140', 'Frisian', 'ccvm', 'value')),
    (141, 'item_lang', 'ful', oils_i18n_gettext('141', 'Fula', 'ccvm', 'value')),
    (142, 'item_lang', 'fur', oils_i18n_gettext('142', 'Friulian', 'ccvm', 'value')),
    (143, 'item_lang', 'gaa', oils_i18n_gettext('143', 'Gã', 'ccvm', 'value')),
    (144, 'item_lang', '-gae', oils_i18n_gettext('144', 'Scottish Gaelic', 'ccvm', 'value')),
    (145, 'item_lang', '-gag', oils_i18n_gettext('145', 'Galician', 'ccvm', 'value')),
    (146, 'item_lang', '-gal', oils_i18n_gettext('146', 'Oromo', 'ccvm', 'value')),
    (147, 'item_lang', 'gay', oils_i18n_gettext('147', 'Gayo', 'ccvm', 'value')),
    (148, 'item_lang', 'gba', oils_i18n_gettext('148', 'Gbaya', 'ccvm', 'value')),
    (149, 'item_lang', 'gem', oils_i18n_gettext('149', 'Germanic (Other)', 'ccvm', 'value')),
    (150, 'item_lang', 'geo', oils_i18n_gettext('150', 'Georgian', 'ccvm', 'value')),
    (151, 'item_lang', 'ger', oils_i18n_gettext('151', 'German', 'ccvm', 'value')),
    (152, 'item_lang', 'gez', oils_i18n_gettext('152', 'Ethiopic', 'ccvm', 'value')),
    (153, 'item_lang', 'gil', oils_i18n_gettext('153', 'Gilbertese', 'ccvm', 'value')),
    (154, 'item_lang', 'gla', oils_i18n_gettext('154', 'Scottish Gaelic', 'ccvm', 'value')),
    (155, 'item_lang', 'gle', oils_i18n_gettext('155', 'Irish', 'ccvm', 'value')),
    (156, 'item_lang', 'glg', oils_i18n_gettext('156', 'Galician', 'ccvm', 'value')),
    (157, 'item_lang', 'glv', oils_i18n_gettext('157', 'Manx', 'ccvm', 'value')),
    (158, 'item_lang', 'gmh', oils_i18n_gettext('158', 'German, Middle High (ca. 1050-1500)', 'ccvm', 'value')),
    (159, 'item_lang', 'goh', oils_i18n_gettext('159', 'German, Old High (ca. 750-1050)', 'ccvm', 'value')),
    (160, 'item_lang', 'gon', oils_i18n_gettext('160', 'Gondi', 'ccvm', 'value')),
    (161, 'item_lang', 'gor', oils_i18n_gettext('161', 'Gorontalo', 'ccvm', 'value')),
    (162, 'item_lang', 'got', oils_i18n_gettext('162', 'Gothic', 'ccvm', 'value')),
    (163, 'item_lang', 'grb', oils_i18n_gettext('163', 'Grebo', 'ccvm', 'value')),
    (164, 'item_lang', 'grc', oils_i18n_gettext('164', 'Greek, Ancient (to 1453)', 'ccvm', 'value')),
    (165, 'item_lang', 'gre', oils_i18n_gettext('165', 'Greek, Modern (1453- )', 'ccvm', 'value')),
    (166, 'item_lang', 'grn', oils_i18n_gettext('166', 'Guarani', 'ccvm', 'value')),
    (167, 'item_lang', '-gua', oils_i18n_gettext('167', 'Guarani', 'ccvm', 'value')),
    (168, 'item_lang', 'guj', oils_i18n_gettext('168', 'Gujarati', 'ccvm', 'value')),
    (169, 'item_lang', 'gwi', oils_i18n_gettext('169', 'Gwich', 'ccvm', 'value''in')),
    (170, 'item_lang', 'hai', oils_i18n_gettext('170', 'Haida', 'ccvm', 'value')),
    (171, 'item_lang', 'hat', oils_i18n_gettext('171', 'Haitian French Creole', 'ccvm', 'value')),
    (172, 'item_lang', 'hau', oils_i18n_gettext('172', 'Hausa', 'ccvm', 'value')),
    (173, 'item_lang', 'haw', oils_i18n_gettext('173', 'Hawaiian', 'ccvm', 'value')),
    (174, 'item_lang', 'heb', oils_i18n_gettext('174', 'Hebrew', 'ccvm', 'value')),
    (175, 'item_lang', 'her', oils_i18n_gettext('175', 'Herero', 'ccvm', 'value')),
    (176, 'item_lang', 'hil', oils_i18n_gettext('176', 'Hiligaynon', 'ccvm', 'value')),
    (177, 'item_lang', 'him', oils_i18n_gettext('177', 'Himachali', 'ccvm', 'value')),
    (178, 'item_lang', 'hin', oils_i18n_gettext('178', 'Hindi', 'ccvm', 'value')),
    (179, 'item_lang', 'hit', oils_i18n_gettext('179', 'Hittite', 'ccvm', 'value')),
    (180, 'item_lang', 'hmn', oils_i18n_gettext('180', 'Hmong', 'ccvm', 'value')),
    (181, 'item_lang', 'hmo', oils_i18n_gettext('181', 'Hiri Motu', 'ccvm', 'value')),
    (182, 'item_lang', 'hun', oils_i18n_gettext('182', 'Hungarian', 'ccvm', 'value')),
    (183, 'item_lang', 'hup', oils_i18n_gettext('183', 'Hupa', 'ccvm', 'value')),
    (184, 'item_lang', 'iba', oils_i18n_gettext('184', 'Iban', 'ccvm', 'value')),
    (185, 'item_lang', 'ibo', oils_i18n_gettext('185', 'Igbo', 'ccvm', 'value')),
    (186, 'item_lang', 'ice', oils_i18n_gettext('186', 'Icelandic', 'ccvm', 'value')),
    (187, 'item_lang', 'ido', oils_i18n_gettext('187', 'Ido', 'ccvm', 'value')),
    (188, 'item_lang', 'iii', oils_i18n_gettext('188', 'Sichuan Yi', 'ccvm', 'value')),
    (189, 'item_lang', 'ijo', oils_i18n_gettext('189', 'Ijo', 'ccvm', 'value')),
    (190, 'item_lang', 'iku', oils_i18n_gettext('190', 'Inuktitut', 'ccvm', 'value')),
    (191, 'item_lang', 'ile', oils_i18n_gettext('191', 'Interlingue', 'ccvm', 'value')),
    (192, 'item_lang', 'ilo', oils_i18n_gettext('192', 'Iloko', 'ccvm', 'value')),
    (193, 'item_lang', 'ina', oils_i18n_gettext('193', 'Interlingua (International Auxiliary Language Association)', 'ccvm', 'value')),
    (194, 'item_lang', 'inc', oils_i18n_gettext('194', 'Indic (Other)', 'ccvm', 'value')),
    (195, 'item_lang', 'ind', oils_i18n_gettext('195', 'Indonesian', 'ccvm', 'value')),
    (196, 'item_lang', 'ine', oils_i18n_gettext('196', 'Indo-European (Other)', 'ccvm', 'value')),
    (197, 'item_lang', 'inh', oils_i18n_gettext('197', 'Ingush', 'ccvm', 'value')),
    (198, 'item_lang', '-int', oils_i18n_gettext('198', 'Interlingua (International Auxiliary Language Association)', 'ccvm', 'value')),
    (199, 'item_lang', 'ipk', oils_i18n_gettext('199', 'Inupiaq', 'ccvm', 'value')),
    (200, 'item_lang', 'ira', oils_i18n_gettext('200', 'Iranian (Other)', 'ccvm', 'value')),
    (201, 'item_lang', '-iri', oils_i18n_gettext('201', 'Irish', 'ccvm', 'value')),
    (202, 'item_lang', 'iro', oils_i18n_gettext('202', 'Iroquoian (Other)', 'ccvm', 'value')),
    (203, 'item_lang', 'ita', oils_i18n_gettext('203', 'Italian', 'ccvm', 'value')),
    (204, 'item_lang', 'jav', oils_i18n_gettext('204', 'Javanese', 'ccvm', 'value')),
    (205, 'item_lang', 'jpn', oils_i18n_gettext('205', 'Japanese', 'ccvm', 'value')),
    (206, 'item_lang', 'jpr', oils_i18n_gettext('206', 'Judeo-Persian', 'ccvm', 'value')),
    (207, 'item_lang', 'jrb', oils_i18n_gettext('207', 'Judeo-Arabic', 'ccvm', 'value')),
    (208, 'item_lang', 'kaa', oils_i18n_gettext('208', 'Kara-Kalpak', 'ccvm', 'value')),
    (209, 'item_lang', 'kab', oils_i18n_gettext('209', 'Kabyle', 'ccvm', 'value')),
    (210, 'item_lang', 'kac', oils_i18n_gettext('210', 'Kachin', 'ccvm', 'value')),
    (211, 'item_lang', 'kal', oils_i18n_gettext('211', 'Kalâtdlisut', 'ccvm', 'value')),
    (212, 'item_lang', 'kam', oils_i18n_gettext('212', 'Kamba', 'ccvm', 'value')),
    (213, 'item_lang', 'kan', oils_i18n_gettext('213', 'Kannada', 'ccvm', 'value')),
    (214, 'item_lang', 'kar', oils_i18n_gettext('214', 'Karen', 'ccvm', 'value')),
    (215, 'item_lang', 'kas', oils_i18n_gettext('215', 'Kashmiri', 'ccvm', 'value')),
    (216, 'item_lang', 'kau', oils_i18n_gettext('216', 'Kanuri', 'ccvm', 'value')),
    (217, 'item_lang', 'kaw', oils_i18n_gettext('217', 'Kawi', 'ccvm', 'value')),
    (218, 'item_lang', 'kaz', oils_i18n_gettext('218', 'Kazakh', 'ccvm', 'value')),
    (219, 'item_lang', 'kbd', oils_i18n_gettext('219', 'Kabardian', 'ccvm', 'value')),
    (220, 'item_lang', 'kha', oils_i18n_gettext('220', 'Khasi', 'ccvm', 'value')),
    (221, 'item_lang', 'khi', oils_i18n_gettext('221', 'Khoisan (Other)', 'ccvm', 'value')),
    (222, 'item_lang', 'khm', oils_i18n_gettext('222', 'Khmer', 'ccvm', 'value')),
    (223, 'item_lang', 'kho', oils_i18n_gettext('223', 'Khotanese', 'ccvm', 'value')),
    (224, 'item_lang', 'kik', oils_i18n_gettext('224', 'Kikuyu', 'ccvm', 'value')),
    (225, 'item_lang', 'kin', oils_i18n_gettext('225', 'Kinyarwanda', 'ccvm', 'value')),
    (226, 'item_lang', 'kir', oils_i18n_gettext('226', 'Kyrgyz', 'ccvm', 'value')),
    (227, 'item_lang', 'kmb', oils_i18n_gettext('227', 'Kimbundu', 'ccvm', 'value')),
    (228, 'item_lang', 'kok', oils_i18n_gettext('228', 'Konkani', 'ccvm', 'value')),
    (229, 'item_lang', 'kom', oils_i18n_gettext('229', 'Komi', 'ccvm', 'value')),
    (230, 'item_lang', 'kon', oils_i18n_gettext('230', 'Kongo', 'ccvm', 'value')),
    (231, 'item_lang', 'kor', oils_i18n_gettext('231', 'Korean', 'ccvm', 'value')),
    (232, 'item_lang', 'kos', oils_i18n_gettext('232', 'Kusaie', 'ccvm', 'value')),
    (233, 'item_lang', 'kpe', oils_i18n_gettext('233', 'Kpelle', 'ccvm', 'value')),
    (234, 'item_lang', 'kro', oils_i18n_gettext('234', 'Kru', 'ccvm', 'value')),
    (235, 'item_lang', 'kru', oils_i18n_gettext('235', 'Kurukh', 'ccvm', 'value')),
    (236, 'item_lang', 'kua', oils_i18n_gettext('236', 'Kuanyama', 'ccvm', 'value')),
    (237, 'item_lang', 'kum', oils_i18n_gettext('237', 'Kumyk', 'ccvm', 'value')),
    (238, 'item_lang', 'kur', oils_i18n_gettext('238', 'Kurdish', 'ccvm', 'value')),
    (239, 'item_lang', '-kus', oils_i18n_gettext('239', 'Kusaie', 'ccvm', 'value')),
    (240, 'item_lang', 'kut', oils_i18n_gettext('240', 'Kutenai', 'ccvm', 'value')),
    (241, 'item_lang', 'lad', oils_i18n_gettext('241', 'Ladino', 'ccvm', 'value')),
    (242, 'item_lang', 'lah', oils_i18n_gettext('242', 'Lahnda', 'ccvm', 'value')),
    (243, 'item_lang', 'lam', oils_i18n_gettext('243', 'Lamba', 'ccvm', 'value')),
    (244, 'item_lang', '-lan', oils_i18n_gettext('244', 'Occitan (post-1500)', 'ccvm', 'value')),
    (245, 'item_lang', 'lao', oils_i18n_gettext('245', 'Lao', 'ccvm', 'value')),
    (246, 'item_lang', '-lap', oils_i18n_gettext('246', 'Sami', 'ccvm', 'value')),
    (247, 'item_lang', 'lat', oils_i18n_gettext('247', 'Latin', 'ccvm', 'value')),
    (248, 'item_lang', 'lav', oils_i18n_gettext('248', 'Latvian', 'ccvm', 'value')),
    (249, 'item_lang', 'lez', oils_i18n_gettext('249', 'Lezgian', 'ccvm', 'value')),
    (250, 'item_lang', 'lim', oils_i18n_gettext('250', 'Limburgish', 'ccvm', 'value')),
    (251, 'item_lang', 'lin', oils_i18n_gettext('251', 'Lingala', 'ccvm', 'value')),
    (252, 'item_lang', 'lit', oils_i18n_gettext('252', 'Lithuanian', 'ccvm', 'value')),
    (253, 'item_lang', 'lol', oils_i18n_gettext('253', 'Mongo-Nkundu', 'ccvm', 'value')),
    (254, 'item_lang', 'loz', oils_i18n_gettext('254', 'Lozi', 'ccvm', 'value')),
    (255, 'item_lang', 'ltz', oils_i18n_gettext('255', 'Letzeburgesch', 'ccvm', 'value')),
    (256, 'item_lang', 'lua', oils_i18n_gettext('256', 'Luba-Lulua', 'ccvm', 'value')),
    (257, 'item_lang', 'lub', oils_i18n_gettext('257', 'Luba-Katanga', 'ccvm', 'value')),
    (258, 'item_lang', 'lug', oils_i18n_gettext('258', 'Ganda', 'ccvm', 'value')),
    (259, 'item_lang', 'lui', oils_i18n_gettext('259', 'Luiseño', 'ccvm', 'value')),
    (260, 'item_lang', 'lun', oils_i18n_gettext('260', 'Lunda', 'ccvm', 'value')),
    (261, 'item_lang', 'luo', oils_i18n_gettext('261', 'Luo (Kenya and Tanzania)', 'ccvm', 'value')),
    (262, 'item_lang', 'lus', oils_i18n_gettext('262', 'Lushai', 'ccvm', 'value')),
    (263, 'item_lang', 'mac', oils_i18n_gettext('263', 'Macedonian', 'ccvm', 'value')),
    (264, 'item_lang', 'mad', oils_i18n_gettext('264', 'Madurese', 'ccvm', 'value')),
    (265, 'item_lang', 'mag', oils_i18n_gettext('265', 'Magahi', 'ccvm', 'value')),
    (266, 'item_lang', 'mah', oils_i18n_gettext('266', 'Marshallese', 'ccvm', 'value')),
    (267, 'item_lang', 'mai', oils_i18n_gettext('267', 'Maithili', 'ccvm', 'value')),
    (268, 'item_lang', 'mak', oils_i18n_gettext('268', 'Makasar', 'ccvm', 'value')),
    (269, 'item_lang', 'mal', oils_i18n_gettext('269', 'Malayalam', 'ccvm', 'value')),
    (270, 'item_lang', 'man', oils_i18n_gettext('270', 'Mandingo', 'ccvm', 'value')),
    (271, 'item_lang', 'mao', oils_i18n_gettext('271', 'Maori', 'ccvm', 'value')),
    (272, 'item_lang', 'map', oils_i18n_gettext('272', 'Austronesian (Other)', 'ccvm', 'value')),
    (273, 'item_lang', 'mar', oils_i18n_gettext('273', 'Marathi', 'ccvm', 'value')),
    (274, 'item_lang', 'mas', oils_i18n_gettext('274', 'Masai', 'ccvm', 'value')),
    (275, 'item_lang', '-max', oils_i18n_gettext('275', 'Manx', 'ccvm', 'value')),
    (276, 'item_lang', 'may', oils_i18n_gettext('276', 'Malay', 'ccvm', 'value')),
    (277, 'item_lang', 'mdr', oils_i18n_gettext('277', 'Mandar', 'ccvm', 'value')),
    (278, 'item_lang', 'men', oils_i18n_gettext('278', 'Mende', 'ccvm', 'value')),
    (279, 'item_lang', 'mga', oils_i18n_gettext('279', 'Irish, Middle (ca. 1100-1550)', 'ccvm', 'value')),
    (280, 'item_lang', 'mic', oils_i18n_gettext('280', 'Micmac', 'ccvm', 'value')),
    (281, 'item_lang', 'min', oils_i18n_gettext('281', 'Minangkabau', 'ccvm', 'value')),
    (282, 'item_lang', 'mis', oils_i18n_gettext('282', 'Miscellaneous languages', 'ccvm', 'value')),
    (283, 'item_lang', 'mkh', oils_i18n_gettext('283', 'Mon-Khmer (Other)', 'ccvm', 'value')),
    (284, 'item_lang', '-mla', oils_i18n_gettext('284', 'Malagasy', 'ccvm', 'value')),
    (285, 'item_lang', 'mlg', oils_i18n_gettext('285', 'Malagasy', 'ccvm', 'value')),
    (286, 'item_lang', 'mlt', oils_i18n_gettext('286', 'Maltese', 'ccvm', 'value')),
    (287, 'item_lang', 'mnc', oils_i18n_gettext('287', 'Manchu', 'ccvm', 'value')),
    (288, 'item_lang', 'mni', oils_i18n_gettext('288', 'Manipuri', 'ccvm', 'value')),
    (289, 'item_lang', 'mno', oils_i18n_gettext('289', 'Manobo languages', 'ccvm', 'value')),
    (290, 'item_lang', 'moh', oils_i18n_gettext('290', 'Mohawk', 'ccvm', 'value')),
    (291, 'item_lang', 'mol', oils_i18n_gettext('291', 'Moldavian', 'ccvm', 'value')),
    (292, 'item_lang', 'mon', oils_i18n_gettext('292', 'Mongolian', 'ccvm', 'value')),
    (293, 'item_lang', 'mos', oils_i18n_gettext('293', 'Mooré', 'ccvm', 'value')),
    (294, 'item_lang', 'mul', oils_i18n_gettext('294', 'Multiple languages', 'ccvm', 'value')),
    (295, 'item_lang', 'mun', oils_i18n_gettext('295', 'Munda (Other)', 'ccvm', 'value')),
    (296, 'item_lang', 'mus', oils_i18n_gettext('296', 'Creek', 'ccvm', 'value')),
    (297, 'item_lang', 'mwr', oils_i18n_gettext('297', 'Marwari', 'ccvm', 'value')),
    (298, 'item_lang', 'myn', oils_i18n_gettext('298', 'Mayan languages', 'ccvm', 'value')),
    (299, 'item_lang', 'nah', oils_i18n_gettext('299', 'Nahuatl', 'ccvm', 'value')),
    (300, 'item_lang', 'nai', oils_i18n_gettext('300', 'North American Indian (Other)', 'ccvm', 'value')),
    (301, 'item_lang', 'nap', oils_i18n_gettext('301', 'Neapolitan Italian', 'ccvm', 'value')),
    (302, 'item_lang', 'nau', oils_i18n_gettext('302', 'Nauru', 'ccvm', 'value')),
    (303, 'item_lang', 'nav', oils_i18n_gettext('303', 'Navajo', 'ccvm', 'value')),
    (304, 'item_lang', 'nbl', oils_i18n_gettext('304', 'Ndebele (South Africa)', 'ccvm', 'value')),
    (305, 'item_lang', 'nde', oils_i18n_gettext('305', 'Ndebele (Zimbabwe)  ', 'ccvm', 'value')),
    (306, 'item_lang', 'ndo', oils_i18n_gettext('306', 'Ndonga', 'ccvm', 'value')),
    (307, 'item_lang', 'nds', oils_i18n_gettext('307', 'Low German', 'ccvm', 'value')),
    (308, 'item_lang', 'nep', oils_i18n_gettext('308', 'Nepali', 'ccvm', 'value')),
    (309, 'item_lang', 'new', oils_i18n_gettext('309', 'Newari', 'ccvm', 'value')),
    (310, 'item_lang', 'nia', oils_i18n_gettext('310', 'Nias', 'ccvm', 'value')),
    (311, 'item_lang', 'nic', oils_i18n_gettext('311', 'Niger-Kordofanian (Other)', 'ccvm', 'value')),
    (312, 'item_lang', 'niu', oils_i18n_gettext('312', 'Niuean', 'ccvm', 'value')),
    (313, 'item_lang', 'nno', oils_i18n_gettext('313', 'Norwegian (Nynorsk)', 'ccvm', 'value')),
    (314, 'item_lang', 'nob', oils_i18n_gettext('314', 'Norwegian (Bokmål)', 'ccvm', 'value')),
    (315, 'item_lang', 'nog', oils_i18n_gettext('315', 'Nogai', 'ccvm', 'value')),
    (316, 'item_lang', 'non', oils_i18n_gettext('316', 'Old Norse', 'ccvm', 'value')),
    (317, 'item_lang', 'nor', oils_i18n_gettext('317', 'Norwegian', 'ccvm', 'value')),
    (318, 'item_lang', 'nso', oils_i18n_gettext('318', 'Northern Sotho', 'ccvm', 'value')),
    (319, 'item_lang', 'nub', oils_i18n_gettext('319', 'Nubian languages', 'ccvm', 'value')),
    (320, 'item_lang', 'nya', oils_i18n_gettext('320', 'Nyanja', 'ccvm', 'value')),
    (321, 'item_lang', 'nym', oils_i18n_gettext('321', 'Nyamwezi', 'ccvm', 'value')),
    (322, 'item_lang', 'nyn', oils_i18n_gettext('322', 'Nyankole', 'ccvm', 'value')),
    (323, 'item_lang', 'nyo', oils_i18n_gettext('323', 'Nyoro', 'ccvm', 'value')),
    (324, 'item_lang', 'nzi', oils_i18n_gettext('324', 'Nzima', 'ccvm', 'value')),
    (325, 'item_lang', 'oci', oils_i18n_gettext('325', 'Occitan (post-1500)', 'ccvm', 'value')),
    (326, 'item_lang', 'oji', oils_i18n_gettext('326', 'Ojibwa', 'ccvm', 'value')),
    (327, 'item_lang', 'ori', oils_i18n_gettext('327', 'Oriya', 'ccvm', 'value')),
    (328, 'item_lang', 'orm', oils_i18n_gettext('328', 'Oromo', 'ccvm', 'value')),
    (329, 'item_lang', 'osa', oils_i18n_gettext('329', 'Osage', 'ccvm', 'value')),
    (330, 'item_lang', 'oss', oils_i18n_gettext('330', 'Ossetic', 'ccvm', 'value')),
    (331, 'item_lang', 'ota', oils_i18n_gettext('331', 'Turkish, Ottoman', 'ccvm', 'value')),
    (332, 'item_lang', 'oto', oils_i18n_gettext('332', 'Otomian languages', 'ccvm', 'value')),
    (333, 'item_lang', 'paa', oils_i18n_gettext('333', 'Papuan (Other)', 'ccvm', 'value')),
    (334, 'item_lang', 'pag', oils_i18n_gettext('334', 'Pangasinan', 'ccvm', 'value')),
    (335, 'item_lang', 'pal', oils_i18n_gettext('335', 'Pahlavi', 'ccvm', 'value')),
    (336, 'item_lang', 'pam', oils_i18n_gettext('336', 'Pampanga', 'ccvm', 'value')),
    (337, 'item_lang', 'pan', oils_i18n_gettext('337', 'Panjabi', 'ccvm', 'value')),
    (338, 'item_lang', 'pap', oils_i18n_gettext('338', 'Papiamento', 'ccvm', 'value')),
    (339, 'item_lang', 'pau', oils_i18n_gettext('339', 'Palauan', 'ccvm', 'value')),
    (340, 'item_lang', 'peo', oils_i18n_gettext('340', 'Old Persian (ca. 600-400 B.C.)', 'ccvm', 'value')),
    (341, 'item_lang', 'per', oils_i18n_gettext('341', 'Persian', 'ccvm', 'value')),
    (342, 'item_lang', 'phi', oils_i18n_gettext('342', 'Philippine (Other)', 'ccvm', 'value')),
    (343, 'item_lang', 'phn', oils_i18n_gettext('343', 'Phoenician', 'ccvm', 'value')),
    (344, 'item_lang', 'pli', oils_i18n_gettext('344', 'Pali', 'ccvm', 'value')),
    (345, 'item_lang', 'pol', oils_i18n_gettext('345', 'Polish', 'ccvm', 'value')),
    (346, 'item_lang', 'pon', oils_i18n_gettext('346', 'Ponape', 'ccvm', 'value')),
    (347, 'item_lang', 'por', oils_i18n_gettext('347', 'Portuguese', 'ccvm', 'value')),
    (348, 'item_lang', 'pra', oils_i18n_gettext('348', 'Prakrit languages', 'ccvm', 'value')),
    (349, 'item_lang', 'pro', oils_i18n_gettext('349', 'Provençal (to 1500)', 'ccvm', 'value')),
    (350, 'item_lang', 'pus', oils_i18n_gettext('350', 'Pushto', 'ccvm', 'value')),
    (351, 'item_lang', 'que', oils_i18n_gettext('351', 'Quechua', 'ccvm', 'value')),
    (352, 'item_lang', 'raj', oils_i18n_gettext('352', 'Rajasthani', 'ccvm', 'value')),
    (353, 'item_lang', 'rap', oils_i18n_gettext('353', 'Rapanui', 'ccvm', 'value')),
    (354, 'item_lang', 'rar', oils_i18n_gettext('354', 'Rarotongan', 'ccvm', 'value')),
    (355, 'item_lang', 'roa', oils_i18n_gettext('355', 'Romance (Other)', 'ccvm', 'value')),
    (356, 'item_lang', 'roh', oils_i18n_gettext('356', 'Raeto-Romance', 'ccvm', 'value')),
    (357, 'item_lang', 'rom', oils_i18n_gettext('357', 'Romani', 'ccvm', 'value')),
    (358, 'item_lang', 'rum', oils_i18n_gettext('358', 'Romanian', 'ccvm', 'value')),
    (359, 'item_lang', 'run', oils_i18n_gettext('359', 'Rundi', 'ccvm', 'value')),
    (360, 'item_lang', 'rus', oils_i18n_gettext('360', 'Russian', 'ccvm', 'value')),
    (361, 'item_lang', 'sad', oils_i18n_gettext('361', 'Sandawe', 'ccvm', 'value')),
    (362, 'item_lang', 'sag', oils_i18n_gettext('362', 'Sango (Ubangi Creole)', 'ccvm', 'value')),
    (363, 'item_lang', 'sah', oils_i18n_gettext('363', 'Yakut', 'ccvm', 'value')),
    (364, 'item_lang', 'sai', oils_i18n_gettext('364', 'South American Indian (Other)', 'ccvm', 'value')),
    (365, 'item_lang', 'sal', oils_i18n_gettext('365', 'Salishan languages', 'ccvm', 'value')),
    (366, 'item_lang', 'sam', oils_i18n_gettext('366', 'Samaritan Aramaic', 'ccvm', 'value')),
    (367, 'item_lang', 'san', oils_i18n_gettext('367', 'Sanskrit', 'ccvm', 'value')),
    (368, 'item_lang', '-sao', oils_i18n_gettext('368', 'Samoan', 'ccvm', 'value')),
    (369, 'item_lang', 'sas', oils_i18n_gettext('369', 'Sasak', 'ccvm', 'value')),
    (370, 'item_lang', 'sat', oils_i18n_gettext('370', 'Santali', 'ccvm', 'value')),
    (371, 'item_lang', 'scc', oils_i18n_gettext('371', 'Serbian', 'ccvm', 'value')),
    (372, 'item_lang', 'sco', oils_i18n_gettext('372', 'Scots', 'ccvm', 'value')),
    (373, 'item_lang', 'scr', oils_i18n_gettext('373', 'Croatian', 'ccvm', 'value')),
    (374, 'item_lang', 'sel', oils_i18n_gettext('374', 'Selkup', 'ccvm', 'value')),
    (375, 'item_lang', 'sem', oils_i18n_gettext('375', 'Semitic (Other)', 'ccvm', 'value')),
    (376, 'item_lang', 'sga', oils_i18n_gettext('376', 'Irish, Old (to 1100)', 'ccvm', 'value')),
    (377, 'item_lang', 'sgn', oils_i18n_gettext('377', 'Sign languages', 'ccvm', 'value')),
    (378, 'item_lang', 'shn', oils_i18n_gettext('378', 'Shan', 'ccvm', 'value')),
    (379, 'item_lang', '-sho', oils_i18n_gettext('379', 'Shona', 'ccvm', 'value')),
    (380, 'item_lang', 'sid', oils_i18n_gettext('380', 'Sidamo', 'ccvm', 'value')),
    (381, 'item_lang', 'sin', oils_i18n_gettext('381', 'Sinhalese', 'ccvm', 'value')),
    (382, 'item_lang', 'sio', oils_i18n_gettext('382', 'Siouan (Other)', 'ccvm', 'value')),
    (383, 'item_lang', 'sit', oils_i18n_gettext('383', 'Sino-Tibetan (Other)', 'ccvm', 'value')),
    (384, 'item_lang', 'sla', oils_i18n_gettext('384', 'Slavic (Other)', 'ccvm', 'value')),
    (385, 'item_lang', 'slo', oils_i18n_gettext('385', 'Slovak', 'ccvm', 'value')),
    (386, 'item_lang', 'slv', oils_i18n_gettext('386', 'Slovenian', 'ccvm', 'value')),
    (387, 'item_lang', 'sma', oils_i18n_gettext('387', 'Southern Sami', 'ccvm', 'value')),
    (388, 'item_lang', 'sme', oils_i18n_gettext('388', 'Northern Sami', 'ccvm', 'value')),
    (389, 'item_lang', 'smi', oils_i18n_gettext('389', 'Sami', 'ccvm', 'value')),
    (390, 'item_lang', 'smj', oils_i18n_gettext('390', 'Lule Sami', 'ccvm', 'value')),
    (391, 'item_lang', 'smn', oils_i18n_gettext('391', 'Inari Sami', 'ccvm', 'value')),
    (392, 'item_lang', 'smo', oils_i18n_gettext('392', 'Samoan', 'ccvm', 'value')),
    (393, 'item_lang', 'sms', oils_i18n_gettext('393', 'Skolt Sami', 'ccvm', 'value')),
    (394, 'item_lang', 'sna', oils_i18n_gettext('394', 'Shona', 'ccvm', 'value')),
    (395, 'item_lang', 'snd', oils_i18n_gettext('395', 'Sindhi', 'ccvm', 'value')),
    (396, 'item_lang', '-snh', oils_i18n_gettext('396', 'Sinhalese', 'ccvm', 'value')),
    (397, 'item_lang', 'snk', oils_i18n_gettext('397', 'Soninke', 'ccvm', 'value')),
    (398, 'item_lang', 'sog', oils_i18n_gettext('398', 'Sogdian', 'ccvm', 'value')),
    (399, 'item_lang', 'som', oils_i18n_gettext('399', 'Somali', 'ccvm', 'value')),
    (400, 'item_lang', 'son', oils_i18n_gettext('400', 'Songhai', 'ccvm', 'value')),
    (401, 'item_lang', 'sot', oils_i18n_gettext('401', 'Sotho', 'ccvm', 'value')),
    (402, 'item_lang', 'spa', oils_i18n_gettext('402', 'Spanish', 'ccvm', 'value')),
    (403, 'item_lang', 'srd', oils_i18n_gettext('403', 'Sardinian', 'ccvm', 'value')),
    (404, 'item_lang', 'srr', oils_i18n_gettext('404', 'Serer', 'ccvm', 'value')),
    (405, 'item_lang', 'ssa', oils_i18n_gettext('405', 'Nilo-Saharan (Other)', 'ccvm', 'value')),
    (406, 'item_lang', '-sso', oils_i18n_gettext('406', 'Sotho', 'ccvm', 'value')),
    (407, 'item_lang', 'ssw', oils_i18n_gettext('407', 'Swazi', 'ccvm', 'value')),
    (408, 'item_lang', 'suk', oils_i18n_gettext('408', 'Sukuma', 'ccvm', 'value')),
    (409, 'item_lang', 'sun', oils_i18n_gettext('409', 'Sundanese', 'ccvm', 'value')),
    (410, 'item_lang', 'sus', oils_i18n_gettext('410', 'Susu', 'ccvm', 'value')),
    (411, 'item_lang', 'sux', oils_i18n_gettext('411', 'Sumerian', 'ccvm', 'value')),
    (412, 'item_lang', 'swa', oils_i18n_gettext('412', 'Swahili', 'ccvm', 'value')),
    (413, 'item_lang', 'swe', oils_i18n_gettext('413', 'Swedish', 'ccvm', 'value')),
    (414, 'item_lang', '-swz', oils_i18n_gettext('414', 'Swazi', 'ccvm', 'value')),
    (415, 'item_lang', 'syr', oils_i18n_gettext('415', 'Syriac', 'ccvm', 'value')),
    (416, 'item_lang', '-tag', oils_i18n_gettext('416', 'Tagalog', 'ccvm', 'value')),
    (417, 'item_lang', 'tah', oils_i18n_gettext('417', 'Tahitian', 'ccvm', 'value')),
    (418, 'item_lang', 'tai', oils_i18n_gettext('418', 'Tai (Other)', 'ccvm', 'value')),
    (419, 'item_lang', '-taj', oils_i18n_gettext('419', 'Tajik', 'ccvm', 'value')),
    (420, 'item_lang', 'tam', oils_i18n_gettext('420', 'Tamil', 'ccvm', 'value')),
    (421, 'item_lang', '-tar', oils_i18n_gettext('421', 'Tatar', 'ccvm', 'value')),
    (422, 'item_lang', 'tat', oils_i18n_gettext('422', 'Tatar', 'ccvm', 'value')),
    (423, 'item_lang', 'tel', oils_i18n_gettext('423', 'Telugu', 'ccvm', 'value')),
    (424, 'item_lang', 'tem', oils_i18n_gettext('424', 'Temne', 'ccvm', 'value')),
    (425, 'item_lang', 'ter', oils_i18n_gettext('425', 'Terena', 'ccvm', 'value')),
    (426, 'item_lang', 'tet', oils_i18n_gettext('426', 'Tetum', 'ccvm', 'value')),
    (427, 'item_lang', 'tgk', oils_i18n_gettext('427', 'Tajik', 'ccvm', 'value')),
    (428, 'item_lang', 'tgl', oils_i18n_gettext('428', 'Tagalog', 'ccvm', 'value')),
    (429, 'item_lang', 'tha', oils_i18n_gettext('429', 'Thai', 'ccvm', 'value')),
    (430, 'item_lang', 'tib', oils_i18n_gettext('430', 'Tibetan', 'ccvm', 'value')),
    (431, 'item_lang', 'tig', oils_i18n_gettext('431', 'Tigré', 'ccvm', 'value')),
    (432, 'item_lang', 'tir', oils_i18n_gettext('432', 'Tigrinya', 'ccvm', 'value')),
    (433, 'item_lang', 'tiv', oils_i18n_gettext('433', 'Tiv', 'ccvm', 'value')),
    (434, 'item_lang', 'tkl', oils_i18n_gettext('434', 'Tokelauan', 'ccvm', 'value')),
    (435, 'item_lang', 'tli', oils_i18n_gettext('435', 'Tlingit', 'ccvm', 'value')),
    (436, 'item_lang', 'tmh', oils_i18n_gettext('436', 'Tamashek', 'ccvm', 'value')),
    (437, 'item_lang', 'tog', oils_i18n_gettext('437', 'Tonga (Nyasa)', 'ccvm', 'value')),
    (438, 'item_lang', 'ton', oils_i18n_gettext('438', 'Tongan', 'ccvm', 'value')),
    (439, 'item_lang', 'tpi', oils_i18n_gettext('439', 'Tok Pisin', 'ccvm', 'value')),
    (440, 'item_lang', '-tru', oils_i18n_gettext('440', 'Truk', 'ccvm', 'value')),
    (441, 'item_lang', 'tsi', oils_i18n_gettext('441', 'Tsimshian', 'ccvm', 'value')),
    (442, 'item_lang', 'tsn', oils_i18n_gettext('442', 'Tswana', 'ccvm', 'value')),
    (443, 'item_lang', 'tso', oils_i18n_gettext('443', 'Tsonga', 'ccvm', 'value')),
    (444, 'item_lang', '-tsw', oils_i18n_gettext('444', 'Tswana', 'ccvm', 'value')),
    (445, 'item_lang', 'tuk', oils_i18n_gettext('445', 'Turkmen', 'ccvm', 'value')),
    (446, 'item_lang', 'tum', oils_i18n_gettext('446', 'Tumbuka', 'ccvm', 'value')),
    (447, 'item_lang', 'tup', oils_i18n_gettext('447', 'Tupi languages', 'ccvm', 'value')),
    (448, 'item_lang', 'tur', oils_i18n_gettext('448', 'Turkish', 'ccvm', 'value')),
    (449, 'item_lang', 'tut', oils_i18n_gettext('449', 'Altaic (Other)', 'ccvm', 'value')),
    (450, 'item_lang', 'tvl', oils_i18n_gettext('450', 'Tuvaluan', 'ccvm', 'value')),
    (451, 'item_lang', 'twi', oils_i18n_gettext('451', 'Twi', 'ccvm', 'value')),
    (452, 'item_lang', 'tyv', oils_i18n_gettext('452', 'Tuvinian', 'ccvm', 'value')),
    (453, 'item_lang', 'udm', oils_i18n_gettext('453', 'Udmurt', 'ccvm', 'value')),
    (454, 'item_lang', 'uga', oils_i18n_gettext('454', 'Ugaritic', 'ccvm', 'value')),
    (455, 'item_lang', 'uig', oils_i18n_gettext('455', 'Uighur', 'ccvm', 'value')),
    (456, 'item_lang', 'ukr', oils_i18n_gettext('456', 'Ukrainian', 'ccvm', 'value')),
    (457, 'item_lang', 'umb', oils_i18n_gettext('457', 'Umbundu', 'ccvm', 'value')),
    (458, 'item_lang', 'und', oils_i18n_gettext('458', 'Undetermined', 'ccvm', 'value')),
    (459, 'item_lang', 'urd', oils_i18n_gettext('459', 'Urdu', 'ccvm', 'value')),
    (460, 'item_lang', 'uzb', oils_i18n_gettext('460', 'Uzbek', 'ccvm', 'value')),
    (461, 'item_lang', 'vai', oils_i18n_gettext('461', 'Vai', 'ccvm', 'value')),
    (462, 'item_lang', 'ven', oils_i18n_gettext('462', 'Venda', 'ccvm', 'value')),
    (463, 'item_lang', 'vie', oils_i18n_gettext('463', 'Vietnamese', 'ccvm', 'value')),
    (464, 'item_lang', 'vol', oils_i18n_gettext('464', 'Volapük', 'ccvm', 'value')),
    (465, 'item_lang', 'vot', oils_i18n_gettext('465', 'Votic', 'ccvm', 'value')),
    (466, 'item_lang', 'wak', oils_i18n_gettext('466', 'Wakashan languages', 'ccvm', 'value')),
    (467, 'item_lang', 'wal', oils_i18n_gettext('467', 'Walamo', 'ccvm', 'value')),
    (468, 'item_lang', 'war', oils_i18n_gettext('468', 'Waray', 'ccvm', 'value')),
    (469, 'item_lang', 'was', oils_i18n_gettext('469', 'Washo', 'ccvm', 'value')),
    (470, 'item_lang', 'wel', oils_i18n_gettext('470', 'Welsh', 'ccvm', 'value')),
    (471, 'item_lang', 'wen', oils_i18n_gettext('471', 'Sorbian languages', 'ccvm', 'value')),
    (472, 'item_lang', 'wln', oils_i18n_gettext('472', 'Walloon', 'ccvm', 'value')),
    (473, 'item_lang', 'wol', oils_i18n_gettext('473', 'Wolof', 'ccvm', 'value')),
    (474, 'item_lang', 'xal', oils_i18n_gettext('474', 'Kalmyk', 'ccvm', 'value')),
    (475, 'item_lang', 'xho', oils_i18n_gettext('475', 'Xhosa', 'ccvm', 'value')),
    (476, 'item_lang', 'yao', oils_i18n_gettext('476', 'Yao (Africa)', 'ccvm', 'value')),
    (477, 'item_lang', 'yap', oils_i18n_gettext('477', 'Yapese', 'ccvm', 'value')),
    (478, 'item_lang', 'yid', oils_i18n_gettext('478', 'Yiddish', 'ccvm', 'value')),
    (479, 'item_lang', 'yor', oils_i18n_gettext('479', 'Yoruba', 'ccvm', 'value')),
    (480, 'item_lang', 'ypk', oils_i18n_gettext('480', 'Yupik languages', 'ccvm', 'value')),
    (481, 'item_lang', 'zap', oils_i18n_gettext('481', 'Zapotec', 'ccvm', 'value')),
    (482, 'item_lang', 'zen', oils_i18n_gettext('482', 'Zenaga', 'ccvm', 'value')),
    (483, 'item_lang', 'zha', oils_i18n_gettext('483', 'Zhuang', 'ccvm', 'value')),
    (484, 'item_lang', 'znd', oils_i18n_gettext('484', 'Zande', 'ccvm', 'value')),
    (485, 'item_lang', 'zul', oils_i18n_gettext('485', 'Zulu', 'ccvm', 'value')),
    (486, 'item_lang', 'zun', oils_i18n_gettext('486', 'Zuni', 'ccvm', 'value'));

