INSERT INTO config.bib_source (id, quality, source, transcendant, can_have_copies) VALUES 
    (1, 90, oils_i18n_gettext(1, 'oclc', 'cbs', 'source'), FALSE, TRUE);
INSERT INTO config.bib_source (id, quality, source, transcendant, can_have_copies) VALUES 
    (2, 10, oils_i18n_gettext(2, 'System Local', 'cbs', 'source'), FALSE, TRUE);
INSERT INTO config.bib_source (id, quality, source, transcendant, can_have_copies) VALUES 
    (3, 1, oils_i18n_gettext(3, 'Project Gutenberg', 'cbs', 'source'), TRUE, TRUE);
INSERT INTO config.bib_source (id, quality, source, transcendant, can_have_copies) VALUES
    (4, 1, oils_i18n_gettext(4, 'Course materials module', 'cbs', 'source'), TRUE, FALSE);
SELECT SETVAL('config.bib_source_id_seq'::TEXT, 100);

INSERT INTO biblio.peer_type (id,name) VALUES
    (1,oils_i18n_gettext(1,'Bound Volume','bpt','name')),
    (2,oils_i18n_gettext(2,'Bilingual','bpt','name')),
    (3,oils_i18n_gettext(3,'Back-to-back','bpt','name')),
    (4,oils_i18n_gettext(4,'Set','bpt','name')),
    (5,oils_i18n_gettext(5,'e-Reader Preload','bpt','name')); 
SELECT SETVAL('biblio.peer_type_id_seq'::TEXT, 100);

INSERT INTO config.standing (id, value) VALUES (1, oils_i18n_gettext(1, 'Good', 'cst', 'value'));
INSERT INTO config.standing (id, value) VALUES (2, oils_i18n_gettext(2, 'Barred', 'cst', 'value'));
SELECT SETVAL('config.standing_id_seq'::TEXT, 100);

INSERT INTO config.standing_penalty (id,name,label,block_list,staff_alert)
	VALUES (1,'PATRON_EXCEEDS_FINES',oils_i18n_gettext(1, 'Patron exceeds fine threshold', 'csp', 'label'),'CIRC|FULFILL|HOLD|CAPTURE|RENEW', TRUE);
INSERT INTO config.standing_penalty (id,name,label,block_list,staff_alert)
	VALUES (2,'PATRON_EXCEEDS_OVERDUE_COUNT',oils_i18n_gettext(2, 'Patron exceeds max overdue item threshold', 'csp', 'label'),'CIRC|FULFILL|HOLD|CAPTURE|RENEW', TRUE);
INSERT INTO config.standing_penalty (id,name,label,block_list,staff_alert)
	VALUES (3,'PATRON_EXCEEDS_CHECKOUT_COUNT',oils_i18n_gettext(3, 'Patron exceeds max checked out item threshold', 'csp', 'label'),'CIRC|FULFILL', TRUE);
INSERT INTO config.standing_penalty (id,name,label,block_list,staff_alert)
	VALUES (4,'PATRON_EXCEEDS_COLLECTIONS_WARNING',oils_i18n_gettext(4, 'Patron exceeds pre-collections warning fine threshold', 'csp', 'label'),'CIRC|FULFILL|HOLD|CAPTURE|RENEW', TRUE);
INSERT INTO config.standing_penalty (id,name,label,block_list,staff_alert)
	VALUES (5,'PATRON_EXCEEDS_LOST_COUNT',oils_i18n_gettext(5, 'Patron exceeds max lost item threshold', 'csp', 'label'),'CIRC|FULFILL|HOLD|CAPTURE|RENEW', TRUE);

INSERT INTO config.standing_penalty (id,name,label,staff_alert) VALUES (20,'ALERT_NOTE',oils_i18n_gettext(20, 'Alerting Note, no blocks', 'csp', 'label'),TRUE);
INSERT INTO config.standing_penalty (id,name,label) VALUES (21,'SILENT_NOTE',oils_i18n_gettext(21, 'Note, no blocks', 'csp', 'label'));
INSERT INTO config.standing_penalty (id,name,label,block_list,staff_alert) VALUES (22,'STAFF_C',oils_i18n_gettext(22, 'Alerting block on Circ', 'csp', 'label'),'CIRC', TRUE);
INSERT INTO config.standing_penalty (id,name,label,block_list,staff_alert) VALUES (23,'STAFF_CH',oils_i18n_gettext(23, 'Alerting block on Circ and Hold', 'csp', 'label'),'CIRC|HOLD', TRUE);
INSERT INTO config.standing_penalty (id,name,label,block_list,staff_alert) VALUES (24,'STAFF_CR',oils_i18n_gettext(24, 'Alerting block on Circ and Renew', 'csp', 'label'),'CIRC|RENEW', TRUE);
INSERT INTO config.standing_penalty (id,name,label,block_list,staff_alert) VALUES (25,'STAFF_CHR',oils_i18n_gettext(25, 'Alerting block on Circ, Hold and Renew', 'csp', 'label'),'CIRC|HOLD|RENEW', TRUE);
INSERT INTO config.standing_penalty (id,name,label,block_list,staff_alert) VALUES (26,'STAFF_HR',oils_i18n_gettext(26, 'Alerting block on Hold and Renew', 'csp', 'label'),'HOLD|RENEW', TRUE);
INSERT INTO config.standing_penalty (id,name,label,block_list,staff_alert) VALUES (27,'STAFF_H',oils_i18n_gettext(27, 'Alerting block on Hold', 'csp', 'label'),'HOLD', TRUE);
INSERT INTO config.standing_penalty (id,name,label,block_list,staff_alert) VALUES (28,'STAFF_R',oils_i18n_gettext(28, 'Alerting block on Renew', 'csp', 'label'),'RENEW', TRUE);
INSERT INTO config.standing_penalty (id,name,label) VALUES (29,'INVALID_PATRON_ADDRESS',oils_i18n_gettext(29, 'Patron has an invalid address', 'csp', 'label'));
INSERT INTO config.standing_penalty (id,name,label) VALUES (30,'PATRON_IN_COLLECTIONS',oils_i18n_gettext(30, 'Patron has been referred to a collections agency', 'csp', 'label'));
INSERT INTO config.standing_penalty (id, name, label, staff_alert, org_depth) VALUES
    (
        31,
        'INVALID_PATRON_EMAIL_ADDRESS',
        oils_i18n_gettext(
            31,
            'Patron had an invalid email address',
            'csp',
            'label'
        ),
        TRUE,
        0
    ),
    (
        32,
        'INVALID_PATRON_DAY_PHONE',
        oils_i18n_gettext(
            32,
            'Patron had an invalid daytime phone number',
            'csp',
            'label'
        ),
        TRUE,
        0
    ),
    (
        33,
        'INVALID_PATRON_EVENING_PHONE',
        oils_i18n_gettext(
            33,
            'Patron had an invalid evening phone number',
            'csp',
            'label'
        ),
        TRUE,
        0
    ),
    (
        34,
        'INVALID_PATRON_OTHER_PHONE',
        oils_i18n_gettext(
            34,
            'Patron had an invalid other phone number',
            'csp',
            'label'
        ),
        TRUE,
        0
    );


SELECT SETVAL('config.standing_penalty_id_seq', 100);

INSERT INTO config.metabib_class ( name, label ) VALUES ( 'identifier', oils_i18n_gettext('identifier', 'Identifier', 'cmc', 'label') );
INSERT INTO config.metabib_class ( name, label ) VALUES ( 'keyword', oils_i18n_gettext('keyword', 'Keyword', 'cmc', 'label') );
INSERT INTO config.metabib_class ( name, label ) VALUES ( 'title', oils_i18n_gettext('title', 'Title', 'cmc', 'label'));
INSERT INTO config.metabib_class ( name, label ) VALUES ( 'author', oils_i18n_gettext('author', 'Author', 'cmc', 'label'));
INSERT INTO config.metabib_class ( name, label ) VALUES ( 'subject', oils_i18n_gettext('subject', 'Subject', 'cmc', 'label') );
INSERT INTO config.metabib_class ( name, label ) VALUES ( 'series', oils_i18n_gettext('series', 'Series', 'cmc', 'label') );

-- enable combined search for only the subject class by default
UPDATE config.metabib_class SET combined = TRUE WHERE name = 'subject';

-- some more from 002.schema.config.sql:
INSERT INTO config.xml_transform VALUES ( 'marcxml', 'http://www.loc.gov/MARC21/slim', 'marc', '---' );
INSERT INTO config.xml_transform VALUES ( 'mods', 'http://www.loc.gov/mods/', 'mods', '');
INSERT INTO config.xml_transform VALUES ( 'mods3', 'http://www.loc.gov/mods/v3', 'mods3', '');
INSERT INTO config.xml_transform VALUES ( 'mods32', 'http://www.loc.gov/mods/v3', 'mods32', '');
INSERT INTO config.xml_transform VALUES ( 'mods33', 'http://www.loc.gov/mods/v3', 'mods33', '');
INSERT INTO config.xml_transform VALUES ( 'marc21expand880', 'http://www.loc.gov/MARC21/slim', 'marc', '' );
INSERT INTO config.xml_transform VALUES ( 'mads21', 'http://www.loc.gov/mads/v2', 'mads21', '' );

-- Index Definitions
INSERT INTO config.metabib_field ( id, field_class, name, label, format, xpath, facet_field, authority_xpath, browse_field ) VALUES
    (1, 'series', 'seriestitle', oils_i18n_gettext(1, 'Series Title', 'cmf', 'label'), 'mods32', $$//mods32:mods/mods32:relatedItem[@type="series"]/mods32:titleInfo[not(@type="nfi")]$$, TRUE, '//@xlink:href', FALSE );

INSERT INTO config.metabib_field ( id, field_class, name, label, format, xpath, authority_xpath ) VALUES 
    (2, 'title', 'abbreviated', oils_i18n_gettext(2, 'Abbreviated Title', 'cmf', 'label'), 'mods32', $$//mods32:mods/mods32:titleInfo[mods32:title and (@type='abbreviated')]$$, '//@xlink:href' );
INSERT INTO config.metabib_field ( id, field_class, name, label, format, xpath, authority_xpath, browse_sort_xpath ) VALUES 
    (3, 'title', 'translated', oils_i18n_gettext(3, 'Translated Title', 'cmf', 'label'), 'mods32', $$//mods32:mods/mods32:titleInfo[mods32:title and (@type='translated-nfi')]$$, '//@xlink:href', $$*[local-name() != "nonSort"]$$ );
INSERT INTO config.metabib_field ( id, field_class, name, label, format, xpath, authority_xpath, browse_sort_xpath ) VALUES 
    (4, 'title', 'alternative', oils_i18n_gettext(4, 'Alternate Title', 'cmf', 'label'), 'mods32', $$//mods32:mods/mods32:titleInfo[mods32:title and starts-with(@type,'alternative')]$$, '//@xlink:href', $$*[local-name() != "nonSort"]$$ );
INSERT INTO config.metabib_field ( id, field_class, name, label, format, xpath, authority_xpath, browse_sort_xpath ) VALUES 
    (5, 'title', 'uniform', oils_i18n_gettext(5, 'Uniform Title', 'cmf', 'label'), 'mods32', $$//mods32:mods/mods32:titleInfo[mods32:title and (@type='uniform-nfi')]$$, '//@xlink:href', $$*[local-name() != "nonSort"]$$ );
INSERT INTO config.metabib_field ( id, field_class, name, label, format, xpath, authority_xpath, browse_field, display_field ) VALUES
    (6, 'title', 'proper', oils_i18n_gettext(6, 'Title Proper', 'cmf', 'label'), 'mods32', $$//mods32:mods/mods32:titleNonfiling[mods32:title and not (@type)]$$, '//@xlink:href', FALSE,TRUE );

INSERT INTO config.metabib_field ( id, field_class, name, label, format, xpath, facet_xpath, facet_field , authority_xpath, browse_xpath) VALUES 
    (7, 'author', 'corporate', oils_i18n_gettext(7, 'Corporate Author', 'cmf', 'label'), 'mods32', $$//mods32:mods/mods32:name[@type='corporate' and (mods32:role/mods32:roleTerm[text()='creator'] or mods32:role/mods32:roleTerm[text()='aut'] or mods32:role/mods32:roleTerm[text()='cre'])]$$, $$//*[local-name()='namePart']$$, TRUE, '//@xlink:href',$$//*[local-name()='namePart']$$ ); -- /* to fool vim */;
INSERT INTO config.metabib_field ( id, field_class, name, label, format, xpath, facet_xpath, facet_field, authority_xpath, browse_xpath, display_field, display_xpath ) VALUES 
    (8, 'author', 'personal', oils_i18n_gettext(8, 'Personal Author', 'cmf', 'label'), 'mods32', $$//mods32:mods/mods32:name[@type='personal' and mods32:role/mods32:roleTerm[text()='creator']]$$, $$//*[local-name()='namePart']$$, TRUE, '//@xlink:href',$$//*[local-name()='namePart']$$,TRUE,$$//*[local-name()='namePart']$$ ); -- /* to fool vim */;
INSERT INTO config.metabib_field ( id, field_class, name, label, format, xpath, facet_xpath, facet_field, authority_xpath, browse_xpath ) VALUES 
    (9, 'author', 'conference', oils_i18n_gettext(9, 'Conference Author', 'cmf', 'label'), 'mods32', $$//mods32:mods/mods32:name[@type='conference' and mods32:role/mods32:roleTerm[text()='creator']]$$, $$//*[local-name()='namePart']$$, TRUE, '//@xlink:href',$$//*[local-name()='namePart']$$ ); -- /* to fool vim */;
INSERT INTO config.metabib_field ( id, field_class, name, label, format, xpath, facet_xpath, facet_field, authority_xpath, browse_xpath ) VALUES 
    (10, 'author', 'other', oils_i18n_gettext(10, 'Other Author', 'cmf', 'label'), 'mods32', $$//mods32:mods/mods32:name[@type='personal' and not(mods32:role/mods32:roleTerm[text()='creator'])]$$, $$//*[local-name()='namePart']$$, TRUE, '//@xlink:href',$$//*[local-name()='namePart']$$ ); -- /* to fool vim */;

INSERT INTO config.metabib_field ( id, field_class, name, label, format, xpath, facet_field, authority_xpath, browse_field ) VALUES 
    (11, 'subject', 'geographic', oils_i18n_gettext(11, 'Geographic Subject', 'cmf', 'label'), 'mods32', $$//mods32:mods/mods32:subject/mods32:geographic$$, TRUE, '//@xlink:href', FALSE );
INSERT INTO config.metabib_field ( id, field_class, name, label, format, xpath, facet_xpath, facet_field, authority_xpath ) VALUES 
    (12, 'subject', 'name', oils_i18n_gettext(12, 'Name Subject', 'cmf', 'label'), 'mods32', $$//mods32:mods/mods32:subject/mods32:name$$, $$//*[local-name()='namePart']$$, TRUE, '//@xlink:href' ); -- /* to fool vim */;
INSERT INTO config.metabib_field ( id, field_class, name, label, format, xpath, facet_field, authority_xpath, browse_field ) VALUES 
    (13, 'subject', 'temporal', oils_i18n_gettext(13, 'Temporal Subject', 'cmf', 'label'), 'mods32', $$//mods32:mods/mods32:subject/mods32:temporal$$, TRUE, '//@xlink:href', FALSE );
INSERT INTO config.metabib_field ( id, field_class, name, label, format, xpath, facet_field, authority_xpath, browse_field ) VALUES 
    (14, 'subject', 'topic', oils_i18n_gettext(14, 'Topic Subject', 'cmf', 'label'), 'mods32', $$//mods32:mods/mods32:subject/mods32:topic$$, TRUE, '//@xlink:href', FALSE );
--INSERT INTO config.metabib_field ( id, field_class, name, format, xpath ) VALUES 
--  ( id, field_class, name, xpath ) VALUES ( 'subject', 'genre', 'mods32', $$//mods32:mods/mods32:genre$$ );
INSERT INTO config.metabib_field ( id, field_class, name, label, format, xpath, browse_field, display_field ) VALUES 
    (15, 'keyword', 'keyword', oils_i18n_gettext(15, 'General Keywords', 'cmf', 'label'), 'mods32', $$//mods32:mods/*[not(local-name()='originInfo')]$$, FALSE, FALSE ); -- /* to fool vim */;
INSERT INTO config.metabib_field ( id, field_class, name, label, format, xpath, browse_field, display_field ) VALUES
    (16, 'subject', 'complete', oils_i18n_gettext(16, 'All Subjects', 'cmf', 'label'), 'mods32', $$//mods32:mods/mods32:subject[not(descendant::mods32:geographicCode)]$$, FALSE, TRUE );

INSERT INTO config.metabib_field ( id, field_class, name, label, format, xpath, browse_field ) VALUES
    (17, 'identifier', 'accession', oils_i18n_gettext(17, 'Accession Number', 'cmf', 'label'), 'marcxml', $$//marc:controlfield[@tag='001']$$, FALSE );
INSERT INTO config.metabib_field ( id, field_class, name, label, format, xpath, browse_field ) VALUES
    (18, 'identifier', 'isbn', oils_i18n_gettext(18, 'ISBN', 'cmf', 'label'), 'marcxml', $$//marc:datafield[@tag='020']/marc:subfield[@code='a' or @code='z']$$, FALSE );
INSERT INTO config.metabib_field ( id, field_class, name, label, format, xpath, browse_field ) VALUES
    (19, 'identifier', 'issn', oils_i18n_gettext(19, 'ISSN', 'cmf', 'label'), 'marcxml', $$//marc:datafield[@tag='022']/marc:subfield[@code='a' or @code='z']$$, FALSE );
INSERT INTO config.metabib_field ( id, field_class, name, label, format, xpath, browse_field ) VALUES
    (20, 'identifier', 'upc', oils_i18n_gettext(20, 'UPC', 'cmf', 'label'), 'marcxml', $$//marc:datafield[@tag='024' and @ind1='1']/marc:subfield[@code='a' or @code='z']$$, FALSE );
INSERT INTO config.metabib_field ( id, field_class, name, label, format, xpath, browse_field ) VALUES
    (21, 'identifier', 'ismn', oils_i18n_gettext(21, 'ISMN', 'cmf', 'label'), 'marcxml', $$//marc:datafield[@tag='024' and @ind1='2']/marc:subfield[@code='a' or @code='z']$$, FALSE );
INSERT INTO config.metabib_field ( id, field_class, name, label, format, xpath, browse_field ) VALUES
    (22, 'identifier', 'ean', oils_i18n_gettext(22, 'EAN', 'cmf', 'label'), 'marcxml', $$//marc:datafield[@tag='024' and @ind1='3']/marc:subfield[@code='a' or @code='z']$$, FALSE );
INSERT INTO config.metabib_field ( id, field_class, name, label, format, xpath, browse_field ) VALUES
    (23, 'identifier', 'isrc', oils_i18n_gettext(23, 'ISRC', 'cmf', 'label'), 'marcxml', $$//marc:datafield[@tag='024' and @ind1='0']/marc:subfield[@code='a' or @code='z']$$, FALSE );
INSERT INTO config.metabib_field ( id, field_class, name, label, format, xpath, browse_field ) VALUES
    (24, 'identifier', 'sici', oils_i18n_gettext(24, 'SICI', 'cmf', 'label'), 'marcxml', $$//marc:datafield[@tag='024' and @ind1='4']/marc:subfield[@code='a' or @code='z']$$, FALSE );
INSERT INTO config.metabib_field ( id, field_class, name, label, format, xpath, browse_field ) VALUES
    (25, 'identifier', 'bibcn', oils_i18n_gettext(25, 'Local Free-Text Call Number', 'cmf', 'label'), 'marcxml', $$//marc:datafield[@tag='099']$$, FALSE );
INSERT INTO config.metabib_field ( id, field_class, name, label, format, xpath, browse_field ) VALUES
    (26, 'identifier', 'tcn', oils_i18n_gettext(26, 'Title Control Number', 'cmf', 'label'), 'marcxml', $$//marc:datafield[@tag='901']/marc:subfield[@code='a']$$, FALSE );
INSERT INTO config.metabib_field ( id, field_class, name, label, format, xpath, browse_field ) VALUES
    (27, 'identifier', 'bibid', oils_i18n_gettext(27, 'Internal ID', 'cmf', 'label'), 'marcxml', $$//marc:datafield[@tag='901']/marc:subfield[@code='c']$$, FALSE );
INSERT INTO config.metabib_field ( id, field_class, name, label, format, xpath, search_field, facet_field, browse_field) VALUES
    (28, 'identifier', 'authority_id', oils_i18n_gettext(28, 'Authority Record ID', 'cmf', 'label'), 'marcxml', '//marc:datafield/marc:subfield[@code="0"]', FALSE, TRUE, FALSE);
INSERT INTO config.metabib_field ( id, field_class, name, label, format, xpath, browse_field) VALUES
    (29, 'identifier', 'scn', oils_i18n_gettext(29, 'System Control Number', 'cmf', 'label'), 'marcxml', $$//marc:datafield[@tag='035']/marc:subfield[@code="a"]$$, FALSE);
INSERT INTO config.metabib_field ( id, field_class, name, label, format, xpath, browse_field) VALUES
    (30, 'identifier', 'lccn', oils_i18n_gettext(30, 'LC Control Number', 'cmf', 'label'), 'marcxml', $$//marc:datafield[@tag='010']/marc:subfield[@code="a" or @code='z']$$, FALSE);
INSERT INTO config.metabib_field ( id, field_class, name, label, format, xpath, search_field, authority_xpath, browse_field, browse_sort_xpath ) VALUES
    (31, 'title', 'browse', oils_i18n_gettext(31, 'Title Proper (Browse)', 'cmf', 'label'), 'mods32', $$//mods32:mods/mods32:titleBrowse$$, FALSE, '//@xlink:href', TRUE, $$*[local-name() != "nonSort"]$$ );
INSERT INTO config.metabib_field ( id, field_class, name, label, format, xpath, search_field, authority_xpath, browse_field, browse_sort_xpath ) VALUES
    (32, 'series', 'browse', oils_i18n_gettext(32, 'Series Title (Browse)', 'cmf', 'label'), 'mods32', $$//mods32:mods/mods32:relatedItem[@type="series"]/mods32:titleInfo[@type="nfi"]$$, FALSE, '//@xlink:href', TRUE, $$*[local-name() != "nonSort"]$$ );

INSERT INTO config.metabib_field ( id, field_class, name, label, format, xpath, browse_field, facet_field, facet_xpath, joiner ) VALUES
    (33, 'identifier', 'genre', oils_i18n_gettext(33, 'Genre', 'cmf', 'label'), 'marcxml', $$//marc:datafield[@tag='655']$$, FALSE, TRUE, $$//*[local-name()='subfield' and contains('abvxyz',@code)]$$, ' -- ' ); -- /* to fool vim */;
UPDATE config.metabib_field SET display_xpath = facet_xpath, display_field = TRUE WHERE id = 33;

UPDATE config.metabib_field SET joiner = ' -- ' WHERE field_class = 'subject' AND name NOT IN ('name');

INSERT INTO config.metabib_field ( id, field_class, name, label, 
     format, xpath, search_field, browse_field, authority_xpath, joiner ) VALUES
    (34, 'subject', 'topic_browse', oils_i18n_gettext(34, 'Topic Browse', 'cmf', 'label'), 
     'mods32', $$//mods32:mods/mods32:subject[local-name(./*[1]) = "topic"]$$, FALSE, TRUE, '//@xlink:href', ' -- ' ); -- /* to fool vim */;

INSERT INTO config.metabib_field ( id, field_class, name, label, 
     format, xpath, search_field, browse_field, authority_xpath, joiner ) VALUES
    (35, 'subject', 'geographic_browse', oils_i18n_gettext(35, 'Geographic Name Browse', 'cmf', 'label'), 
     'mods32', $$//mods32:mods/mods32:subject[local-name(./*[1]) = "geographic"]$$, FALSE, TRUE, '//@xlink:href', ' -- ' ); -- /* to fool vim */;

INSERT INTO config.metabib_field ( id, field_class, name, label, 
     format, xpath, search_field, browse_field, authority_xpath, joiner ) VALUES
    (36, 'subject', 'temporal_browse', oils_i18n_gettext(36, 'Temporal Term Browse', 'cmf', 'label'), 
     'mods32', $$//mods32:mods/mods32:subject[local-name(./*[1]) = "temporal"]$$, FALSE, TRUE, '//@xlink:href', ' -- ' ); -- /* to fool vim */;

INSERT INTO config.metabib_field ( id, field_class, name, label,
    format, xpath, display_field, display_xpath ) VALUES 
    (37, 'author', 'creator', oils_i18n_gettext(37, 'All Creators', 'cmf', 'label'),
     'mods32', $$//mods32:mods/mods32:name[mods32:role/mods32:roleTerm[text()='creator']]$$, TRUE, $$//*[local-name()='namePart']$$ ); -- /* to fool vim */;

INSERT INTO config.metabib_field (id, field_class, name,
    label, xpath, display_field, search_field, browse_field)
VALUES (
    38, 'identifier', 'edition',
    oils_i18n_gettext(38, 'Edition', 'cmf', 'label'),
    $$//mods33:mods/mods33:originInfo//mods33:edition[1]$$,
    TRUE, TRUE, FALSE
);

INSERT INTO config.metabib_field (id, field_class, name,
    label, xpath, display_field, search_field, browse_field)
VALUES (
    39, 'keyword', 'physical_description',
    oils_i18n_gettext(39, 'Physical Description', 'cmf', 'label'),
    $$(//mods33:mods/mods33:physicalDescription/mods33:form|//mods33:mods/mods33:physicalDescription/mods33:extent|//mods33:mods/mods33:physicalDescription/mods33:reformattingQuality|//mods33:mods/mods33:physicalDescription/mods33:internetMediaType|//mods33:mods/mods33:physicalDescription/mods33:digitalOrigin)$$,
    TRUE, TRUE, FALSE
);

INSERT INTO config.metabib_field (id, field_class, name,
    label, xpath, display_field, search_field, browse_field)
VALUES (
    40, 'identifier', 'publisher',
    oils_i18n_gettext(40, 'Publisher', 'cmf', 'label'),
    $$//mods33:mods/mods33:originInfo//mods33:publisher[1]$$,
    TRUE, TRUE, FALSE
);

INSERT INTO config.metabib_field (id, field_class, name,
    label, xpath, display_field, search_field, browse_field)
VALUES (
    41, 'keyword', 'abstract',
    oils_i18n_gettext(41, 'Abstract', 'cmf', 'label'),
    $$//mods33:mods/mods33:abstract$$,
    TRUE, TRUE, FALSE
);

INSERT INTO config.metabib_field (id, field_class, name,
    label, xpath, display_field, search_field, browse_field)
VALUES (
    42, 'keyword', 'toc',
    oils_i18n_gettext(42, 'Table of Contents', 'cmf', 'label'),
    $$//mods33:tableOfContents$$,
    TRUE, TRUE, FALSE
);

INSERT INTO config.metabib_field (id, field_class, name,
    label, xpath, display_field, search_field, browse_field)
VALUES (
    43, 'identifier', 'type_of_resource',
    oils_i18n_gettext(43, 'Type of Resource', 'cmf', 'label'),
    $$//mods33:mods/mods33:typeOfResource$$,
    TRUE, FALSE, FALSE
);

INSERT INTO config.metabib_field (id, field_class, name,
    label, xpath, display_field, search_field, browse_field)
VALUES (
    44, 'identifier', 'pubdate',
    oils_i18n_gettext(44, 'Publication Date', 'cmf', 'label'),
    $$//mods33:mods/mods33:originInfo//mods33:dateIssued[@encoding="marc"]|//mods33:mods/mods33:originInfo//mods33:dateIssued[1]$$,
    TRUE, FALSE, FALSE
);

INSERT INTO config.metabib_field (id, field_class, name, label, browse_field)
    VALUES (45, 'keyword', 'blob', oils_i18n_gettext(45, 'All searchable fields', 'cmf', 'label'), FALSE);

INSERT INTO config.metabib_field (id, field_class, name,
    label, xpath, display_field, search_field, browse_field)
VALUES (
    46, 'keyword', 'bibliography',
    oils_i18n_gettext(46, 'Bibliography', 'cmf', 'label'),
    $$//mods33:note[@type='bibliography']$$,
    TRUE, TRUE, FALSE
),(
    47, 'keyword', 'thesis',
    oils_i18n_gettext(47, 'Thesis', 'cmf', 'label'),
    $$//mods33:note[@type='thesis']$$,
    TRUE, TRUE, FALSE
),(
    48, 'keyword', 'production_credits',
    oils_i18n_gettext(48, 'Creation/Production Credits', 'cmf', 'label'),
    $$//mods33:note[@type='creation/production credits']$$,
    TRUE, TRUE, FALSE
),(
    49, 'keyword', 'performers',
    oils_i18n_gettext(49, 'Performers', 'cmf', 'label'),
    $$//mods33:note[@type='performers']$$,
    TRUE, TRUE, FALSE
),(
    50, 'keyword', 'general_note',
    oils_i18n_gettext(50, 'General Note', 'cmf', 'label'),
    $$//mods33:note[not(@type)]$$,
    TRUE, TRUE, FALSE
)
;

INSERT INTO config.metabib_field (id, field_class, name, format,
    label, xpath, display_xpath, display_field, search_field, browse_field)
VALUES (
    51, 'author', 'first_author', 'mods32',
    oils_i18n_gettext(51, 'Author', 'cmf', 'label'),
    $$//mods32:mods/mods32:name[mods32:role/mods32:roleTerm[text()='creator']][1]$$,
    $$//*[local-name()='namePart']$$,
    TRUE, TRUE, FALSE
);

INSERT INTO config.metabib_field (id, field_class, name, format,
    label, xpath, display_xpath, display_field, search_field, browse_field)
VALUES (
    52, 'identifier', 'origin_info', 'marcxml',
    oils_i18n_gettext(52, 'Origin Info', 'cmf', 'label'),
    $$//*[@tag='260']$$,
    $$//*[local-name()='subfield' and contains('abc',@code)]$$,
    TRUE, FALSE, FALSE
);

INSERT INTO config.metabib_field (id, field_class, name, format, weight,
    label, xpath, display_field, search_field, browse_field, facet_field)
VALUES (
    53, 'title', 'maintitle', 'marcxml', 10,
    oils_i18n_gettext(53, 'Main Title', 'cmf', 'label'),
    $$//*[@tag='245']/*[@code='a']$$,
    FALSE, TRUE, FALSE, FALSE
);

INSERT INTO config.metabib_field_virtual_map (real, virtual)
    SELECT  id,
            45
      FROM  config.metabib_field
      WHERE search_field
            AND id NOT IN (15, 45, 38, 40)
            AND id NOT IN (SELECT real FROM config.metabib_field_virtual_map);

UPDATE config.metabib_field_virtual_map SET weight = -1 WHERE real = 39;
UPDATE config.metabib_field_virtual_map SET weight = 0 WHERE real = 41;
UPDATE config.metabib_field_virtual_map SET weight = 0 WHERE real = 42;
UPDATE config.metabib_field_virtual_map SET weight = 0 WHERE real = 46;
UPDATE config.metabib_field_virtual_map SET weight = 0 WHERE real = 47;
UPDATE config.metabib_field_virtual_map SET weight = 0 WHERE real = 48;
UPDATE config.metabib_field_virtual_map SET weight = 0 WHERE real = 50;
UPDATE config.metabib_field_virtual_map SET weight = 8 WHERE real = 6;
UPDATE config.metabib_field_virtual_map SET weight = 8 WHERE real = 8;
UPDATE config.metabib_field_virtual_map SET weight = 8 WHERE real = 16;
UPDATE config.metabib_field_virtual_map SET weight = 12 WHERE real = 53;

-- Modify existing config.metabib_field entries

UPDATE config.metabib_field SET display_field = TRUE WHERE id IN (
    1,  -- seriestitle
    11, -- subject_geographic
    12, -- subject_name
    13, -- subject_temporal
    14, -- subject_topic
    19, -- ISSN
    20, -- UPC
    26  -- TCN
);

INSERT INTO config.metabib_field_index_norm_map (field,norm)
    SELECT  m.id,
            i.id
      FROM  config.metabib_field m,
        config.index_normalizer i
      WHERE i.func IN ('naco_normalize')
            AND m.id IN (34, 35, 36);

SELECT SETVAL('config.metabib_field_id_seq', GREATEST(1000, (SELECT MAX(id) FROM config.metabib_field)));

INSERT INTO config.display_field_map (name, field, multi) VALUES
    ('title', 6, FALSE),
    ('author', 51, FALSE),
    ('creators', 37, TRUE),
    ('subject', 16, TRUE),
    ('isbn', 18, TRUE),
    ('series_title',         1, TRUE),
    ('subject_geographic',  11, TRUE),
    ('subject_name',        12, TRUE),
    ('subject_temporal',    13, TRUE),
    ('subject_topic',       14, TRUE),
    ('issn',                19, TRUE),
    ('upc',                 20, TRUE),
    ('tcn',                 26, FALSE),
    ('edition',             38, FALSE),
    ('physical_description',39, TRUE),
    ('genre',               33, TRUE),
    ('bibliography',        46, TRUE),
    ('thesis',              47, TRUE),
    ('performers',          49, TRUE),
    ('production_credits',  48, TRUE),
    ('general_note',        50, TRUE),
    ('publisher',           52, FALSE),
    ('abstract',            41, FALSE),
    ('toc',                 42, FALSE),
    ('type_of_resource',    43, FALSE),
    ('pubdate',             44, FALSE)
;

INSERT INTO config.metabib_search_alias (alias,field_class) VALUES ('kw','keyword');
INSERT INTO config.metabib_search_alias (alias,field_class) VALUES ('eg.keyword','keyword');
INSERT INTO config.metabib_search_alias (alias,field_class) VALUES ('dc.publisher','keyword');
INSERT INTO config.metabib_search_alias (alias,field_class) VALUES ('bib.subjecttitle','keyword');
INSERT INTO config.metabib_search_alias (alias,field_class) VALUES ('bib.genre','keyword');
INSERT INTO config.metabib_search_alias (alias,field_class) VALUES ('bib.edition','keyword');
INSERT INTO config.metabib_search_alias (alias,field_class) VALUES ('srw.serverchoice','keyword');

INSERT INTO config.metabib_search_alias (alias,field_class) VALUES ('id','identifier');
INSERT INTO config.metabib_search_alias (alias,field_class) VALUES ('dc.identifier','identifier');
INSERT INTO config.metabib_search_alias (alias,field_class,field) VALUES ('eg.isbn','identifier', 18);
INSERT INTO config.metabib_search_alias (alias,field_class,field) VALUES ('eg.issn','identifier', 19);
INSERT INTO config.metabib_search_alias (alias,field_class,field) VALUES ('eg.upc','identifier', 20);
INSERT INTO config.metabib_search_alias (alias,field_class,field) VALUES ('eg.callnumber','identifier', 25);
INSERT INTO config.metabib_search_alias (alias,field_class,field) VALUES ('eg.tcn','identifier', 26);
INSERT INTO config.metabib_search_alias (alias,field_class,field) VALUES ('eg.bibid','identifier', 27);

INSERT INTO config.metabib_search_alias (alias,field_class) VALUES ('au','author');
INSERT INTO config.metabib_search_alias (alias,field_class) VALUES ('name','author');
INSERT INTO config.metabib_search_alias (alias,field_class) VALUES ('creator','author');
INSERT INTO config.metabib_search_alias (alias,field_class) VALUES ('eg.author','author');
INSERT INTO config.metabib_search_alias (alias,field_class) VALUES ('eg.name','author');
INSERT INTO config.metabib_search_alias (alias,field_class) VALUES ('dc.creator','author');
INSERT INTO config.metabib_search_alias (alias,field_class) VALUES ('dc.contributor','author');
INSERT INTO config.metabib_search_alias (alias,field_class) VALUES ('bib.name','author');
INSERT INTO config.metabib_search_alias (alias,field_class,field) VALUES ('bib.namepersonal','author',8);
INSERT INTO config.metabib_search_alias (alias,field_class,field) VALUES ('bib.namepersonalfamily','author',8);
INSERT INTO config.metabib_search_alias (alias,field_class,field) VALUES ('bib.namepersonalgiven','author',8);
INSERT INTO config.metabib_search_alias (alias,field_class,field) VALUES ('bib.namecorporate','author',7);
INSERT INTO config.metabib_search_alias (alias,field_class,field) VALUES ('bib.nameconference','author',9);

INSERT INTO config.metabib_search_alias (alias,field_class) VALUES ('ti','title');
INSERT INTO config.metabib_search_alias (alias,field_class) VALUES ('eg.title','title');
INSERT INTO config.metabib_search_alias (alias,field_class) VALUES ('dc.title','title');
INSERT INTO config.metabib_search_alias (alias,field_class,field) VALUES ('bib.titleabbreviated','title',2);
INSERT INTO config.metabib_search_alias (alias,field_class,field) VALUES ('bib.titleuniform','title',5);
INSERT INTO config.metabib_search_alias (alias,field_class,field) VALUES ('bib.titletranslated','title',3);
INSERT INTO config.metabib_search_alias (alias,field_class,field) VALUES ('bib.titlealternative','title',4);
INSERT INTO config.metabib_search_alias (alias,field_class,field) VALUES ('bib.title','title',2);

INSERT INTO config.metabib_search_alias (alias,field_class) VALUES ('su','subject');
INSERT INTO config.metabib_search_alias (alias,field_class) VALUES ('eg.subject','subject');
INSERT INTO config.metabib_search_alias (alias,field_class) VALUES ('dc.subject','subject');
INSERT INTO config.metabib_search_alias (alias,field_class,field) VALUES ('bib.subjectplace','subject',11);
INSERT INTO config.metabib_search_alias (alias,field_class,field) VALUES ('bib.subjectname','subject',12);
INSERT INTO config.metabib_search_alias (alias,field_class,field) VALUES ('bib.subjectoccupation','subject',16);

INSERT INTO config.metabib_search_alias (alias,field_class) VALUES ('se','series');
INSERT INTO config.metabib_search_alias (alias,field_class) VALUES ('eg.series','series');
INSERT INTO config.metabib_search_alias (alias,field_class,field) VALUES ('bib.titleseries','series',1);


INSERT INTO config.non_cataloged_type ( id, owning_lib, name ) VALUES ( 1, 1, oils_i18n_gettext(1, 'Paperback Book', 'cnct', 'name') );
SELECT SETVAL('config.non_cataloged_type_id_seq'::TEXT, 100);

INSERT INTO config.identification_type ( id, name ) VALUES 
    ( 1, oils_i18n_gettext(1, 'Drivers License', 'cit', 'name') );
INSERT INTO config.identification_type ( id, name ) VALUES 
    ( 3, oils_i18n_gettext(3, 'Other', 'cit', 'name') );
SELECT SETVAL('config.identification_type_id_seq'::TEXT, 100);

INSERT INTO config.rule_circ_duration VALUES 
    (1, oils_i18n_gettext(1, '7_days_0_renew', 'crcd', 'name'), '7 days', '7 days', '7 days', 0);
INSERT INTO config.rule_circ_duration VALUES 
    (2, oils_i18n_gettext(2, '28_days_2_renew', 'crcd', 'name'), '28 days', '28 days', '28 days', 2);
INSERT INTO config.rule_circ_duration VALUES 
    (3, oils_i18n_gettext(3, '3_months_0_renew', 'crcd', 'name'), '3 months', '3 months', '3 months', 0);
INSERT INTO config.rule_circ_duration VALUES 
    (4, oils_i18n_gettext(4, '3_days_1_renew', 'crcd', 'name'), '3 days', '3 days', '3 days', 1);
INSERT INTO config.rule_circ_duration VALUES 
    (5, oils_i18n_gettext(5, '2_months_2_renew', 'crcd', 'name'), '2 months', '2 months', '2 months', 2);
INSERT INTO config.rule_circ_duration VALUES 
    (6, oils_i18n_gettext(6, '35_days_1_renew', 'crcd', 'name'), '35 days', '35 days', '35 days', 1);
INSERT INTO config.rule_circ_duration VALUES 
    (7, oils_i18n_gettext(7, '7_days_2_renew', 'crcd', 'name'), '7 days', '7 days', '7 days', 2);
INSERT INTO config.rule_circ_duration VALUES 
    (8, oils_i18n_gettext(8, '1_hour_2_renew', 'crcd', 'name'), '1 hour', '1 hour', '1 hour', 2);
INSERT INTO config.rule_circ_duration VALUES 
    (9, oils_i18n_gettext(9, '28_days_0_renew', 'crcd', 'name'), '28 days', '28 days', '28 days', 0);
INSERT INTO config.rule_circ_duration VALUES 
    (10, oils_i18n_gettext(10, '14_days_2_renew', 'crcd', 'name'), '14 days', '14 days', '14 days', 2);
INSERT INTO config.rule_circ_duration VALUES 
    (11, oils_i18n_gettext(11, 'default', 'crcd', 'name'), '21 days', '14 days', '7 days', 2);
SELECT SETVAL('config.rule_circ_duration_id_seq'::TEXT, 100);

INSERT INTO config.rule_max_fine VALUES 
    (1, oils_i18n_gettext(1, 'default', 'crmf', 'name'), 5.00);
INSERT INTO config.rule_max_fine VALUES 
    (2, oils_i18n_gettext(2, 'overdue_min', 'crmf', 'name'), 5.00);
INSERT INTO config.rule_max_fine VALUES 
    (3, oils_i18n_gettext(3, 'overdue_mid', 'crmf', 'name'), 10.00);
INSERT INTO config.rule_max_fine VALUES 
    (4, oils_i18n_gettext(4, 'overdue_max', 'crmf', 'name'), 100.00);
INSERT INTO config.rule_max_fine VALUES 
    (5, oils_i18n_gettext(5, 'overdue_equip_min', 'crmf', 'name'), 25.00);
INSERT INTO config.rule_max_fine VALUES 
    (6, oils_i18n_gettext(6, 'overdue_equip_mid', 'crmf', 'name'), 25.00);
INSERT INTO config.rule_max_fine VALUES 
    (7, oils_i18n_gettext(7, 'overdue_equip_max', 'crmf', 'name'), 100.00);
SELECT SETVAL('config.rule_max_fine_id_seq'::TEXT, 100);

INSERT INTO config.rule_recurring_fine VALUES 
    (1, oils_i18n_gettext(1, 'default', 'crrf', 'name'), 0.50, 0.10, 0.05, '1 day', '1 day');
INSERT INTO config.rule_recurring_fine VALUES 
    (2, oils_i18n_gettext(2, '10_cent_per_day', 'crrf', 'name'), 0.50, 0.10, 0.10, '1 day', '1 day');
INSERT INTO config.rule_recurring_fine VALUES 
    (3, oils_i18n_gettext(3, '50_cent_per_day', 'crrf', 'name'), 0.50, 0.50, 0.50, '1 day', '1 day');
SELECT SETVAL('config.rule_recurring_fine_id_seq'::TEXT, 100);

INSERT INTO config.rule_age_hold_protect VALUES
	(1, oils_i18n_gettext(1, '3month', 'crahp', 'name'), '3 months', 0);
INSERT INTO config.rule_age_hold_protect VALUES
	(2, oils_i18n_gettext(2, '6month', 'crahp', 'name'), '6 months', 2);
SELECT SETVAL('config.rule_age_hold_protect_id_seq'::TEXT, 100);

INSERT INTO config.copy_status (id,name,holdable,opac_visible,copy_active,is_available) VALUES (0,oils_i18n_gettext(0, 'Available', 'ccs', 'name'),'t','t','t','t');
INSERT INTO config.copy_status (id,name,holdable,opac_visible,copy_active,restrict_copy_delete) VALUES (1,oils_i18n_gettext(1, 'Checked out', 'ccs', 'name'),'t','t','t','t');
INSERT INTO config.copy_status (id,name) VALUES (2,oils_i18n_gettext(2, 'Bindery', 'ccs', 'name'));
INSERT INTO config.copy_status (id,name,restrict_copy_delete) VALUES (3,oils_i18n_gettext(3, 'Lost', 'ccs', 'name'),'t');
INSERT INTO config.copy_status (id,name) VALUES (4,oils_i18n_gettext(4, 'Missing', 'ccs', 'name'));
INSERT INTO config.copy_status (id,name,holdable,opac_visible) VALUES (5,oils_i18n_gettext(5, 'In process', 'ccs', 'name'),'t','t');
INSERT INTO config.copy_status (id,name,holdable,opac_visible,restrict_copy_delete) VALUES (6,oils_i18n_gettext(6, 'In transit', 'ccs', 'name'),'t','t','t');
INSERT INTO config.copy_status (id,name,holdable,opac_visible,copy_active,is_available) VALUES (7,oils_i18n_gettext(7, 'Reshelving', 'ccs', 'name'),'t','t','t','t');
INSERT INTO config.copy_status (id,name,holdable,opac_visible,copy_active,restrict_copy_delete) VALUES (8,oils_i18n_gettext(8, 'On holds shelf', 'ccs', 'name'),'t','t','t','t');
INSERT INTO config.copy_status (id,name,holdable,opac_visible) VALUES (9,oils_i18n_gettext(9, 'On order', 'ccs', 'name'),'t','t');
INSERT INTO config.copy_status (id,name,copy_active) VALUES (10,oils_i18n_gettext(10, 'ILL', 'ccs', 'name'),'t');
INSERT INTO config.copy_status (id,name) VALUES (11,oils_i18n_gettext(11, 'Cataloging', 'ccs', 'name'));
INSERT INTO config.copy_status (id,name,opac_visible,copy_active) VALUES (12,oils_i18n_gettext(12, 'Reserves', 'ccs', 'name'),'t','t');
INSERT INTO config.copy_status (id,name) VALUES (13,oils_i18n_gettext(13, 'Discard/Weed', 'ccs', 'name'));
INSERT INTO config.copy_status (id,name) VALUES (14,oils_i18n_gettext(14, 'Damaged', 'ccs', 'name'));
INSERT INTO config.copy_status (id,name,copy_active) VALUES (15,oils_i18n_gettext(15, 'On reservation shelf', 'ccs', 'name'),'t');
INSERT INTO config.copy_status
    (id, name, holdable, opac_visible, copy_active, restrict_copy_delete)
    VALUES (16, oils_i18n_gettext(16, 'Long Overdue', 'ccs', 'name'), 'f', 'f', 'f', 't');
INSERT INTO config.copy_status
(id, name, holdable, opac_visible, copy_active, restrict_copy_delete)
VALUES (17, oils_i18n_gettext(17, 'Lost and Paid', 'ccs', 'name'), 'f', 'f', 'f', 't');
INSERT INTO config.copy_status(id,name,holdable,opac_visible) VALUES (18,oils_i18n_gettext(18, 'Canceled Transit', 'ccs', 'name'),'t','t');


SELECT SETVAL('config.copy_status_id_seq'::TEXT, 100);

INSERT INTO config.net_access_level (id, name) VALUES 
    (1, oils_i18n_gettext(1, 'Filtered', 'cnal', 'name'));
INSERT INTO config.net_access_level (id, name) VALUES 
    (2, oils_i18n_gettext(2, 'Unfiltered', 'cnal', 'name'));
INSERT INTO config.net_access_level (id, name) VALUES 
    (3, oils_i18n_gettext(3, 'No Access', 'cnal', 'name'));
SELECT SETVAL('config.net_access_level_id_seq'::TEXT, 100);

-- available locales
INSERT INTO config.i18n_locale (code,marc_code,name,description)
    VALUES ('en-US', 'eng', oils_i18n_gettext('en-US', 'English (US)', 'i18n_l', 'name'),
	oils_i18n_gettext('en-US', 'American English', 'i18n_l', 'description'));
INSERT INTO config.i18n_locale (code,marc_code,name,description)
    VALUES ('cs-CZ', 'cze', oils_i18n_gettext('cs-CZ', 'Czech', 'i18n_l', 'name'),
	oils_i18n_gettext('cs-CZ', 'Czech', 'i18n_l', 'description'));
INSERT INTO config.i18n_locale (code,marc_code,name,description)
    VALUES ('en-CA', 'eng', oils_i18n_gettext('en-CA', 'English (Canada)', 'i18n_l', 'name'),
	oils_i18n_gettext('en-CA', 'Canadian English', 'i18n_l', 'description'));
INSERT INTO config.i18n_locale (code,marc_code,name,description)
    VALUES ('fi-FI', 'fin', oils_i18n_gettext('fi-FI', 'Finnish', 'i18n_l', 'name'),
	oils_i18n_gettext('fi-FI', 'Finnish', 'i18n_l', 'description'));
INSERT INTO config.i18n_locale (code,marc_code,name,description)
    VALUES ('fr-CA', 'fre', oils_i18n_gettext('fr-CA', 'French (Canada)', 'i18n_l', 'name'),
	oils_i18n_gettext('fr-CA', 'Canadian French', 'i18n_l', 'description'));
INSERT INTO config.i18n_locale (code,marc_code,name,description)
    VALUES ('hy-AM', 'arm', oils_i18n_gettext('hy-AM', 'Armenian', 'i18n_l', 'name'),
	oils_i18n_gettext('hy-AM', 'Armenian', 'i18n_l', 'description'));
INSERT INTO config.i18n_locale (code,marc_code,name,description)
    VALUES ('es-ES', 'spa', oils_i18n_gettext('es-ES', 'Spanish', 'i18n_l', 'name'),
	oils_i18n_gettext('es-ES', 'Spanish', 'i18n_l', 'description'));
--INSERT INTO config.i18n_locale (code,marc_code,name,description)
--    VALUES ('es-US', 'spa', oils_i18n_gettext('es-US', 'Spanish (US)', 'i18n_l', 'name'),
--	oils_i18n_gettext('es-US', 'American Spanish', 'i18n_l', 'description'));
--INSERT INTO config.i18n_locale (code,marc_code,name,description)
--    VALUES ('es-MX', 'spa', oils_i18n_gettext('es-MX', 'Spanish (Mexico)', 'i18n_l', 'name'),
--	oils_i18n_gettext('es-MX', 'Mexican Spanish', 'i18n_l', 'description'));
INSERT INTO config.i18n_locale (code,marc_code,name,description)
    VALUES ('ru-RU', 'rus', oils_i18n_gettext('ru-RU', 'Russian', 'i18n_l', 'name'),
	oils_i18n_gettext('ru-RU', 'Russian', 'i18n_l', 'description'));
INSERT INTO config.i18n_locale (code,marc_code,name,description,rtl)
    VALUES ('ar-JO', 'ara', oils_i18n_gettext('ar-JO', 'Arabic (Jordan)', 'i18n_l', 'name'),
	oils_i18n_gettext('ar-JO', 'Arabic (Jordan)', 'i18n_l', 'description'), 'true');

-- Z39.50 server attributes

INSERT INTO config.z3950_source (name, label, host, port, db, auth)
	VALUES ('loc', oils_i18n_gettext('loc', 'Library of Congress', 'czs', 'label'), 'lx2.loc.gov', 210, 'LCDB', FALSE);
INSERT INTO config.z3950_source (name, label, host, port, db, auth)
	VALUES ('oclc', oils_i18n_gettext('oclc', 'OCLC', 'czs', 'label'), 'zcat.oclc.org', 210, 'OLUCWorldCat', TRUE);

INSERT INTO config.z3950_attr (id, source, name, label, code, format)
	VALUES (1, 'loc','tcn', oils_i18n_gettext(1, 'Title Control Number', 'cza', 'label'), 12, 1);
INSERT INTO config.z3950_attr (id, source, name, label, code, format)
	VALUES (2, 'loc', 'isbn', oils_i18n_gettext(2, 'ISBN', 'cza', 'label'), 7, 6);
INSERT INTO config.z3950_attr (id, source, name, label, code, format)
	VALUES (3, 'loc', 'lccn', oils_i18n_gettext(3, 'LCCN', 'cza', 'label'), 9, 6);
INSERT INTO config.z3950_attr (id, source, name, label, code, format)
	VALUES (4, 'loc', 'author', oils_i18n_gettext(4, 'Author', 'cza', 'label'), 1003, 6);
INSERT INTO config.z3950_attr (id, source, name, label, code, format)
	VALUES (5, 'loc', 'title', oils_i18n_gettext(5, 'Title', 'cza', 'label'), 4, 6);
INSERT INTO config.z3950_attr (id, source, name, label, code, format)
	VALUES (6, 'loc', 'issn', oils_i18n_gettext(6, 'ISSN', 'cza', 'label'), 8, 1);
INSERT INTO config.z3950_attr (id, source, name, label, code, format)
	VALUES (7, 'loc', 'publisher', oils_i18n_gettext(7, 'Publisher', 'cza', 'label'), 1018, 6);
INSERT INTO config.z3950_attr (id, source, name, label, code, format)
	VALUES (8, 'loc', 'pubdate', oils_i18n_gettext(8, 'Publication Date', 'cza', 'label'), 31, 1);
INSERT INTO config.z3950_attr (id, source, name, label, code, format)
	VALUES (9, 'loc', 'item_type', oils_i18n_gettext(9, 'Item Type', 'cza', 'label'), 1001, 1);
INSERT INTO config.z3950_attr (id, source, name, label, code, format)
	VALUES (19, 'loc', 'upc', oils_i18n_gettext(19, 'UPC', 'cza', 'label'), 1007, 1);

UPDATE config.z3950_attr SET truncation = 1 WHERE source = 'loc';

INSERT INTO config.z3950_attr (id, source, name, label, code, format)
	VALUES (10, 'oclc', 'tcn', oils_i18n_gettext(10, 'Title Control Number', 'cza', 'label'), 12, 1);
INSERT INTO config.z3950_attr (id, source, name, label, code, format)
	VALUES (11, 'oclc', 'isbn', oils_i18n_gettext(11, 'ISBN', 'cza', 'label'), 7, 6);
INSERT INTO config.z3950_attr (id, source, name, label, code, format)
	VALUES (12, 'oclc', 'lccn', oils_i18n_gettext(12, 'LCCN', 'cza', 'label'), 9, 1);
INSERT INTO config.z3950_attr (id, source, name, label, code, format)
	VALUES (13, 'oclc', 'author', oils_i18n_gettext(13, 'Author', 'cza', 'label'), 1003, 6);
INSERT INTO config.z3950_attr (id, source, name, label, code, format)
	VALUES (14, 'oclc', 'title', oils_i18n_gettext(14, 'Title', 'cza', 'label'), 4, 6);
INSERT INTO config.z3950_attr (id, source, name, label, code, format)
	VALUES (15, 'oclc', 'issn', oils_i18n_gettext(15, 'ISSN', 'cza', 'label'), 8, 1);
INSERT INTO config.z3950_attr (id, source, name, label, code, format)
	VALUES (16, 'oclc', 'publisher', oils_i18n_gettext(16, 'Publisher', 'cza', 'label'), 1018, 6);
INSERT INTO config.z3950_attr (id, source, name, label, code, format)
	VALUES (17, 'oclc', 'pubdate', oils_i18n_gettext(17, 'Publication Date', 'cza', 'label'), 31, 1);
INSERT INTO config.z3950_attr (id, source, name, label, code, format)
	VALUES (18, 'oclc', 'item_type', oils_i18n_gettext(18, 'Item Type', 'cza', 'label'), 1001, 1);
INSERT INTO config.z3950_attr (id, source, name, label, code, format)
	VALUES (20, 'oclc', 'upc', oils_i18n_gettext(20, 'UPC', 'cza', 'label'), 1007, 6);

SELECT SETVAL('config.z3950_attr_id_seq'::TEXT, 100);

--005.schema.actors.sql:

-- The PINES levels
INSERT INTO actor.org_unit_type (id, name, opac_label, depth, parent, can_have_users, can_have_vols) VALUES 
    ( 1, oils_i18n_gettext(1, 'Consortium', 'aout', 'name'),
	oils_i18n_gettext(1, 'Everywhere', 'aout', 'opac_label'), 0, NULL, FALSE, FALSE );
INSERT INTO actor.org_unit_type (id, name, opac_label, depth, parent, can_have_users, can_have_vols) VALUES 
    ( 2, oils_i18n_gettext(2, 'System', 'aout', 'name'),
	oils_i18n_gettext(2, 'Local Library System', 'aout', 'opac_label'), 1, 1, FALSE, FALSE );
INSERT INTO actor.org_unit_type (id, name, opac_label, depth, parent) VALUES 
    ( 3, oils_i18n_gettext(3, 'Branch', 'aout', 'name'),
	oils_i18n_gettext(3, 'This Branch', 'aout', 'opac_label'), 2, 2 );
INSERT INTO actor.org_unit_type (id, name, opac_label, depth, parent) VALUES 
    ( 4, oils_i18n_gettext(4, 'Sub-library', 'aout', 'name'),
	oils_i18n_gettext(4, 'This Specialized Library', 'aout', 'opac_label'), 3, 3 );
INSERT INTO actor.org_unit_type (id, name, opac_label, depth, parent) VALUES 
    ( 5, oils_i18n_gettext(5, 'Bookmobile', 'aout', 'name'),
	oils_i18n_gettext(5, 'Your Bookmobile', 'aout', 'opac_label'), 3, 3 );
SELECT SETVAL('actor.org_unit_type_id_seq'::TEXT, 100);

-- We need one actor.org_unit to own many things
INSERT INTO actor.org_unit (id, parent_ou, ou_type, shortname, name) VALUES 
    (1, NULL, 1, 'CONS', oils_i18n_gettext(1, 'Example Consortium', 'aou', 'name'));
SELECT SETVAL('actor.org_unit_id_seq'::TEXT, 100);

INSERT INTO config.billing_type (id, name, owner) VALUES
	( 1, oils_i18n_gettext(1, 'Overdue Materials', 'cbt', 'name'), 1);
INSERT INTO config.billing_type (id, name, owner) VALUES
	( 2, oils_i18n_gettext(2, 'Long Overdue Collection Fee', 'cbt', 'name'), 1);
INSERT INTO config.billing_type (id, name, owner) VALUES
	( 3, oils_i18n_gettext(3, 'Lost Materials', 'cbt', 'name'), 1);
INSERT INTO config.billing_type (id, name, owner) VALUES
	( 4, oils_i18n_gettext(4, 'Lost Materials Processing Fee', 'cbt', 'name'), 1);
INSERT INTO config.billing_type (id, name, owner) VALUES
	( 5, oils_i18n_gettext(5, 'System: Deposit', 'cbt', 'name'), 1);
INSERT INTO config.billing_type (id, name, owner) VALUES
	( 6, oils_i18n_gettext(6, 'System: Rental', 'cbt', 'name'), 1);
INSERT INTO config.billing_type (id, name, owner) VALUES
	( 7, oils_i18n_gettext(7, 'Damaged Item', 'cbt', 'name'), 1);
INSERT INTO config.billing_type (id, name, owner) VALUES
	( 8, oils_i18n_gettext(8, 'Damaged Item Processing Fee', 'cbt', 'name'), 1);
INSERT INTO config.billing_type (id, name, owner) VALUES
	( 9, oils_i18n_gettext(9, 'Notification Fee', 'cbt', 'name'), 1);
INSERT INTO config.billing_type (id, owner, name) VALUES
    (10, 1, oils_i18n_gettext(10, 'Long-Overdue Materials', 'cbt', 'name'));
INSERT INTO config.billing_type (id, owner, name) VALUES
    (11, 1, oils_i18n_gettext(11, 'Long-Overdue Materials Processing Fee', 'cbt', 'name'));


INSERT INTO config.billing_type (id, name, owner) VALUES ( 101, oils_i18n_gettext(101, 'Misc', 'cbt', 'name'), 1);

SELECT SETVAL('config.billing_type_id_seq'::TEXT, 101);

--006.data.permissions.sql:
INSERT INTO permission.perm_list ( id, code, description ) VALUES
 ( -1, 'EVERYTHING', oils_i18n_gettext( -1, 
    'EVERYTHING', 'ppl', 'description' )),
 ( 1, 'OPAC_LOGIN', oils_i18n_gettext( 1, 
    'Allow a user to log in to the OPAC', 'ppl', 'description' )),
 ( 2, 'STAFF_LOGIN', oils_i18n_gettext( 2, 
    'Allow a user to log in to the staff client', 'ppl', 'description' )),
 ( 3, 'MR_HOLDS', oils_i18n_gettext( 3, 
    'Allow a user to create a metarecord holds', 'ppl', 'description' )),
 ( 4, 'TITLE_HOLDS', oils_i18n_gettext( 4, 
    'Allow a user to place a hold at the title level', 'ppl', 'description' )),
 ( 5, 'VOLUME_HOLDS', oils_i18n_gettext( 5, 
    'Allow a user to place a volume level hold', 'ppl', 'description' )),
 ( 6, 'COPY_HOLDS', oils_i18n_gettext( 6, 
    'Allow a user to place a hold on a specific copy', 'ppl', 'description' )),
 ( 7, 'REQUEST_HOLDS', oils_i18n_gettext( 7, 
    'Allow a user to create holds for another user (if true, we still check to make sure they have permission to make the type of hold they are requesting, for example, COPY_HOLDS)', 'ppl', 'description' )),
 ( 8, 'REQUEST_HOLDS_OVERRIDE', oils_i18n_gettext( 8, 
    '* no longer applicable', 'ppl', 'description' )),
 ( 9, 'VIEW_HOLD', oils_i18n_gettext( 9, 
    'Allow a user to view another user''s holds', 'ppl', 'description' )),
 ( 10, 'DELETE_HOLDS', oils_i18n_gettext( 10, 
    '* no longer applicable', 'ppl', 'description' )),
 ( 11, 'UPDATE_HOLD', oils_i18n_gettext( 11, 
    'Allow a user to update another user''s hold', 'ppl', 'description' )),
 ( 12, 'RENEW_CIRC', oils_i18n_gettext( 12, 
    'Allow a user to renew items', 'ppl', 'description' )),
 ( 13, 'VIEW_USER_FINES_SUMMARY', oils_i18n_gettext( 13, 
    'Allow a user to view bill details', 'ppl', 'description' )),
 ( 14, 'VIEW_USER_TRANSACTIONS', oils_i18n_gettext( 14, 
    'Allow a user to see another user''s grocery or circulation transactions in the Bills Interface; duplicate of VIEW_TRANSACTION', 'ppl', 'description' )),
 ( 15, 'UPDATE_MARC', oils_i18n_gettext( 15, 
    'Allow a user to edit a MARC record', 'ppl', 'description' )),
 ( 16, 'CREATE_MARC', oils_i18n_gettext( 16, 
    'Allow a user to create new MARC records', 'ppl', 'description' )),
 ( 17, 'IMPORT_MARC', oils_i18n_gettext( 17, 
    'Allow a user to import a MARC record via the Z39.50 interface', 'ppl', 'description' )),
 ( 18, 'CREATE_VOLUME', oils_i18n_gettext( 18, 
    'Allow a user to create a volume', 'ppl', 'description' )),
 ( 19, 'UPDATE_VOLUME', oils_i18n_gettext( 19, 
    'Allow a user to edit volumes - needed for merging records. This is a duplicate of VOLUME_UPDATE; user must have both permissions at appropriate level to merge records.', 'ppl', 'description' )),
 ( 20, 'DELETE_VOLUME', oils_i18n_gettext( 20, 
    'Allow a user to delete a volume', 'ppl', 'description' )),
 ( 21, 'CREATE_COPY', oils_i18n_gettext( 21, 
    'Allow a user to create a new copy object', 'ppl', 'description' )),
 ( 22, 'UPDATE_COPY', oils_i18n_gettext( 22, 
    'Allow a user to edit a copy', 'ppl', 'description' )),
 ( 23, 'DELETE_COPY', oils_i18n_gettext( 23, 
    'Allow a user to delete a copy', 'ppl', 'description' )),
 ( 24, 'RENEW_HOLD_OVERRIDE', oils_i18n_gettext( 24, 
    'Allow a user to continue to renew an item even if it is required for a hold', 'ppl', 'description' )),
 ( 25, 'CREATE_USER', oils_i18n_gettext( 25, 
    'Allow a user to create another user', 'ppl', 'description' )),
 ( 26, 'UPDATE_USER', oils_i18n_gettext( 26, 
    'Allow a user to edit a user''s record', 'ppl', 'description' )),
 ( 27, 'DELETE_USER', oils_i18n_gettext( 27, 
    'Allow a user to mark a user as deleted', 'ppl', 'description' )),
 ( 28, 'VIEW_USER', oils_i18n_gettext( 28, 
    'Allow a user to view another user''s Patron Record', 'ppl', 'description' )),
 ( 29, 'COPY_CHECKIN', oils_i18n_gettext( 29, 
    'Allow a user to check in a copy', 'ppl', 'description' )),
 ( 30, 'CREATE_TRANSIT', oils_i18n_gettext( 30, 
    'Allow a user to place an item in transit', 'ppl', 'description' )),
 ( 31, 'VIEW_PERMISSION', oils_i18n_gettext( 31, 
    'Allow a user to view user permissions within the user permissions editor', 'ppl', 'description' )),
 ( 32, 'CHECKIN_BYPASS_HOLD_FULFILL', oils_i18n_gettext( 32, 
    '* no longer applicable', 'ppl', 'description' )),
 ( 33, 'CREATE_PAYMENT', oils_i18n_gettext( 33, 
    'Allow a user to record payments in the Billing Interface', 'ppl', 'description' )),
 ( 34, 'SET_CIRC_LOST', oils_i18n_gettext( 34, 
    'Allow a user to mark an item as ''lost''', 'ppl', 'description' )),
 ( 36, 'SET_CIRC_CLAIMS_RETURNED', oils_i18n_gettext( 36, 
    'Allow a user to mark an item as ''claims returned''', 'ppl', 'description' )),
 ( 37, 'CREATE_TRANSACTION', oils_i18n_gettext( 37, 
    'Allow a user to create a new billable transaction', 'ppl', 'description' )),
 ( 38, 'VIEW_TRANSACTION', oils_i18n_gettext( 38, 
    'Allow a user may view another user''s transactions', 'ppl', 'description' )),
 ( 39, 'CREATE_BILL', oils_i18n_gettext( 39, 
    'Allow a user to create a new bill on a transaction', 'ppl', 'description' )),
 ( 40, 'VIEW_CONTAINER', oils_i18n_gettext( 40, 
    'Allow a user to view another user''s containers (buckets)', 'ppl', 'description' )),
 ( 41, 'CREATE_CONTAINER', oils_i18n_gettext( 41, 
    'Allow a user to create a new container for another user', 'ppl', 'description' )),
 ( 42, 'UPDATE_ORG_UNIT', oils_i18n_gettext( 42, 
    'Allow a user to change the settings for an organization unit', 'ppl', 'description' )),
 ( 43, 'VIEW_CIRCULATIONS', oils_i18n_gettext( 43, 
    'Allow a user to see what another user has checked out', 'ppl', 'description' )),
 ( 44, 'DELETE_CONTAINER', oils_i18n_gettext( 44, 
    'Allow a user to delete another user''s container', 'ppl', 'description' )),
 ( 45, 'CREATE_CONTAINER_ITEM', oils_i18n_gettext( 45, 
    'Allow a user to create a container item for another user', 'ppl', 'description' )),
 ( 46, 'CREATE_USER_GROUP_LINK', oils_i18n_gettext( 46, 
    'Allow a user to add other users to permission groups', 'ppl', 'description' )),
 ( 47, 'REMOVE_USER_GROUP_LINK', oils_i18n_gettext( 47, 
    'Allow a user to remove other users from permission groups', 'ppl', 'description' )),
 ( 48, 'VIEW_PERM_GROUPS', oils_i18n_gettext( 48, 
    'Allow a user to view other users'' permission groups', 'ppl', 'description' )),
 ( 49, 'VIEW_PERMIT_CHECKOUT', oils_i18n_gettext( 49, 
    'Allow a user to determine whether another user can check out an item', 'ppl', 'description' )),
 ( 50, 'UPDATE_BATCH_COPY', oils_i18n_gettext( 50, 
    'Allow a user to edit copies in batch', 'ppl', 'description' )),
 ( 51, 'CREATE_PATRON_STAT_CAT', oils_i18n_gettext( 51, 
    'User may create a new patron statistical category', 'ppl', 'description' )),
 ( 52, 'CREATE_COPY_STAT_CAT', oils_i18n_gettext( 52, 
    'User may create a copy statistical category', 'ppl', 'description' )),
 ( 53, 'CREATE_PATRON_STAT_CAT_ENTRY', oils_i18n_gettext( 53, 
    'User may create an entry in a patron statistical category', 'ppl', 'description' )),
 ( 54, 'CREATE_COPY_STAT_CAT_ENTRY', oils_i18n_gettext( 54, 
    'User may create an entry in a copy statistical category', 'ppl', 'description' )),
 ( 55, 'UPDATE_PATRON_STAT_CAT', oils_i18n_gettext( 55, 
    'User may update a patron statistical category', 'ppl', 'description' )),
 ( 56, 'UPDATE_COPY_STAT_CAT', oils_i18n_gettext( 56, 
    'User may update a copy statistical category', 'ppl', 'description' )),
 ( 57, 'UPDATE_PATRON_STAT_CAT_ENTRY', oils_i18n_gettext( 57, 
    'User may update an entry in a patron statistical category', 'ppl', 'description' )),
 ( 58, 'UPDATE_COPY_STAT_CAT_ENTRY', oils_i18n_gettext( 58, 
    'User may update an entry in a copy statistical category', 'ppl', 'description' )),
 ( 59, 'CREATE_PATRON_STAT_CAT_ENTRY_MAP', oils_i18n_gettext( 59, 
    'User may link another user to an entry in a statistical category', 'ppl', 'description' )),
 ( 60, 'CREATE_COPY_STAT_CAT_ENTRY_MAP', oils_i18n_gettext( 60, 
    'User may link a copy to an entry in a statistical category', 'ppl', 'description' )),
 ( 61, 'DELETE_PATRON_STAT_CAT', oils_i18n_gettext( 61, 
    'User may delete a patron statistical category', 'ppl', 'description' )),
 ( 62, 'DELETE_COPY_STAT_CAT', oils_i18n_gettext( 62, 
    'User may delete a copy statistical category', 'ppl', 'description' )),
 ( 63, 'DELETE_PATRON_STAT_CAT_ENTRY', oils_i18n_gettext( 63, 
    'User may delete an entry from a patron statistical category', 'ppl', 'description' )),
 ( 64, 'DELETE_COPY_STAT_CAT_ENTRY', oils_i18n_gettext( 64, 
    'User may delete an entry from a copy statistical category', 'ppl', 'description' )),
 ( 65, 'DELETE_PATRON_STAT_CAT_ENTRY_MAP', oils_i18n_gettext( 65, 
    'User may delete a patron statistical category entry map', 'ppl', 'description' )),
 ( 66, 'DELETE_COPY_STAT_CAT_ENTRY_MAP', oils_i18n_gettext( 66, 
    'User may delete a copy statistical category entry map', 'ppl', 'description' )),
 ( 67, 'CREATE_NON_CAT_TYPE', oils_i18n_gettext( 67, 
    'Allow a user to create a new non-cataloged item type', 'ppl', 'description' )),
 ( 68, 'UPDATE_NON_CAT_TYPE', oils_i18n_gettext( 68, 
    'Allow a user to update a non-cataloged item type', 'ppl', 'description' )),
 ( 69, 'CREATE_IN_HOUSE_USE', oils_i18n_gettext( 69, 
    'Allow a user to create a new in-house-use ', 'ppl', 'description' )),
 ( 70, 'COPY_CHECKOUT', oils_i18n_gettext( 70, 
    'Allow a user to check out a copy', 'ppl', 'description' )),
 ( 71, 'CREATE_COPY_LOCATION', oils_i18n_gettext( 71, 
    'Allow a user to create a new copy location', 'ppl', 'description' )),
 ( 72, 'UPDATE_COPY_LOCATION', oils_i18n_gettext( 72, 
    'Allow a user to update a copy location', 'ppl', 'description' )),
 ( 73, 'DELETE_COPY_LOCATION', oils_i18n_gettext( 73, 
    'Allow a user to delete a copy location', 'ppl', 'description' )),
 ( 74, 'CREATE_COPY_TRANSIT', oils_i18n_gettext( 74, 
    'Allow a user to create a transit_copy object for transiting a copy', 'ppl', 'description' )),
 ( 75, 'COPY_TRANSIT_RECEIVE', oils_i18n_gettext( 75, 
    'Allow a user to close out a transit on a copy', 'ppl', 'description' )),
 ( 76, 'VIEW_HOLD_PERMIT', oils_i18n_gettext( 76, 
    'Allow a user to see if another user has permission to place a hold on a given copy', 'ppl', 'description' )),
 ( 77, 'VIEW_COPY_CHECKOUT_HISTORY', oils_i18n_gettext( 77, 
    'Allow a user to view which users have checked out a given copy', 'ppl', 'description' )),
 ( 78, 'REMOTE_Z3950_QUERY', oils_i18n_gettext( 78, 
    'Allow a user to perform Z39.50 queries against remote servers', 'ppl', 'description' )),
 ( 79, 'REGISTER_WORKSTATION', oils_i18n_gettext( 79, 
    'Allow a user to register a new workstation', 'ppl', 'description' )),
 ( 80, 'VIEW_COPY_NOTES', oils_i18n_gettext( 80, 
    'Allow a user to view all notes attached to a copy', 'ppl', 'description' )),
 ( 81, 'VIEW_VOLUME_NOTES', oils_i18n_gettext( 81, 
    'Allow a user to view all notes attached to a volume', 'ppl', 'description' )),
 ( 82, 'VIEW_TITLE_NOTES', oils_i18n_gettext( 82, 
    'Allow a user to view all notes attached to a title', 'ppl', 'description' )),
 ( 83, 'CREATE_COPY_NOTE', oils_i18n_gettext( 83, 
    'Allow a user to create a new copy note', 'ppl', 'description' )),
 ( 84, 'CREATE_VOLUME_NOTE', oils_i18n_gettext( 84, 
    'Allow a user to create a new volume note', 'ppl', 'description' )),
 ( 85, 'CREATE_TITLE_NOTE', oils_i18n_gettext( 85, 
    'Allow a user to create a new title note', 'ppl', 'description' )),
 ( 86, 'DELETE_COPY_NOTE', oils_i18n_gettext( 86, 
    'Allow a user to delete another user''s copy notes', 'ppl', 'description' )),
 ( 87, 'DELETE_VOLUME_NOTE', oils_i18n_gettext( 87, 
    'Allow a user to delete another user''s volume note', 'ppl', 'description' )),
 ( 88, 'DELETE_TITLE_NOTE', oils_i18n_gettext( 88, 
    'Allow a user to delete another user''s title note', 'ppl', 'description' )),
 ( 89, 'UPDATE_CONTAINER', oils_i18n_gettext( 89, 
    'Allow a user to update another user''s container', 'ppl', 'description' )),
 ( 90, 'CREATE_MY_CONTAINER', oils_i18n_gettext( 90, 
    'Allow a user to create a container for themselves', 'ppl', 'description' )),
 ( 91, 'VIEW_HOLD_NOTIFICATION', oils_i18n_gettext( 91, 
    'Allow a user to view notifications attached to a hold', 'ppl', 'description' )),
 ( 92, 'CREATE_HOLD_NOTIFICATION', oils_i18n_gettext( 92, 
    'Allow a user to create new hold notifications', 'ppl', 'description' )),
 ( 93, 'UPDATE_ORG_SETTING', oils_i18n_gettext( 93, 
    'Allow a user to update an organization unit setting', 'ppl', 'description' )),
 ( 94, 'OFFLINE_UPLOAD', oils_i18n_gettext( 94, 
    'Allow a user to upload an offline script', 'ppl', 'description' )),
 ( 95, 'OFFLINE_VIEW', oils_i18n_gettext( 95, 
    'Allow a user to view uploaded offline script information', 'ppl', 'description' )),
 ( 96, 'OFFLINE_EXECUTE', oils_i18n_gettext( 96, 
    'Allow a user to execute an offline script batch', 'ppl', 'description' )),
 ( 97, 'CIRC_OVERRIDE_DUE_DATE', oils_i18n_gettext( 97, 
    'Allow a user to change the due date on an item to any date', 'ppl', 'description' )),
 ( 98, 'CIRC_PERMIT_OVERRIDE', oils_i18n_gettext( 98, 
    'Allow a user to bypass the circulation permit call for check out', 'ppl', 'description' )),
 ( 99, 'COPY_IS_REFERENCE.override', oils_i18n_gettext( 99, 
    'Allow a user to override the copy_is_reference event', 'ppl', 'description' )),
 ( 100, 'VOID_BILLING', oils_i18n_gettext( 100, 
    'Allow a user to void a bill', 'ppl', 'description' )),
 ( 101, 'CIRC_CLAIMS_RETURNED.override', oils_i18n_gettext( 101, 
    'Allow a user to check in or check out an item that has a status of ''claims returned''', 'ppl', 'description' )),
 ( 102, 'COPY_BAD_STATUS.override', oils_i18n_gettext( 102, 
    'Allow a user to check out an item in a non-circulatable status', 'ppl', 'description' )),
 ( 103, 'COPY_ALERT_MESSAGE.override', oils_i18n_gettext( 103, 
    'Allow a user to check in/out an item that has an alert message', 'ppl', 'description' )),
 ( 104, 'COPY_STATUS_LOST.override', oils_i18n_gettext( 104, 
    'Allow a user to remove the lost status from a copy', 'ppl', 'description' )),
 ( 105, 'COPY_STATUS_MISSING.override', oils_i18n_gettext( 105, 
    'Allow a user to change the missing status on a copy', 'ppl', 'description' )),
 ( 106, 'ABORT_TRANSIT', oils_i18n_gettext( 106, 
    'Allow a user to cancel a copy transit if the user is at the transit destination or source', 'ppl', 'description' )),
 ( 107, 'ABORT_REMOTE_TRANSIT', oils_i18n_gettext( 107, 
    'Allow a user to cancel a copy transit if the user is not at the transit source or dest', 'ppl', 'description' )),
 ( 108, 'VIEW_ZIP_DATA', oils_i18n_gettext( 108, 
    'Allow a user to query the ZIP code data method', 'ppl', 'description' )),
 ( 109, 'CANCEL_HOLDS', oils_i18n_gettext( 109, 
    'Allow a user to cancel holds', 'ppl', 'description' )),
 ( 110, 'CREATE_DUPLICATE_HOLDS', oils_i18n_gettext( 110, 
    'Allow a user to create duplicate holds (two or more holds on the same title)', 'ppl', 'description' )),
 ( 111, 'actor.org_unit.closed_date.delete', oils_i18n_gettext( 111, 
    'Allow a user to remove a closed date interval for a given location', 'ppl', 'description' )),
 ( 112, 'actor.org_unit.closed_date.update', oils_i18n_gettext( 112, 
    'Allow a user to update a closed date interval for a given location', 'ppl', 'description' )),
 ( 113, 'actor.org_unit.closed_date.create', oils_i18n_gettext( 113, 
    'Allow a user to create a new closed date for a location', 'ppl', 'description' )),
 ( 114, 'DELETE_NON_CAT_TYPE', oils_i18n_gettext( 114, 
    'Allow a user to delete a non cataloged type', 'ppl', 'description' )),
 ( 115, 'money.collections_tracker.create', oils_i18n_gettext( 115, 
    'Allow a user to put someone into collections', 'ppl', 'description' )),
 ( 116, 'money.collections_tracker.delete', oils_i18n_gettext( 116, 
    'Allow a user to remove someone from collections', 'ppl', 'description' )),
 ( 117, 'BAR_PATRON', oils_i18n_gettext( 117, 
    'Allow a user to bar a patron', 'ppl', 'description' )),
 ( 118, 'UNBAR_PATRON', oils_i18n_gettext( 118, 
    'Allow a user to un-bar a patron', 'ppl', 'description' )),
 ( 119, 'DELETE_WORKSTATION', oils_i18n_gettext( 119, 
    'Allow a user to remove an existing workstation so a new one can replace it', 'ppl', 'description' )),
 ( 120, 'group_application.user', oils_i18n_gettext( 120, 
    'Allow a user to add/remove users to/from the "User" group', 'ppl', 'description' )),
 ( 121, 'group_application.user.patron', oils_i18n_gettext( 121, 
    'Allow a user to add/remove users to/from the "Patron" group', 'ppl', 'description' )),
 ( 122, 'group_application.user.staff', oils_i18n_gettext( 122, 
    'Allow a user to add/remove users to/from the "Staff" group', 'ppl', 'description' )),
 ( 123, 'group_application.user.staff.circ', oils_i18n_gettext( 123, 
    'Allow a user to add/remove users to/from the "Circulator" group', 'ppl', 'description' )),
 ( 124, 'group_application.user.staff.cat', oils_i18n_gettext( 124, 
    'Allow a user to add/remove users to/from the "Cataloger" group', 'ppl', 'description' )),
 ( 125, 'group_application.user.staff.admin.global_admin', oils_i18n_gettext( 125, 
    'Allow a user to add/remove users to/from the "GlobalAdmin" group', 'ppl', 'description' )),
 ( 126, 'group_application.user.staff.admin.local_admin', oils_i18n_gettext( 126, 
    'Allow a user to add/remove users to/from the "LocalAdmin" group', 'ppl', 'description' )),
 ( 127, 'group_application.user.staff.admin.lib_manager', oils_i18n_gettext( 127, 
    'Allow a user to add/remove users to/from the "LibraryManager" group', 'ppl', 'description' )),
 ( 128, 'group_application.user.staff.cat.cat1', oils_i18n_gettext( 128, 
    'Allow a user to add/remove users to/from the "Cat1" group', 'ppl', 'description' )),
 ( 129, 'group_application.user.staff.supercat', oils_i18n_gettext( 129, 
    'Allow a user to add/remove users to/from the "Supercat" group', 'ppl', 'description' )),
 ( 130, 'group_application.user.sip_client', oils_i18n_gettext( 130, 
    'Allow a user to add/remove users to/from the "SIP-Client" group', 'ppl', 'description' )),
 ( 131, 'group_application.user.vendor', oils_i18n_gettext( 131, 
    'Allow a user to add/remove users to/from the "Vendor" group', 'ppl', 'description' )),
 ( 132, 'ITEM_AGE_PROTECTED.override', oils_i18n_gettext( 132, 
    'Allow a user to place a hold on an age-protected item', 'ppl', 'description' )),
 ( 133, 'MAX_RENEWALS_REACHED.override', oils_i18n_gettext( 133, 
    'Allow a user to renew an item past the maximum renewal count', 'ppl', 'description' )),
 ( 134, 'PATRON_EXCEEDS_CHECKOUT_COUNT.override', oils_i18n_gettext( 134, 
    'Allow staff to override checkout count failure', 'ppl', 'description' )),
 ( 135, 'PATRON_EXCEEDS_OVERDUE_COUNT.override', oils_i18n_gettext( 135, 
    'Allow staff to override overdue count failure', 'ppl', 'description' )),
 ( 136, 'PATRON_EXCEEDS_FINES.override', oils_i18n_gettext( 136, 
    'Allow staff to override fine amount checkout failure', 'ppl', 'description' )),
 ( 137, 'CIRC_EXCEEDS_COPY_RANGE.override', oils_i18n_gettext( 137, 
    'Allow staff to override circulation copy range failure', 'ppl', 'description' )),
 ( 138, 'ITEM_ON_HOLDS_SHELF.override', oils_i18n_gettext( 138, 
    'Allow staff to override item on holds shelf failure', 'ppl', 'description' )),
 ( 139, 'COPY_NOT_AVAILABLE.override', oils_i18n_gettext( 139, 
    'Allow staff to force checkout of Missing/Lost type items', 'ppl', 'description' )),
 ( 140, 'HOLD_EXISTS.override', oils_i18n_gettext( 140, 
    'Allow a user to place multiple holds on a single title', 'ppl', 'description' )),
 ( 141, 'RUN_REPORTS', oils_i18n_gettext( 141, 
    'Allow a user to run reports', 'ppl', 'description' )),
 ( 142, 'SHARE_REPORT_FOLDER', oils_i18n_gettext( 142, 
    'Allow a user to share report his own folders', 'ppl', 'description' )),
 ( 143, 'VIEW_REPORT_OUTPUT', oils_i18n_gettext( 143, 
    'Allow a user to view report output', 'ppl', 'description' )),
 ( 144, 'COPY_CIRC_NOT_ALLOWED.override', oils_i18n_gettext( 144, 
    'Allow a user to checkout an item that is marked as non-circ', 'ppl', 'description' )),
 ( 145, 'DELETE_CONTAINER_ITEM', oils_i18n_gettext( 145, 
    'Allow a user to delete an item out of another user''s container', 'ppl', 'description' )),
 ( 146, 'ASSIGN_WORK_ORG_UNIT', oils_i18n_gettext( 146, 
    'Allow a staff member to define where another staff member has their permissions', 'ppl', 'description' )),
 ( 147, 'CREATE_FUNDING_SOURCE', oils_i18n_gettext( 147, 
    'Allow a user to create a new funding source', 'ppl', 'description' )),
 ( 148, 'DELETE_FUNDING_SOURCE', oils_i18n_gettext( 148, 
    'Allow a user to delete a funding source', 'ppl', 'description' )),
 ( 149, 'VIEW_FUNDING_SOURCE', oils_i18n_gettext( 149, 
    'Allow a user to view a funding source', 'ppl', 'description' )),
 ( 150, 'UPDATE_FUNDING_SOURCE', oils_i18n_gettext( 150, 
    'Allow a user to update a funding source', 'ppl', 'description' )),
 ( 151, 'CREATE_FUND', oils_i18n_gettext( 151, 
    'Allow a user to create a new fund', 'ppl', 'description' )),
 ( 152, 'DELETE_FUND', oils_i18n_gettext( 152, 
    'Allow a user to delete a fund', 'ppl', 'description' )),
 ( 153, 'VIEW_FUND', oils_i18n_gettext( 153, 
    'Allow a user to view a fund', 'ppl', 'description' )),
 ( 154, 'UPDATE_FUND', oils_i18n_gettext( 154, 
    'Allow a user to update a fund', 'ppl', 'description' )),
 ( 155, 'CREATE_FUND_ALLOCATION', oils_i18n_gettext( 155, 
    'Allow a user to create a new fund allocation', 'ppl', 'description' )),
 ( 156, 'DELETE_FUND_ALLOCATION', oils_i18n_gettext( 156, 
    'Allow a user to delete a fund allocation', 'ppl', 'description' )),
 ( 157, 'VIEW_FUND_ALLOCATION', oils_i18n_gettext( 157, 
    'Allow a user to view a fund allocation', 'ppl', 'description' )),
 ( 158, 'UPDATE_FUND_ALLOCATION', oils_i18n_gettext( 158, 
    'Allow a user to update a fund allocation', 'ppl', 'description' )),
 ( 159, 'GENERAL_ACQ', oils_i18n_gettext( 159, 
    'Lowest level permission required to access the ACQ interface', 'ppl', 'description' )),
 ( 160, 'CREATE_PROVIDER', oils_i18n_gettext( 160, 
    'Allow a user to create a new provider', 'ppl', 'description' )),
 ( 161, 'DELETE_PROVIDER', oils_i18n_gettext( 161, 
    'Allow a user to delete a provider', 'ppl', 'description' )),
 ( 162, 'VIEW_PROVIDER', oils_i18n_gettext( 162, 
    'Allow a user to view a provider', 'ppl', 'description' )),
 ( 163, 'UPDATE_PROVIDER', oils_i18n_gettext( 163, 
    'Allow a user to update a provider', 'ppl', 'description' )),
 ( 164, 'ADMIN_FUNDING_SOURCE', oils_i18n_gettext( 164, 
    'Allow a user to create/view/update/delete a funding source', 'ppl', 'description' )),
 ( 165, 'ADMIN_FUND', oils_i18n_gettext( 165, 
    '(Deprecated) Allow a user to create/view/update/delete a fund', 'ppl', 'description' )),
 ( 166, 'MANAGE_FUNDING_SOURCE', oils_i18n_gettext( 166, 
    'Allow a user to view/credit/debit a funding source', 'ppl', 'description' )),
 ( 167, 'MANAGE_FUND', oils_i18n_gettext( 167, 
    'Allow a user to view/credit/debit a fund', 'ppl', 'description' )),
 ( 168, 'CREATE_PICKLIST', oils_i18n_gettext( 168, 
    'Allows a user to create a picklist', 'ppl', 'description' )),
 ( 169, 'ADMIN_PROVIDER', oils_i18n_gettext( 169, 
    'Allow a user to create/view/update/delete a provider', 'ppl', 'description' )),
 ( 170, 'MANAGE_PROVIDER', oils_i18n_gettext( 170, 
    'Allow a user to view and purchase from a provider', 'ppl', 'description' )),
 ( 171, 'VIEW_PICKLIST', oils_i18n_gettext( 171, 
    'Allow a user to view another users picklist', 'ppl', 'description' )),
 ( 172, 'DELETE_RECORD', oils_i18n_gettext( 172, 
    'Allow a staff member to directly remove a bibliographic record', 'ppl', 'description' )),
 ( 173, 'ADMIN_CURRENCY_TYPE', oils_i18n_gettext( 173, 
    'Allow a user to create/view/update/delete a currency_type', 'ppl', 'description' )),
 ( 174, 'MARK_BAD_DEBT', oils_i18n_gettext( 174, 
    'Allow a user to mark a transaction as bad (unrecoverable) debt', 'ppl', 'description' )),
 ( 175, 'VIEW_BILLING_TYPE', oils_i18n_gettext( 175, 
    'Allow a user to view billing types', 'ppl', 'description' )),
 ( 176, 'MARK_ITEM_AVAILABLE', oils_i18n_gettext( 176, 
    'Allow a user to mark an item status as ''available''', 'ppl', 'description' )),
 ( 177, 'MARK_ITEM_CHECKED_OUT', oils_i18n_gettext( 177, 
    'Allow a user to mark an item status as ''checked out''', 'ppl', 'description' )),
 ( 178, 'MARK_ITEM_BINDERY', oils_i18n_gettext( 178, 
    'Allow a user to mark an item status as ''bindery''', 'ppl', 'description' )),
 ( 179, 'MARK_ITEM_LOST', oils_i18n_gettext( 179, 
    'Allow a user to mark an item status as ''lost''', 'ppl', 'description' )),
 ( 180, 'MARK_ITEM_MISSING', oils_i18n_gettext( 180, 
    'Allow a user to mark an item status as ''missing''', 'ppl', 'description' )),
 ( 181, 'MARK_ITEM_IN_PROCESS', oils_i18n_gettext( 181, 
    'Allow a user to mark an item status as ''in process''', 'ppl', 'description' )),
 ( 182, 'MARK_ITEM_IN_TRANSIT', oils_i18n_gettext( 182, 
    'Allow a user to mark an item status as ''in transit''', 'ppl', 'description' )),
 ( 183, 'MARK_ITEM_RESHELVING', oils_i18n_gettext( 183, 
    'Allow a user to mark an item status as ''reshelving''', 'ppl', 'description' )),
 ( 184, 'MARK_ITEM_ON_HOLDS_SHELF', oils_i18n_gettext( 184, 
    'Allow a user to mark an item status as ''on holds shelf''', 'ppl', 'description' )),
 ( 185, 'MARK_ITEM_ON_ORDER', oils_i18n_gettext( 185, 
    'Allow a user to mark an item status as ''on order''', 'ppl', 'description' )),
 ( 186, 'MARK_ITEM_ILL', oils_i18n_gettext( 186, 
    'Allow a user to mark an item status as ''inter-library loan''', 'ppl', 'description' )),
 ( 187, 'group_application.user.staff.acq', oils_i18n_gettext( 187, 
    'Allows a user to add/remove/edit users in the "ACQ" group', 'ppl', 'description' )),
 ( 188, 'CREATE_PURCHASE_ORDER', oils_i18n_gettext( 188, 
    'Allows a user to create a purchase order', 'ppl', 'description' )),
 ( 189, 'VIEW_PURCHASE_ORDER', oils_i18n_gettext( 189, 
    'Allows a user to view a purchase order', 'ppl', 'description' )),
 ( 190, 'IMPORT_ACQ_LINEITEM_BIB_RECORD', oils_i18n_gettext( 190, 
    'Allows a user to import a bib record from the acq staging area (on-order record) into the ILS bib data set', 'ppl', 'description' )),
 ( 191, 'RECEIVE_PURCHASE_ORDER', oils_i18n_gettext( 191, 
    'Allows a user to mark a purchase order, lineitem, or individual copy as received', 'ppl', 'description' )),
 ( 192, 'VIEW_ORG_SETTINGS', oils_i18n_gettext( 192, 
    'Allows a user to view all org settings at the specified level', 'ppl', 'description' )),
 ( 193, 'CREATE_MFHD_RECORD', oils_i18n_gettext( 193, 
    'Allows a user to create a new MFHD record', 'ppl', 'description' )),
 ( 194, 'UPDATE_MFHD_RECORD', oils_i18n_gettext( 194, 
    'Allows a user to update an MFHD record', 'ppl', 'description' )),
 ( 195, 'DELETE_MFHD_RECORD', oils_i18n_gettext( 195, 
    'Allows a user to delete an MFHD record', 'ppl', 'description' )),
 ( 196, 'ADMIN_ACQ_FUND', oils_i18n_gettext( 196, 
    'Allow a user to create/view/update/delete a fund', 'ppl', 'description' )),
 ( 197, 'group_application.user.staff.acq_admin', oils_i18n_gettext( 197, 
    'Allows a user to add/remove/edit users in the "Acquisitions Administrators" group', 'ppl', 'description' )),
 ( 198, 'SET_CIRC_CLAIMS_RETURNED.override', oils_i18n_gettext( 198, 
    'Allows staff to override the max claims returned value for a patron', 'ppl', 'description' )),
 ( 199, 'UPDATE_PATRON_CLAIM_RETURN_COUNT', oils_i18n_gettext( 199, 
    'Allows staff to manually change a patron''s claims returned count', 'ppl', 'description' )),
 ( 200, 'UPDATE_BILL_NOTE', oils_i18n_gettext( 200, 
    'Allows staff to edit the note for a bill on a transaction', 'ppl', 'description' )),
 ( 201, 'UPDATE_PAYMENT_NOTE', oils_i18n_gettext( 201, 
    'Allows staff to edit the note for a payment on a transaction', 'ppl', 'description' )),
 ( 202, 'UPDATE_PATRON_CLAIM_NEVER_CHECKED_OUT_COUNT', oils_i18n_gettext( 202, 
    'Allows staff to manually change a patron''s claims never checkout out count', 'ppl', 'description' )),
 ( 203, 'ADMIN_COPY_LOCATION_ORDER', oils_i18n_gettext( 203, 
    'Allow a user to create/view/update/delete a copy location order', 'ppl', 'description' )),
 ( 204, 'ASSIGN_GROUP_PERM', oils_i18n_gettext( 204, 
    'ASSIGN_GROUP_PERM', 'ppl', 'description' )),
 ( 205, 'CREATE_AUDIENCE', oils_i18n_gettext( 205, 
    'CREATE_AUDIENCE', 'ppl', 'description' )),
 ( 206, 'CREATE_BIB_LEVEL', oils_i18n_gettext( 206, 
    'CREATE_BIB_LEVEL', 'ppl', 'description' )),
 ( 207, 'CREATE_CIRC_DURATION', oils_i18n_gettext( 207, 
    'CREATE_CIRC_DURATION', 'ppl', 'description' )),
 ( 208, 'CREATE_CIRC_MOD', oils_i18n_gettext( 208, 
    'CREATE_CIRC_MOD', 'ppl', 'description' )),
 ( 209, 'CREATE_COPY_STATUS', oils_i18n_gettext( 209, 
    'CREATE_COPY_STATUS', 'ppl', 'description' )),
 ( 210, 'CREATE_HOURS_OF_OPERATION', oils_i18n_gettext( 210, 
    'CREATE_HOURS_OF_OPERATION', 'ppl', 'description' )),
 ( 211, 'CREATE_ITEM_FORM', oils_i18n_gettext( 211, 
    'CREATE_ITEM_FORM', 'ppl', 'description' )),
 ( 212, 'CREATE_ITEM_TYPE', oils_i18n_gettext( 212, 
    'CREATE_ITEM_TYPE', 'ppl', 'description' )),
 ( 213, 'CREATE_LANGUAGE', oils_i18n_gettext( 213, 
    'CREATE_LANGUAGE', 'ppl', 'description' )),
 ( 214, 'CREATE_LASSO', oils_i18n_gettext( 214, 
    'CREATE_LASSO', 'ppl', 'description' )),
 ( 215, 'CREATE_LASSO_MAP', oils_i18n_gettext( 215, 
    'CREATE_LASSO_MAP', 'ppl', 'description' )),
 ( 216, 'CREATE_LIT_FORM', oils_i18n_gettext( 216, 
    'CREATE_LIT_FORM', 'ppl', 'description' )),
 ( 217, 'CREATE_METABIB_FIELD', oils_i18n_gettext( 217, 
    'CREATE_METABIB_FIELD', 'ppl', 'description' )),
 ( 218, 'CREATE_NET_ACCESS_LEVEL', oils_i18n_gettext( 218, 
    'CREATE_NET_ACCESS_LEVEL', 'ppl', 'description' )),
 ( 219, 'CREATE_ORG_ADDRESS', oils_i18n_gettext( 219, 
    'CREATE_ORG_ADDRESS', 'ppl', 'description' )),
 ( 220, 'CREATE_ORG_TYPE', oils_i18n_gettext( 220, 
    'CREATE_ORG_TYPE', 'ppl', 'description' )),
 ( 221, 'CREATE_ORG_UNIT', oils_i18n_gettext( 221, 
    'CREATE_ORG_UNIT', 'ppl', 'description' )),
 ( 222, 'CREATE_ORG_UNIT_CLOSING', oils_i18n_gettext( 222, 
    'CREATE_ORG_UNIT_CLOSING', 'ppl', 'description' )),
 ( 223, 'CREATE_PERM', oils_i18n_gettext( 223, 
    'CREATE_PERM', 'ppl', 'description' )),
 ( 224, 'CREATE_RELEVANCE_ADJUSTMENT', oils_i18n_gettext( 224, 
    'CREATE_RELEVANCE_ADJUSTMENT', 'ppl', 'description' )),
 ( 225, 'CREATE_SURVEY', oils_i18n_gettext( 225, 
    'CREATE_SURVEY', 'ppl', 'description' )),
 ( 226, 'CREATE_VR_FORMAT', oils_i18n_gettext( 226, 
    'CREATE_VR_FORMAT', 'ppl', 'description' )),
 ( 227, 'CREATE_XML_TRANSFORM', oils_i18n_gettext( 227, 
    'CREATE_XML_TRANSFORM', 'ppl', 'description' )),
 ( 228, 'DELETE_AUDIENCE', oils_i18n_gettext( 228, 
    'DELETE_AUDIENCE', 'ppl', 'description' )),
 ( 229, 'DELETE_BIB_LEVEL', oils_i18n_gettext( 229, 
    'DELETE_BIB_LEVEL', 'ppl', 'description' )),
 ( 230, 'DELETE_CIRC_DURATION', oils_i18n_gettext( 230, 
    'DELETE_CIRC_DURATION', 'ppl', 'description' )),
 ( 231, 'DELETE_CIRC_MOD', oils_i18n_gettext( 231, 
    'DELETE_CIRC_MOD', 'ppl', 'description' )),
 ( 232, 'DELETE_COPY_STATUS', oils_i18n_gettext( 232, 
    'DELETE_COPY_STATUS', 'ppl', 'description' )),
 ( 233, 'DELETE_HOURS_OF_OPERATION', oils_i18n_gettext( 233, 
    'DELETE_HOURS_OF_OPERATION', 'ppl', 'description' )),
 ( 234, 'DELETE_ITEM_FORM', oils_i18n_gettext( 234, 
    'DELETE_ITEM_FORM', 'ppl', 'description' )),
 ( 235, 'DELETE_ITEM_TYPE', oils_i18n_gettext( 235, 
    'DELETE_ITEM_TYPE', 'ppl', 'description' )),
 ( 236, 'DELETE_LANGUAGE', oils_i18n_gettext( 236, 
    'DELETE_LANGUAGE', 'ppl', 'description' )),
 ( 237, 'DELETE_LASSO', oils_i18n_gettext( 237, 
    'DELETE_LASSO', 'ppl', 'description' )),
 ( 238, 'DELETE_LASSO_MAP', oils_i18n_gettext( 238, 
    'DELETE_LASSO_MAP', 'ppl', 'description' )),
 ( 239, 'DELETE_LIT_FORM', oils_i18n_gettext( 239, 
    'DELETE_LIT_FORM', 'ppl', 'description' )),
 ( 240, 'DELETE_METABIB_FIELD', oils_i18n_gettext( 240, 
    'DELETE_METABIB_FIELD', 'ppl', 'description' )),
 ( 241, 'DELETE_NET_ACCESS_LEVEL', oils_i18n_gettext( 241, 
    'DELETE_NET_ACCESS_LEVEL', 'ppl', 'description' )),
 ( 242, 'DELETE_ORG_ADDRESS', oils_i18n_gettext( 242, 
    'DELETE_ORG_ADDRESS', 'ppl', 'description' )),
 ( 243, 'DELETE_ORG_TYPE', oils_i18n_gettext( 243, 
    'DELETE_ORG_TYPE', 'ppl', 'description' )),
 ( 244, 'DELETE_ORG_UNIT', oils_i18n_gettext( 244, 
    'DELETE_ORG_UNIT', 'ppl', 'description' )),
 ( 245, 'DELETE_ORG_UNIT_CLOSING', oils_i18n_gettext( 245, 
    'DELETE_ORG_UNIT_CLOSING', 'ppl', 'description' )),
 ( 246, 'DELETE_PERM', oils_i18n_gettext( 246, 
    'DELETE_PERM', 'ppl', 'description' )),
 ( 247, 'DELETE_RELEVANCE_ADJUSTMENT', oils_i18n_gettext( 247, 
    'DELETE_RELEVANCE_ADJUSTMENT', 'ppl', 'description' )),
 ( 248, 'DELETE_SURVEY', oils_i18n_gettext( 248, 
    'DELETE_SURVEY', 'ppl', 'description' )),
 ( 249, 'DELETE_TRANSIT', oils_i18n_gettext( 249, 
    'DELETE_TRANSIT', 'ppl', 'description' )),
 ( 250, 'DELETE_VR_FORMAT', oils_i18n_gettext( 250, 
    'DELETE_VR_FORMAT', 'ppl', 'description' )),
 ( 251, 'DELETE_XML_TRANSFORM', oils_i18n_gettext( 251, 
    'DELETE_XML_TRANSFORM', 'ppl', 'description' )),
 ( 252, 'REMOVE_GROUP_PERM', oils_i18n_gettext( 252, 
    'REMOVE_GROUP_PERM', 'ppl', 'description' )),
 ( 253, 'TRANSIT_COPY', oils_i18n_gettext( 253, 
    'TRANSIT_COPY', 'ppl', 'description' )),
 ( 254, 'UPDATE_AUDIENCE', oils_i18n_gettext( 254, 
    'UPDATE_AUDIENCE', 'ppl', 'description' )),
 ( 255, 'UPDATE_BIB_LEVEL', oils_i18n_gettext( 255, 
    'UPDATE_BIB_LEVEL', 'ppl', 'description' )),
 ( 256, 'UPDATE_CIRC_DURATION', oils_i18n_gettext( 256, 
    'UPDATE_CIRC_DURATION', 'ppl', 'description' )),
 ( 257, 'UPDATE_CIRC_MOD', oils_i18n_gettext( 257, 
    'UPDATE_CIRC_MOD', 'ppl', 'description' )),
 ( 258, 'UPDATE_COPY_NOTE', oils_i18n_gettext( 258, 
    'UPDATE_COPY_NOTE', 'ppl', 'description' )),
 ( 259, 'UPDATE_COPY_STATUS', oils_i18n_gettext( 259, 
    'UPDATE_COPY_STATUS', 'ppl', 'description' )),
 ( 260, 'UPDATE_GROUP_PERM', oils_i18n_gettext( 260, 
    'UPDATE_GROUP_PERM', 'ppl', 'description' )),
 ( 261, 'UPDATE_HOURS_OF_OPERATION', oils_i18n_gettext( 261, 
    'UPDATE_HOURS_OF_OPERATION', 'ppl', 'description' )),
 ( 262, 'UPDATE_ITEM_FORM', oils_i18n_gettext( 262, 
    'UPDATE_ITEM_FORM', 'ppl', 'description' )),
 ( 263, 'UPDATE_ITEM_TYPE', oils_i18n_gettext( 263, 
    'UPDATE_ITEM_TYPE', 'ppl', 'description' )),
 ( 264, 'UPDATE_LANGUAGE', oils_i18n_gettext( 264, 
    'UPDATE_LANGUAGE', 'ppl', 'description' )),
 ( 265, 'UPDATE_LASSO', oils_i18n_gettext( 265, 
    'UPDATE_LASSO', 'ppl', 'description' )),
 ( 266, 'UPDATE_LASSO_MAP', oils_i18n_gettext( 266, 
    'UPDATE_LASSO_MAP', 'ppl', 'description' )),
 ( 267, 'UPDATE_LIT_FORM', oils_i18n_gettext( 267, 
    'UPDATE_LIT_FORM', 'ppl', 'description' )),
 ( 268, 'UPDATE_METABIB_FIELD', oils_i18n_gettext( 268, 
    'UPDATE_METABIB_FIELD', 'ppl', 'description' )),
 ( 269, 'UPDATE_NET_ACCESS_LEVEL', oils_i18n_gettext( 269, 
    'UPDATE_NET_ACCESS_LEVEL', 'ppl', 'description' )),
 ( 270, 'UPDATE_ORG_ADDRESS', oils_i18n_gettext( 270, 
    'UPDATE_ORG_ADDRESS', 'ppl', 'description' )),
 ( 271, 'UPDATE_ORG_TYPE', oils_i18n_gettext( 271, 
    'UPDATE_ORG_TYPE', 'ppl', 'description' )),
 ( 272, 'UPDATE_ORG_UNIT_CLOSING', oils_i18n_gettext( 272, 
    'UPDATE_ORG_UNIT_CLOSING', 'ppl', 'description' )),
 ( 273, 'UPDATE_PERM', oils_i18n_gettext( 273, 
    'UPDATE_PERM', 'ppl', 'description' )),
 ( 274, 'UPDATE_RELEVANCE_ADJUSTMENT', oils_i18n_gettext( 274, 
    'UPDATE_RELEVANCE_ADJUSTMENT', 'ppl', 'description' )),
 ( 275, 'UPDATE_SURVEY', oils_i18n_gettext( 275, 
    'UPDATE_SURVEY', 'ppl', 'description' )),
 ( 276, 'UPDATE_TRANSIT', oils_i18n_gettext( 276, 
    'UPDATE_TRANSIT', 'ppl', 'description' )),
 ( 277, 'UPDATE_VOLUME_NOTE', oils_i18n_gettext( 277, 
    'UPDATE_VOLUME_NOTE', 'ppl', 'description' )),
 ( 278, 'UPDATE_VR_FORMAT', oils_i18n_gettext( 278, 
    'UPDATE_VR_FORMAT', 'ppl', 'description' )),
 ( 279, 'UPDATE_XML_TRANSFORM', oils_i18n_gettext( 279, 
    'UPDATE_XML_TRANSFORM', 'ppl', 'description' )),
 ( 280, 'MERGE_BIB_RECORDS', oils_i18n_gettext( 280, 
    'MERGE_BIB_RECORDS', 'ppl', 'description' )),
 ( 281, 'UPDATE_PICKUP_LIB_FROM_HOLDS_SHELF', oils_i18n_gettext( 281, 
    'UPDATE_PICKUP_LIB_FROM_HOLDS_SHELF', 'ppl', 'description' )),
 ( 282, 'CREATE_ACQ_FUNDING_SOURCE', oils_i18n_gettext( 282, 
    'CREATE_ACQ_FUNDING_SOURCE', 'ppl', 'description' )),
 ( 283, 'CREATE_AUTHORITY_IMPORT_IMPORT_FIELD_DEF', oils_i18n_gettext( 283, 
    'CREATE_AUTHORITY_IMPORT_IMPORT_FIELD_DEF', 'ppl', 'description' )),
 ( 284, 'CREATE_AUTHORITY_IMPORT_QUEUE', oils_i18n_gettext( 284, 
    'CREATE_AUTHORITY_IMPORT_QUEUE', 'ppl', 'description' )),
 ( 285, 'CREATE_AUTHORITY_RECORD_NOTE', oils_i18n_gettext( 285, 
    'CREATE_AUTHORITY_RECORD_NOTE', 'ppl', 'description' )),
 ( 286, 'CREATE_BIB_IMPORT_FIELD_DEF', oils_i18n_gettext( 286, 
    'CREATE_BIB_IMPORT_FIELD_DEF', 'ppl', 'description' )),
 ( 287, 'CREATE_BIB_IMPORT_QUEUE', oils_i18n_gettext( 287, 
    'CREATE_BIB_IMPORT_QUEUE', 'ppl', 'description' )),
 ( 288, 'CREATE_LOCALE', oils_i18n_gettext( 288, 
    'CREATE_LOCALE', 'ppl', 'description' )),
 ( 289, 'CREATE_MARC_CODE', oils_i18n_gettext( 289, 
    'CREATE_MARC_CODE', 'ppl', 'description' )),
 ( 290, 'CREATE_TRANSLATION', oils_i18n_gettext( 290, 
    'CREATE_TRANSLATION', 'ppl', 'description' )),
 ( 291, 'DELETE_ACQ_FUNDING_SOURCE', oils_i18n_gettext( 291, 
    'DELETE_ACQ_FUNDING_SOURCE', 'ppl', 'description' )),
 ( 292, 'DELETE_AUTHORITY_IMPORT_IMPORT_FIELD_DEF', oils_i18n_gettext( 292, 
    'DELETE_AUTHORITY_IMPORT_IMPORT_FIELD_DEF', 'ppl', 'description' )),
 ( 293, 'DELETE_AUTHORITY_IMPORT_QUEUE', oils_i18n_gettext( 293, 
    'DELETE_AUTHORITY_IMPORT_QUEUE', 'ppl', 'description' )),
 ( 294, 'DELETE_AUTHORITY_RECORD_NOTE', oils_i18n_gettext( 294, 
    'DELETE_AUTHORITY_RECORD_NOTE', 'ppl', 'description' )),
 ( 295, 'DELETE_BIB_IMPORT_IMPORT_FIELD_DEF', oils_i18n_gettext( 295, 
    'DELETE_BIB_IMPORT_IMPORT_FIELD_DEF', 'ppl', 'description' )),
 ( 296, 'DELETE_BIB_IMPORT_QUEUE', oils_i18n_gettext( 296, 
    'DELETE_BIB_IMPORT_QUEUE', 'ppl', 'description' )),
 ( 297, 'DELETE_LOCALE', oils_i18n_gettext( 297, 
    'DELETE_LOCALE', 'ppl', 'description' )),
 ( 298, 'DELETE_MARC_CODE', oils_i18n_gettext( 298, 
    'DELETE_MARC_CODE', 'ppl', 'description' )),
 ( 299, 'DELETE_TRANSLATION', oils_i18n_gettext( 299, 
    'DELETE_TRANSLATION', 'ppl', 'description' )),
 ( 300, 'UPDATE_ACQ_FUNDING_SOURCE', oils_i18n_gettext( 300, 
    'UPDATE_ACQ_FUNDING_SOURCE', 'ppl', 'description' )),
 ( 301, 'UPDATE_AUTHORITY_IMPORT_IMPORT_FIELD_DEF', oils_i18n_gettext( 301, 
    'UPDATE_AUTHORITY_IMPORT_IMPORT_FIELD_DEF', 'ppl', 'description' )),
 ( 302, 'UPDATE_AUTHORITY_IMPORT_QUEUE', oils_i18n_gettext( 302, 
    'UPDATE_AUTHORITY_IMPORT_QUEUE', 'ppl', 'description' )),
 ( 303, 'UPDATE_AUTHORITY_RECORD_NOTE', oils_i18n_gettext( 303, 
    'UPDATE_AUTHORITY_RECORD_NOTE', 'ppl', 'description' )),
 ( 304, 'UPDATE_BIB_IMPORT_IMPORT_FIELD_DEF', oils_i18n_gettext( 304, 
    'UPDATE_BIB_IMPORT_IMPORT_FIELD_DEF', 'ppl', 'description' )),
 ( 305, 'UPDATE_BIB_IMPORT_QUEUE', oils_i18n_gettext( 305, 
    'UPDATE_BIB_IMPORT_QUEUE', 'ppl', 'description' )),
 ( 306, 'UPDATE_LOCALE', oils_i18n_gettext( 306, 
    'UPDATE_LOCALE', 'ppl', 'description' )),
 ( 307, 'UPDATE_MARC_CODE', oils_i18n_gettext( 307, 
    'UPDATE_MARC_CODE', 'ppl', 'description' )),
 ( 308, 'UPDATE_TRANSLATION', oils_i18n_gettext( 308, 
    'UPDATE_TRANSLATION', 'ppl', 'description' )),
 ( 309, 'VIEW_ACQ_FUNDING_SOURCE', oils_i18n_gettext( 309, 
    'VIEW_ACQ_FUNDING_SOURCE', 'ppl', 'description' )),
 ( 310, 'VIEW_AUTHORITY_RECORD_NOTES', oils_i18n_gettext( 310, 
    'VIEW_AUTHORITY_RECORD_NOTES', 'ppl', 'description' )),
 ( 311, 'CREATE_IMPORT_ITEM', oils_i18n_gettext( 311, 
    'CREATE_IMPORT_ITEM', 'ppl', 'description' )),
 ( 312, 'CREATE_IMPORT_ITEM_ATTR_DEF', oils_i18n_gettext( 312, 
    'CREATE_IMPORT_ITEM_ATTR_DEF', 'ppl', 'description' )),
 ( 313, 'CREATE_IMPORT_TRASH_FIELD', oils_i18n_gettext( 313, 
    'CREATE_IMPORT_TRASH_FIELD', 'ppl', 'description' )),
 ( 314, 'DELETE_IMPORT_ITEM', oils_i18n_gettext( 314, 
    'DELETE_IMPORT_ITEM', 'ppl', 'description' )),
 ( 315, 'DELETE_IMPORT_ITEM_ATTR_DEF', oils_i18n_gettext( 315, 
    'DELETE_IMPORT_ITEM_ATTR_DEF', 'ppl', 'description' )),
 ( 316, 'DELETE_IMPORT_TRASH_FIELD', oils_i18n_gettext( 316, 
    'DELETE_IMPORT_TRASH_FIELD', 'ppl', 'description' )),
 ( 317, 'UPDATE_IMPORT_ITEM', oils_i18n_gettext( 317, 
    'UPDATE_IMPORT_ITEM', 'ppl', 'description' )),
 ( 318, 'UPDATE_IMPORT_ITEM_ATTR_DEF', oils_i18n_gettext( 318, 
    'UPDATE_IMPORT_ITEM_ATTR_DEF', 'ppl', 'description' )),
 ( 319, 'UPDATE_IMPORT_TRASH_FIELD', oils_i18n_gettext( 319, 
    'UPDATE_IMPORT_TRASH_FIELD', 'ppl', 'description' )),
 ( 320, 'UPDATE_ORG_UNIT_SETTING_ALL', oils_i18n_gettext( 320, 
    'UPDATE_ORG_UNIT_SETTING_ALL', 'ppl', 'description' )),
 ( 321, 'UPDATE_ORG_UNIT_SETTING.circ.lost_materials_processing_fee', oils_i18n_gettext( 321, 
    'UPDATE_ORG_UNIT_SETTING.circ.lost_materials_processing_fee', 'ppl', 'description' )),
 ( 322, 'UPDATE_ORG_UNIT_SETTING.cat.default_item_price', oils_i18n_gettext( 322, 
    'UPDATE_ORG_UNIT_SETTING.cat.default_item_price', 'ppl', 'description' )),
 ( 323, 'UPDATE_ORG_UNIT_SETTING.auth.opac_timeout', oils_i18n_gettext( 323, 
    'UPDATE_ORG_UNIT_SETTING.auth.opac_timeout', 'ppl', 'description' )),
 ( 324, 'UPDATE_ORG_UNIT_SETTING.auth.staff_timeout', oils_i18n_gettext( 324, 
    'UPDATE_ORG_UNIT_SETTING.auth.staff_timeout', 'ppl', 'description' )),
 ( 325, 'UPDATE_ORG_UNIT_SETTING.org.bounced_emails', oils_i18n_gettext( 325, 
    'UPDATE_ORG_UNIT_SETTING.org.bounced_emails', 'ppl', 'description' )),
 ( 326, 'UPDATE_ORG_UNIT_SETTING.circ.hold_expire_alert_interval', oils_i18n_gettext( 326, 
    'UPDATE_ORG_UNIT_SETTING.circ.hold_expire_alert_interval', 'ppl', 'description' )),
 ( 327, 'UPDATE_ORG_UNIT_SETTING.circ.hold_expire_interval', oils_i18n_gettext( 327, 
    'UPDATE_ORG_UNIT_SETTING.circ.hold_expire_interval', 'ppl', 'description' )),
 ( 328, 'UPDATE_ORG_UNIT_SETTING.credit.payments.allow', oils_i18n_gettext( 328, 
    'UPDATE_ORG_UNIT_SETTING.credit.payments.allow', 'ppl', 'description' )),
 ( 329, 'UPDATE_ORG_UNIT_SETTING.circ.void_overdue_on_lost', oils_i18n_gettext( 329, 
    'UPDATE_ORG_UNIT_SETTING.circ.void_overdue_on_lost', 'ppl', 'description' )),
 ( 330, 'UPDATE_ORG_UNIT_SETTING.circ.hold_stalling.soft', oils_i18n_gettext( 330, 
    'UPDATE_ORG_UNIT_SETTING.circ.hold_stalling.soft', 'ppl', 'description' )),
 ( 331, 'UPDATE_ORG_UNIT_SETTING.circ.hold_boundary.hard', oils_i18n_gettext( 331, 
    'UPDATE_ORG_UNIT_SETTING.circ.hold_boundary.hard', 'ppl', 'description' )),
 ( 332, 'UPDATE_ORG_UNIT_SETTING.circ.hold_boundary.soft', oils_i18n_gettext( 332, 
    'UPDATE_ORG_UNIT_SETTING.circ.hold_boundary.soft', 'ppl', 'description' )),
 ( 333, 'UPDATE_ORG_UNIT_SETTING.opac.barcode_regex', oils_i18n_gettext( 333, 
    'UPDATE_ORG_UNIT_SETTING.opac.barcode_regex', 'ppl', 'description' )),
 ( 334, 'UPDATE_ORG_UNIT_SETTING.global.password_regex', oils_i18n_gettext( 334, 
    'UPDATE_ORG_UNIT_SETTING.global.password_regex', 'ppl', 'description' )),
 ( 335, 'UPDATE_ORG_UNIT_SETTING.circ.item_checkout_history.max', oils_i18n_gettext( 335, 
    'UPDATE_ORG_UNIT_SETTING.circ.item_checkout_history.max', 'ppl', 'description' )),
 ( 336, 'UPDATE_ORG_UNIT_SETTING.circ.reshelving_complete.interval', oils_i18n_gettext( 336, 
    'UPDATE_ORG_UNIT_SETTING.circ.reshelving_complete.interval', 'ppl', 'description' )),
 ( 337, 'UPDATE_ORG_UNIT_SETTING.circ.selfcheck.patron_login_timeout', oils_i18n_gettext( 337, 
    'UPDATE_ORG_UNIT_SETTING.circ.selfcheck.patron_login_timeout', 'ppl', 'description' )),
 ( 338, 'UPDATE_ORG_UNIT_SETTING.circ.selfcheck.alert_on_checkout_event', oils_i18n_gettext( 338, 
    'UPDATE_ORG_UNIT_SETTING.circ.selfcheck.alert_on_checkout_event', 'ppl', 'description' )),
 ( 340, 'UPDATE_ORG_UNIT_SETTING.global.juvenile_age_threshold', oils_i18n_gettext( 340, 
    'UPDATE_ORG_UNIT_SETTING.global.juvenile_age_threshold', 'ppl', 'description' )),
 ( 341, 'UPDATE_ORG_UNIT_SETTING.cat.bib.keep_on_empty', oils_i18n_gettext( 341, 
    'UPDATE_ORG_UNIT_SETTING.cat.bib.keep_on_empty', 'ppl', 'description' )),
 ( 342, 'UPDATE_ORG_UNIT_SETTING.cat.bib.alert_on_empty', oils_i18n_gettext( 342, 
    'UPDATE_ORG_UNIT_SETTING.cat.bib.alert_on_empty', 'ppl', 'description' )),
 ( 343, 'UPDATE_ORG_UNIT_SETTING.patron.password.use_phone', oils_i18n_gettext( 343, 
    'UPDATE_ORG_UNIT_SETTING.patron.password.use_phone', 'ppl', 'description' )),
 ( 344, 'HOLD_ITEM_CHECKED_OUT.override', oils_i18n_gettext( 344, 
    'Allows a user to place a hold on an item that they already have checked out', 'ppl', 'description' )),
 ( 345, 'ADMIN_ACQ_CANCEL_CAUSE', oils_i18n_gettext( 345, 
    'Allow a user to create/update/delete reasons for order cancellations', 'ppl', 'description' )),
 ( 346, 'ACQ_XFER_MANUAL_DFUND_AMOUNT', oils_i18n_gettext( 346, 
    'Allow a user to transfer different amounts of money out of one fund and into another', 'ppl', 'description' )),
 ( 347, 'OVERRIDE_HOLD_HAS_LOCAL_COPY', oils_i18n_gettext( 347, 
    'Allow a user to override the circ.holds.hold_has_copy_at.block setting', 'ppl', 'description' )),
 ( 348, 'UPDATE_PICKUP_LIB_FROM_TRANSIT', oils_i18n_gettext( 348, 
    'Allow a user to change the pickup and transit destination for a captured hold item already in transit', 'ppl', 'description' )),
 ( 349, 'COPY_NEEDED_FOR_HOLD.override', oils_i18n_gettext( 349, 
    'Allow a user to force renewal of an item that could fulfill a hold request', 'ppl', 'description' )),
 ( 350, 'MERGE_AUTH_RECORDS', oils_i18n_gettext( 350, 
    'Allow a user to merge authority records together', 'ppl', 'description' )),
 ( 351, 'ALLOW_ALT_TCN', oils_i18n_gettext( 351, 
    'Allows staff to import a record using an alternate TCN to avoid conflicts', 'ppl', 'description' )),
 ( 352, 'ADMIN_TRIGGER_EVENT_DEF', oils_i18n_gettext( 352, 
    'Allow a user to administer trigger event definitions', 'ppl', 'description' )),
 ( 353, 'ADMIN_TRIGGER_CLEANUP', oils_i18n_gettext( 353, 
    'Allow a user to create, delete, and update trigger cleanup entries', 'ppl', 'description' )),
 ( 354, 'CREATE_TRIGGER_CLEANUP', oils_i18n_gettext( 354, 
    'Allow a user to create trigger cleanup entries', 'ppl', 'description' )),
 ( 355, 'DELETE_TRIGGER_CLEANUP', oils_i18n_gettext( 355, 
    'Allow a user to delete trigger cleanup entries', 'ppl', 'description' )),
 ( 356, 'UPDATE_TRIGGER_CLEANUP', oils_i18n_gettext( 356, 
    'Allow a user to update trigger cleanup entries', 'ppl', 'description' )),
 ( 357, 'CREATE_TRIGGER_EVENT_DEF', oils_i18n_gettext( 357, 
    'Allow a user to create trigger event definitions', 'ppl', 'description' )),
 ( 358, 'DELETE_TRIGGER_EVENT_DEF', oils_i18n_gettext( 358, 
    'Allow a user to delete trigger event definitions', 'ppl', 'description' )),
 ( 359, 'UPDATE_TRIGGER_EVENT_DEF', oils_i18n_gettext( 359, 
    'Allow a user to update trigger event definitions', 'ppl', 'description' )),
 ( 360, 'VIEW_TRIGGER_EVENT_DEF', oils_i18n_gettext( 360, 
    'Allow a user to view trigger event definitions', 'ppl', 'description' )),
 ( 361, 'ADMIN_TRIGGER_HOOK', oils_i18n_gettext( 361, 
    'Allow a user to create, update, and delete trigger hooks', 'ppl', 'description' )),
 ( 362, 'CREATE_TRIGGER_HOOK', oils_i18n_gettext( 362, 
    'Allow a user to create trigger hooks', 'ppl', 'description' )),
 ( 363, 'DELETE_TRIGGER_HOOK', oils_i18n_gettext( 363, 
    'Allow a user to delete trigger hooks', 'ppl', 'description' )),
 ( 364, 'UPDATE_TRIGGER_HOOK', oils_i18n_gettext( 364, 
    'Allow a user to update trigger hooks', 'ppl', 'description' )),
 ( 365, 'ADMIN_TRIGGER_REACTOR', oils_i18n_gettext( 365, 
    'Allow a user to create, update, and delete trigger reactors', 'ppl', 'description' )),
 ( 366, 'CREATE_TRIGGER_REACTOR', oils_i18n_gettext( 366, 
    'Allow a user to create trigger reactors', 'ppl', 'description' )),
 ( 367, 'DELETE_TRIGGER_REACTOR', oils_i18n_gettext( 367, 
    'Allow a user to delete trigger reactors', 'ppl', 'description' )),
 ( 368, 'UPDATE_TRIGGER_REACTOR', oils_i18n_gettext( 368, 
    'Allow a user to update trigger reactors', 'ppl', 'description' )),
 ( 369, 'ADMIN_TRIGGER_TEMPLATE_OUTPUT', oils_i18n_gettext( 369, 
    'Allow a user to delete trigger template output', 'ppl', 'description' )),
 ( 370, 'DELETE_TRIGGER_TEMPLATE_OUTPUT', oils_i18n_gettext( 370, 
    'Allow a user to delete trigger template output', 'ppl', 'description' )),
 ( 371, 'ADMIN_TRIGGER_VALIDATOR', oils_i18n_gettext( 371, 
    'Allow a user to create, update, and delete trigger validators', 'ppl', 'description' )),
 ( 372, 'CREATE_TRIGGER_VALIDATOR', oils_i18n_gettext( 372, 
    'Allow a user to create trigger validators', 'ppl', 'description' )),
 ( 373, 'DELETE_TRIGGER_VALIDATOR', oils_i18n_gettext( 373, 
    'Allow a user to delete trigger validators', 'ppl', 'description' )),
 ( 374, 'UPDATE_TRIGGER_VALIDATOR', oils_i18n_gettext( 374, 
    'Allow a user to update trigger validators', 'ppl', 'description' )),
 ( 376, 'ADMIN_BOOKING_RESOURCE', oils_i18n_gettext( 376, 
    'Enables the user to create/update/delete booking resources', 'ppl', 'description' )),
 ( 377, 'ADMIN_BOOKING_RESOURCE_TYPE', oils_i18n_gettext( 377, 
    'Enables the user to create/update/delete booking resource types', 'ppl', 'description' )),
 ( 378, 'ADMIN_BOOKING_RESOURCE_ATTR', oils_i18n_gettext( 378, 
    'Enables the user to create/update/delete booking resource attributes', 'ppl', 'description' )),
 ( 379, 'ADMIN_BOOKING_RESOURCE_ATTR_MAP', oils_i18n_gettext( 379, 
    'Enables the user to create/update/delete booking resource attribute maps', 'ppl', 'description' )),
 ( 380, 'ADMIN_BOOKING_RESOURCE_ATTR_VALUE', oils_i18n_gettext( 380, 
    'Enables the user to create/update/delete booking resource attribute values', 'ppl', 'description' )),
 ( 381, 'ADMIN_BOOKING_RESERVATION', oils_i18n_gettext( 381, 
    'Enables the user to create/update/delete booking reservations', 'ppl', 'description' )),
 ( 382, 'ADMIN_BOOKING_RESERVATION_ATTR_VALUE_MAP', oils_i18n_gettext( 382, 
    'Enables the user to create/update/delete booking reservation attribute value maps', 'ppl', 'description' )),
 ( 383, 'RETRIEVE_RESERVATION_PULL_LIST', oils_i18n_gettext( 383, 
    'Allows a user to retrieve a booking reservation pull list', 'ppl', 'description' )),
 ( 384, 'CAPTURE_RESERVATION', oils_i18n_gettext( 384, 
    'Allows a user to capture booking reservations', 'ppl', 'description' )),
 ( 385, 'UPDATE_RECORD', oils_i18n_gettext( 385, 
    'UPDATE_RECORD', 'ppl', 'description' )),
 ( 386, 'UPDATE_ORG_UNIT_SETTING.circ.block_renews_for_holds', oils_i18n_gettext( 386, 
    'UPDATE_ORG_UNIT_SETTING.circ.block_renews_for_holds', 'ppl', 'description' )),
 ( 387, 'MERGE_USERS', oils_i18n_gettext( 387, 
    'Allows user records to be merged', 'ppl', 'description' )),
 ( 388, 'ISSUANCE_HOLDS', oils_i18n_gettext( 388, 
    'Allow a user to place holds on serials issuances', 'ppl', 'description' )),
 ( 389, 'VIEW_CREDIT_CARD_PROCESSING', oils_i18n_gettext( 389, 
    'View org unit settings related to credit card processing', 'ppl', 'description' )),
 ( 390, 'ADMIN_CREDIT_CARD_PROCESSING', oils_i18n_gettext( 390, 
    'Update org unit settings related to credit card processing', 'ppl', 'description' )),
 ( 391, 'ADMIN_ACQ_CLAIM', oils_i18n_gettext( 391, 
    'ADMIN_ACQ_CLAIM', 'ppl', 'description' )),
 ( 392, 'ADMIN_ACQ_CLAIM_EVENT_TYPE', oils_i18n_gettext( 392, 
    'ADMIN_ACQ_CLAIM_EVENT_TYPE', 'ppl', 'description' )),
 ( 393, 'ADMIN_ACQ_CLAIM_TYPE', oils_i18n_gettext( 393, 
    'ADMIN_ACQ_CLAIM_TYPE', 'ppl', 'description' )),
 ( 394, 'ADMIN_ACQ_DISTRIB_FORMULA', oils_i18n_gettext( 394, 
    'ADMIN_ACQ_DISTRIB_FORMULA', 'ppl', 'description' )),
 ( 395, 'ADMIN_ACQ_FISCAL_YEAR', oils_i18n_gettext( 395, 
    'ADMIN_ACQ_FISCAL_YEAR', 'ppl', 'description' )),
 ( 396, 'ADMIN_ACQ_FUND_ALLOCATION_PERCENT', oils_i18n_gettext( 396, 
    'ADMIN_ACQ_FUND_ALLOCATION_PERCENT', 'ppl', 'description' )),
 ( 397, 'ADMIN_ACQ_FUND_TAG', oils_i18n_gettext( 397, 
    'ADMIN_ACQ_FUND_TAG', 'ppl', 'description' )),
 ( 398, 'ADMIN_ACQ_LINEITEM_ALERT_TEXT', oils_i18n_gettext( 398, 
    'ADMIN_ACQ_LINEITEM_ALERT_TEXT', 'ppl', 'description' )),
 ( 399, 'ADMIN_AGE_PROTECT_RULE', oils_i18n_gettext( 399, 
    'ADMIN_AGE_PROTECT_RULE', 'ppl', 'description' )),
 ( 400, 'ADMIN_ASSET_COPY_TEMPLATE', oils_i18n_gettext( 400, 
    'ADMIN_ASSET_COPY_TEMPLATE', 'ppl', 'description' )),
 ( 401, 'ADMIN_BOOKING_RESERVATION_ATTR_MAP', oils_i18n_gettext( 401, 
    'ADMIN_BOOKING_RESERVATION_ATTR_MAP', 'ppl', 'description' )),
 ( 402, 'ADMIN_CIRC_MATRIX_MATCHPOINT', oils_i18n_gettext( 402, 
    'ADMIN_CIRC_MATRIX_MATCHPOINT', 'ppl', 'description' )),
 ( 403, 'ADMIN_CIRC_MOD', oils_i18n_gettext( 403, 
    'ADMIN_CIRC_MOD', 'ppl', 'description' )),
 ( 404, 'ADMIN_CLAIM_POLICY', oils_i18n_gettext( 404, 
    'ADMIN_CLAIM_POLICY', 'ppl', 'description' )),
 ( 405, 'ADMIN_CONFIG_REMOTE_ACCOUNT', oils_i18n_gettext( 405, 
    'ADMIN_CONFIG_REMOTE_ACCOUNT', 'ppl', 'description' )),
 ( 406, 'ADMIN_FIELD_DOC', oils_i18n_gettext( 406, 
    'ADMIN_FIELD_DOC', 'ppl', 'description' )),
 ( 407, 'ADMIN_GLOBAL_FLAG', oils_i18n_gettext( 407, 
    'ADMIN_GLOBAL_FLAG', 'ppl', 'description' )),
 ( 408, 'ADMIN_GROUP_PENALTY_THRESHOLD', oils_i18n_gettext( 408, 
    'ADMIN_GROUP_PENALTY_THRESHOLD', 'ppl', 'description' )),
 ( 409, 'ADMIN_HOLD_CANCEL_CAUSE', oils_i18n_gettext( 409, 
    'ADMIN_HOLD_CANCEL_CAUSE', 'ppl', 'description' )),
 ( 410, 'ADMIN_HOLD_MATRIX_MATCHPOINT', oils_i18n_gettext( 410, 
    'ADMIN_HOLD_MATRIX_MATCHPOINT', 'ppl', 'description' )),
 ( 411, 'ADMIN_IDENT_TYPE', oils_i18n_gettext( 411, 
    'ADMIN_IDENT_TYPE', 'ppl', 'description' )),
 ( 412, 'ADMIN_IMPORT_ITEM_ATTR_DEF', oils_i18n_gettext( 412, 
    'ADMIN_IMPORT_ITEM_ATTR_DEF', 'ppl', 'description' )),
 ( 413, 'ADMIN_INDEX_NORMALIZER', oils_i18n_gettext( 413, 
    'ADMIN_INDEX_NORMALIZER', 'ppl', 'description' )),
 ( 414, 'ADMIN_INVOICE', oils_i18n_gettext( 414, 
    'ADMIN_INVOICE', 'ppl', 'description' )),
 ( 415, 'ADMIN_INVOICE_METHOD', oils_i18n_gettext( 415, 
    'ADMIN_INVOICE_METHOD', 'ppl', 'description' )),
 ( 416, 'ADMIN_INVOICE_PAYMENT_METHOD', oils_i18n_gettext( 416, 
    'ADMIN_INVOICE_PAYMENT_METHOD', 'ppl', 'description' )),
 ( 417, 'ADMIN_LINEITEM_MARC_ATTR_DEF', oils_i18n_gettext( 417, 
    'ADMIN_LINEITEM_MARC_ATTR_DEF', 'ppl', 'description' )),
 ( 418, 'ADMIN_MARC_CODE', oils_i18n_gettext( 418, 
    'ADMIN_MARC_CODE', 'ppl', 'description' )),
 ( 419, 'ADMIN_MAX_FINE_RULE', oils_i18n_gettext( 419, 
    'ADMIN_MAX_FINE_RULE', 'ppl', 'description' )),
 ( 420, 'ADMIN_MERGE_PROFILE', oils_i18n_gettext( 420, 
    'ADMIN_MERGE_PROFILE', 'ppl', 'description' )),
 ( 421, 'ADMIN_ORG_UNIT_SETTING_TYPE', oils_i18n_gettext( 421, 
    'ADMIN_ORG_UNIT_SETTING_TYPE', 'ppl', 'description' )),
 ( 422, 'ADMIN_RECURRING_FINE_RULE', oils_i18n_gettext( 422, 
    'ADMIN_RECURRING_FINE_RULE', 'ppl', 'description' )),
 ( 423, 'ADMIN_SERIAL_SUBSCRIPTION', oils_i18n_gettext( 423, 
    'ADMIN_SERIAL_SUBSCRIPTION', 'ppl', 'description' )),
 ( 424, 'ADMIN_STANDING_PENALTY', oils_i18n_gettext( 424, 
    'ADMIN_STANDING_PENALTY', 'ppl', 'description' )),
 ( 425, 'ADMIN_SURVEY', oils_i18n_gettext( 425, 
    'ADMIN_SURVEY', 'ppl', 'description' )),
 ( 426, 'ADMIN_USER_REQUEST_TYPE', oils_i18n_gettext( 426, 
    'ADMIN_USER_REQUEST_TYPE', 'ppl', 'description' )),
 ( 427, 'ADMIN_USER_SETTING_GROUP', oils_i18n_gettext( 427, 
    'ADMIN_USER_SETTING_GROUP', 'ppl', 'description' )),
 ( 428, 'ADMIN_USER_SETTING_TYPE', oils_i18n_gettext( 428, 
    'ADMIN_USER_SETTING_TYPE', 'ppl', 'description' )),
 ( 429, 'ADMIN_Z3950_SOURCE', oils_i18n_gettext( 429, 
    'ADMIN_Z3950_SOURCE', 'ppl', 'description' )),
 ( 430, 'CREATE_BIB_BTYPE', oils_i18n_gettext( 430, 
    'CREATE_BIB_BTYPE', 'ppl', 'description' )),
 ( 431, 'CREATE_BIBLIO_FINGERPRINT', oils_i18n_gettext( 431, 
    'CREATE_BIBLIO_FINGERPRINT', 'ppl', 'description' )),
 ( 432, 'CREATE_BIB_SOURCE', oils_i18n_gettext( 432, 
    'CREATE_BIB_SOURCE', 'ppl', 'description' )),
 ( 433, 'CREATE_BILLING_TYPE', oils_i18n_gettext( 433, 
    'CREATE_BILLING_TYPE', 'ppl', 'description' )),
 ( 434, 'CREATE_CN_BTYPE', oils_i18n_gettext( 434, 
    'CREATE_CN_BTYPE', 'ppl', 'description' )),
 ( 435, 'CREATE_COPY_BTYPE', oils_i18n_gettext( 435, 
    'CREATE_COPY_BTYPE', 'ppl', 'description' )),
 ( 436, 'CREATE_INVOICE', oils_i18n_gettext( 436, 
    'CREATE_INVOICE', 'ppl', 'description' )),
 ( 437, 'CREATE_INVOICE_ITEM_TYPE', oils_i18n_gettext( 437, 
    'CREATE_INVOICE_ITEM_TYPE', 'ppl', 'description' )),
 ( 438, 'CREATE_INVOICE_METHOD', oils_i18n_gettext( 438, 
    'CREATE_INVOICE_METHOD', 'ppl', 'description' )),
 ( 439, 'CREATE_MERGE_PROFILE', oils_i18n_gettext( 439, 
    'CREATE_MERGE_PROFILE', 'ppl', 'description' )),
 ( 440, 'CREATE_METABIB_CLASS', oils_i18n_gettext( 440, 
    'CREATE_METABIB_CLASS', 'ppl', 'description' )),
 ( 441, 'CREATE_METABIB_SEARCH_ALIAS', oils_i18n_gettext( 441, 
    'CREATE_METABIB_SEARCH_ALIAS', 'ppl', 'description' )),
 ( 442, 'CREATE_USER_BTYPE', oils_i18n_gettext( 442, 
    'CREATE_USER_BTYPE', 'ppl', 'description' )),
 ( 443, 'DELETE_BIB_BTYPE', oils_i18n_gettext( 443, 
    'DELETE_BIB_BTYPE', 'ppl', 'description' )),
 ( 444, 'DELETE_BIBLIO_FINGERPRINT', oils_i18n_gettext( 444, 
    'DELETE_BIBLIO_FINGERPRINT', 'ppl', 'description' )),
 ( 445, 'DELETE_BIB_SOURCE', oils_i18n_gettext( 445, 
    'DELETE_BIB_SOURCE', 'ppl', 'description' )),
 ( 446, 'DELETE_BILLING_TYPE', oils_i18n_gettext( 446, 
    'DELETE_BILLING_TYPE', 'ppl', 'description' )),
 ( 447, 'DELETE_CN_BTYPE', oils_i18n_gettext( 447, 
    'DELETE_CN_BTYPE', 'ppl', 'description' )),
 ( 448, 'DELETE_COPY_BTYPE', oils_i18n_gettext( 448, 
    'DELETE_COPY_BTYPE', 'ppl', 'description' )),
 ( 449, 'DELETE_INVOICE_ITEM_TYPE', oils_i18n_gettext( 449, 
    'DELETE_INVOICE_ITEM_TYPE', 'ppl', 'description' )),
 ( 450, 'DELETE_INVOICE_METHOD', oils_i18n_gettext( 450, 
    'DELETE_INVOICE_METHOD', 'ppl', 'description' )),
 ( 451, 'DELETE_MERGE_PROFILE', oils_i18n_gettext( 451, 
    'DELETE_MERGE_PROFILE', 'ppl', 'description' )),
 ( 452, 'DELETE_METABIB_CLASS', oils_i18n_gettext( 452, 
    'DELETE_METABIB_CLASS', 'ppl', 'description' )),
 ( 453, 'DELETE_METABIB_SEARCH_ALIAS', oils_i18n_gettext( 453, 
    'DELETE_METABIB_SEARCH_ALIAS', 'ppl', 'description' )),
 ( 454, 'DELETE_USER_BTYPE', oils_i18n_gettext( 454, 
    'DELETE_USER_BTYPE', 'ppl', 'description' )),
 ( 455, 'MANAGE_CLAIM', oils_i18n_gettext( 455, 
    'MANAGE_CLAIM', 'ppl', 'description' )),
 ( 456, 'UPDATE_BIB_BTYPE', oils_i18n_gettext( 456, 
    'UPDATE_BIB_BTYPE', 'ppl', 'description' )),
 ( 457, 'UPDATE_BIBLIO_FINGERPRINT', oils_i18n_gettext( 457, 
    'UPDATE_BIBLIO_FINGERPRINT', 'ppl', 'description' )),
 ( 458, 'UPDATE_BIB_SOURCE', oils_i18n_gettext( 458, 
    'UPDATE_BIB_SOURCE', 'ppl', 'description' )),
 ( 459, 'UPDATE_BILLING_TYPE', oils_i18n_gettext( 459, 
    'UPDATE_BILLING_TYPE', 'ppl', 'description' )),
 ( 460, 'UPDATE_CN_BTYPE', oils_i18n_gettext( 460, 
    'UPDATE_CN_BTYPE', 'ppl', 'description' )),
 ( 461, 'UPDATE_COPY_BTYPE', oils_i18n_gettext( 461, 
    'UPDATE_COPY_BTYPE', 'ppl', 'description' )),
 ( 462, 'UPDATE_INVOICE_ITEM_TYPE', oils_i18n_gettext( 462, 
    'UPDATE_INVOICE_ITEM_TYPE', 'ppl', 'description' )),
 ( 463, 'UPDATE_INVOICE_METHOD', oils_i18n_gettext( 463, 
    'UPDATE_INVOICE_METHOD', 'ppl', 'description' )),
 ( 464, 'UPDATE_MERGE_PROFILE', oils_i18n_gettext( 464, 
    'UPDATE_MERGE_PROFILE', 'ppl', 'description' )),
 ( 465, 'UPDATE_METABIB_CLASS', oils_i18n_gettext( 465, 
    'UPDATE_METABIB_CLASS', 'ppl', 'description' )),
 ( 466, 'UPDATE_METABIB_SEARCH_ALIAS', oils_i18n_gettext( 466, 
    'UPDATE_METABIB_SEARCH_ALIAS', 'ppl', 'description' )),
 ( 467, 'UPDATE_USER_BTYPE', oils_i18n_gettext( 467, 
    'UPDATE_USER_BTYPE', 'ppl', 'description' )),
 ( 468, 'user_request.create', oils_i18n_gettext( 468, 
    'user_request.create', 'ppl', 'description' )),
 ( 469, 'user_request.delete', oils_i18n_gettext( 469, 
    'user_request.delete', 'ppl', 'description' )),
 ( 470, 'user_request.update', oils_i18n_gettext( 470, 
    'user_request.update', 'ppl', 'description' )),
 ( 471, 'user_request.view', oils_i18n_gettext( 471, 
    'user_request.view', 'ppl', 'description' )),
 ( 472, 'VIEW_ACQ_FUND_ALLOCATION_PERCENT', oils_i18n_gettext( 472, 
    'VIEW_ACQ_FUND_ALLOCATION_PERCENT', 'ppl', 'description' )),
 ( 473, 'VIEW_CIRC_MATRIX_MATCHPOINT', oils_i18n_gettext( 473, 
    'VIEW_CIRC_MATRIX_MATCHPOINT', 'ppl', 'description' )),
 ( 474, 'VIEW_CLAIM', oils_i18n_gettext( 474, 
    'VIEW_CLAIM', 'ppl', 'description' )),
 ( 475, 'VIEW_GROUP_PENALTY_THRESHOLD', oils_i18n_gettext( 475, 
    'VIEW_GROUP_PENALTY_THRESHOLD', 'ppl', 'description' )),
 ( 476, 'VIEW_HOLD_MATRIX_MATCHPOINT', oils_i18n_gettext( 476, 
    'VIEW_HOLD_MATRIX_MATCHPOINT', 'ppl', 'description' )),
 ( 477, 'VIEW_INVOICE', oils_i18n_gettext( 477, 
    'VIEW_INVOICE', 'ppl', 'description' )),
 ( 478, 'VIEW_MERGE_PROFILE', oils_i18n_gettext( 478, 
    'VIEW_MERGE_PROFILE', 'ppl', 'description' )),
 ( 479, 'VIEW_SERIAL_SUBSCRIPTION', oils_i18n_gettext( 479, 
    'VIEW_SERIAL_SUBSCRIPTION', 'ppl', 'description' )),
 ( 480, 'VIEW_STANDING_PENALTY', oils_i18n_gettext( 480, 
    'VIEW_STANDING_PENALTY', 'ppl', 'description' )),
 ( 481, 'ADMIN_SERIAL_CAPTION_PATTERN', oils_i18n_gettext( 481, 
    'ADMIN_SERIAL_CAPTION_PATTERN', 'ppl', 'description' )),
 ( 482, 'ADMIN_SERIAL_DISTRIBUTION', oils_i18n_gettext( 482, 
    'ADMIN_SERIAL_DISTRIBUTION', 'ppl', 'description' )),
 ( 483, 'ADMIN_SERIAL_STREAM', oils_i18n_gettext( 483, 
    'ADMIN_SERIAL_STREAM', 'ppl', 'description' )),
 ( 484, 'RECEIVE_SERIAL', oils_i18n_gettext(484,
	'Receive serial items', 'ppl', 'description')),
 ( 485, 'CREATE_VOLUME_SUFFIX', oils_i18n_gettext(485,
    'Create suffix label definition.', 'ppl', 'description')),
 ( 486, 'UPDATE_VOLUME_SUFFIX', oils_i18n_gettext(486,
    'Update suffix label definition.', 'ppl', 'description')),
 ( 487, 'DELETE_VOLUME_SUFFIX', oils_i18n_gettext(487,
    'Delete suffix label definition.', 'ppl', 'description')),
 ( 488, 'CREATE_VOLUME_PREFIX', oils_i18n_gettext(488,
    'Create prefix label definition.', 'ppl', 'description')),
 ( 489, 'UPDATE_VOLUME_PREFIX', oils_i18n_gettext(489,
    'Update prefix label definition.', 'ppl', 'description')),
 ( 490, 'DELETE_VOLUME_PREFIX', oils_i18n_gettext(490,
    'Delete prefix label definition.', 'ppl', 'description')),
 ( 491, 'CREATE_MONOGRAPH_PART', oils_i18n_gettext(491,
    'Create monograph part definition.', 'ppl', 'description')),
 ( 492, 'UPDATE_MONOGRAPH_PART', oils_i18n_gettext(492,
    'Update monograph part definition.', 'ppl', 'description')),
 ( 493, 'DELETE_MONOGRAPH_PART', oils_i18n_gettext(493,
    'Delete monograph part definition.', 'ppl', 'description')),
 ( 494, 'ADMIN_CODED_VALUE', oils_i18n_gettext(494,
    'Create/Update/Delete SVF Record Attribute Coded Value Map', 'ppl', 'description')),
 ( 495, 'ADMIN_SERIAL_ITEM', oils_i18n_gettext(495,
    'Create/Retrieve/Update/Delete Serial Item', 'ppl', 'description')),
 ( 496, 'ADMIN_SVF', oils_i18n_gettext(496,
    'Create/Update/Delete SVF Record Attribute Defintion', 'ppl', 'description')),
 ( 497, 'CREATE_BIB_PTYPE', oils_i18n_gettext(497,
    'Create Bibliographic Record Peer Type', 'ppl', 'description')),
 ( 498, 'CREATE_PURCHASE_REQUEST', oils_i18n_gettext(498,
    'Create User Purchase Request', 'ppl', 'description')),
 ( 499, 'DELETE_BIB_PTYPE', oils_i18n_gettext(499,
    'Delete Bibliographic Record Peer Type', 'ppl', 'description')),
 ( 500, 'MAP_MONOGRAPH_PART', oils_i18n_gettext(500,
    'Create/Update/Delete Copy Monograph Part Map', 'ppl', 'description')),
 ( 501, 'MARK_ITEM_MISSING_PIECES', oils_i18n_gettext(501,
    'Allows the Mark Item Missing Pieces action.', 'ppl', 'description')),
 ( 502, 'UPDATE_BIB_PTYPE', oils_i18n_gettext(502,
    'Update Bibliographic Record Peer Type', 'ppl', 'description')),
 ( 503, 'UPDATE_HOLD_REQUEST_TIME', oils_i18n_gettext(503,
    'Allows editing of a hold''s request time, and/or its Cut-in-line/Top-of-queue flag.', 'ppl', 'description')),
 ( 504, 'UPDATE_PICKLIST', oils_i18n_gettext(504,
    'Allows update/re-use of an acquisitions pick/selection list.', 'ppl', 'description')),
 ( 505, 'UPDATE_WORKSTATION', oils_i18n_gettext(505,
    'Allows update of a workstation during workstation registration override.', 'ppl', 'description')),
 ( 506, 'VIEW_USER_SETTING_TYPE', oils_i18n_gettext(506,
    'Allows viewing of configurable user setting types.', 'ppl', 'description')),
 ( 507, 'ABORT_TRANSIT_ON_LOST', oils_i18n_gettext(507,
    'Allows a user to cancel a transit on a copy with status of LOST', 'ppl', 'description')),
 ( 508, 'ABORT_TRANSIT_ON_MISSING', oils_i18n_gettext(508,
    'Allows a user to cancel a transit on a copy with status of MISSING', 'ppl', 'description')),
 ( 509, 'TRANSIT_CHECKIN_INTERVAL_BLOCK.override', oils_i18n_gettext(509,
    'Allows a user to override the TRANSIT_CHECKIN_INTERVAL_BLOCK event', 'ppl', 'description')),
 ( 510, 'UPDATE_PATRON_COLLECTIONS_EXEMPT', oils_i18n_gettext(510,
    'Allows a user to indicate that a patron is exempt from collections processing', 'ppl', 'description')),
 ( 511, 'PERSISTENT_LOGIN', oils_i18n_gettext( 511,
    'Allows a user to authenticate and get a long-lived session (length configured in opensrf.xml)', 'ppl', 'description' )),
 ( 512, 'ACQ_INVOICE_REOPEN', oils_i18n_gettext( 512,
    'Allows a user to reopen an Acquisitions invoice', 'ppl', 'description' )),
 ( 513, 'DEBUG_CLIENT', oils_i18n_gettext( 513,
    'Allows a user to use debug functions in the staff client', 'ppl', 'description' )),
 ( 514, 'UPDATE_PATRON_ACTIVE_CARD', oils_i18n_gettext( 514,
    'Allows a user to manually adjust a patron''s active cards', 'ppl', 'description')),
 ( 515, 'UPDATE_PATRON_PRIMARY_CARD', oils_i18n_gettext( 515,
    'Allows a user to manually adjust a patron''s primary card', 'ppl', 'description')),
 ( 516, 'CREATE_REPORT_TEMPLATE', oils_i18n_gettext( 516,
    'Allows a user to create report templates', 'ppl', 'description' )),
 ( 517, 'COPY_HOLDS_FORCE', oils_i18n_gettext( 517, 
    'Allow a user to place a force hold on a specific copy', 'ppl', 'description' )),
 ( 518, 'COPY_HOLDS_RECALL', oils_i18n_gettext( 518, 
    'Allow a user to place a cataloging recall on a specific copy', 'ppl', 'description' )),
 ( 519, 'ADMIN_SMS_CARRIER', oils_i18n_gettext( 519,
    'Allows a user to add/create/delete SMS Carrier entries.', 'ppl', 'description' )),
 ( 520, 'COPY_DELETE_WARNING.override', oils_i18n_gettext( 520,
    'Allow a user to override warnings about deleting copies in problematic situations.', 'ppl', 'description' )),
 ( 521, 'IMPORT_ACQ_LINEITEM_BIB_RECORD_UPLOAD', oils_i18n_gettext( 521,
    'Allows a user to create new bibs directly from an ACQ MARC file upload', 'ppl', 'description' )),
 ( 522, 'IMPORT_AUTHORITY_MARC', oils_i18n_gettext( 522,
    'Allows a user to create new authority records', 'ppl', 'description' )),
 ( 523, 'ADMIN_TOOLBAR', oils_i18n_gettext( 523,
    'Allows a user to create, edit, and delete custom toolbars', 'ppl', 'description' )),
 ( 524, 'PLACE_UNFILLABLE_HOLD', oils_i18n_gettext( 524,
    'Allows a user to place a hold that cannot currently be filled.', 'ppl', 'description' )),
 ( 525, 'CREATE_PATRON_STAT_CAT_ENTRY_DEFAULT', oils_i18n_gettext( 525, 
    'User may set a default entry in a patron statistical category', 'ppl', 'description' )),
 ( 526, 'UPDATE_PATRON_STAT_CAT_ENTRY_DEFAULT', oils_i18n_gettext( 526, 
    'User may reset a default entry in a patron statistical category', 'ppl', 'description' )),
 ( 527, 'DELETE_PATRON_STAT_CAT_ENTRY_DEFAULT', oils_i18n_gettext( 527, 
    'User may unset a default entry in a patron statistical category', 'ppl', 'description' )),
 ( 528, 'ADMIN_ORG_UNIT_CUSTOM_TREE', oils_i18n_gettext( 528, 
    'User may update custom org unit trees', 'ppl', 'description' )),
 ( 529, 'ADMIN_IMPORT_MATCH_SET', oils_i18n_gettext( 529,
    'Allows a user to create/retrieve/update/delete vandelay match sets', 'ppl', 'description' )),
 ( 530, 'VIEW_IMPORT_MATCH_SET', oils_i18n_gettext( 530,
    'Allows a user to view vandelay match sets', 'ppl', 'description' )),
 ( 531, 'ADMIN_ADDRESS_ALERT', oils_i18n_gettext( 531,
    'Allows a user to create/retrieve/update/delete address alerts', 'ppl', 'description' )), 
 ( 532, 'VIEW_ADDRESS_ALERT', oils_i18n_gettext( 532,
    'Allows a user to view address alerts', 'ppl', 'description' )), 
 ( 533, 'ADMIN_COPY_LOCATION_GROUP', oils_i18n_gettext( 533,
    'Allows a user to create/retrieve/update/delete copy location groups', 'ppl', 'description' )), 
 ( 534, 'ADMIN_USER_ACTIVITY_TYPE', oils_i18n_gettext( 534,
    'Allows a user to create/retrieve/update/delete user activity types', 'ppl', 'description' )),
( 535, 'VIEW_TRIGGER_EVENT', oils_i18n_gettext( 535,
    'Allows a user to view circ- and hold-related action/trigger events', 'ppl', 'description')),
( 536, 'IMPORT_OVERLAY_COPY', oils_i18n_gettext( 536,
    'Allows a user to overlay copy data in MARC import', 'ppl', 'description')),
 ( 537, 'ADMIN_SEARCH_FILTER_GROUP', oils_i18n_gettext( 537,
    'Allows staff to manage search filter groups and entries', 'ppl', 'description' )),
 ( 538, 'VIEW_SEARCH_FILTER_GROUP', oils_i18n_gettext( 538,
    'Allows staff to view search filter groups and entries', 'ppl', 'description' )),
 ( 539, 'UPDATE_ORG_UNIT_SETTING.ui.hide_copy_editor_fields', oils_i18n_gettext( 539,
    'Allows staff to edit displayed copy editor fields', 'ppl', 'description' )),
 ( 540, 'ADMIN_TOOLBAR_FOR_ORG', oils_i18n_gettext( 540,
        'Allows a user to create, edit, and delete custom toolbars for org units', 'ppl', 'description')),
 ( 541, 'ADMIN_TOOLBAR_FOR_WORKSTATION', oils_i18n_gettext( 541,
        'Allows a user to create, edit, and delete custom toolbars for workstations', 'ppl', 'description')),
 ( 542, 'ADMIN_TOOLBAR_FOR_USER', oils_i18n_gettext( 542,
        'Allows a user to create, edit, and delete custom toolbars for users', 'ppl', 'description')),
 ( 543, 'URL_VERIFY', oils_i18n_gettext( 543, 
    'Allows a user to process and verify URLs', 'ppl', 'description')),
 ( 544, 'URL_VERIFY_UPDATE_SETTINGS', oils_i18n_gettext( 544, 
    'Allows a user to configure URL verification org unit settings', 'ppl', 'description')),
 ( 545, 'SAVED_FILTER_DIALOG_FILTERS', oils_i18n_gettext( 545,
    'Allows users to save and load sets of filters for filter dialogs, available in certain staff interfaces', 'ppl', 'description')),
 ( 546, 'ADMIN_HOLD_CAPTURE_SORT', oils_i18n_gettext( 546,
        'Allows a user to make changes to best-hold selection sort order', 'ppl', 'description')),
 ( 547, 'ACQ_ADD_LINEITEM_IDENTIFIER', oils_i18n_gettext(547,
        'When granted, newly added lineitem identifiers will propagate to linked bib records', 'ppl', 'description')),
 ( 548, 'ACQ_SET_LINEITEM_IDENTIFIER', oils_i18n_gettext(548,
        'Allows staff to change the lineitem identifier', 'ppl', 'description')),
 ( 549, 'COPY_STATUS_LONG_OVERDUE.override', oils_i18n_gettext(549,
        'Allows the user to check-in long-overdue items, prompting ' ||
            'long-overdue check-in processing', 'ppl', 'code')), 
 ( 550, 'SET_CIRC_LONG_OVERDUE', oils_i18n_gettext(550,
        'Allows the user to mark a circulation as long-overdue', 'ppl', 'code')),
 ( 551, 'ADMIN_SERVER_ADDON_FOR_WORKSTATION', oils_i18n_gettext( 551,
        'Allows a user to specify which Server Add-ons get invoked at the current workstation', 'ppl', 'description')),
 ( 552, 'ADMIN_FLOAT_GROUPS', oils_i18n_gettext( 552,
    'Allows administration of floating groups', 'ppl', 'description' )),
 ( 553, 'UPDATE_ORG_UNIT_SETTING.circ.min_item_price', oils_i18n_gettext( 553,
    'UPDATE_ORG_UNIT_SETTING.circ.min_item_price', 'ppl', 'description' )),
 ( 554, 'UPDATE_ORG_UNIT_SETTING.circ.max_item_price', oils_i18n_gettext( 554,
    'UPDATE_ORG_UNIT_SETTING.circ.max_item_price', 'ppl', 'description' )),
 ( 555, 'group_application.user.staff.admin.system_admin', oils_i18n_gettext( 555, 
    'Allow a user to add/remove users to/from the "System Administrator" group', 'ppl', 'description' )),
 ( 556, 'group_application.user.staff.cat_admin', oils_i18n_gettext( 556, 
    'Allow a user to add/remove users to/from the "Cataloging Administrator" group', 'ppl', 'description' )),
 ( 557, 'group_application.user.staff.circ_admin', oils_i18n_gettext( 557, 
    'Allow a user to add/remove users to/from the "Circulation Administrator" group', 'ppl', 'description' )),
 ( 558, 'group_application.user.staff.data_review', oils_i18n_gettext( 558, 
    'Allow a user to add/remove users to/from the "Data Review" group', 'ppl', 'description' )),
 ( 559, 'group_application.user.staff.volunteers', oils_i18n_gettext( 559, 
    'Allow a user to add/remove users to/from the "Volunteers" group', 'ppl', 'description' )),
 (  560, 'TOTAL_HOLD_COPY_RATIO_EXCEEDED.override', oils_i18n_gettext( 560,
    'Override the TOTAL_HOLD_COPY_RATIO_EXCEEDED event', 'ppl', 'description')),
 (  561, 'AVAIL_HOLD_COPY_RATIO_EXCEEDED.override', oils_i18n_gettext( 561,
    'Override the AVAIL_HOLD_COPY_RATIO_EXCEEDED event', 'ppl', 'description')),
 ( 562, 'ADMIN_TAG_TABLE', oils_i18n_gettext( 562, 
    'Allow administration of MARC tag tables', 'ppl', 'description' )),
 ( 563, 'ADJUST_BILLS', oils_i18n_gettext( 563,
    'Allow a user to adjust a bill (generally to zero)', 'ppl', 'description' )),
 ( 564, 'MARK_ITEM_CATALOGING', oils_i18n_gettext( 564,
    'Allow a user to mark an item status as ''cataloging''', 'ppl', 'description' )),
 ( 565, 'MARK_ITEM_DAMAGED', oils_i18n_gettext( 565,
    'Allow a user to mark an item status as ''damaged''', 'ppl', 'description' )),
 ( 566, 'MARK_ITEM_DISCARD', oils_i18n_gettext( 566,
    'Allow a user to mark an item status as ''discard''', 'ppl', 'description' )),
 ( 567, 'MARK_ITEM_RESERVES', oils_i18n_gettext( 567,
    'Allow a user to mark an item status as ''reserves''', 'ppl', 'description' )),
 ( 568, 'ADMIN_ORG_UNIT_SETTING_TYPE_LOG', oils_i18n_gettext( 568,
    'Allow a user to modify the org unit settings log', 'ppl', 'description' )),
 ( 570, 'CREATE_POP_BADGE', oils_i18n_gettext( 570,
    'Allow a user to create a new popularity badge', 'ppl', 'description' )),
 ( 571, 'DELETE_POP_BADGE', oils_i18n_gettext( 571,
    'Allow a user to delete a popularity badge', 'ppl', 'description' )),
 ( 572, 'UPDATE_POP_BADGE', oils_i18n_gettext( 572,
    'Allow a user to modify a popularity badge', 'ppl', 'description' )),
 ( 573, 'CREATE_POP_PARAMETER', oils_i18n_gettext( 573,
    'Allow a user to create a popularity badge parameter', 'ppl', 'description' )),
 ( 574, 'DELETE_POP_PARAMETER', oils_i18n_gettext( 574,
    'Allow a user to delete a popularity badge parameter', 'ppl', 'description' )),
 ( 575, 'UPDATE_POP_PARAMETER', oils_i18n_gettext( 575,
    'Allow a user to modify a popularity badge parameter', 'ppl', 'description' )),
 ( 576, 'CREATE_AUTHORITY_RECORD', oils_i18n_gettext( 576,
    'Allow a user to create an authority record', 'ppl', 'description' )),
 ( 577, 'DELETE_AUTHORITY_RECORD', oils_i18n_gettext( 577,
    'Allow a user to delete an authority record', 'ppl', 'description' )),
 ( 578, 'UPDATE_AUTHORITY_RECORD', oils_i18n_gettext( 578,
    'Allow a user to modify an authority record', 'ppl', 'description' )),
 ( 579, 'CREATE_AUTHORITY_CONTROL_SET', oils_i18n_gettext( 579,
    'Allow a user to create an authority control set', 'ppl', 'description' )),
 ( 580, 'DELETE_AUTHORITY_CONTROL_SET', oils_i18n_gettext( 580,
    'Allow a user to delete an authority control set', 'ppl', 'description' )),
 ( 581, 'UPDATE_AUTHORITY_CONTROL_SET', oils_i18n_gettext( 581,
    'Allow a user to modify an authority control set', 'ppl', 'description' )),
 ( 582, 'ACTOR_USER_DELETE_OPEN_XACTS.override', oils_i18n_gettext( 582,
    'Override the ACTOR_USER_DELETE_OPEN_XACTS event', 'ppl', 'description' )),
 ( 583, 'PATRON_EXCEEDS_LOST_COUNT.override', oils_i18n_gettext( 583,
    'Override the PATRON_EXCEEDS_LOST_COUNT event', 'ppl', 'description' )),
 ( 584, 'MAX_HOLDS.override', oils_i18n_gettext( 584,
    'Override the MAX_HOLDS event', 'ppl', 'description' )),
 ( 585, 'ITEM_DEPOSIT_REQUIRED.override', oils_i18n_gettext( 585,
    'Override the ITEM_DEPOSIT_REQUIRED event', 'ppl', 'description' )),
 ( 586, 'ITEM_DEPOSIT_PAID.override', oils_i18n_gettext( 586,
    'Override the ITEM_DEPOSIT_PAID event', 'ppl', 'description' )),
 ( 587, 'COPY_STATUS_LOST_AND_PAID.override', oils_i18n_gettext( 587,
    'Override the COPY_STATUS_LOST_AND_PAID event', 'ppl', 'description' )),
 ( 588, 'ITEM_NOT_HOLDABLE.override', oils_i18n_gettext( 588,
    'Override the ITEM_NOT_HOLDABLE event', 'ppl', 'description' )),
 ( 589, 'ITEM_RENTAL_FEE_REQUIRED.override', oils_i18n_gettext( 589,
    'Override the ITEM_RENTAL_FEE_REQUIRED event', 'ppl', 'description' )),
 ( 590, 'ADMIN_COPY_TAG_TYPES', oils_i18n_gettext( 590,
    'Administer copy tag types', 'ppl', 'description' )),
 ( 591, 'ADMIN_COPY_TAG', oils_i18n_gettext( 591,
    'Administer copy tag', 'ppl', 'description' )),
 ( 592,'CONTAINER_BATCH_UPDATE', oils_i18n_gettext( 592,
    'Allow batch update via buckets', 'ppl', 'description' )),
 ( 593, 'ADMIN_SERIAL_PATTERN_TEMPLATE', oils_i18n_gettext( 593,
    'Administer serial prediction pattern templates', 'ppl', 'description' )),
 ( 594, 'ADMIN_COPY_ALERT_TYPE', oils_i18n_gettext( 594,
    'Administer copy alert types', 'ppl', 'description' )),
 ( 595, 'CREATE_COPY_ALERT_TYPE', oils_i18n_gettext( 595,
    'Create copy alert types', 'ppl', 'description' )),
 ( 596, 'UPDATE_COPY_ALERT_TYPE', oils_i18n_gettext( 596,
    'Update copy alert types', 'ppl', 'description' )),
 ( 597, 'DELETE_COPY_ALERT_TYPE', oils_i18n_gettext( 597,
    'Delete copy alert types', 'ppl', 'description' )),
 ( 598, 'ADMIN_COPY_ALERT_SUPPRESS', oils_i18n_gettext( 598,
    'Administer copy alert suppression', 'ppl', 'description' )),
 ( 599, 'CREATE_COPY_ALERT_SUPPRESS', oils_i18n_gettext( 599,
    'Create copy alert suppression', 'ppl', 'description' )),
 ( 600, 'UPDATE_COPY_ALERT_SUPPRESS', oils_i18n_gettext( 600,
    'Update copy alert suppression', 'ppl', 'description' )),
 ( 601, 'DELETE_COPY_ALERT_SUPPRESS', oils_i18n_gettext( 601,
    'Delete copy alert suppression', 'ppl', 'description' )),
 ( 602, 'ADMIN_COPY_ALERT', oils_i18n_gettext( 602,
    'Administer copy alerts', 'ppl', 'description' )),
 ( 603, 'CREATE_COPY_ALERT', oils_i18n_gettext( 603,
    'Create copy alerts', 'ppl', 'description' )),
 ( 604, 'VIEW_COPY_ALERT', oils_i18n_gettext( 604,
    'View copy alerts', 'ppl', 'description' )),
 ( 605, 'UPDATE_COPY_ALERT', oils_i18n_gettext( 605,
    'Update copy alerts', 'ppl', 'description' )),
 ( 606, 'DELETE_COPY_ALERT', oils_i18n_gettext( 606,
    'Delete copy alerts', 'ppl', 'description' )),
 ( 607, 'EMERGENCY_CLOSING', oils_i18n_gettext( 607,
    'Create and manage Emergency Closings', 'ppl', 'description' )),
 (608, 'APPLY_WORKSTATION_SETTING',
   oils_i18n_gettext(608, 'Allows a user to apply values to workstation settings', 'ppl', 'description')),
 ( 609, 'MANAGE_CUSTOM_PERM_GRP_TREE', oils_i18n_gettext( 609,
    'Allows a user to manage custom permission group lists.', 'ppl', 'description' )),
 ( 610, 'CLEAR_PURCHASE_REQUEST', oils_i18n_gettext(610,
    'Clear Completed User Purchase Requests', 'ppl', 'description')),
 ( 611, 'ADMIN_PRINT_TEMPLATE', oils_i18n_gettext(611,
    'Modify print templates', 'ppl', 'description')),
 ( 612, 'ADMIN_CAROUSEL_TYPE', oils_i18n_gettext(612,
    'Allow a user to manage carousel types', 'ppl', 'description')),
 ( 613, 'ADMIN_CAROUSEL', oils_i18n_gettext(613,
    'Allow a user to manage carousels', 'ppl', 'description')),
 ( 614, 'REFRESH_CAROUSEL', oils_i18n_gettext(614,
    'Allow a user to refresh carousels', 'ppl', 'description')),
 ( 615, 'ADMIN_REMOTEAUTH', oils_i18n_gettext( 615,
    'Administer remote patron authentication', 'ppl', 'description' )),
 ( 616, 'IMPORT_USE_ORG_UNIT_COPIES', oils_i18n_gettext( 616,
    'Allows users to import records based on the number of org unit copies attached to a record', 'ppl', 'description' )),
 ( 617, 'IMPORT_ON_ORDER_CAT_COPY', oils_i18n_gettext( 617,
    'Allows users to import copies based on the on-order items attached to a record', 'ppl', 'description' )),
 ( 618, 'CREATE_PRECAT', oils_i18n_gettext(618,
    'Allows a user to create a pre-catalogued copy', 'ppl', 'description')),
 ( 619, 'EDIT_SELF_IN_CLIENT', oils_i18n_gettext(619,
    'Allow a user to edit their own account in the staff client', 'ppl', 'description')),
 ( 620, 'UPDATE_ORG_UNIT_SETTING.opac.patron.custom_css', oils_i18n_gettext(620,
    'Update CSS setting for the OPAC', 'ppl', 'description')),
 ( 621, 'VIEW_BOOKING_RESOURCE_TYPE', oils_i18n_gettext(621,
    'View booking resource types', 'ppl', 'description')),
 ( 622, 'VIEW_BOOKING_RESOURCE', oils_i18n_gettext(622,
    'View booking resources', 'ppl', 'description')),
 ( 623, 'UPDATE_ORG_UNIT_SETTING.opac.matomo', oils_i18n_gettext(623,
    'Allows a user to configure Matomo Analytics org unit settings', 'ppl', 'description')),
 ( 624, 'MANAGE_RESERVES', oils_i18n_gettext(624,
    'Allows user to manage Courses, Course Materials, and associate Users with Courses.', 'ppl', 'description')),
 ( 625, 'VIEW_BOOKING_RESERVATION', oils_i18n_gettext(625,
    'View booking reservations', 'ppl', 'description')),
 ( 626, 'VIEW_BOOKING_RESERVATION_ATTR_MAP', oils_i18n_gettext(626,
    'View booking reservation attribute maps', 'ppl', 'description')),
 ( 627, 'SSO_ADMIN', oils_i18n_gettext(627,
    'Modify patron SSO settings', 'ppl', 'description')),
 ( 628, 'MANAGE_HOLD_GROUPS', oils_i18n_gettext(628,
    'Manage batch (subscription) hold events', 'ppl', 'description'))
;


SELECT SETVAL('permission.perm_list_id_seq'::TEXT, 1000);

INSERT INTO permission.grp_tree (id, name, parent, description, perm_interval, usergroup, application_perm) VALUES
	(1, oils_i18n_gettext(1, 'Users', 'pgt', 'name'), NULL, NULL, '3 years', FALSE, 'group_application.user');
INSERT INTO permission.grp_tree (id, name, parent, description, perm_interval, usergroup, application_perm) VALUES
	(2, oils_i18n_gettext(2, 'Patrons', 'pgt', 'name'), 1, NULL, '3 years', TRUE, 'group_application.user.patron');
INSERT INTO permission.grp_tree (id, name, parent, description, perm_interval, usergroup, application_perm) VALUES
	(3, oils_i18n_gettext(3, 'Staff', 'pgt', 'name'), 1, NULL, '3 years', FALSE, 'group_application.user.staff');
INSERT INTO permission.grp_tree (id, name, parent, description, perm_interval, usergroup, application_perm) VALUES
	(4, oils_i18n_gettext(4, 'Catalogers', 'pgt', 'name'), 3, NULL, '3 years', TRUE, 'group_application.user.staff.cat');
INSERT INTO permission.grp_tree (id, name, parent, description, perm_interval, usergroup, application_perm) VALUES
	(5, oils_i18n_gettext(5, 'Circulators', 'pgt', 'name'), 3, NULL, '3 years', TRUE, 'group_application.user.staff.circ');
INSERT INTO permission.grp_tree (id, name, parent, description, perm_interval, usergroup, application_perm) VALUES
	(6, oils_i18n_gettext(6, 'Acquisitions', 'pgt', 'name'), 3, NULL, '3 years', TRUE, 'group_application.user.staff.acq');
INSERT INTO permission.grp_tree (id, name, parent, description, perm_interval, usergroup, application_perm) VALUES
	(7, oils_i18n_gettext(7, 'Acquisitions Administrator', 'pgt', 'name'), 3, NULL, '3 years', TRUE, 'group_application.user.staff.acq_admin');
INSERT INTO permission.grp_tree (id, name, parent, description, perm_interval, usergroup, application_perm) VALUES
	(8, oils_i18n_gettext(8, 'Cataloging Administrator', 'pgt', 'name'), 3, NULL, '3 years', TRUE, 'group_application.user.staff.cat_admin');
INSERT INTO permission.grp_tree (id, name, parent, description, perm_interval, usergroup, application_perm) VALUES
	(9, oils_i18n_gettext(9, 'Circulation Administrator', 'pgt', 'name'), 3, NULL, '3 years', TRUE, 'group_application.user.staff.circ_admin');
INSERT INTO permission.grp_tree (id, name, parent, description, perm_interval, usergroup, application_perm) VALUES
	(10, oils_i18n_gettext(10, 'Local Administrator', 'pgt', 'name'), 3, 
	oils_i18n_gettext(10, 'Can do anything at the Branch level', 'pgt', 'description'), '3 years', TRUE, 'group_application.user.staff.admin.local_admin');
INSERT INTO permission.grp_tree (id, name, parent, description, perm_interval, usergroup, application_perm) VALUES
	(11, oils_i18n_gettext(11, 'Serials', 'pgt', 'name'), 3, 
	oils_i18n_gettext(11, 'Serials (includes admin features)', 'pgt', 'description'), '3 years', TRUE, 'group_application.user.staff.serials');
INSERT INTO permission.grp_tree (id, name, parent, description, perm_interval, usergroup, application_perm) VALUES
	(12, oils_i18n_gettext(12, 'System Administrator', 'pgt', 'name'), 3, 
	oils_i18n_gettext(12, 'Can do anything at the System level', 'pgt', 'description'), '3 years', TRUE, 'group_application.user.staff.admin.system_admin');
INSERT INTO permission.grp_tree (id, name, parent, description, perm_interval, usergroup, application_perm) VALUES
	(13, oils_i18n_gettext(13, 'Global Administrator', 'pgt', 'name'), 3, 
	oils_i18n_gettext(13, 'Can do anything at the Consortium level', 'pgt', 'description'), '3 years', TRUE, 'group_application.user.staff.admin.global_admin');
INSERT INTO permission.grp_tree (id, name, parent, description, perm_interval, usergroup, application_perm) VALUES
	(14, oils_i18n_gettext(14, 'Data Review', 'pgt', 'name'), 3, NULL, '3 years', TRUE, 'group_application.user.staff.data_review');
INSERT INTO permission.grp_tree (id, name, parent, description, perm_interval, usergroup, application_perm) VALUES
	(15, oils_i18n_gettext(15, 'Volunteers', 'pgt', 'name'), 3, NULL, '3 years', TRUE, 'group_application.user.staff.volunteers');

SELECT SETVAL('permission.grp_tree_id_seq'::TEXT, (SELECT MAX(id) FROM permission.grp_tree));

INSERT INTO permission.grp_penalty_threshold (grp,org_unit,penalty,threshold)
    VALUES (1,1,1,10.0);
INSERT INTO permission.grp_penalty_threshold (grp,org_unit,penalty,threshold)
    VALUES (1,1,2,10.0);
INSERT INTO permission.grp_penalty_threshold (grp,org_unit,penalty,threshold)
    VALUES (1,1,3,10.0);
INSERT INTO permission.grp_penalty_threshold (grp,org_unit,penalty,threshold)
    VALUES (1,1,5,10.0);

SELECT SETVAL('permission.grp_penalty_threshold_id_seq'::TEXT, (SELECT MAX(id) FROM permission.grp_penalty_threshold));


-- Add basic user permissions to the Users group

INSERT INTO permission.grp_perm_map (grp, perm, depth, grantable)
	SELECT
		pgt.id, perm.id, aout.depth, FALSE
	FROM
		permission.grp_tree pgt,
		permission.perm_list perm,
		actor.org_unit_type aout
	WHERE
		pgt.name = 'Users' AND
		aout.name = 'Consortium' AND
		perm.code IN (
			'COPY_CHECKIN',
			'CREATE_MY_CONTAINER',
			'CREATE_PURCHASE_REQUEST',
			'MR_HOLDS',
			'OPAC_LOGIN',
			'PERSISTENT_LOGIN',
			'RENEW_CIRC',
			'TITLE_HOLDS',
			'user_request.create'
		);


-- Add basic user permissions to the Data Review group

INSERT INTO permission.grp_perm_map (grp, perm, depth, grantable)
	SELECT
		pgt.id, perm.id, aout.depth, FALSE
	FROM
		permission.grp_tree pgt,
		permission.perm_list perm,
		actor.org_unit_type aout
	WHERE
		pgt.name = 'Data Review' AND
		aout.name = 'Consortium' AND
		perm.code IN (
			'CREATE_COPY_TRANSIT',
			'CREATE_PRECAT',
			'VIEW_BILLING_TYPE',
			'VIEW_CIRCULATIONS',
			'VIEW_COPY_NOTES',
			'VIEW_HOLD',
			'VIEW_ORG_SETTINGS',
			'VIEW_TITLE_NOTES',
			'VIEW_TRANSACTION',
			'VIEW_USER',
			'VIEW_USER_FINES_SUMMARY',
			'VIEW_USER_TRANSACTIONS',
			'VIEW_VOLUME_NOTES',
			'VIEW_ZIP_DATA');

INSERT INTO permission.grp_perm_map (grp, perm, depth, grantable)
	SELECT
		pgt.id, perm.id, aout.depth, FALSE
	FROM
		permission.grp_tree pgt,
		permission.perm_list perm,
		actor.org_unit_type aout
	WHERE
		pgt.name = 'Data Review' AND
		aout.name = 'System' AND
		perm.code IN (
			'COPY_CHECKOUT',
			'COPY_HOLDS',
			'CREATE_IN_HOUSE_USE',
			'CREATE_TRANSACTION',
			'OFFLINE_EXECUTE',
			'OFFLINE_VIEW',
			'STAFF_LOGIN',
			'VOLUME_HOLDS');


-- Add basic staff permissions to the Staff group

INSERT INTO permission.grp_perm_map (grp, perm, depth, grantable)
	SELECT
		pgt.id, perm.id, aout.depth, FALSE
	FROM
		permission.grp_tree pgt,
		permission.perm_list perm,
		actor.org_unit_type aout
	WHERE
		pgt.name = 'Staff' AND
		aout.name = 'Consortium' AND
		perm.code IN (
			'CREATE_CONTAINER',
			'CREATE_CONTAINER_ITEM',
			'CREATE_COPY_TRANSIT',
			'CREATE_HOLD_NOTIFICATION',
			'CREATE_TRANSACTION',
			'CREATE_TRANSIT',
			'DELETE_CONTAINER',
			'DELETE_CONTAINER_ITEM',
			'group_application.user',
			'group_application.user.patron',
			'REGISTER_WORKSTATION',
			'REMOTE_Z3950_QUERY',
			'REQUEST_HOLDS',
			'STAFF_LOGIN',
			'TRANSIT_COPY',
			'UPDATE_CONTAINER',
			'VIEW_CONTAINER',
			'VIEW_COPY_ALERT',
			'VIEW_COPY_CHECKOUT_HISTORY',
			'VIEW_COPY_NOTES',
			'VIEW_HOLD',
			'VIEW_HOLD_NOTIFICATION',
			'VIEW_HOLD_PERMIT',
			'VIEW_PERM_GROUPS',
			'VIEW_PERMISSION',
			'VIEW_TITLE_NOTES',
			'VIEW_TRANSACTION',
			'VIEW_USER_SETTING_TYPE',
			'VIEW_VOLUME_NOTES'
		);

INSERT INTO permission.grp_perm_map (grp, perm, depth, grantable)
	SELECT
		pgt.id, perm.id, aout.depth, FALSE
	FROM
		permission.grp_tree pgt,
		permission.perm_list perm,
		actor.org_unit_type aout
	WHERE
		pgt.name = 'Staff' AND
		aout.name = 'System' AND
		perm.code IN (
			'CREATE_USER',
			'UPDATE_USER',
			'VIEW_BILLING_TYPE',
			'VIEW_CIRCULATIONS',
			'VIEW_ORG_SETTINGS',
			'VIEW_PERMIT_CHECKOUT',
			'VIEW_USER',
			'VIEW_USER_FINES_SUMMARY',
			'VIEW_USER_TRANSACTIONS',
            'APPLY_WORKSTATION_SETTING'
        );

INSERT INTO permission.grp_perm_map (grp, perm, depth, grantable)
	SELECT
		pgt.id, perm.id, aout.depth, FALSE
	FROM
		permission.grp_tree pgt,
		permission.perm_list perm,
		actor.org_unit_type aout
	WHERE
		pgt.name = 'Staff' AND
		aout.name = 'Branch' AND
		perm.code IN (
			'CANCEL_HOLDS',
			'COPY_CHECKOUT',
			'COPY_HOLDS',
			'COPY_TRANSIT_RECEIVE',
			'CREATE_BILL',
			'CREATE_IN_HOUSE_USE',
			'CREATE_PAYMENT',
			'RENEW_HOLD_OVERRIDE',
			'UPDATE_COPY',
			'UPDATE_VOLUME',
			'ADMIN_TOOLBAR',
			'VOLUME_HOLDS');


-- Add basic cataloguing permissions to the Catalogers group

INSERT INTO permission.grp_perm_map (grp, perm, depth, grantable)
	SELECT
		pgt.id, perm.id, aout.depth, FALSE
	FROM
		permission.grp_tree pgt,
		permission.perm_list perm,
		actor.org_unit_type aout
	WHERE
		pgt.name = 'Catalogers' AND
		aout.name = 'Consortium' AND
		perm.code IN (
			'ALLOW_ALT_TCN',
			'CREATE_BIB_IMPORT_QUEUE',
			'CREATE_IMPORT_ITEM',
			'CREATE_MARC',
			'CREATE_PRECAT',
			'CREATE_TITLE_NOTE',
			'DELETE_BIB_IMPORT_QUEUE',
			'DELETE_IMPORT_ITEM',
			'DELETE_RECORD',
			'DELETE_TITLE_NOTE',
			'IMPORT_ACQ_LINEITEM_BIB_RECORD',
			'IMPORT_MARC',
            'IMPORT_AUTHORITY_MARC',
			'MERGE_AUTH_RECORDS',
			'MERGE_BIB_RECORDS',
			'UPDATE_AUTHORITY_IMPORT_QUEUE',
			'UPDATE_AUTHORITY_RECORD_NOTE',
			'UPDATE_BIB_IMPORT_QUEUE',
			'UPDATE_MARC',
			'UPDATE_RECORD',
			'user_request.view',
			'VIEW_AUTHORITY_RECORD_NOTES',
			'CREATE_AUTHORITY_RECORD',
			'DELETE_AUTHORITY_RECORD',
			'UPDATE_AUTHORITY_RECORD');

INSERT INTO permission.grp_perm_map (grp, perm, depth, grantable)
	SELECT
		pgt.id, perm.id, aout.depth, FALSE
	FROM
		permission.grp_tree pgt,
		permission.perm_list perm,
		actor.org_unit_type aout
	WHERE
		pgt.name = 'Catalogers' AND
		aout.name = 'System' AND
		perm.code IN (
			'CREATE_COPY',
			'CREATE_COPY_NOTE',
			'CREATE_MFHD_RECORD',
			'CREATE_VOLUME',
			'CREATE_VOLUME_NOTE',
			'DELETE_COPY',
			'DELETE_COPY_NOTE',
			'DELETE_MFHD_RECORD',
			'DELETE_VOLUME',
			'DELETE_VOLUME_NOTE',
			'MAP_MONOGRAPH_PART',
			'MARK_ITEM_AVAILABLE',
			'MARK_ITEM_BINDERY',
			'MARK_ITEM_CHECKED_OUT',
			'MARK_ITEM_ILL',
			'MARK_ITEM_IN_PROCESS',
			'MARK_ITEM_IN_TRANSIT',
			'MARK_ITEM_LOST',
			'MARK_ITEM_MISSING',
			'MARK_ITEM_ON_HOLDS_SHELF',
			'MARK_ITEM_ON_ORDER',
			'MARK_ITEM_RESHELVING',
			'UPDATE_COPY',
			'UPDATE_COPY_NOTE',
			'UPDATE_IMPORT_ITEM',
			'UPDATE_MFHD_RECORD',
			'UPDATE_VOLUME',
			'UPDATE_VOLUME_NOTE',
			'VIEW_SERIAL_SUBSCRIPTION',
			'MARK_ITEM_CATALOGING',
			'MARK_ITEM_DAMAGED',
			'MARK_ITEM_DISCARD',
			'MARK_ITEM_RESERVES',
			'',
			'',
			'');


-- Add advanced cataloguing permissions to the Cataloging Admin group

INSERT INTO permission.grp_perm_map (grp, perm, depth, grantable)
	SELECT
		pgt.id, perm.id, aout.depth, TRUE
	FROM
		permission.grp_tree pgt,
		permission.perm_list perm,
		actor.org_unit_type aout
	WHERE
		pgt.name = 'Cataloging Administrator' AND
		aout.name = 'Consortium' AND
		perm.code IN (
			'ADMIN_IMPORT_ITEM_ATTR_DEF',
			'ADMIN_MERGE_PROFILE',
			'CREATE_AUTHORITY_IMPORT_IMPORT_DEF',
			'CREATE_BIB_IMPORT_FIELD_DEF',
			'CREATE_BIB_PTYPE',
			'CREATE_BIB_SOURCE',
			'CREATE_IMPORT_ITEM_ATTR_DEF',
			'CREATE_IMPORT_TRASH_FIELD',
			'CREATE_MERGE_PROFILE',
			'CREATE_MONOGRAPH_PART',
			'CREATE_PRECAT',
			'CREATE_VOLUME_PREFIX',
			'CREATE_VOLUME_SUFFIX',
			'DELETE_AUTHORITY_IMPORT_IMPORT_FIELD_DEF',
			'DELETE_BIB_PTYPE',
			'DELETE_BIB_SOURCE',
			'DELETE_IMPORT_ITEM_ATTR_DEF',
			'DELETE_IMPORT_TRASH_FIELD',
			'DELETE_MERGE_PROFILE',
			'DELETE_MONOGRAPH_PART',
			'DELETE_VOLUME_PREFIX',
			'DELETE_VOLUME_SUFFIX',
			'MAP_MONOGRAPH_PART',
			'UPDATE_AUTHORITY_IMPORT_IMPORT_FIELD_DEF',
			'UPDATE_BIB_IMPORT_IMPORT_FIELD_DEF',
			'UPDATE_BIB_PTYPE',
			'UPDATE_IMPORT_ITEM_ATTR_DEF',
			'UPDATE_IMPORT_TRASH_FIELD',
			'UPDATE_MERGE_PROFILE',
			'UPDATE_MONOGRAPH_PART',
			'UPDATE_VOLUME_PREFIX',
			'UPDATE_VOLUME_SUFFIX',
			'CREATE_AUTHORITY_CONTROL_SET',
			'DELETE_AUTHORITY_CONTROL_SET',
			'UPDATE_AUTHORITY_CONTROL_SET');

INSERT INTO permission.grp_perm_map (grp, perm, depth, grantable)
	SELECT
		pgt.id, perm.id, aout.depth, TRUE
	FROM
		permission.grp_tree pgt,
		permission.perm_list perm,
		actor.org_unit_type aout
	WHERE
		pgt.name = 'Cataloging Administrator' AND
		aout.name = 'System' AND
		perm.code IN (
			'ADMIN_COPY_ALERT',
			'CREATE_COPY_STAT_CAT',
			'CREATE_COPY_STAT_CAT_ENTRY',
			'CREATE_COPY_STAT_CAT_ENTRY_MAP',
			'RUN_REPORTS',
			'CREATE_REPORT_TEMPLATE',
			'SHARE_REPORT_FOLDER',
			'UPDATE_COPY_LOCATION',
			'UPDATE_COPY_STAT_CAT',
			'UPDATE_COPY_STAT_CAT_ENTRY',
			'VIEW_REPORT_OUTPUT'
			'CREATE_POP_BADGE',
			'DELETE_POP_BADGE',
			'UPDATE_POP_BADGE',
			'CREATE_POP_PARAMETER',
			'DELETE_POP_PARAMETER',
			'UPDATE_POP_PARAMETER');


-- Add basic circulation permissions to the Circulators group

INSERT INTO permission.grp_perm_map (grp, perm, depth, grantable)
	SELECT
		pgt.id, perm.id, aout.depth, FALSE
	FROM
		permission.grp_tree pgt,
		permission.perm_list perm,
		actor.org_unit_type aout
	WHERE
		pgt.name = 'Circulators' AND
		aout.name = 'Branch' AND
		perm.code IN (
			'ADJUST_BILLS',
			'ADMIN_BOOKING_RESERVATION',
			'ADMIN_BOOKING_RESOURCE',
			'ADMIN_BOOKING_RESOURCE_ATTR',
			'ADMIN_BOOKING_RESOURCE_ATTR_MAP',
			'ADMIN_BOOKING_RESOURCE_ATTR_VALUE',
			'ADMIN_BOOKING_RESOURCE_TYPE',
			'ASSIGN_GROUP_PERM',
			'CREATE_PRECAT',
			'MARK_ITEM_AVAILABLE',
			'MARK_ITEM_BINDERY',
			'MARK_ITEM_CHECKED_OUT',
			'MARK_ITEM_ILL',
			'MARK_ITEM_IN_PROCESS',
			'MARK_ITEM_IN_TRANSIT',
			'MARK_ITEM_LOST',
			'MARK_ITEM_MISSING',
			'MARK_ITEM_MISSING_PIECES',
			'MARK_ITEM_ON_HOLDS_SHELF',
			'MARK_ITEM_ON_ORDER',
			'MARK_ITEM_RESHELVING',
			'OFFLINE_UPLOAD',
			'OFFLINE_VIEW',
			'REMOVE_USER_GROUP_LINK',
			'SET_CIRC_CLAIMS_RETURNED',
			'SET_CIRC_CLAIMS_RETURNED.override',
			'SET_CIRC_LOST',
			'UPDATE_BILL_NOTE',
			'UPDATE_PATRON_CLAIM_NEVER_CHECKED_OUT_COUNT',
			'UPDATE_PATRON_CLAIM_RETURN_COUNT',
			'UPDATE_PAYMENT_NOTE',
			'UPDATE_PICKUP_LIB FROM_TRANSIT',
			'UPDATE_PICKUP_LIB_FROM_HOLDS_SHELF',
			'VIEW_BOOKING_RESOURCE',
			'VIEW_BOOKING_RESOURCE_TYPE',
			'VIEW_GROUP_PENALTY_THRESHOLD',
			'VIEW_STANDING_PENALTY',
			'VOID_BILLING',
			'VOLUME_HOLDS');

INSERT INTO permission.grp_perm_map (grp, perm, depth, grantable)
	SELECT
		pgt.id, perm.id, aout.depth, FALSE
	FROM
		permission.grp_tree pgt,
		permission.perm_list perm,
		actor.org_unit_type aout
	WHERE
		pgt.name = 'Circulators' AND
		aout.name = 'System' AND
		perm.code IN (
			'ABORT_REMOTE_TRANSIT',
			'ABORT_TRANSIT',
			'CAPTURE_RESERVATION',
			'CIRC_CLAIMS_RETURNED.override',
			'CIRC_EXCEEDS_COPY_RANGE.override',
			'CIRC_OVERRIDE_DUE_DATE',
			'CIRC_PERMIT_OVERRIDE',
			'COPY_ALERT_MESSAGE.override',
			'COPY_BAD_STATUS.override',
			'COPY_CIRC_NOT_ALLOWED.override',
			'COPY_IS_REFERENCE.override',
			'COPY_NEEDED_FOR_HOLD.override',
			'COPY_NOT_AVAILABLE.override',
			'COPY_STATUS_LOST.override',
			'COPY_STATUS_MISSING.override',
			'CREATE_DUPLICATE_HOLDS',
			'CREATE_USER_GROUP_LINK',
			'DELETE_TRANSIT',
			'HOLD_EXISTS.override',
			'HOLD_ITEM_CHECKED_OUT.override',
			'ISSUANCE_HOLDS',
			'ITEM_AGE_PROTECTED.override',
			'ITEM_ON_HOLDS_SHELF.override',
			'MAX_RENEWALS_REACHED.override',
			'OVERRIDE_HOLD_HAS_LOCAL_COPY',
			'PATRON_EXCEEDS_CHECKOUT_COUNT.override',
			'PATRON_EXCEEDS_FINES.override',
			'PATRON_EXCEEDS_OVERDUE_COUNT.override',
			'RETRIEVE_RESERVATION_PULL_LIST',
			'UPDATE_HOLD');


-- Add advanced circulation permissions to the Circulation Admin group

INSERT INTO permission.grp_perm_map (grp, perm, depth, grantable)
	SELECT
		pgt.id, perm.id, aout.depth, TRUE
	FROM
		permission.grp_tree pgt,
		permission.perm_list perm,
		actor.org_unit_type aout
	WHERE
		pgt.name = 'Circulation Administrator' AND
		aout.name = 'Branch' AND
		perm.code IN (
			'DELETE_USER');

INSERT INTO permission.grp_perm_map (grp, perm, depth, grantable)
	SELECT
		pgt.id, perm.id, aout.depth, TRUE
	FROM
		permission.grp_tree pgt,
		permission.perm_list perm,
		actor.org_unit_type aout
	WHERE
		pgt.name = 'Circulation Administrator' AND
		aout.name = 'Consortium' AND
		perm.code IN (
			'ADMIN_MAX_FINE_RULE',
			'CREATE_CIRC_DURATION',
			'CREATE_PRECAT',
			'DELETE_CIRC_DURATION',
            'MANAGE_RESERVES',
			'MARK_ITEM_MISSING_PIECES',
			'UPDATE_CIRC_DURATION',
			'UPDATE_HOLD_REQUEST_TIME',
			'UPDATE_NET_ACCESS_LEVEL',
			'VIEW_CIRC_MATRIX_MATCHPOINT',
            'ABORT_TRANSIT_ON_LOST', 
            'ABORT_TRANSIT_ON_MISSING',
            'UPDATE_PATRON_COLLECTIONS_EXEMPT',
			'VIEW_HOLD_MATRIX_MATCHPOINT');

INSERT INTO permission.grp_perm_map (grp, perm, depth, grantable)
	SELECT
		pgt.id, perm.id, aout.depth, TRUE
	FROM
		permission.grp_tree pgt,
		permission.perm_list perm,
		actor.org_unit_type aout
	WHERE
		pgt.name = 'Circulation Administrator' AND
		aout.name = 'System' AND
		perm.code IN (
			'ADJUST_BILLS',
			'ADMIN_BOOKING_RESERVATION',
			'ADMIN_BOOKING_RESERVATION_ATTR_MAP',
			'ADMIN_BOOKING_RESERVATION_ATTR_VALUE_MAP',
			'ADMIN_BOOKING_RESOURCE',
			'ADMIN_BOOKING_RESOURCE_ATTR',
			'ADMIN_BOOKING_RESOURCE_ATTR_MAP',
			'ADMIN_BOOKING_RESOURCE_ATTR_VALUE',
			'ADMIN_BOOKING_RESOURCE_TYPE',
			'ADMIN_COPY_LOCATION_ORDER',
			'ADMIN_HOLD_CANCEL_CAUSE',
			'ASSIGN_GROUP_PERM',
			'BAR_PATRON',
			'COPY_HOLDS',
			'COPY_TRANSIT_RECEIVE',
			'CREATE_BILL',
			'CREATE_BILLING_TYPE',
			'CREATE_NON_CAT_TYPE',
			'CREATE_PATRON_STAT_CAT',
			'CREATE_PATRON_STAT_CAT_ENTRY',
			'CREATE_PATRON_STAT_CAT_ENTRY_DEFAULT',
			'CREATE_PATRON_STAT_CAT_ENTRY_MAP',
			'CREATE_USER_GROUP_LINK',
			'DELETE_BILLING_TYPE',
			'DELETE_NON_CAT_TYPE',
			'DELETE_PATRON_STAT_CAT',
			'DELETE_PATRON_STAT_CAT_ENTRY',
			'DELETE_PATRON_STAT_CAT_ENTRY_DEFAULT',
			'DELETE_PATRON_STAT_CAT_ENTRY_MAP',
			'DELETE_TRANSIT',
			'group_application.user.staff',
			'MANAGE_BAD_DEBT',
			'MARK_ITEM_AVAILABLE',
			'MARK_ITEM_BINDERY',
			'MARK_ITEM_CHECKED_OUT',
			'MARK_ITEM_ILL',
			'MARK_ITEM_IN_PROCESS',
			'MARK_ITEM_IN_TRANSIT',
			'MARK_ITEM_LOST',
			'MARK_ITEM_MISSING',
			'MARK_ITEM_ON_HOLDS_SHELF',
			'MARK_ITEM_ON_ORDER',
			'MARK_ITEM_RESHELVING',
			'MERGE_USERS',
			'money.collections_tracker.create',
			'money.collections_tracker.delete',
			'OFFLINE_EXECUTE',
			'OFFLINE_UPLOAD',
			'OFFLINE_VIEW',
			'REMOVE_USER_GROUP_LINK',
			'SET_CIRC_CLAIMS_RETURNED',
			'SET_CIRC_CLAIMS_RETURNED.override',
			'SET_CIRC_LOST',
			'UNBAR_PATRON',
			'UPDATE_BILL_NOTE',
			'UPDATE_NON_CAT_TYPE',
			'UPDATE_PATRON_CLAIM_NEVER_CHECKED_OUT_COUNT',
			'UPDATE_PATRON_CLAIM_RETURN_COUNT',
			'UPDATE_PICKUP_LIB_FROM_HOLDS_SHELF',
			'UPDATE_PICKUP_LIB_FROM_TRANSIT',
			'UPDATE_USER',
			'VIEW_BOOKING_RESOURCE',
			'VIEW_BOOKING_RESOURCE_TYPE',
			'VIEW_REPORT_OUTPUT',
			'VIEW_STANDING_PENALTY',
			'VOID_BILLING',
            'TRANSIT_CHECKIN_INTERVAL_BLOCK.override',
			'VOLUME_HOLDS',
			'ACTOR_USER_DELETE_OPEN_XACTS.override',
			'PATRON_EXCEEDS_LOST_COUNT.override',
			'MAX_HOLDS.override',
			'ITEM_DEPOSIT_REQUIRED.override',
			'ITEM_RENTAL_FEE_REQUIRED.override',
			'ITEM_DEPOSIT_PAID.override',
			'COPY_STATUS_LOST_AND_PAID.override',
			'ADMIN_PRINT_TEMPLATE',
			'ITEM_NOT_HOLDABLE.override');


-- Add basic sys admin permissions to the Local Administrator group

INSERT INTO permission.grp_perm_map (grp, perm, depth, grantable)
	SELECT
		pgt.id, perm.id, aout.depth, TRUE
	FROM
		permission.grp_tree pgt,
		permission.perm_list perm,
		actor.org_unit_type aout
	WHERE
		pgt.name = 'Local Administrator' AND
		aout.name = 'Branch' AND
		perm.code IN (
			'EVERYTHING');


-- Add administration permissions to the System Administrator group

INSERT INTO permission.grp_perm_map (grp, perm, depth, grantable)
	SELECT
		pgt.id, perm.id, aout.depth, TRUE
	FROM
		permission.grp_tree pgt,
		permission.perm_list perm,
		actor.org_unit_type aout
	WHERE
		pgt.name = 'System Administrator' AND
		aout.name = 'System' AND
		perm.code IN (
			'EVERYTHING');

INSERT INTO permission.grp_perm_map (grp, perm, depth, grantable)
	SELECT
		pgt.id, perm.id, aout.depth, FALSE
	FROM
		permission.grp_tree pgt,
		permission.perm_list perm,
		actor.org_unit_type aout
	WHERE
		pgt.name = 'System Administrator' AND
		aout.name = 'Consortium' AND
		perm.code ~ '^VIEW_TRIGGER';


-- Add administration permissions to the Global Administrator group

INSERT INTO permission.grp_perm_map (grp, perm, depth, grantable)
	SELECT
		pgt.id, perm.id, aout.depth, TRUE
	FROM
		permission.grp_tree pgt,
		permission.perm_list perm,
		actor.org_unit_type aout
	WHERE
		pgt.name = 'Global Administrator' AND
		aout.name = 'Consortium' AND
		perm.code IN (
			'EVERYTHING');


-- Add basic acquisitions permissions to the Acquisitions group

SELECT SETVAL('permission.grp_perm_map_id_seq'::TEXT, (SELECT MAX(id) FROM permission.grp_perm_map));

INSERT INTO permission.grp_perm_map (grp, perm, depth, grantable)
	SELECT
		pgt.id, perm.id, aout.depth, FALSE
	FROM
		permission.grp_tree pgt,
		permission.perm_list perm,
		actor.org_unit_type aout
	WHERE
		pgt.name = 'Acquisitions' AND
		aout.name = 'Consortium' AND
		perm.code IN (
			'ACQ_ADD_LINEITEM_IDENTIFIER',
			'ACQ_INVOICE-REOPEN',
			'ACQ_SET_LINEITEM_IDENTIFIER',
			'ADMIN_ACQ_FUND',
			'ADMIN_ACQ_DISTRIB_FORMULA',
			'ADMIN_FUND',
			'ADMIN_INVOICE',
			'ALLOW_ALT_TCN',
			'CLEAR_PURCHASE_REQUEST',
			'CREATE_BIB_IMPORT_QUEUE',
			'CREATE_IMPORT_ITEM',
			'CREATE_INVOICE',
			'CREATE_MARC',
			'CREATE_PICKLIST',
			'CREATE_PRECAT',
			'CREATE_PURCHASE_ORDER',
			'DELETE_BIB_IMPORT_QUEUE',
			'DELETE_IMPORT_ITEM',
			'DELETE_RECORD',
			'DELETE_VOLUME',
			'DELETE_VOLUME_NOTE',
			'GENERAL_ACQ',
			'IMPORT_ACQ_LINEITEM_BIB_RECORD',
			'IMPORT_ACQ_LINEITEM_BIB_RECORD_UPLOAD',
			'IMPORT_MARC',
			'MANAGE_CLAIM',
			'MANAGE_FUND',
			'MANAGE_FUNDING_SOURCE',
			'MANAGE_PROVIDER',
			'MARK_ITEM_AVAILABLE',
			'MARK_ITEM_BINDERY',
			'MARK_ITEM_CHECKED_OUT',
			'MARK_ITEM_ILL',
			'MARK_ITEM_IN_PROCESS',
			'MARK_ITEM_IN_TRANSIT',
			'MARK_ITEM_LOST',
			'MARK_ITEM_MISSING',
			'MARK_ITEM_ON_HOLDS_SHELF',
			'MARK_ITEM_ON_ORDER',
			'MARK_ITEM_RESHELVING',
			'RECEIVE_PURCHASE_ORDER',
			'UPDATE_BATCH_COPY',
			'UPDATE_BIB_IMPORT_QUEUE',
			'UPDATE_COPY',
			'UPDATE_FUND',
			'UPDATE_FUND_ALLOCATION',
			'UPDATE_FUNDING_SOURCE',
			'UPDATE_IMPORT_ITEM',
			'UPDATE_MARC',
			'UPDATE_PICKLIST',
			'UPDATE_RECORD',
			'UPDATE_VOLUME',
			'user_request.delete',
			'user_request.update',
			'user_request.view',
			'VIEW_ACQ_FUND_ALLOCATION_PERCENT',
			'VIEW_ACQ_FUNDING_SOURCE',
			'VIEW_FUND',
			'VIEW_FUND_ALLOCATION',
			'VIEW_FUNDING_SOURCE',
			'VIEW_HOLDS',
			'VIEW_INVOICE',
			'VIEW_ORG_SETTINGS',
			'VIEW_PICKLIST',
			'VIEW_PROVIDER',
			'VIEW_PURCHASE_ORDER',
			'VIEW_IMPORT_MATCH_SET',
			'VIEW_MERGE_PROFILE',
			'VIEW_REPORT_OUTPUT');


-- Add acquisitions administration permissions to the Acquisitions Admin group

INSERT INTO permission.grp_perm_map (grp, perm, depth, grantable)
	SELECT
		pgt.id, perm.id, aout.depth, TRUE
	FROM
		permission.grp_tree pgt,
		permission.perm_list perm,
		actor.org_unit_type aout
	WHERE
		pgt.name = 'Acquisitions Administrator' AND
		aout.name = 'Consortium' AND
		perm.code IN (
			'ACQ_INVOICE_REOPEN',
			'ACQ_XFER_MANUAL_DFUND_AMOUNT',
			'ADMIN_ACQ_CANCEL_CAUSE',
			'ADMIN_ACQ_CLAIM',
			'ADMIN_ACQ_CLAIM_EVENT_TYPE',
			'ADMIN_ACQ_CLAIM_TYPE',
			'ADMIN_ACQ_DISTRIB_FORMULA',
			'ADMIN_ACQ_FISCAL_YEAR',
			'ADMIN_ACQ_FUND',
			'ADMIN_ACQ_FUND_ALLOCATION_PERCENT',
			'ADMIN_ACQ_FUND_TAG',
			'ADMIN_ACQ_LINE_ITEM_ALERT_TEXT',
			'ADMIN_CLAIM_POLICY',
			'ADMIN_CURRENCY_TYPE',
			'ADMIN_FUND',
			'ADMIN_FUNDING_SOURCE',
			'ADMIN_INVOICE',
			'ADMIN_INVOICE_METHOD',
			'ADMIN_INVOICE_PAYMENT_METHOD',
			'ADMIN_LINEITEM_MARC_ATTR_DEF',
			'ADMIN_PROVIDER',
			'ADMIN_USER_REQUEST_TYPE',
			'CREATE_ACQ_FUNDING_SOURCE',
			'CREATE_FUND',
			'CREATE_FUND_ALLOCATION',
			'CREATE_FUNDING_SOURCE',
			'CREATE_INVOICE_ITEM_TYPE',
			'CREATE_INVOICE_METHOD',
			'CREATE_PROVIDER',
			'DELETE_ACQ_FUNDING_SOURCE',
			'DELETE_FUND',
			'DELETE_FUND_ALLOCATION',
			'DELETE_FUNDING_SOURCE',
			'DELETE_INVOICE_ITEM_TYPE',
			'DELETE_INVOICE_METHOD',
			'DELETE_PROVIDER',
			'RUN_REPORTS',
			'CREATE_REPORT_TEMPLATE',
			'SHARE_REPORT_FOLDER',
			'UPDATE_ACQ_FUNDING_SOURCE',
			'UPDATE_INVOICE_ITEM_TYPE',
			'UPDATE_INVOICE_METHOD',
			'VIEW_FUND',
			'VIEW_FUNDING_SOURCE',
			'VIEW_FUND_ALLOCATION',
			'VIEW_PICKLIST',
			'VIEW_PROVIDER',
			'VIEW_PURCHASE_ORDER',
			'VIEW_INVOICE',
			'CREATE_PICKLIST',
			'ACQ_ADD_LINEITEM_IDENTIFIER',
			'ACQ_SET_LINEITEM_IDENTIFIER',
			'MANAGE_FUND',
			'CREATE_INVOICE',
			'CREATE_PURCHASE_ORDER',
			'IMPORT_ACQ_LINEITEM_BIB_RECORD',
			'IMPORT_ACQ_LINEITEM_BIB_RECORD_UPLOAD',
			'MANAGE_CLAIM',
			'MANAGE_PROVIDER',
			'MANAGE_FUNDING_SOURCE',
			'RECEIVE_PURCHASE_ORDER',
			'ADMIN_ACQ_LINEITEM_ALERT_TEXT',
			'UPDATE_FUNDING_SOURCE',
			'UPDATE_PROVIDER',
			'VIEW_IMPORT_MATCH_SET',
			'VIEW_MERGE_PROFILE',
			'IMPORT_MARC',
			'UPDATE_PICKLIST'
		);

-- Add serials permissions to the Serials group

INSERT INTO permission.grp_perm_map (grp, perm, depth, grantable)
	SELECT
		pgt.id, perm.id, aout.depth, FALSE
	FROM
		permission.grp_tree pgt,
		permission.perm_list perm,
		actor.org_unit_type aout
	WHERE
		pgt.name = 'Serials' AND
		aout.name = 'System' AND
		perm.code IN (
			'ADMIN_ASSET_COPY_TEMPLATE',
			'ADMIN_SERIAL_CAPTION_PATTERN',
			'ADMIN_SERIAL_DISTRIBUTION',
			'ADMIN_SERIAL_ITEM',
			'ADMIN_SERIAL_PATTERN_TEMPLATE',
			'ADMIN_SERIAL_STREAM',
			'ADMIN_SERIAL_SUBSCRIPTION',
			'ISSUANCE_HOLDS',
			'RECEIVE_SERIAL');


-- Add basic staff permissions to the Volunteers group

INSERT INTO permission.grp_perm_map (grp, perm, depth, grantable)
	SELECT
		pgt.id, perm.id, aout.depth, FALSE
	FROM
		permission.grp_tree pgt,
		permission.perm_list perm,
		actor.org_unit_type aout
	WHERE
		pgt.name = 'Volunteers' AND
		aout.name = 'Branch' AND
		perm.code IN (
			'COPY_CHECKOUT',
			'CREATE_BILL',
			'CREATE_IN_HOUSE_USE',
			'CREATE_PAYMENT',
			'VIEW_BILLING_TYPE',
			'VIEW_CIRCS',
			'VIEW_COPY_CHECKOUT',
			'VIEW_HOLD',
			'VIEW_TITLE_HOLDS',
			'VIEW_TRANSACTION',
			'VIEW_USER',
			'VIEW_USER_FINES_SUMMARY',
			'VIEW_USER_TRANSACTIONS');

INSERT INTO permission.grp_perm_map (grp, perm, depth, grantable)
	SELECT
		pgt.id, perm.id, aout.depth, FALSE
	FROM
		permission.grp_tree pgt,
		permission.perm_list perm,
		actor.org_unit_type aout
	WHERE
		pgt.name = 'Volunteers' AND
		aout.name = 'Consortium' AND
		perm.code IN (
			'CREATE_COPY_TRANSIT',
			'CREATE_TRANSACTION',
			'CREATE_TRANSIT',
			'STAFF_LOGIN',
			'TRANSIT_COPY',
			'VIEW_ORG_SETTINGS');


-- Admin user account
INSERT INTO actor.passwd_type 
    (code, name, login, crypt_algo, iter_count) 
    VALUES ('main', 'Main Login Password', TRUE, 'bf', 10);

INSERT INTO actor.usr ( profile, card, usrname, passwd, first_given_name, family_name, dob, master_account, super_user, ident_type, ident_value, home_ou ) VALUES ( 1, 1, md5(random()::text), md5(random()::text), 'Administrator', 'System Account', '1979-01-22', TRUE, TRUE, 1, 'identification', 1 );

-- Admin user barcode
INSERT INTO actor.card (usr, barcode) VALUES (1,md5(random()::text));
UPDATE actor.usr SET card = (SELECT currval('actor.card_id_seq')) WHERE id = 1;

-- Admin user permissions
INSERT INTO permission.usr_perm_map (usr,perm,depth) VALUES (1,-1,0);

-- Set a work_ou for the Administrator user
INSERT INTO permission.usr_work_ou_map (usr, work_ou) VALUES (1, 1);

--010.schema.biblio.sql:
INSERT INTO biblio.record_entry VALUES (-1,1,1,1,-1,NOW(),NOW(),FALSE,FALSE,'','AUTOGEN','-1','<record xmlns="http://www.loc.gov/MARC21/slim"/>','FOO');

--040.schema.asset.sql:
INSERT INTO asset.copy_location (id, name,owning_lib) VALUES (1, oils_i18n_gettext(1, 'Stacks', 'acpl', 'name'),1);
SELECT SETVAL('asset.copy_location_id_seq'::TEXT, 100);

INSERT INTO asset.call_number_suffix (id, owning_lib, label) VALUES (-1, 1, '');
INSERT INTO asset.call_number_prefix (id, owning_lib, label) VALUES (-1, 1, '');
INSERT INTO asset.call_number VALUES (-1,1,NOW(),1,NOW(),-1,1,'UNCATALOGED');

--090.schema.action.sql
INSERT INTO action.hold_request_cancel_cause (id,label) VALUES (1, oils_i18n_gettext(1, 'Untargeted expiration', 'ahrcc', 'label'));
INSERT INTO action.hold_request_cancel_cause (id,label) VALUES (2, oils_i18n_gettext(2, 'Hold Shelf expiration', 'ahrcc', 'label'));
INSERT INTO action.hold_request_cancel_cause (id,label) VALUES (3, oils_i18n_gettext(3, 'Patron via phone', 'ahrcc', 'label'));
INSERT INTO action.hold_request_cancel_cause (id,label) VALUES (4, oils_i18n_gettext(4, 'Patron in person', 'ahrcc', 'label'));
INSERT INTO action.hold_request_cancel_cause (id,label) VALUES (5, oils_i18n_gettext(5, 'Staff forced', 'ahrcc', 'label'));
INSERT INTO action.hold_request_cancel_cause (id,label) VALUES (6, oils_i18n_gettext(6, 'Patron via OPAC', 'ahrcc', 'label'));
INSERT INTO action.hold_request_cancel_cause (id,label) VALUES (7, oils_i18n_gettext(7, 'Patron via SIP', 'ahrcc', 'label'));
INSERT INTO action.hold_request_cancel_cause (id,label) VALUES (8, oils_i18n_gettext(8, 'Hold Group Event rollback', 'ahrcc', 'label'));
SELECT SETVAL('action.hold_request_cancel_cause_id_seq', 100);


-- circ matrix
INSERT INTO config.circ_matrix_matchpoint (org_unit,grp,circulate,duration_rule,recurring_fine_rule,max_fine_rule) VALUES (1,1,true,11,1,1);

INSERT INTO config.circ_matrix_weights(name, org_unit, grp, circ_modifier, copy_location, marc_type, marc_form, marc_bib_level, marc_vr_format, copy_circ_lib, copy_owning_lib, user_home_ou, ref_flag, juvenile_flag, is_renewal, usr_age_upper_bound, usr_age_lower_bound, item_age) VALUES 
    ('Default', 10.0, 11.0, 5.0, 5.0, 4.0, 3.0, 2.0, 2.0, 8.0, 8.0, 8.0, 1.0, 6.0, 7.0, 0.0, 0.0, 0.0),
    ('Org_Unit_First', 11.0, 10.0, 5.0, 5.0, 4.0, 3.0, 2.0, 2.0, 8.0, 8.0, 8.0, 1.0, 6.0, 7.0, 0.0, 0.0, 0.0),
    ('Item_Owner_First', 8.0, 8.0, 5.0, 5.0, 4.0, 3.0, 2.0, 2.0, 10.0, 11.0, 8.0, 1.0, 6.0, 7.0, 0.0, 0.0, 0.0),
    ('All_Equal', 0.0, 0.0, 0.0, 0.0, 0.0, 0.0, 0.0, 0.0, 0.0, 0.0, 0.0, 0.0, 0.0, 0.0, 0.0, 0.0, 0.0);

-- hold matrix - 110.hold_matrix.sql:
INSERT INTO config.hold_matrix_matchpoint (requestor_grp) VALUES (1);

INSERT INTO config.hold_matrix_weights(name, user_home_ou, request_ou, pickup_ou, item_owning_ou, item_circ_ou, usr_grp, requestor_grp, circ_modifier, marc_type, marc_form, marc_bib_level, marc_vr_format, juvenile_flag, ref_flag, item_age) VALUES
    ('Default', 5.0, 5.0, 5.0, 5.0, 5.0, 7.0, 8.0, 4.0, 3.0, 2.0, 1.0, 1.0, 4.0, 0.0, 0.0),
    ('Item_Owner_First', 5.0, 5.0, 5.0, 8.0, 7.0, 5.0, 5.0, 4.0, 3.0, 2.0, 1.0, 1.0, 4.0, 0.0, 0.0),
    ('User_Before_Requestor', 5.0, 5.0, 5.0, 5.0, 5.0, 8.0, 7.0, 4.0, 3.0, 2.0, 1.0, 1.0, 4.0, 0.0, 0.0),
    ('All_Equal', 0.0, 0.0, 0.0, 0.0, 0.0, 0.0, 0.0, 0.0, 0.0, 0.0, 0.0, 0.0, 0.0, 0.0, 0.0);

-- dynamic weight associations
INSERT INTO config.weight_assoc(active, org_unit, circ_weights, hold_weights) VALUES
    (true, 1, 1, 1);

-- User setting types
INSERT INTO config.usr_setting_type (name,opac_visible,label,description,datatype)
    VALUES ('opac.default_font', TRUE,
    oils_i18n_gettext('opac.default_font', 'OPAC Font Size', 'cust', 'label'),
    oils_i18n_gettext('opac.default_font', 'OPAC Font Size', 'cust', 'description'),
    'string');

INSERT INTO config.usr_setting_type (name,opac_visible,label,description,datatype)
    VALUES ('opac.default_search_depth', TRUE,
    oils_i18n_gettext('opac.default_search_depth', 'OPAC Search Depth', 'cust', 'label'),
    oils_i18n_gettext('opac.default_search_depth', 'OPAC Search Depth', 'cust', 'description'),
    'integer');

INSERT INTO config.usr_setting_type (name,opac_visible,label,description,datatype)
    VALUES ('opac.default_search_location', TRUE,
    oils_i18n_gettext('opac.default_search_location', 'OPAC Search Location', 'cust', 'label'),
    oils_i18n_gettext('opac.default_search_location', 'OPAC Search Location', 'cust', 'description'),
    'integer');

INSERT INTO config.usr_setting_type (name,opac_visible,label,description,datatype)
    VALUES ('opac.hits_per_page', TRUE,
    oils_i18n_gettext('opac.hits_per_page', 'Hits per Page', 'cust', 'label'),
    oils_i18n_gettext('opac.hits_per_page', 'Hits per Page', 'cust', 'description'),
    'string');

INSERT INTO config.usr_setting_type (name,opac_visible,label,description,datatype)
    VALUES ('opac.hold_notify', TRUE,
    oils_i18n_gettext('opac.hold_notify', 'Hold Notification Format', 'cust', 'label'),
    oils_i18n_gettext('opac.hold_notify', 'Hold Notification Format', 'cust', 'description'),
    'string');

INSERT INTO config.usr_setting_type (name,opac_visible,label,description,datatype)
    VALUES ('staff_client.catalog.record_view.default', TRUE,
    oils_i18n_gettext('staff_client.catalog.record_view.default', 'Default Record View', 'cust', 'label'),
    oils_i18n_gettext('staff_client.catalog.record_view.default', 'Default Record View', 'cust', 'description'),
    'string');

INSERT INTO config.usr_setting_type (name,opac_visible,label,description,datatype)
    VALUES ('staff_client.copy_editor.templates', TRUE,
    oils_i18n_gettext('staff_client.copy_editor.templates', 'Copy Editor Template', 'cust', 'label'),
    oils_i18n_gettext('staff_client.copy_editor.templates', 'Copy Editor Template', 'cust', 'description'),
    'object');

INSERT INTO config.usr_setting_type (name, label, description, datatype)
    VALUES ('webstaff.cat.copy.templates',
    oils_i18n_gettext('webstaff.cat.copy.templates', 'Web Client Copy Editor Templates', 'cust', 'label'),
    oils_i18n_gettext('webstaff.cat.copy.templates', 'Web Client Copy Editor Templates', 'cust', 'description'),
    'object');

INSERT INTO config.usr_setting_type (name,opac_visible,label,description,datatype)
    VALUES ('circ.holds_behind_desk', FALSE,
    oils_i18n_gettext('circ.holds_behind_desk', 'Hold is behind Circ Desk', 'cust', 'label'),
    oils_i18n_gettext('circ.holds_behind_desk', 'Hold is behind Circ Desk', 'cust', 'description'),
    'bool');

INSERT INTO config.usr_setting_type (name,opac_visible,label,description,datatype)
    VALUES ('opac.default_pickup_location', TRUE,
    oils_i18n_gettext('opac.default_pickup_location', 'Default Hold Pickup Location', 'cust', 'label'),
    oils_i18n_gettext('opac.default_pickup_location', 'Default location for holds pickup', 'cust', 'description'),
    'integer');

INSERT INTO config.usr_setting_type (name,opac_visible,label,description,datatype)
    VALUES (
        'opac.lists_per_page',
        TRUE,
        oils_i18n_gettext(
            'opac.lists_per_page',
            'Lists per Page',
            'cust',
            'label'
        ),
        oils_i18n_gettext(
            'opac.lists_per_page',
            'A number designating the amount of lists displayed per page.',
            'cust',
            'description'
        ),
        'string'
    );

INSERT INTO config.usr_setting_type (name,opac_visible,label,description,datatype)
    VALUES (
        'opac.list_items_per_page',
        TRUE,
        oils_i18n_gettext(
            'opac.list_items_per_page',
            'List Items per Page',
            'cust',
            'label'
        ),
        oils_i18n_gettext(
            'opac.list_items_per_page',
            'A number designating the amount of list items displayed per page of a selected list.',
            'cust',
            'description'
        ),
        'string'
    );

INSERT INTO config.usr_setting_type (
    name,
    opac_visible,
    label,
    description,
    datatype,
    reg_default
) VALUES (
    'circ.default_overdue_notices_enabled',
    TRUE,
    oils_i18n_gettext(
        'circ.default_overdue_notices_enabled',
        'Receive Overdue and Courtesy Emails',
        'cust',
        'label'
    ),
    oils_i18n_gettext(
        'circ.default_overdue_notices_enabled',
        'Receive overdue and predue email notifications',
        'cust',
        'description'
    ),
    'bool',
    'true'
);

-- Add groups for org_unit settings
INSERT INTO config.settings_group (name, label) VALUES
('acq', oils_i18n_gettext('acq', 'Acquisitions', 'csg', 'label')),
('sys', oils_i18n_gettext('sys', 'System', 'csg', 'label')),
('gui', oils_i18n_gettext('gui', 'GUI', 'csg', 'label')),
('lib', oils_i18n_gettext('lib', 'Library', 'csg', 'label')),
('sec', oils_i18n_gettext('sec', 'Security', 'csg', 'label')),
('cat', oils_i18n_gettext('cat', 'Cataloging', 'csg', 'label')),
('holds', oils_i18n_gettext('holds', 'Holds', 'csg', 'label')),
('circ', oils_i18n_gettext('circ', 'Circulation', 'csg', 'label')),
('self', oils_i18n_gettext('self', 'Self Check', 'csg', 'label')),
('opac', oils_i18n_gettext('opac', 'OPAC', 'csg', 'label')),
('prog', oils_i18n_gettext('prog', 'Program', 'csg', 'label')),
('glob', oils_i18n_gettext('glob', 'Global', 'csg', 'label')),
('finance', oils_i18n_gettext('finance', 'Finances', 'csg', 'label')),
('credit', oils_i18n_gettext('credit', 'Credit Card Processing', 'csg', 'label')),
('serial', oils_i18n_gettext('serial', 'Serials', 'csg', 'label')),
('recall', oils_i18n_gettext('recall', 'Recalls', 'csg', 'label')),
('booking', oils_i18n_gettext('booking', 'Booking', 'csg', 'label')),
('offline', oils_i18n_gettext('offline', 'Offline', 'csg', 'label')),
('receipt_template', oils_i18n_gettext('receipt_template', 'Receipt Template', 'csg', 'label')),
('sms', oils_i18n_gettext('sms','SMS Text Messages','csg','label')),
('vandelay', oils_i18n_gettext('vandelay','Vandelay','csg','label'))
;


INSERT INTO acq.user_request_type (id,label) VALUES (1, oils_i18n_gettext('1', 'Books', 'aurt', 'label'));
INSERT INTO acq.user_request_type (id,label) VALUES (2, oils_i18n_gettext('2', 'Articles', 'aurt', 'label'));
INSERT INTO acq.user_request_type (id,label) VALUES (3, oils_i18n_gettext('3', 'Audiobooks', 'aurt', 'label'));
INSERT INTO acq.user_request_type (id,label) VALUES (4, oils_i18n_gettext('4', 'Music', 'aurt', 'label'));
INSERT INTO acq.user_request_type (id,label) VALUES (5, oils_i18n_gettext('5', 'DVDs', 'aurt', 'label'));
INSERT INTO acq.user_request_type (id,label) VALUES (6, oils_i18n_gettext('6', 'Other', 'aurt', 'label'));

SELECT SETVAL('acq.user_request_type_id_seq'::TEXT, 7);


-- org_unit setting types
INSERT into config.org_unit_setting_type
( name, grp, label, description, datatype, fm_class ) VALUES

( 'acq.copy_creator_uses_receiver', 'acq',
    oils_i18n_gettext('acq.copy_creator_uses_receiver',
        'Set copy creator as receiver',
        'coust', 'label'),
    oils_i18n_gettext('acq.copy_creator_uses_receiver',
        'When receiving a copy in acquisitions, set the copy "creator" to be the staff that received the copy',
        'coust', 'description'),
    'bool', null)
,( 'acq.copy_status_on_receiving', 'acq',
    oils_i18n_gettext('acq.copy_status_on_receiving',
        'Initial status for received items',
        'coust', 'label'),
    oils_i18n_gettext('acq.copy_status_on_receiving',
        'Allows staff to designate a custom copy status on received lineitems.  Default status is "In Process".',
        'coust', 'description'),
    'link', 'ccs')
,( 'acq.default_circ_modifier', 'acq',
    oils_i18n_gettext('acq.default_circ_modifier',
        'Default circulation modifier',
        'coust', 'label'),
    oils_i18n_gettext('acq.default_circ_modifier',
        'Default circulation modifier',
        'coust', 'description'),
    'string', null)

,( 'acq.default_copy_location', 'acq',
    oils_i18n_gettext('acq.default_copy_location',
        'Default copy location',
        'coust', 'label'),
    oils_i18n_gettext('acq.default_copy_location',
        'Default copy location',
        'coust', 'description'),
    'link', 'acpl')

,( 'acq.fund.balance_limit.block', 'acq',
    oils_i18n_gettext('acq.fund.balance_limit.block',
        'Fund Spending Limit for Block',
        'coust', 'label'),
    oils_i18n_gettext('acq.fund.balance_limit.block',
        'When the amount remaining in the fund, including spent money and encumbrances, goes below this percentage, attempts to spend from the fund will be blocked.',
        'coust', 'description'),
    'integer', null)

,( 'acq.fund.balance_limit.warn', 'acq',
    oils_i18n_gettext('acq.fund.balance_limit.warn',
        'Fund Spending Limit for Warning',
        'coust', 'label'),
    oils_i18n_gettext('acq.fund.balance_limit.warn',
        'When the amount remaining in the fund, including spent money and encumbrances, goes below this percentage, attempts to spend from the fund will result in a warning to the staff.',
        'coust', 'description'),
    'integer', null)

,( 'acq.tmp_barcode_prefix', 'acq',
    oils_i18n_gettext('acq.tmp_barcode_prefix',
        'Temporary barcode prefix',
        'coust', 'label'),
    oils_i18n_gettext('acq.tmp_barcode_prefix',
        'Temporary barcode prefix',
        'coust', 'description'),
    'string', null)

,( 'acq.tmp_callnumber_prefix', 'acq',
    oils_i18n_gettext('acq.tmp_callnumber_prefix',
        'Temporary call number prefix',
        'coust', 'label'),
    oils_i18n_gettext('acq.tmp_callnumber_prefix',
        'Temporary call number prefix',
        'coust', 'description'),
    'string', null)

,( 'auth.opac_timeout', 'sec',
    oils_i18n_gettext('auth.opac_timeout',
        'OPAC Inactivity Timeout (in seconds)',
        'coust', 'label'),
    oils_i18n_gettext('auth.opac_timeout',
        'OPAC Inactivity Timeout (in seconds)',
        'coust', 'description'),
    'integer', null)

,( 'auth.persistent_login_interval', 'sec',
    oils_i18n_gettext('auth.persistent_login_interval',
        'Persistent Login Duration',
        'coust', 'label'),
    oils_i18n_gettext('auth.persistent_login_interval',
        'How long a persistent login lasts.  E.g. ''2 weeks''',
        'coust', 'description'),
    'interval', null)

,( 'auth.staff_timeout', 'sec',
    oils_i18n_gettext('auth.staff_timeout',
        'Staff Login Inactivity Timeout (in seconds)',
        'coust', 'label'),
    oils_i18n_gettext('auth.staff_timeout',
        'Staff Login Inactivity Timeout (in seconds)',
        'coust', 'description'),
    'integer', null)

,( 'booking.allow_email_notify', 'booking',
    oils_i18n_gettext('booking.allow_email_notify',
        'Allow Email Notify',
        'coust', 'label'),
    oils_i18n_gettext('booking.allow_email_notify',
        'Permit email notification when a reservation is ready for pickup.',
        'coust', 'description'),
    'bool', null)

,( 'cat.bib.alert_on_empty', 'gui',
    oils_i18n_gettext('cat.bib.alert_on_empty',
        'Alert on empty bib records',
        'coust', 'label'),
    oils_i18n_gettext('cat.bib.alert_on_empty',
        'Alert staff when the last copy for a record is being deleted',
        'coust', 'description'),
    'bool', null)

,( 'cat.bib.delete_on_no_copy_via_acq_lineitem_cancel', 'cat',
    oils_i18n_gettext('cat.bib.delete_on_no_copy_via_acq_lineitem_cancel',
        'Delete bib if all copies are deleted via Acquisitions lineitem cancellation.',
        'coust', 'label'),
    oils_i18n_gettext('cat.bib.delete_on_no_copy_via_acq_lineitem_cancel',
        'Delete bib if all copies are deleted via Acquisitions lineitem cancellation.',
        'coust', 'description'),
    'bool', null)

,( 'cat.bib.keep_on_empty', 'prog',
    oils_i18n_gettext('cat.bib.keep_on_empty',
        'Retain empty bib records',
        'coust', 'label'),
    oils_i18n_gettext('cat.bib.keep_on_empty',
        'Retain a bib record even when all attached copies are deleted',
        'coust', 'description'),
    'bool', null)

,( 'cat.default_classification_scheme', 'cat',
    oils_i18n_gettext('cat.default_classification_scheme',
        'Default Classification Scheme',
        'coust', 'label'),
    oils_i18n_gettext('cat.default_classification_scheme',
        'Defines the default classification scheme for new call numbers: 1 = Generic; 2 = Dewey; 3 = LC',
        'coust', 'description'),
    'link', 'acnc')

,( 'cat.default_copy_status_fast', 'cat',
    oils_i18n_gettext('cat.default_copy_status_fast',
        'Default copy status (fast add)',
        'coust', 'label'),
    oils_i18n_gettext('cat.default_copy_status_fast',
        'Default status when a copy is created using the "Fast Add" interface.',
        'coust', 'description'),
    'link', 'ccs')

,( 'cat.default_copy_status_normal', 'cat',
    oils_i18n_gettext('cat.default_copy_status_normal',
        'Default copy status (normal)',
        'coust', 'label'),
    oils_i18n_gettext('cat.default_copy_status_normal',
        'Default status when a copy is created using the normal volume/copy creator interface.',
        'coust', 'description'),
    'link', 'ccs')

,( 'cat.default_item_price', 'finance',
    oils_i18n_gettext('cat.default_item_price',
        'Default Item Price',
        'coust', 'label'),
    oils_i18n_gettext('cat.default_item_price',
        'Default Item Price',
        'coust', 'description'),
    'currency', null)

,( 'circ.min_item_price', 'finance',
    oils_i18n_gettext('circ.min_item_price',
        'Minimum Item Price',
        'coust', 'label'),
    oils_i18n_gettext('circ.min_item_price',
        'When charging for lost items, charge this amount as a minimum.',
        'coust', 'description'),
    'currency', null)

,( 'circ.max_item_price', 'finance',
    oils_i18n_gettext('circ.max_item_price',
        'Maximum Item Price',
        'coust', 'label'),
    oils_i18n_gettext('circ.max_item_price',
        'When charging for lost items, limit the charge to this as a maximum.',
        'coust', 'description'),
    'currency', null)

,( 'cat.label.font.family', 'cat',
    oils_i18n_gettext('cat.label.font.family',
        'Spine and pocket label font family',
        'coust', 'label'),
    oils_i18n_gettext('cat.label.font.family',
        'Set the preferred font family for spine and pocket labels. You can specify a list of fonts, separated by commas, in order of preference; the system will use the first font it finds with a matching name. For example, "Arial, Helvetica, serif".',
        'coust', 'description'),
    'string', null)

,( 'cat.label.font.size', 'cat',
    oils_i18n_gettext('cat.label.font.size',
        'Spine and pocket label font size',
        'coust', 'label'),
    oils_i18n_gettext('cat.label.font.size',
        'Set the default font size for spine and pocket labels',
        'coust', 'description'),
    'integer', null)

,( 'cat.label.font.weight', 'cat',
    oils_i18n_gettext('cat.label.font.weight',
        'Spine and pocket label font weight',
        'coust', 'label'),
    oils_i18n_gettext('cat.label.font.weight',
        'Set the preferred font weight for spine and pocket labels. You can specify "normal", "bold", "bolder", or "lighter".',
        'coust', 'description'),
    'string', null)

,( 'cat.marc_control_number_identifier', 'cat',
    oils_i18n_gettext('cat.marc_control_number_identifier',
        'Defines the control number identifier used in 003 and 035 fields.',
        'coust', 'label'),
    oils_i18n_gettext('cat.marc_control_number_identifier',
        'Cat: Defines the control number identifier used in 003 and 035 fields.',
        'coust', 'description'),
    'string', null)

,( 'cat.spine.line.height', 'cat',
    oils_i18n_gettext('cat.spine.line.height',
        'Spine label maximum lines',
        'coust', 'label'),
    oils_i18n_gettext('cat.spine.line.height',
        'Set the default maximum number of lines for spine labels.',
        'coust', 'description'),
    'integer', null)

,( 'cat.spine.line.margin', 'cat',
    oils_i18n_gettext('cat.spine.line.margin',
        'Spine label left margin',
        'coust', 'label'),
    oils_i18n_gettext('cat.spine.line.margin',
        'Set the left margin for spine labels in number of characters.',
        'coust', 'description'),
    'integer', null)

,( 'cat.spine.line.width', 'cat',
    oils_i18n_gettext('cat.spine.line.width',
        'Spine label line width',
        'coust', 'label'),
    oils_i18n_gettext('cat.spine.line.width',
        'Set the default line width for spine labels in number of characters. This specifies the boundary at which lines must be wrapped.',
        'coust', 'description'),
    'integer', null)

,( 'cat.volume.delete_on_empty', 'cat',
    oils_i18n_gettext('cat.volume.delete_on_empty',
        'Delete volume with last copy',
        'coust', 'label'),
    oils_i18n_gettext('cat.volume.delete_on_empty',
        'Automatically delete a volume when the last linked copy is deleted',
        'coust', 'description'),
    'bool', null)

,( 'circ.auto_hide_patron_summary', 'gui',
    oils_i18n_gettext('circ.auto_hide_patron_summary',
        'Toggle off the patron summary sidebar after first view.',
        'coust', 'label'),
    oils_i18n_gettext('circ.auto_hide_patron_summary',
        'When true, the patron summary sidebar will collapse after a new patron sub-interface is selected.',
        'coust', 'description'),
    'bool', null)

,( 'circ.block_renews_for_holds', 'holds',
    oils_i18n_gettext('circ.block_renews_for_holds',
        'Block Renewal of Items Needed for Holds',
        'coust', 'label'),
    oils_i18n_gettext('circ.block_renews_for_holds',
        'When an item could fulfill a hold, do not allow the current patron to renew',
        'coust', 'description'),
    'bool', null)

,( 'circ.booking_reservation.default_elbow_room', 'booking',
    oils_i18n_gettext('circ.booking_reservation.default_elbow_room',
        'Booking elbow room',
        'coust', 'label'),
    oils_i18n_gettext('circ.booking_reservation.default_elbow_room',
        'Elbow room specifies how far in the future you must make a reservation on an item if that item will have to transit to reach its pickup location.  It secondarily defines how soon a reservation on a given item must start before the check-in process will opportunistically capture it for the reservation shelf.',
        'coust', 'description'),
    'interval', null)

,( 'circ.charge_lost_on_zero', 'finance',
    oils_i18n_gettext('circ.charge_lost_on_zero',
        'Charge lost on zero',
        'coust', 'label'),
    oils_i18n_gettext('circ.charge_lost_on_zero',
        'Charge lost on zero',
        'coust', 'description'),
    'bool', null)

,( 'circ.charge_on_damaged', 'finance',
    oils_i18n_gettext('circ.charge_on_damaged',
        'Charge item price when marked damaged',
        'coust', 'label'),
    oils_i18n_gettext('circ.charge_on_damaged',
        'Charge item price when marked damaged',
        'coust', 'description'),
    'bool', null)

,( 'circ.checkout_auto_renew_age', 'circ',
    oils_i18n_gettext('circ.checkout_auto_renew_age',
        'Checkout auto renew age',
        'coust', 'label'),
    oils_i18n_gettext('circ.checkout_auto_renew_age',
        'When an item has been checked out for at least this amount of time, an attempt to check out the item to the patron that it is already checked out to will simply renew the circulation',
        'coust', 'description'),
    'interval', null)

,( 'circ.checkout_fills_related_hold', 'circ',
    oils_i18n_gettext('circ.checkout_fills_related_hold',
        'Checkout Fills Related Hold',
        'coust', 'label'),
    oils_i18n_gettext('circ.checkout_fills_related_hold',
        'When a patron checks out an item and they have no holds that directly target the item, the system will attempt to find a hold for the patron that could be fulfilled by the checked out item and fulfills it',
        'coust', 'description'),
    'bool', null)

,( 'circ.checkout_fills_related_hold_exact_match_only', 'circ',
    oils_i18n_gettext('circ.checkout_fills_related_hold_exact_match_only',
        'Checkout Fills Related Hold On Valid Copy Only',
        'coust', 'label'),
    oils_i18n_gettext('circ.checkout_fills_related_hold_exact_match_only',
        'When filling related holds on checkout only match on items that are valid for opportunistic capture for the hold. Without this set a Title or Volume hold could match when the item is not holdable. With this set only holdable items will match.',
        'coust', 'description'),
    'bool', null)

,( 'circ.claim_never_checked_out.mark_missing', 'lib',
    oils_i18n_gettext('circ.claim_never_checked_out.mark_missing',
        'Claim Never Checked Out: Mark copy as missing',
        'coust', 'label'),
    oils_i18n_gettext('circ.claim_never_checked_out.mark_missing',
        'When a circ is marked as claims-never-checked-out, mark the copy as missing',
        'coust', 'description'),
    'bool', null)

,( 'circ.claim_return.copy_status', 'lib',
    oils_i18n_gettext('circ.claim_return.copy_status',
        'Claim Return Copy Status',
        'coust', 'label'),
    oils_i18n_gettext('circ.claim_return.copy_status',
        'Claims returned copies are put into this status.  Default is to leave the copy in the Checked Out status',
        'coust', 'description'),
    'link', 'ccs')

,( 'circ.damaged.void_ovedue', 'lib',
    oils_i18n_gettext('circ.damaged.void_ovedue',
        'Mark item damaged voids overdues',
        'coust', 'label'),
    oils_i18n_gettext('circ.damaged.void_ovedue',
        'When an item is marked damaged, overdue fines on the most recent circulation are voided.',
        'coust', 'description'),
    'bool', null)

,( 'circ.damaged_item_processing_fee', 'finance',
    oils_i18n_gettext('circ.damaged_item_processing_fee',
        'Charge processing fee for damaged items',
        'coust', 'label'),
    oils_i18n_gettext('circ.damaged_item_processing_fee',
        'Charge processing fee for damaged items',
        'coust', 'description'),
    'currency', null)

,( 'circ.do_not_tally_claims_returned', 'circ',
    oils_i18n_gettext('circ.do_not_tally_claims_returned',
        'Do not include outstanding Claims Returned circulations in lump sum tallies in Patron Display.',
        'coust', 'label'),
    oils_i18n_gettext('circ.do_not_tally_claims_returned',
        'In the Patron Display interface, the number of total active circulations for a given patron is presented in the Summary sidebar and underneath the Items Out navigation button.  This setting will prevent Claims Returned circulations from counting toward these tallies.',
        'coust', 'description'),
    'bool', null)

,('circ.tally_lost', 'circ',
    oils_i18n_gettext(
        'circ.tally_lost',
        'Include Lost circulations in lump sum tallies in Patron Display.',
        'coust',
        'label'),
    oils_i18n_gettext(
        'circ.tally_lost',
        'In the Patron Display interface, the number of total active circulations for a given patron is presented in the Summary sidebar and underneath the Items Out navigation button.  This setting will include Lost circulations as counting toward these tallies.',
        'coust',
        'description'),
    'bool', null)

,( 'circ.grace.extend', 'circ',
    oils_i18n_gettext('circ.grace.extend',
        'Auto-Extend Grace Periods',
        'coust', 'label'),
    oils_i18n_gettext('circ.grace.extend',
        'When enabled grace periods will auto-extend. By default this will be only when they are a full day or more and end on a closed date, though other options can alter this.',
        'coust', 'description'),
    'bool', null)

,( 'circ.grace.extend.all', 'circ',
    oils_i18n_gettext('circ.grace.extend.all',
        'Auto-Extending Grace Periods extend for all closed dates',
        'coust', 'label'),
    oils_i18n_gettext('circ.grace.extend.all',
        'If enabled and Grace Periods auto-extending is turned on grace periods will extend past all closed dates they intersect, within hard-coded limits. This basically becomes "grace periods can only be consumed by closed dates".',
        'coust', 'description'),
    'bool', null)

,( 'circ.grace.extend.into_closed', 'circ',
    oils_i18n_gettext('circ.grace.extend.into_closed',
        'Auto-Extending Grace Periods include trailing closed dates',
        'coust', 'label'),
    oils_i18n_gettext('circ.grace.extend.into_closed',
         'If enabled and Grace Periods auto-extending is turned on grace periods will include closed dates that directly follow the last day of the grace period, to allow a backdate into the closed dates to assume "returned after hours on the last day of the grace period, and thus still within it" automatically.',
        'coust', 'description'),
    'bool', null)

,( 'circ.hold_boundary.hard', 'holds',
    oils_i18n_gettext('circ.hold_boundary.hard',
        'Hard boundary',
        'coust', 'label'),
    oils_i18n_gettext('circ.hold_boundary.hard',
        'Holds: Hard boundary',
        'coust', 'description'),
    'integer', null)

,( 'circ.hold_boundary.soft', 'holds',
    oils_i18n_gettext('circ.hold_boundary.soft',
        'Soft boundary',
        'coust', 'label'),
    oils_i18n_gettext('circ.hold_boundary.soft',
        'Holds: Soft boundary',
        'coust', 'description'),
    'integer', null)

,( 'circ.hold_expire_alert_interval', 'holds',
    oils_i18n_gettext('circ.hold_expire_alert_interval',
        'Expire Alert Interval',
        'coust', 'label'),
    oils_i18n_gettext('circ.hold_expire_alert_interval',
        'Amount of time before a hold expires at which point the patron should be alerted. Examples: "5 days", "1 hour"',
        'coust', 'description'),
    'interval', null)

,( 'circ.hold_expire_interval', 'holds',
    oils_i18n_gettext('circ.hold_expire_interval',
        'Expire Interval',
        'coust', 'label'),
    oils_i18n_gettext('circ.hold_expire_interval',
        'Amount of time after a hold is placed before the hold expires.  Example "100 days"',
        'coust', 'description'),
    'interval', null)

,( 'circ.hold_shelf_status_delay', 'circ',
    oils_i18n_gettext('circ.hold_shelf_status_delay',
        'Hold Shelf Status Delay',
        'coust', 'label'),
    oils_i18n_gettext('circ.hold_shelf_status_delay',
        'The purpose is to provide an interval of time after an item goes into the on-holds-shelf status before it appears to patrons that it is actually on the holds shelf.  This gives staff time to process the item before it shows as ready-for-pickup. Examples: "5 days", "1 hour"',
        'coust', 'description'),
    'interval', null)

,( 'circ.hold_stalling.soft', 'holds',
    oils_i18n_gettext('circ.hold_stalling.soft',
        'Soft stalling interval',
        'coust', 'label'),
    oils_i18n_gettext('circ.hold_stalling.soft',
        'How long to wait before allowing remote items to be opportunistically captured for a hold.  Example "5 days"',
        'coust', 'description'),
    'interval', null)

,( 'circ.hold_stalling_hard', 'holds',
    oils_i18n_gettext('circ.hold_stalling_hard',
        'Hard stalling interval',
        'coust', 'label'),
    oils_i18n_gettext('circ.hold_stalling_hard',
        'Holds: Hard stalling interval',
        'coust', 'description'),
    'interval', null)

,( 'circ.holds.age_protect.active_date', 'holds',
    oils_i18n_gettext('circ.holds.age_protect.active_date',
        'Use Active Date for Age Protection',
        'coust', 'label'),
    oils_i18n_gettext('circ.holds.age_protect.active_date',
        'When calculating age protection rules use the active date instead of the creation date.',
        'coust', 'description'),
    'bool', null)

,( 'circ.holds.behind_desk_pickup_supported', 'holds',
    oils_i18n_gettext('circ.holds.behind_desk_pickup_supported',
        'Behind Desk Pickup Supported',
        'coust', 'label'),
    oils_i18n_gettext('circ.holds.behind_desk_pickup_supported',
        'If a branch supports both a public holds shelf and behind-the-desk pickups, set this value to true.  This gives the patron the option to enable behind-the-desk pickups for their holds',
        'coust', 'description'),
    'bool', null)

,( 'circ.holds.canceled.display_age', 'holds',
    oils_i18n_gettext('circ.holds.canceled.display_age',
        'Canceled holds/requests display age',
        'coust', 'label'),
    oils_i18n_gettext('circ.holds.canceled.display_age',
        'Show all canceled entries in patron holds and patron acquisition requests interfaces that were canceled within this amount of time',
        'coust', 'description'),
    'interval', null)

,( 'circ.holds.canceled.display_count', 'holds',
    oils_i18n_gettext('circ.holds.canceled.display_count',
        'Canceled holds/requests display count',
        'coust', 'label'),
    oils_i18n_gettext('circ.holds.canceled.display_count',
        'How many canceled entries to show in patron holds and patron acquisition requests interfaces',
        'coust', 'description'),
    'integer', null)

,( 'circ.holds.clear_shelf.copy_status', 'holds',
    oils_i18n_gettext('circ.holds.clear_shelf.copy_status',
        'Clear shelf copy status',
        'coust', 'label'),
    oils_i18n_gettext('circ.holds.clear_shelf.copy_status',
        'Any copies that have not been put into reshelving, in-transit, or on-holds-shelf (for a new hold) during the clear shelf process will be put into this status.  This is basically a purgatory status for copies waiting to be pulled from the shelf and processed by hand',
        'coust', 'description'),
    'link', 'ccs')

,( 'circ.holds.default_estimated_wait_interval', 'holds',
    oils_i18n_gettext('circ.holds.default_estimated_wait_interval',
        'Default Estimated Wait',
        'coust', 'label'),
    oils_i18n_gettext('circ.holds.default_estimated_wait_interval',
        'When predicting the amount of time a patron will be waiting for a hold to be fulfilled, this is the default estimated length of time to assume an item will be checked out. Examples: "3 weeks", "7 days"',
        'coust', 'description'),
    'interval', null)

,( 'circ.holds.default_shelf_expire_interval', 'holds',
    oils_i18n_gettext('circ.holds.default_shelf_expire_interval',
        'Default hold shelf expire interval',
        'coust', 'label'),
    oils_i18n_gettext('circ.holds.default_shelf_expire_interval',
        'The amount of time an item will be held on the shelf before the hold expires. For example: "2 weeks" or "5 days"',
        'coust', 'description'),
    'interval', null)

,( 'circ.holds.expired_patron_block', 'circ',
    oils_i18n_gettext('circ.holds.expired_patron_block',
        'Block hold request if hold recipient privileges have expired',
        'coust', 'label'),
    oils_i18n_gettext('circ.holds.expired_patron_block',
        'Block hold request if hold recipient privileges have expired',
        'coust', 'description'),
    'bool', null)

,( 'circ.holds.hold_has_copy_at.alert', 'holds',
    oils_i18n_gettext('circ.holds.hold_has_copy_at.alert',
        'Has Local Copy Alert',
        'coust', 'label'),
    oils_i18n_gettext('circ.holds.hold_has_copy_at.alert',
        'If there is an available copy at the requesting library that could fulfill a hold during hold placement time, alert the patron',
        'coust', 'description'),
    'bool', null)

,( 'circ.holds.hold_has_copy_at.block', 'holds',
    oils_i18n_gettext('circ.holds.hold_has_copy_at.block',
        'Has Local Copy Block',
        'coust', 'label'),
    oils_i18n_gettext('circ.holds.hold_has_copy_at.block',
        'If there is an available copy at the requesting library that could fulfill a hold during hold placement time, do not allow the hold to be placed',
        'coust', 'description'),
    'bool', null)

,( 'circ.holds.max_org_unit_target_loops', 'holds',
    oils_i18n_gettext('circ.holds.max_org_unit_target_loops',
        'Maximum library target attempts',
        'coust', 'label'),
    oils_i18n_gettext('circ.holds.max_org_unit_target_loops',
        'When this value is set and greater than 0, the system will only attempt to find a copy at each possible branch the configured number of times',
        'coust', 'description'),
    'integer', null)

,( 'circ.holds.min_estimated_wait_interval', 'holds',
    oils_i18n_gettext('circ.holds.min_estimated_wait_interval',
        'Minimum Estimated Wait',
        'coust', 'label'),
    oils_i18n_gettext('circ.holds.min_estimated_wait_interval',
        'When predicting the amount of time a patron will be waiting for a hold to be fulfilled, this is the minimum estimated length of time to assume an item will be checked out. Examples: "2 weeks", "5 days"',
        'coust', 'description'),
    'interval', null)

,( 'circ.holds.org_unit_target_weight', 'holds',
    oils_i18n_gettext('circ.holds.org_unit_target_weight',
        'Org Unit Target Weight',
        'coust', 'label'),
    oils_i18n_gettext('circ.holds.org_unit_target_weight',
        'Org Units can be organized into hold target groups based on a weight.  Potential copies from org units with the same weight are chosen at random.',
        'coust', 'description'),
    'integer', null)

,( 'circ.holds.recall_fine_rules', 'recall',
    oils_i18n_gettext('circ.holds.recall_fine_rules',
        'An array of fine amount, fine interval, and maximum fine.',
        'coust', 'label'),
    oils_i18n_gettext('circ.holds.recall_fine_rules',
        'Recalls: An array of fine amount, fine interval, and maximum fine. For example, to specify a new fine rule of $5.00 per day, with a maximum fine of $50.00, use: [5.00,"1 day",50.00]',
        'coust', 'description'),
    'array', null)

,( 'circ.holds.recall_return_interval', 'recall',
    oils_i18n_gettext('circ.holds.recall_return_interval',
        'Truncated loan period.',
        'coust', 'label'),
    oils_i18n_gettext('circ.holds.recall_return_interval',
        'Recalls: When a recall is triggered, this defines the adjusted loan period for the item. For example, "4 days" or "1 week".',
        'coust', 'description'),
    'interval', null)

,( 'circ.holds.recall_threshold', 'recall',
    oils_i18n_gettext('circ.holds.recall_threshold',
        'Circulation duration that triggers a recall.',
        'coust', 'label'),
    oils_i18n_gettext('circ.holds.recall_threshold',
        'Recalls: A hold placed on an item with a circulation duration longer than this will trigger a recall. For example, "14 days" or "3 weeks".',
        'coust', 'description'),
    'interval', null)

,( 'circ.holds.target_holds_by_org_unit_weight', 'holds',
    oils_i18n_gettext('circ.holds.target_holds_by_org_unit_weight',
        'Use weight-based hold targeting',
        'coust', 'label'),
    oils_i18n_gettext('circ.holds.target_holds_by_org_unit_weight',
        'Use library weight based hold targeting',
        'coust', 'description'),
    'bool', null)

,( 'circ.holds.target_skip_me', 'holds',
    oils_i18n_gettext('circ.holds.target_skip_me',
        'Skip For Hold Targeting',
        'coust', 'label'),
    oils_i18n_gettext('circ.holds.target_skip_me',
        'When true, don''t target any copies at this org unit for holds',
        'coust', 'description'),
    'bool', null)

,( 'circ.holds.uncancel.reset_request_time', 'holds',
    oils_i18n_gettext('circ.holds.uncancel.reset_request_time',
        'Reset request time on un-cancel',
        'coust', 'label'),
    oils_i18n_gettext('circ.holds.uncancel.reset_request_time',
        'When a hold is uncanceled, reset the request time to push it to the end of the queue',
        'coust', 'description'),
    'bool', null)

,( 'circ.holds_fifo', 'holds',
    oils_i18n_gettext('circ.holds_fifo',
        'FIFO',
        'coust', 'label'),
    oils_i18n_gettext('circ.holds_fifo',
        'Force holds to a more strict First-In, First-Out capture',
        'coust', 'description'),
    'bool', null)

,( 'circ.item_checkout_history.max', 'gui',
    oils_i18n_gettext('circ.item_checkout_history.max',
        'Maximum previous checkouts displayed',
        'coust', 'label'),
    oils_i18n_gettext('circ.item_checkout_history.max',
        'This is the maximum number of previous circulations the staff client will display when investigating item details',
        'coust', 'description'),
    'integer', null)

,( 'circ.lost.generate_overdue_on_checkin', 'circ',
    oils_i18n_gettext('circ.lost.generate_overdue_on_checkin',
        'Lost Checkin Generates New Overdues',
        'coust', 'label'),
    oils_i18n_gettext('circ.lost.generate_overdue_on_checkin',
        'Enabling this setting causes retroactive creation of not-yet-existing overdue fines on lost item checkin, up to the point of checkin time (or max fines is reached).  This is different than "restore overdue on lost", because it only creates new overdue fines.  Use both settings together to get the full complement of overdue fines for a lost item',
        'coust', 'description'),
    'bool', null)

,( 'circ.lost_immediately_available', 'circ',
    oils_i18n_gettext('circ.lost_immediately_available',
        'Lost items usable on checkin',
        'coust', 'label'),
    oils_i18n_gettext('circ.lost_immediately_available',
        'Lost items are usable on checkin instead of going ''home'' first',
        'coust', 'description'),
    'bool', null)

,( 'circ.lost_materials_processing_fee', 'finance',
    oils_i18n_gettext('circ.lost_materials_processing_fee',
        'Lost Materials Processing Fee',
        'coust', 'label'),
    oils_i18n_gettext('circ.lost_materials_processing_fee',
        'Lost Materials Processing Fee',
        'coust', 'description'),
    'currency', null)

,( 'circ.max_accept_return_of_lost', 'circ',
    oils_i18n_gettext('circ.max_accept_return_of_lost',
        'Void lost max interval',
        'coust', 'label'),
    oils_i18n_gettext('circ.max_accept_return_of_lost',
        'Items that have been lost this long will not result in voided billings when returned.  E.g. ''6 months''',
        'coust', 'description'),
    'interval', null)

,( 'circ.max_fine.cap_at_price', 'circ',
    oils_i18n_gettext('circ.max_fine.cap_at_price',
        'Cap Max Fine at Item Price',
        'coust', 'label'),
    oils_i18n_gettext('circ.max_fine.cap_at_price',
        'This prevents the system from charging more than the item price in overdue fines',
        'coust', 'description'),
    'bool', null)

,( 'circ.max_patron_claim_return_count', 'circ',
    oils_i18n_gettext('circ.max_patron_claim_return_count',
        'Max Patron Claims Returned Count',
        'coust', 'label'),
    oils_i18n_gettext('circ.max_patron_claim_return_count',
        'When this count is exceeded, a staff override is required to mark the item as claims returned',
        'coust', 'description'),
    'integer', null)

,( 'circ.missing_pieces.copy_status', 'circ',
    oils_i18n_gettext('circ.missing_pieces.copy_status',
        'Item Status for Missing Pieces',
        'coust', 'label'),
    oils_i18n_gettext('circ.missing_pieces.copy_status',
        'This is the Item Status to use for items that have been marked or scanned as having Missing Pieces.  In the absence of this setting, the Damaged status is used.',
        'coust', 'description'),
    'link', 'ccs')

,( 'circ.obscure_dob', 'sec',
    oils_i18n_gettext('circ.obscure_dob',
        'Obscure the Date of Birth field',
        'coust', 'label'),
    oils_i18n_gettext('circ.obscure_dob',
        'When true, the Date of Birth column in patron lists will default to Not Visible, and in the Patron Summary sidebar the value will display as <Hidden> unless the field label is clicked.',
        'coust', 'description'),
    'bool', null)

,( 'circ.offline.skip_checkin_if_newer_status_changed_time', 'offline',
    oils_i18n_gettext('circ.offline.skip_checkin_if_newer_status_changed_time',
        'Skip offline checkin if newer item Status Changed Time.',
        'coust', 'label'),
    oils_i18n_gettext('circ.offline.skip_checkin_if_newer_status_changed_time',
        'Skip offline checkin transaction (raise exception when processing) if item Status Changed Time is newer than the recorded transaction time.  WARNING: The Reshelving to Available status rollover will trigger this.',
        'coust', 'description'),
    'bool', null)

,( 'circ.offline.skip_checkout_if_newer_status_changed_time', 'offline',
    oils_i18n_gettext('circ.offline.skip_checkout_if_newer_status_changed_time',
        'Skip offline checkout if newer item Status Changed Time.',
        'coust', 'label'),
    oils_i18n_gettext('circ.offline.skip_checkout_if_newer_status_changed_time',
        'Skip offline checkout transaction (raise exception when processing) if item Status Changed Time is newer than the recorded transaction time.  WARNING: The Reshelving to Available status rollover will trigger this.',
        'coust', 'description'),
    'bool', null)

,( 'circ.offline.skip_renew_if_newer_status_changed_time', 'offline',
    oils_i18n_gettext('circ.offline.skip_renew_if_newer_status_changed_time',
        'Skip offline renewal if newer item Status Changed Time.',
        'coust', 'label'),
    oils_i18n_gettext('circ.offline.skip_renew_if_newer_status_changed_time',
        'Skip offline renewal transaction (raise exception when processing) if item Status Changed Time is newer than the recorded transaction time.  WARNING: The Reshelving to Available status rollover will trigger this.',
        'coust', 'description'),
    'bool', null)

,( 'circ.offline.username_allowed', 'sec',
    oils_i18n_gettext('circ.offline.username_allowed',
        'Offline: Patron Usernames Allowed',
        'coust', 'label'),
    oils_i18n_gettext('circ.offline.username_allowed',
        'During offline circulations, allow patrons to identify themselves with usernames in addition to barcode.  For this setting to work, a barcode format must also be defined',
        'coust', 'description'),
    'bool', null)

,( 'circ.course_materials_opt_in', 'circ',
    oils_i18n_gettext(
        'circ.course_materials_opt_in',
        'Opt Org Unit into the Course Materials Module',
        'coust', 'label'),
    oils_i18n_gettext(
        'circ.course_materials_opt_in',
        'If enabled, the Org Unit will utilize Course Material functionality.',
        'coust', 'description'),
    'bool', null)

,( 'circ.course_materials_browse_by_instructor', 'circ',
    oils_i18n_gettext(
        'circ.course_materials_browse_by_instructor',
        'Allow users to browse Courses by Instructor',
        'coust', 'label'),
    oils_i18n_gettext(
        'circ.course_materials_browse_by_instructor',
        'If enabled, the Org Unit will allow OPAC users to browse Courses by instructor name.',
        'coust', 'description'),
    'bool', null)

,( 'circ.course_materials_brief_record_bib_source', 'circ',
    oils_i18n_gettext(
        'circ.course_materials_brief_record_bib_source',
        'Bib source for brief records created in the course materials module',
        'coust', 'label'),
    oils_i18n_gettext(
        'circ.course_materials_brief_record_bib_source',
        'The course materials module will use this bib source for any new brief bibliographic records made inside that module. For best results, use a transcendant bib source.',
        'coust', 'description'),
    'link', 'cbs')


,( 'circ.password_reset_request_per_user_limit', 'sec',
    oils_i18n_gettext('circ.password_reset_request_per_user_limit',
        'Maximum concurrently active self-serve password reset requests per user',
        'coust', 'label'),
    oils_i18n_gettext('circ.password_reset_request_per_user_limit',
        'When a user has more than this number of concurrently active self-serve password reset requests for their account, prevent the user from creating any new self-serve password reset requests until the number of active requests for the user drops back below this number.',
        'coust', 'description'),
    'string', null)

,( 'circ.password_reset_request_requires_matching_email', 'circ',
    oils_i18n_gettext('circ.password_reset_request_requires_matching_email',
        'Require matching email address for password reset requests',
        'coust', 'label'),
    oils_i18n_gettext('circ.password_reset_request_requires_matching_email',
        'Require matching email address for password reset requests',
        'coust', 'description'),
    'bool', null)

,( 'circ.password_reset_request_throttle', 'sec',
    oils_i18n_gettext('circ.password_reset_request_throttle',
        'Maximum concurrently active self-serve password reset requests',
        'coust', 'label'),
    oils_i18n_gettext('circ.password_reset_request_throttle',
        'Prevent the creation of new self-serve password reset requests until the number of active requests drops back below this number.',
        'coust', 'description'),
    'string', null)

,( 'circ.password_reset_request_time_to_live', 'sec',
    oils_i18n_gettext('circ.password_reset_request_time_to_live',
        'Self-serve password reset request time-to-live',
        'coust', 'label'),
    oils_i18n_gettext('circ.password_reset_request_time_to_live',
        'Length of time (in seconds) a self-serve password reset request should remain active.',
        'coust', 'description'),
    'string', null)

,( 'circ.patron_edit.clone.copy_address', 'circ',
    oils_i18n_gettext('circ.patron_edit.clone.copy_address',
        'Patron Registration: Cloned patrons get address copy',
        'coust', 'label'),
    oils_i18n_gettext('circ.patron_edit.clone.copy_address',
        'In the Patron editor, copy addresses from the cloned user instead of linking directly to the address',
        'coust', 'description'),
    'bool', null)

,( 'circ.patron_invalid_address_apply_penalty', 'circ',
    oils_i18n_gettext('circ.patron_invalid_address_apply_penalty',
        'Invalid patron address penalty',
        'coust', 'label'),
    oils_i18n_gettext('circ.patron_invalid_address_apply_penalty',
        'When set, if a patron address is set to invalid, a penalty is applied.',
        'coust', 'description'),
    'bool', null)

,( 'circ.pre_cat_copy_circ_lib', 'lib',
    oils_i18n_gettext('circ.pre_cat_copy_circ_lib',
        'Pre-cat Item Circ Lib',
        'coust', 'label'),
    oils_i18n_gettext('circ.pre_cat_copy_circ_lib',
        'Override the default circ lib of "here" with a pre-configured circ lib for pre-cat items.  The value should be the "shortname" (aka policy name) of the org unit',
        'coust', 'description'),
    'string', null)

,( 'circ.reshelving_complete.interval', 'lib',
    oils_i18n_gettext('circ.reshelving_complete.interval',
        'Change reshelving status interval',
        'coust', 'label'),
    oils_i18n_gettext('circ.reshelving_complete.interval',
        'Amount of time to wait before changing an item from "reshelving" status to "available".  Examples: "1 day", "6 hours"',
        'coust', 'description'),
    'interval', null)

,( 'circ.restore_overdue_on_lost_return', 'circ',
    oils_i18n_gettext('circ.restore_overdue_on_lost_return',
        'Restore overdues on lost item return',
        'coust', 'label'),
    oils_i18n_gettext('circ.restore_overdue_on_lost_return',
        'Restore overdue fines on lost item return',
        'coust', 'description'),
    'bool', null)

,( 'circ.selfcheck.alert.popup', 'self',
    oils_i18n_gettext('circ.selfcheck.alert.popup',
        'Pop-up alert for errors',
        'coust', 'label'),
    oils_i18n_gettext('circ.selfcheck.alert.popup',
        'If true, checkout/renewal errors will cause a pop-up window in addition to the on-screen message',
        'coust', 'description'),
    'bool', null)

,( 'circ.selfcheck.alert.sound', 'self',
    oils_i18n_gettext('circ.selfcheck.alert.sound',
        'Audio Alerts',
        'coust', 'label'),
    oils_i18n_gettext('circ.selfcheck.alert.sound',
        'Use audio alerts for selfcheck events',
        'coust', 'description'),
    'bool', null)

,( 'circ.selfcheck.auto_override_checkout_events', 'self',
    oils_i18n_gettext('circ.selfcheck.auto_override_checkout_events',
        'Selfcheck override events list',
        'coust', 'label'),
    oils_i18n_gettext('circ.selfcheck.auto_override_checkout_events',
        'List of checkout/renewal events that the selfcheck interface should automatically override instead instead of alerting and stopping the transaction',
        'coust', 'description'),
    'array', null)

,( 'circ.selfcheck.block_checkout_on_copy_status', 'self',
    oils_i18n_gettext('circ.selfcheck.block_checkout_on_copy_status',
        'Block copy checkout status',
        'coust', 'label'),
    oils_i18n_gettext('circ.selfcheck.block_checkout_on_copy_status',
        'List of copy status IDs that will block checkout even if the generic COPY_NOT_AVAILABLE event is overridden',
        'coust', 'description'),
    'array', null)

,( 'circ.selfcheck.patron_login_timeout', 'self',
    oils_i18n_gettext('circ.selfcheck.patron_login_timeout',
        'Patron Login Timeout (in seconds)',
        'coust', 'label'),
    oils_i18n_gettext('circ.selfcheck.patron_login_timeout',
        'Number of seconds of inactivity before the patron is logged out of the selfcheck interface',
        'coust', 'description'),
    'integer', null)

,( 'circ.selfcheck.patron_password_required', 'self',
    oils_i18n_gettext('circ.selfcheck.patron_password_required',
        'Require Patron Password',
        'coust', 'label'),
    oils_i18n_gettext('circ.selfcheck.patron_password_required',
        'Patron must log in with barcode and password at selfcheck station',
        'coust', 'description'),
    'bool', null)

,( 'circ.selfcheck.workstation_required', 'self',
    oils_i18n_gettext('circ.selfcheck.workstation_required',
        'Workstation Required',
        'coust', 'label'),
    oils_i18n_gettext('circ.selfcheck.workstation_required',
        'All selfcheck stations must use a workstation',
        'coust', 'description'),
    'bool', null)

,( 'circ.staff_client.actor_on_checkout', 'circ',
    oils_i18n_gettext('circ.staff_client.actor_on_checkout',
        'Load patron from Checkout',
        'coust', 'label'),
    oils_i18n_gettext('circ.staff_client.actor_on_checkout',
        'When scanning barcodes into Checkout auto-detect if a new patron barcode is scanned and auto-load the new patron.',
        'coust', 'description'),
    'bool', null)

,( 'circ.staff_client.do_not_auto_attempt_print', 'prog',
    oils_i18n_gettext('circ.staff_client.do_not_auto_attempt_print',
        'Disable Automatic Print Attempt Type List',
        'coust', 'label'),
    oils_i18n_gettext('circ.staff_client.do_not_auto_attempt_print',
        'Disable automatic print attempts from staff client interfaces for the receipt types in this list.  Possible values: "Checkout", "Bill Pay", "Hold Slip", "Transit Slip", and "Hold/Transit Slip".  This is different from the Auto-Print checkbox in the pertinent interfaces in that it disables automatic print attempts altogether, rather than encouraging silent printing by suppressing the print dialog.  The Auto-Print checkbox in these interfaces have no effect on the behavior for this setting.  In the case of the Hold, Transit, and Hold/Transit slips, this also suppresses the alert dialogs that precede the print dialog (the ones that offer Print and Do Not Print as options).',
        'coust', 'description'),
    'array', null)

,( 'circ.staff_client.receipt.alert_text', 'receipt_template',
    oils_i18n_gettext('circ.staff_client.receipt.alert_text',
        'Content of alert_text include',
        'coust', 'label'),
    oils_i18n_gettext('circ.staff_client.receipt.alert_text',
        'Text to be inserted into Print Templates in place of {{includes.alert_text}}',
        'coust', 'description'),
    'string', null)

,( 'circ.staff_client.receipt.event_text', 'receipt_template',
    oils_i18n_gettext('circ.staff_client.receipt.event_text',
        'Content of event_text include',
        'coust', 'label'),
    oils_i18n_gettext('circ.staff_client.receipt.event_text',
        'Text to be inserted into Print Templates in place of {{includes.event_text}}',
        'coust', 'description'),
    'string', null)

,( 'circ.staff_client.receipt.footer_text', 'receipt_template',
    oils_i18n_gettext('circ.staff_client.receipt.footer_text',
        'Content of footer_text include',
        'coust', 'label'),
    oils_i18n_gettext('circ.staff_client.receipt.footer_text',
        'Text to be inserted into Print Templates in place of {{includes.footer_text}}',
        'coust', 'description'),
    'string', null)

,( 'circ.staff_client.receipt.header_text', 'receipt_template',
    oils_i18n_gettext('circ.staff_client.receipt.header_text',
        'Content of header_text include',
        'coust', 'label'),
    oils_i18n_gettext('circ.staff_client.receipt.header_text',
        'Text to be inserted into Print Templates in place of {{includes.header_text}}',
        'coust', 'description'),
    'string', null)

,( 'circ.staff_client.receipt.notice_text', 'receipt_template',
    oils_i18n_gettext('circ.staff_client.receipt.notice_text',
        'Content of notice_text include',
        'coust', 'label'),
    oils_i18n_gettext('circ.staff_client.receipt.notice_text',
        'Text to be inserted into Print Templates in place of {{includes.notice_text}}',
        'coust', 'description'),
    'string', null)

,( 'circ.transit.min_checkin_interval', 'circ',
    oils_i18n_gettext('circ.transit.min_checkin_interval',
        'Minimum Transit Checkin Interval',
        'coust', 'label'),
    oils_i18n_gettext('circ.transit.min_checkin_interval',
        'In-Transit items checked in this close to the transit start time will be prevented from checking in',
        'coust', 'description'),
    'interval', null)

,( 'circ.transit.suppress_hold', 'circ',
    oils_i18n_gettext('circ.transit.suppress_hold',
        'Suppress Hold Transits Group',
        'coust', 'label'),
    oils_i18n_gettext('circ.transit.suppress_hold',
        'If set to a non-empty value, Hold Transits will be suppressed between this OU and others with the same value. If set to an empty value, transits will not be suppressed.',
        'coust', 'description'),
    'string', null)

,( 'circ.transit.suppress_non_hold', 'circ',
    oils_i18n_gettext('circ.transit.suppress_non_hold',
        'Suppress Non-Hold Transits Group',
        'coust', 'label'),
    oils_i18n_gettext('circ.transit.suppress_non_hold',
        'If set to a non-empty value, Non-Hold Transits will be suppressed between this OU and others with the same value. If set to an empty value, transits will not be suppressed.',
        'coust', 'description'),
    'string', null)

,( 'circ.user_merge.deactivate_cards', 'circ',
    oils_i18n_gettext('circ.user_merge.deactivate_cards',
        'Patron Merge Deactivate Card',
        'coust', 'label'),
    oils_i18n_gettext('circ.user_merge.deactivate_cards',
        'Mark barcode(s) of subordinate user(s) in a patron merge as inactive',
        'coust', 'description'),
    'bool', null)

,( 'circ.user_merge.delete_addresses', 'circ',
    oils_i18n_gettext('circ.user_merge.delete_addresses',
        'Patron Merge Address Delete',
        'coust', 'label'),
    oils_i18n_gettext('circ.user_merge.delete_addresses',
        'Delete address(es) of subordinate user(s) in a patron merge',
        'coust', 'description'),
    'bool', null)

,( 'circ.user_merge.delete_cards', 'circ',
    oils_i18n_gettext('circ.user_merge.delete_cards',
        'Patron Merge Barcode Delete',
        'coust', 'label'),
    oils_i18n_gettext('circ.user_merge.delete_cards',
        'Delete barcode(s) of subordinate user(s) in a patron merge',
        'coust', 'description'),
    'bool', null)

,( 'circ.void_lost_on_checkin', 'circ',
    oils_i18n_gettext('circ.void_lost_on_checkin',
        'Void lost item billing when returned',
        'coust', 'label'),
    oils_i18n_gettext('circ.void_lost_on_checkin',
        'Void lost item billing when returned',
        'coust', 'description'),
    'bool', null)

,( 'circ.void_lost_proc_fee_on_checkin', 'circ',
    oils_i18n_gettext('circ.void_lost_proc_fee_on_checkin',
        'Void processing fee on lost item return',
        'coust', 'label'),
    oils_i18n_gettext('circ.void_lost_proc_fee_on_checkin',
        'Void processing fee when lost item returned',
        'coust', 'description'),
    'bool', null)

,( 'circ.void_overdue_on_lost', 'finance',
    oils_i18n_gettext('circ.void_overdue_on_lost',
        'Void overdue fines when items are marked lost',
        'coust', 'label'),
    oils_i18n_gettext('circ.void_overdue_on_lost',
        'Void overdue fines when items are marked lost',
        'coust', 'description'),
    'bool', null)

,( 'credit.payments.allow', 'finance',
    oils_i18n_gettext('credit.payments.allow',
        'Allow Credit Card Payments',
        'coust', 'label'),
    oils_i18n_gettext('credit.payments.allow',
        'If enabled, patrons will be able to pay fines accrued at this location via credit card',
        'coust', 'description'),
    'bool', null)

,( 'credit.processor.authorizenet.enabled', 'credit',
    oils_i18n_gettext('credit.processor.authorizenet.enabled',
        'Enable AuthorizeNet payments',
        'coust', 'label'),
    oils_i18n_gettext('credit.processor.authorizenet.enabled',
        'Enable AuthorizeNet payments',
        'coust', 'description'),
    'bool', null)

,( 'credit.processor.authorizenet.login', 'credit',
    oils_i18n_gettext('credit.processor.authorizenet.login',
        'AuthorizeNet login',
        'coust', 'label'),
    oils_i18n_gettext('credit.processor.authorizenet.login',
        'AuthorizeNet login',
        'coust', 'description'),
    'string', null)

,( 'credit.processor.authorizenet.password', 'credit',
    oils_i18n_gettext('credit.processor.authorizenet.password',
        'AuthorizeNet password',
        'coust', 'label'),
    oils_i18n_gettext('credit.processor.authorizenet.password',
        'AuthorizeNet password',
        'coust', 'description'),
    'string', null)

,( 'credit.processor.authorizenet.server', 'credit',
    oils_i18n_gettext('credit.processor.authorizenet.server',
        'AuthorizeNet server',
        'coust', 'label'),
    oils_i18n_gettext('credit.processor.authorizenet.server',
        'Required if using a developer/test account with AuthorizeNet',
        'coust', 'description'),
    'string', null)

,( 'credit.processor.authorizenet.testmode', 'credit',
    oils_i18n_gettext('credit.processor.authorizenet.testmode',
        'AuthorizeNet test mode',
        'coust', 'label'),
    oils_i18n_gettext('credit.processor.authorizenet.testmode',
        'AuthorizeNet test mode',
        'coust', 'description'),
    'bool', null)

,( 'credit.processor.default', 'credit',
    oils_i18n_gettext('credit.processor.default',
        'Name default credit processor',
        'coust', 'label'),
    oils_i18n_gettext('credit.processor.default',
        'This might be "AuthorizeNet", "PayPal", "PayflowPro", or "Stripe".',
        'coust', 'description'),
    'string', null)

,( 'credit.processor.payflowpro.enabled', 'credit',
    oils_i18n_gettext('credit.processor.payflowpro.enabled',
        'Enable PayflowPro payments',
        'coust', 'label'),
    oils_i18n_gettext('credit.processor.payflowpro.enabled',
        'This is NOT the same thing as the settings labeled with just "PayPal."',
        'coust', 'description'),
    'bool', null)

,( 'credit.processor.payflowpro.login', 'credit',
    oils_i18n_gettext('credit.processor.payflowpro.login',
        'PayflowPro login/merchant ID',
        'coust', 'label'),
    oils_i18n_gettext('credit.processor.payflowpro.login',
        'Often the same thing as the PayPal manager login',
        'coust', 'description'),
    'string', null)

,( 'credit.processor.payflowpro.partner', 'credit',
    oils_i18n_gettext('credit.processor.payflowpro.partner',
        'PayflowPro partner',
        'coust', 'label'),
    oils_i18n_gettext('credit.processor.payflowpro.partner',
        'Often "PayPal" or "VeriSign", sometimes others',
        'coust', 'description'),
    'string', null)

,( 'credit.processor.payflowpro.password', 'credit',
    oils_i18n_gettext('credit.processor.payflowpro.password',
        'PayflowPro password',
        'coust', 'label'),
    oils_i18n_gettext('credit.processor.payflowpro.password',
        'PayflowPro password',
        'coust', 'description'),
    'string', null)

,( 'credit.processor.payflowpro.testmode', 'credit',
    oils_i18n_gettext('credit.processor.payflowpro.testmode',
        'PayflowPro test mode',
        'coust', 'label'),
    oils_i18n_gettext('credit.processor.payflowpro.testmode',
        'Do not really process transactions, but stay in test mode - uses pilot-payflowpro.paypal.com instead of the usual host',
        'coust', 'description'),
    'bool', null)

,( 'credit.processor.payflowpro.vendor', 'credit',
    oils_i18n_gettext('credit.processor.payflowpro.vendor',
        'PayflowPro vendor',
        'coust', 'label'),
    oils_i18n_gettext('credit.processor.payflowpro.vendor',
        'Often the same thing as the login',
        'coust', 'description'),
    'string', null)

,( 'credit.processor.paypal.enabled', 'credit',
    oils_i18n_gettext('credit.processor.paypal.enabled',
        'Enable PayPal payments',
        'coust', 'label'),
    oils_i18n_gettext('credit.processor.paypal.enabled',
        'Enable PayPal payments',
        'coust', 'description'),
    'bool', null)

,( 'credit.processor.paypal.login', 'credit',
    oils_i18n_gettext('credit.processor.paypal.login',
        'PayPal login',
        'coust', 'label'),
    oils_i18n_gettext('credit.processor.paypal.login',
        'PayPal login',
        'coust', 'description'),
    'string', null)

,( 'credit.processor.paypal.password', 'credit',
    oils_i18n_gettext('credit.processor.paypal.password',
        'PayPal password',
        'coust', 'label'),
    oils_i18n_gettext('credit.processor.paypal.password',
        'PayPal password',
        'coust', 'description'),
    'string', null)

,( 'credit.processor.paypal.signature', 'credit',
    oils_i18n_gettext('credit.processor.paypal.signature',
        'PayPal signature',
        'coust', 'label'),
    oils_i18n_gettext('credit.processor.paypal.signature',
        'PayPal signature',
        'coust', 'description'),
    'string', null)

,( 'credit.processor.paypal.testmode', 'credit',
    oils_i18n_gettext('credit.processor.paypal.testmode',
        'PayPal test mode',
        'coust', 'label'),
    oils_i18n_gettext('credit.processor.paypal.testmode',
        'PayPal test mode',
        'coust', 'description'),
    'bool', null)

,( 'credit.processor.stripe.enabled', 'credit',
    oils_i18n_gettext('credit.processor.stripe.enabled',
        'Enable Stripe payments',
        'coust', 'label'),
    oils_i18n_gettext('credit.processor.stripe.enabled',
        'Enable Stripe payments',
        'coust', 'description'),
    'bool', null)

,( 'credit.processor.stripe.pubkey', 'credit',
    oils_i18n_gettext('credit.processor.stripe.pubkey',
        'Stripe publishable key',
        'coust', 'label'),
    oils_i18n_gettext('credit.processor.stripe.pubkey',
        'Stripe publishable key',
        'coust', 'description'),
    'string', null)

,( 'credit.processor.stripe.secretkey', 'credit',
    oils_i18n_gettext('credit.processor.stripe.secretkey',
        'Stripe secret key',
        'coust', 'label'),
    oils_i18n_gettext('credit.processor.stripe.secretkey',
        'Stripe secret key',
        'coust', 'description'),
    'string', null)

,( 'format.date', 'gui',
    oils_i18n_gettext('format.date',
        'Format Dates with this pattern.',
        'coust', 'label'),
    oils_i18n_gettext('format.date',
        'Format Dates with this pattern (examples: "yyyy-MM-dd" for "2010-04-26", "MMM d, yyyy" for "Apr 26, 2010")',
        'coust', 'description'),
    'string', null)

,( 'format.time', 'gui',
    oils_i18n_gettext('format.time',
        'Format Times with this pattern.',
        'coust', 'label'),
    oils_i18n_gettext('format.time',
        'Format Times with this pattern (examples: "h:m:s.SSS a z" for "2:07:20.666 PM Eastern Daylight Time", "HH:mm" for "14:07")',
        'coust', 'description'),
    'string', null)

,( 'global.default_locale', 'glob',
    oils_i18n_gettext('global.default_locale',
        'Global Default Locale',
        'coust', 'label'),
    oils_i18n_gettext('global.default_locale',
        'Global Default Locale',
        'coust', 'description'),
    'string', null)

,( 'global.juvenile_age_threshold', 'lib',
    oils_i18n_gettext('global.juvenile_age_threshold',
        'Juvenile Age Threshold',
        'coust', 'label'),
    oils_i18n_gettext('global.juvenile_age_threshold',
        'The age at which a user is no long considered a juvenile.  For example, "18 years".',
        'coust', 'description'),
    'interval', null)

,( 'global.password_regex', 'glob',
    oils_i18n_gettext('global.password_regex',
        'Password format',
        'coust', 'label'),
    oils_i18n_gettext('global.password_regex',
        'Regular expression defining the password format.  Note: Be sure to update the update_password_msg.tt2 TPAC template with a user-friendly description of your password strength requirements.',
        'coust', 'description'),
    'string', null)

,( 'gui.disable_local_save_columns', 'gui',
    oils_i18n_gettext('gui.disable_local_save_columns',
        'Disable the ability to save list column configurations locally.',
        'coust', 'label'),
    oils_i18n_gettext('gui.disable_local_save_columns',
        'Disable the ability to save list column configurations locally.  If set, columns may still be manipulated, however, the changes do not persist.  Also, existing local configurations are ignored if this setting is true.',
        'coust', 'description'),
    'bool', null)

,( 'lib.courier_code', 'lib',
    oils_i18n_gettext('lib.courier_code',
        'Courier Code',
        'coust', 'label'),
    oils_i18n_gettext('lib.courier_code',
        'Courier Code for the library.  Available in transit slip templates as the %courier_code% macro.',
        'coust', 'description'),
    'string', null)

,( 'lib.info_url', 'lib',
    oils_i18n_gettext('lib.info_url',
        'Library information URL (such as "http://example.com/about.html")',
        'coust', 'label'),
    oils_i18n_gettext('lib.info_url',
        'URL for information on this library, such as contact information, hours of operation, and directions. Use a complete URL, such as "http://example.com/hours.html".',
        'coust', 'description'),
    'string', null)

,( 'lib.prefer_external_url', 'lib',
    oils_i18n_gettext('lib.prefer_external_url',
        'Use external "library information URL" in copy table, if available',
        'coust', 'label'),
    oils_i18n_gettext('lib.prefer_external_url',
        'If set to true, the library name in the copy details section will link to the URL associated with the "Library information URL" library setting rather than the library information page generated by Evergreen.',
        'coust', 'description'),
    'bool', null)

,( 'notice.telephony.callfile_lines', 'lib',
    oils_i18n_gettext('notice.telephony.callfile_lines',
        'Telephony: Arbitrary line(s) to include in each notice callfile',
        'coust', 'label'),
    oils_i18n_gettext('notice.telephony.callfile_lines',
        '
        This overrides lines from opensrf.xml.
        Line(s) must be valid for your target server and platform
        (e.g. Asterisk 1.4).
        ',
        'coust', 'description'),
    'string', null)

,( 'opac.allow_pending_address', 'opac',
    oils_i18n_gettext('opac.allow_pending_address',
        'Allow pending addresses',
        'coust', 'label'),
    oils_i18n_gettext('opac.allow_pending_address',
        'If enabled, patrons can create and edit existing addresses.  Addresses are kept in a pending state until staff approves the changes',
        'coust', 'description'),
    'bool', null)

,( 'opac.show_owning_lib_column', 'opac',
    oils_i18n_gettext('opac.show_owning_lib_column',
        'Show "Owning Lib" column in Items Out',
        'coust', 'label'),
    oils_i18n_gettext('opac.show_owning_lib_column',
        'If enabled, an addition column, Owning Lib, will be shown in the Items Out display. This may assist in requesting additional renewals',
        'coust', 'description'),
    'bool', null)

,( 'opac.barcode_regex', 'glob',
    oils_i18n_gettext('opac.barcode_regex',
        'Patron barcode format',
        'coust', 'label'),
    oils_i18n_gettext('opac.barcode_regex',
        'Regular expression defining the patron barcode format',
        'coust', 'description'),
    'string', null)

,( 'opac.fully_compressed_serial_holdings', 'opac',
    oils_i18n_gettext('opac.fully_compressed_serial_holdings',
        'Use fully compressed serial holdings',
        'coust', 'label'),
    oils_i18n_gettext('opac.fully_compressed_serial_holdings',
        'Show fully compressed serial holdings for all libraries at and below the current context unit',
        'coust', 'description'),
    'bool', null)

,( 'opac.lock_usernames', 'glob',
    oils_i18n_gettext('opac.lock_usernames',
        'Lock Usernames',
        'coust', 'label'),
    oils_i18n_gettext('opac.lock_usernames',
        'If enabled username changing via the OPAC will be disabled',
        'coust', 'description'),
    'bool', null)

,( 'opac.org_unit_hiding.depth', 'opac',
    oils_i18n_gettext('opac.org_unit_hiding.depth',
        'Org Unit Hiding Depth',
        'coust', 'label'),
    oils_i18n_gettext('opac.org_unit_hiding.depth',
        'This will hide certain org units in the public OPAC if the Physical Location (url param "physical_loc") for the OPAC inherits this setting.  This setting specifies an org unit depth, that together with the OPAC Physical Location determines which section of the Org Hierarchy should be visible in the OPAC.  For example, a stock Evergreen installation will have a 3-tier hierarchy (Consortium/System/Branch), where System has a depth of 1 and Branch has a depth of 2.  If this setting contains a depth of 1 in such an installation, then every library in the System in which the Physical Location belongs will be visible, and everything else will be hidden.  A depth of 0 will effectively make every org visible.  The embedded OPAC in the staff client ignores this setting.',
        'coust', 'description'),
    'integer', null)

,( 'opac.patron.custom_css', 'opac',
    oils_i18n_gettext('opac.patron.custom_css',
        'Custom CSS for the OPAC',
        'coust', 'label'),
    oils_i18n_gettext('opac.patron.custom_css',
        'Custom CSS for the OPAC',
        'coust', 'description'),
    'string', NULL)

,( 'opac.payment_history_age_limit', 'opac',
    oils_i18n_gettext('opac.payment_history_age_limit',
        'Payment History Age Limit',
        'coust', 'label'),
    oils_i18n_gettext('opac.payment_history_age_limit',
        'The OPAC should not display payments by patrons that are older than any interval defined here.',
        'coust', 'description'),
    'interval', null)

,( 'opac.unlimit_usernames', 'glob',
    oils_i18n_gettext('opac.unlimit_usernames',
        'Allow multiple username changes',
        'coust', 'label'),
    oils_i18n_gettext('opac.unlimit_usernames',
        'If enabled (and Lock Usernames is not set) patrons will be allowed to change their username when it does not look like a barcode. Otherwise username changing in the OPAC will only be allowed when the patron''s username looks like a barcode.',
        'coust', 'description'),
    'bool', null)

,( 'opac.username_regex', 'glob',
    oils_i18n_gettext('opac.username_regex',
        'Patron username format',
        'coust', 'label'),
    oils_i18n_gettext('opac.username_regex',
        'Regular expression defining the patron username format, used for patron registration and self-service username changing only',
        'coust', 'description'),
    'string', null)

,( 'org.bounced_emails', 'prog',
    oils_i18n_gettext('org.bounced_emails',
        'Sending email address for patron notices',
        'coust', 'label'),
    oils_i18n_gettext('org.bounced_emails',
        'Sending email address for patron notices',
        'coust', 'description'),
    'string', null)

,( 'org.patron_opt_boundary', 'sec',
    oils_i18n_gettext('org.patron_opt_boundary',
        'Patron Opt-In Boundary',
        'coust', 'label'),
    oils_i18n_gettext('org.patron_opt_boundary',
        'This determines at which depth above which patrons must be opted in, and below which patrons will be assumed to be opted in.',
        'coust', 'description'),
    'integer', null)

,( 'org.patron_opt_default', 'sec',
    oils_i18n_gettext('org.patron_opt_default',
        'Patron Opt-In Default',
        'coust', 'label'),
    oils_i18n_gettext('org.patron_opt_default',
        'This is the default depth at which a patron is opted in; it is calculated as an org unit relative to the current workstation.',
        'coust', 'description'),
    'integer', null)

,( 'patron.password.use_phone', 'sec',
    oils_i18n_gettext('patron.password.use_phone',
        'Patron: password from phone #',
        'coust', 'label'),
    oils_i18n_gettext('patron.password.use_phone',
        'By default, use the last 4 alphanumeric characters of the patrons phone number as the default password when creating new users.  The exact characters used may be configured via the "GUI: Regex for day_phone field on patron registration" setting.',
        'coust', 'description'),
    'bool', null)

,( 'print.custom_js_file', 'circ',
    oils_i18n_gettext('print.custom_js_file',
        'Printing: Custom Javascript File',
        'coust', 'label'),
    oils_i18n_gettext('print.custom_js_file',
        'Full URL path to a Javascript File to be loaded when printing. Should'
        || ' implement a print_custom function for DOM manipulation. Can change'
        || ' the value of the do_print variable to false to cancel printing.',
        'coust', 'description'),
    'string', null)

,( 'serial.prev_issuance_copy_location', 'serial',
    oils_i18n_gettext('serial.prev_issuance_copy_location',
        'Previous Issuance Copy Location',
        'coust', 'label'),
    oils_i18n_gettext('serial.prev_issuance_copy_location',
        'When a serial issuance is received, copies (units) of the previous issuance will be automatically moved into the configured shelving location',
        'coust', 'description'),
    'link', 'acpl')

,( 'ui.admin.patron_log.max_entries', 'gui',
    oils_i18n_gettext('ui.admin.patron_log.max_entries',
        'Work Log: Maximum Patrons Logged',
        'coust', 'label'),
    oils_i18n_gettext('ui.admin.patron_log.max_entries',
        'Maximum entries for "Most Recently Affected Patrons..." section of the Work Log interface.',
        'coust', 'description'),
    'interval', null)

,( 'ui.admin.work_log.max_entries', 'gui',
    oils_i18n_gettext('ui.admin.work_log.max_entries',
        'Work Log: Maximum Actions Logged',
        'coust', 'label'),
    oils_i18n_gettext('ui.admin.work_log.max_entries',
        'Maximum entries for "Most Recent Staff Actions" section of the Work Log interface.',
        'coust', 'description'),
    'interval', null)

,( 'ui.cat.volume_copy_editor.horizontal', 'gui',
    oils_i18n_gettext('ui.cat.volume_copy_editor.horizontal',
        'Horizontal layout for Volume/Copy Creator/Editor.',
        'coust', 'label'),
    oils_i18n_gettext('ui.cat.volume_copy_editor.horizontal',
        'The main entry point for this interface is in Holdings Maintenance, Actions for Selected Rows, Edit Item Attributes / Call Numbers / Replace Barcodes.  This setting changes the top and bottom panes for that interface into left and right panes.',
        'coust', 'description'),
    'bool', null)

,( 'ui.circ.billing.uncheck_bills_and_unfocus_payment_box', 'gui',
    oils_i18n_gettext('ui.circ.billing.uncheck_bills_and_unfocus_payment_box',
        'Uncheck bills by default in the patron billing interface',
        'coust', 'label'),
    oils_i18n_gettext('ui.circ.billing.uncheck_bills_and_unfocus_payment_box',
        'Uncheck bills by default in the patron billing interface, and focus on the Uncheck All button instead of the Payment Received field.',
        'coust', 'description'),
    'bool', null)

,( 'ui.circ.in_house_use.entry_cap', 'gui',
    oils_i18n_gettext('ui.circ.in_house_use.entry_cap',
        'Record In-House Use: Maximum # of uses allowed per entry.',
        'coust', 'label'),
    oils_i18n_gettext('ui.circ.in_house_use.entry_cap',
        'The # of uses entry in the Record In-House Use interface may not exceed the value of this setting.',
        'coust', 'description'),
    'integer', null)

,( 'ui.circ.in_house_use.entry_warn', 'gui',
    oils_i18n_gettext('ui.circ.in_house_use.entry_warn',
        'Record In-House Use: # of uses threshold for Are You Sure? dialog.',
        'coust', 'label'),
    oils_i18n_gettext('ui.circ.in_house_use.entry_warn',
        'In the Record In-House Use interface, a submission attempt will warn if the # of uses field exceeds the value of this setting.',
        'coust', 'description'),
    'integer', null)

,( 'ui.circ.patron_summary.horizontal', 'gui',
    oils_i18n_gettext('ui.circ.patron_summary.horizontal',
        'Patron circulation summary is horizontal',
        'coust', 'label'),
    oils_i18n_gettext('ui.circ.patron_summary.horizontal',
        'Patron circulation summary is horizontal',
        'coust', 'description'),
    'bool', null)

,( 'ui.circ.show_billing_tab_on_bills', 'gui',
    oils_i18n_gettext('ui.circ.show_billing_tab_on_bills',
        'Show billing tab first when bills are present',
        'coust', 'label'),
    oils_i18n_gettext('ui.circ.show_billing_tab_on_bills',
        'If enabled and a patron has outstanding bills and the alert page is not required, show the billing tab by default, instead of the checkout tab, when a patron is loaded',
        'coust', 'description'),
    'bool', null)

,( 'ui.circ.suppress_checkin_popups', 'circ',
    oils_i18n_gettext('ui.circ.suppress_checkin_popups',
        'Suppress popup-dialogs during check-in.',
        'coust', 'label'),
    oils_i18n_gettext('ui.circ.suppress_checkin_popups',
        'Suppress popup-dialogs during check-in.',
        'coust', 'description'),
    'bool', null)

,( 'ui.general.button_bar', 'gui',
    oils_i18n_gettext('ui.general.button_bar',
        'Button bar',
        'coust', 'label'),
    oils_i18n_gettext('ui.general.button_bar',
        'Set to "circ" or "cat" for stock circulator or cataloger toolbar, respectively.',
        'coust', 'description'),
    'string', null)

,( 'ui.general.hotkeyset', 'gui',
    oils_i18n_gettext('ui.general.hotkeyset',
        'Default Hotkeyset',
        'coust', 'label'),
    oils_i18n_gettext('ui.general.hotkeyset',
        'Default Hotkeyset for clients (filename without the .keyset).  Examples: Default, Minimal, and None',
        'coust', 'description'),
    'string', null)

,( 'ui.general.idle_timeout', 'gui',
    oils_i18n_gettext('ui.general.idle_timeout',
        'Idle timeout',
        'coust', 'label'),
    oils_i18n_gettext('ui.general.idle_timeout',
        'If you want staff client windows to be minimized after a certain amount of system idle time, set this to the number of seconds of idle time that you want to allow before minimizing (requires staff client restart).',
        'coust', 'description'),
    'integer', null)

,( 'ui.patron.default_country', 'gui',
    oils_i18n_gettext('ui.patron.default_country',
        'Default Country for New Addresses in Patron Editor',
        'coust', 'label'),
    oils_i18n_gettext('ui.patron.default_country',
        'This is the default Country for new addresses in the patron editor.',
        'coust', 'description'),
    'string', null)

,( 'ui.patron.default_ident_type', 'gui',
    oils_i18n_gettext('ui.patron.default_ident_type',
        'Default Ident Type for Patron Registration',
        'coust', 'label'),
    oils_i18n_gettext('ui.patron.default_ident_type',
        'This is the default Ident Type for new users in the patron editor.',
        'coust', 'description'),
    'link', 'cit')

,( 'ui.patron.default_inet_access_level', 'sec',
    oils_i18n_gettext('ui.patron.default_inet_access_level',
        'Default level of patrons'' internet access',
        'coust', 'label'),
    oils_i18n_gettext('ui.patron.default_inet_access_level',
        'Default level of patrons'' internet access',
        'coust', 'description'),
    'integer', null)

,( 'ui.patron.edit.au.active.show', 'gui',
    oils_i18n_gettext('ui.patron.edit.au.active.show',
        'Show active field on patron registration',
        'coust', 'label'),
    oils_i18n_gettext('ui.patron.edit.au.active.show',
        'The active field will be shown on the patron registration screen. Showing a field makes it appear with required fields even when not required. If the field is required this setting is ignored.',
        'coust', 'description'),
    'bool', null)

,( 'ui.patron.edit.au.active.suggest', 'gui',
    oils_i18n_gettext('ui.patron.edit.au.active.suggest',
        'Suggest active field on patron registration',
        'coust', 'label'),
    oils_i18n_gettext('ui.patron.edit.au.active.suggest',
        'The active field will be suggested on the patron registration screen. Suggesting a field makes it appear when suggested fields are shown. If the field is shown or required this setting is ignored.',
        'coust', 'description'),
    'bool', null)

,( 'ui.patron.edit.au.alert_message.show', 'gui',
    oils_i18n_gettext('ui.patron.edit.au.alert_message.show',
        'Show alert_message field on patron registration',
        'coust', 'label'),
    oils_i18n_gettext('ui.patron.edit.au.alert_message.show',
        'The alert_message field will be shown on the patron registration screen. Showing a field makes it appear with required fields even when not required. If the field is required this setting is ignored.',
        'coust', 'description'),
    'bool', null)

,( 'ui.patron.edit.au.alert_message.suggest', 'gui',
    oils_i18n_gettext('ui.patron.edit.au.alert_message.suggest',
        'Suggest alert_message field on patron registration',
        'coust', 'label'),
    oils_i18n_gettext('ui.patron.edit.au.alert_message.suggest',
        'The alert_message field will be suggested on the patron registration screen. Suggesting a field makes it appear when suggested fields are shown. If the field is shown or required this setting is ignored.',
        'coust', 'description'),
    'bool', null)

,( 'ui.patron.edit.au.alias.show', 'gui',
    oils_i18n_gettext('ui.patron.edit.au.alias.show',
        'Show alias field on patron registration',
        'coust', 'label'),
    oils_i18n_gettext('ui.patron.edit.au.alias.show',
        'The alias field will be shown on the patron registration screen. Showing a field makes it appear with required fields even when not required. If the field is required this setting is ignored.',
        'coust', 'description'),
    'bool', null)

,( 'ui.patron.edit.au.alias.suggest', 'gui',
    oils_i18n_gettext('ui.patron.edit.au.alias.suggest',
        'Suggest alias field on patron registration',
        'coust', 'label'),
    oils_i18n_gettext('ui.patron.edit.au.alias.suggest',
        'The alias field will be suggested on the patron registration screen. Suggesting a field makes it appear when suggested fields are shown. If the field is shown or required this setting is ignored.',
        'coust', 'description'),
    'bool', null)

,( 'ui.patron.edit.au.barred.show', 'gui',
    oils_i18n_gettext('ui.patron.edit.au.barred.show',
        'Show barred field on patron registration',
        'coust', 'label'),
    oils_i18n_gettext('ui.patron.edit.au.barred.show',
        'The barred field will be shown on the patron registration screen. Showing a field makes it appear with required fields even when not required. If the field is required this setting is ignored.',
        'coust', 'description'),
    'bool', null)

,( 'ui.patron.edit.au.barred.suggest', 'gui',
    oils_i18n_gettext('ui.patron.edit.au.barred.suggest',
        'Suggest barred field on patron registration',
        'coust', 'label'),
    oils_i18n_gettext('ui.patron.edit.au.barred.suggest',
        'The barred field will be suggested on the patron registration screen. Suggesting a field makes it appear when suggested fields are shown. If the field is shown or required this setting is ignored.',
        'coust', 'description'),
    'bool', null)

,( 'ui.patron.edit.au.claims_never_checked_out_count.show', 'gui',
    oils_i18n_gettext('ui.patron.edit.au.claims_never_checked_out_count.show',
        'Show claims_never_checked_out_count field on patron registration',
        'coust', 'label'),
    oils_i18n_gettext('ui.patron.edit.au.claims_never_checked_out_count.show',
        'The claims_never_checked_out_count field will be shown on the patron registration screen. Showing a field makes it appear with required fields even when not required. If the field is required this setting is ignored.',
        'coust', 'description'),
    'bool', null)

,( 'ui.patron.edit.au.claims_never_checked_out_count.suggest', 'gui',
    oils_i18n_gettext('ui.patron.edit.au.claims_never_checked_out_count.suggest',
        'Suggest claims_never_checked_out_count field on patron registration',
        'coust', 'label'),
    oils_i18n_gettext('ui.patron.edit.au.claims_never_checked_out_count.suggest',
        'The claims_never_checked_out_count field will be suggested on the patron registration screen. Suggesting a field makes it appear when suggested fields are shown. If the field is shown or required this setting is ignored.',
        'coust', 'description'),
    'bool', null)

,( 'ui.patron.edit.au.claims_returned_count.show', 'gui',
    oils_i18n_gettext('ui.patron.edit.au.claims_returned_count.show',
        'Show claims_returned_count field on patron registration',
        'coust', 'label'),
    oils_i18n_gettext('ui.patron.edit.au.claims_returned_count.show',
        'The claims_returned_count field will be shown on the patron registration screen. Showing a field makes it appear with required fields even when not required. If the field is required this setting is ignored.',
        'coust', 'description'),
    'bool', null)

,( 'ui.patron.edit.au.claims_returned_count.suggest', 'gui',
    oils_i18n_gettext('ui.patron.edit.au.claims_returned_count.suggest',
        'Suggest claims_returned_count field on patron registration',
        'coust', 'label'),
    oils_i18n_gettext('ui.patron.edit.au.claims_returned_count.suggest',
        'The claims_returned_count field will be suggested on the patron registration screen. Suggesting a field makes it appear when suggested fields are shown. If the field is shown or required this setting is ignored.',
        'coust', 'description'),
    'bool', null)

,( 'ui.patron.edit.ac.barcode.regex', 'gui',
    oils_i18n_gettext('ui.patron.edit.ac.barcode.regex',
        'Regex for barcodes on patron registration',
        'coust', 'label'),
    oils_i18n_gettext('ui.patron.edit.ac.barcode.regex',
        'The Regular Expression for validation on barcodes in patron registration.',
        'coust', 'description'),
    'string', null)

,( 'ui.patron.edit.au.day_phone.example', 'gui',
    oils_i18n_gettext('ui.patron.edit.au.day_phone.example',
        'Example for day_phone field on patron registration',
        'coust', 'label'),
    oils_i18n_gettext('ui.patron.edit.au.day_phone.example',
        'The Example for validation on the day_phone field in patron registration.',
        'coust', 'description'),
    'string', null)

,( 'ui.patron.edit.au.day_phone.regex', 'gui',
    oils_i18n_gettext('ui.patron.edit.au.day_phone.regex',
        'Regex for day_phone field on patron registration',
        'coust', 'label'),
    oils_i18n_gettext('ui.patron.edit.au.day_phone.regex',
        E'The Regular Expression for validation on the day_phone field in patron registration. Note: The first capture group will be used for the "last 4 digits of phone number" feature, if enabled. Ex: "[2-9]\\d{2}-\\d{3}-(\\d{4})( x\\d+)?" will ignore the extension on a NANP number.',
        'coust', 'description'),
    'string', null)

,( 'ui.patron.edit.au.day_phone.require', 'gui',
    oils_i18n_gettext('ui.patron.edit.au.day_phone.require',
        'Require day_phone field on patron registration',
        'coust', 'label'),
    oils_i18n_gettext('ui.patron.edit.au.day_phone.require',
        'The day_phone field will be required on the patron registration screen.',
        'coust', 'description'),
    'bool', null)

,( 'ui.patron.edit.au.day_phone.show', 'gui',
    oils_i18n_gettext('ui.patron.edit.au.day_phone.show',
        'Show day_phone field on patron registration',
        'coust', 'label'),
    oils_i18n_gettext('ui.patron.edit.au.day_phone.show',
        'The day_phone field will be shown on the patron registration screen. Showing a field makes it appear with required fields even when not required. If the field is required this setting is ignored.',
        'coust', 'description'),
    'bool', null)

,( 'ui.patron.edit.au.day_phone.suggest', 'gui',
    oils_i18n_gettext('ui.patron.edit.au.day_phone.suggest',
        'Suggest day_phone field on patron registration',
        'coust', 'label'),
    oils_i18n_gettext('ui.patron.edit.au.day_phone.suggest',
        'The day_phone field will be suggested on the patron registration screen. Suggesting a field makes it appear when suggested fields are shown. If the field is shown or required this setting is ignored.',
        'coust', 'description'),
    'bool', null)

,( 'ui.patron.edit.au.dob.example', 'gui',
    oils_i18n_gettext('ui.patron.edit.au.dob.example',
        'Example dob field on patron registration',
        'coust', 'label'),
    oils_i18n_gettext('ui.patron.edit.au.dob.example',
        'The Example for validation on the dob field in patron registration.',
        'coust', 'description'),
    'string', null)

,( 'ui.patron.edit.au.dob.calendar', 'gui',
    oils_i18n_gettext('ui.patron.edit.au.dob.calendar',
        'Show calendar widget for dob field on patron registration',
        'coust', 'label'),
    oils_i18n_gettext('ui.patron.edit.au.dob.calendar',
        'If set the calendar widget will appear when editing the dob field on the patron registration form.',
        'coust', 'description'),
    'bool', null)

,( 'ui.patron.edit.au.dob.require', 'gui',
    oils_i18n_gettext('ui.patron.edit.au.dob.require',
        'Require dob field on patron registration',
        'coust', 'label'),
    oils_i18n_gettext('ui.patron.edit.au.dob.require',
        'The dob field will be required on the patron registration screen.',
        'coust', 'description'),
    'bool', null)

,( 'ui.patron.edit.au.dob.show', 'gui',
    oils_i18n_gettext('ui.patron.edit.au.dob.show',
        'Show dob field on patron registration',
        'coust', 'label'),
    oils_i18n_gettext('ui.patron.edit.au.dob.show',
        'The dob field will be shown on the patron registration screen. Showing a field makes it appear with required fields even when not required. If the field is required this setting is ignored.',
        'coust', 'description'),
    'bool', null)

,( 'ui.patron.edit.au.dob.suggest', 'gui',
    oils_i18n_gettext('ui.patron.edit.au.dob.suggest',
        'Suggest dob field on patron registration',
        'coust', 'label'),
    oils_i18n_gettext('ui.patron.edit.au.dob.suggest',
        'The dob field will be suggested on the patron registration screen. Suggesting a field makes it appear when suggested fields are shown. If the field is shown or required this setting is ignored.',
        'coust', 'description'),
    'bool', null)

,( 'ui.patron.edit.au.email.example', 'gui',
    oils_i18n_gettext('ui.patron.edit.au.email.example',
        'Example for email field on patron registration',
        'coust', 'label'),
    oils_i18n_gettext('ui.patron.edit.au.email.example',
        'The Example for validation on the email field in patron registration.',
        'coust', 'description'),
    'string', null)

,( 'ui.patron.edit.au.email.regex', 'gui',
    oils_i18n_gettext('ui.patron.edit.au.email.regex',
        'Regex for email field on patron registration',
        'coust', 'label'),
    oils_i18n_gettext('ui.patron.edit.au.email.regex',
        'The Regular Expression for validation on the email field in patron registration.',
        'coust', 'description'),
    'string', null)

,( 'ui.patron.edit.au.email.require', 'gui',
    oils_i18n_gettext('ui.patron.edit.au.email.require',
        'Require email field on patron registration',
        'coust', 'label'),
    oils_i18n_gettext('ui.patron.edit.au.email.require',
        'The email field will be required on the patron registration screen.',
        'coust', 'description'),
    'bool', null)

,( 'ui.patron.edit.au.email.show', 'gui',
    oils_i18n_gettext('ui.patron.edit.au.email.show',
        'Show email field on patron registration',
        'coust', 'label'),
    oils_i18n_gettext('ui.patron.edit.au.email.show',
        'The email field will be shown on the patron registration screen. Showing a field makes it appear with required fields even when not required. If the field is required this setting is ignored.',
        'coust', 'description'),
    'bool', null)

,( 'ui.patron.edit.au.email.suggest', 'gui',
    oils_i18n_gettext('ui.patron.edit.au.email.suggest',
        'Suggest email field on patron registration',
        'coust', 'label'),
    oils_i18n_gettext('ui.patron.edit.au.email.suggest',
        'The email field will be suggested on the patron registration screen. Suggesting a field makes it appear when suggested fields are shown. If the field is shown or required this setting is ignored.',
        'coust', 'description'),
    'bool', null)

,( 'ui.patron.edit.au.evening_phone.example', 'gui',
    oils_i18n_gettext('ui.patron.edit.au.evening_phone.example',
        'Example for evening_phone field on patron registration',
        'coust', 'label'),
    oils_i18n_gettext('ui.patron.edit.au.evening_phone.example',
        'The Example for validation on the evening_phone field in patron registration.',
        'coust', 'description'),
    'string', null)

,( 'ui.patron.edit.au.evening_phone.regex', 'gui',
    oils_i18n_gettext('ui.patron.edit.au.evening_phone.regex',
        'Regex for evening_phone field on patron registration',
        'coust', 'label'),
    oils_i18n_gettext('ui.patron.edit.au.evening_phone.regex',
        'The Regular Expression for validation on the evening_phone field in patron registration.',
        'coust', 'description'),
    'string', null)

,( 'ui.patron.edit.au.evening_phone.require', 'gui',
    oils_i18n_gettext('ui.patron.edit.au.evening_phone.require',
        'Require evening_phone field on patron registration',
        'coust', 'label'),
    oils_i18n_gettext('ui.patron.edit.au.evening_phone.require',
        'The evening_phone field will be required on the patron registration screen.',
        'coust', 'description'),
    'bool', null)

,( 'ui.patron.edit.au.evening_phone.show', 'gui',
    oils_i18n_gettext('ui.patron.edit.au.evening_phone.show',
        'Show evening_phone field on patron registration',
        'coust', 'label'),
    oils_i18n_gettext('ui.patron.edit.au.evening_phone.show',
        'The evening_phone field will be shown on the patron registration screen. Showing a field makes it appear with required fields even when not required. If the field is required this setting is ignored.',
        'coust', 'description'),
    'bool', null)

,( 'ui.patron.edit.au.evening_phone.suggest', 'gui',
    oils_i18n_gettext('ui.patron.edit.au.evening_phone.suggest',
        'Suggest evening_phone field on patron registration',
        'coust', 'label'),
    oils_i18n_gettext('ui.patron.edit.au.evening_phone.suggest',
        'The evening_phone field will be suggested on the patron registration screen. Suggesting a field makes it appear when suggested fields are shown. If the field is shown or required this setting is ignored.',
        'coust', 'description'),
    'bool', null)

,( 'ui.patron.edit.au.ident_value.require', 'gui',
    oils_i18n_gettext('ui.patron.edit.au.ident_value.require',
        'require ident_value field on patron registration',
        'coust', 'label'),
    oils_i18n_gettext('ui.patron.edit.au.ident_value.require',
        'The ident_value field will be required on the patron registration screen.',
        'coust', 'description'),
    'bool', null)

,( 'ui.patron.edit.au.ident_value.show', 'gui',
    oils_i18n_gettext('ui.patron.edit.au.ident_value.show',
        'Show ident_value field on patron registration',
        'coust', 'label'),
    oils_i18n_gettext('ui.patron.edit.au.ident_value.show',
        'The ident_value field will be shown on the patron registration screen. Showing a field makes it appear with required fields even when not required. If the field is required this setting is ignored.',
        'coust', 'description'),
    'bool', null)

,( 'ui.patron.edit.au.ident_value.suggest', 'gui',
    oils_i18n_gettext('ui.patron.edit.au.ident_value.suggest',
        'Suggest ident_value field on patron registration',
        'coust', 'label'),
    oils_i18n_gettext('ui.patron.edit.au.ident_value.suggest',
        'The ident_value field will be suggested on the patron registration screen. Suggesting a field makes it appear when suggested fields are shown. If the field is shown or required this setting is ignored.',
        'coust', 'description'),
    'bool', null)

,( 'ui.patron.edit.au.ident_value2.show', 'gui',
    oils_i18n_gettext('ui.patron.edit.au.ident_value2.show',
        'Show ident_value2 field on patron registration',
        'coust', 'label'),
    oils_i18n_gettext('ui.patron.edit.au.ident_value2.show',
        'The ident_value2 field will be shown on the patron registration screen. Showing a field makes it appear with required fields even when not required. If the field is required this setting is ignored.',
        'coust', 'description'),
    'bool', null)

,( 'ui.patron.edit.au.ident_value2.suggest', 'gui',
    oils_i18n_gettext('ui.patron.edit.au.ident_value2.suggest',
        'Suggest ident_value2 field on patron registration',
        'coust', 'label'),
    oils_i18n_gettext('ui.patron.edit.au.ident_value2.suggest',
        'The ident_value2 field will be suggested on the patron registration screen. Suggesting a field makes it appear when suggested fields are shown. If the field is shown or required this setting is ignored.',
        'coust', 'description'),
    'bool', null)

,( 'ui.patron.edit.au.juvenile.show', 'gui',
    oils_i18n_gettext('ui.patron.edit.au.juvenile.show',
        'Show juvenile field on patron registration',
        'coust', 'label'),
    oils_i18n_gettext('ui.patron.edit.au.juvenile.show',
        'The juvenile field will be shown on the patron registration screen. Showing a field makes it appear with required fields even when not required. If the field is required this setting is ignored.',
        'coust', 'description'),
    'bool', null)

,( 'ui.patron.edit.au.juvenile.suggest', 'gui',
    oils_i18n_gettext('ui.patron.edit.au.juvenile.suggest',
        'Suggest juvenile field on patron registration',
        'coust', 'label'),
    oils_i18n_gettext('ui.patron.edit.au.juvenile.suggest',
        'The juvenile field will be suggested on the patron registration screen. Suggesting a field makes it appear when suggested fields are shown. If the field is shown or required this setting is ignored.',
        'coust', 'description'),
    'bool', null)

,( 'ui.patron.edit.au.master_account.show', 'gui',
    oils_i18n_gettext('ui.patron.edit.au.master_account.show',
        'Show master_account field on patron registration',
        'coust', 'label'),
    oils_i18n_gettext('ui.patron.edit.au.master_account.show',
        'The master_account field will be shown on the patron registration screen. Showing a field makes it appear with required fields even when not required. If the field is required this setting is ignored.',
        'coust', 'description'),
    'bool', null)

,( 'ui.patron.edit.au.master_account.suggest', 'gui',
    oils_i18n_gettext('ui.patron.edit.au.master_account.suggest',
        'Suggest master_account field on patron registration',
        'coust', 'label'),
    oils_i18n_gettext('ui.patron.edit.au.master_account.suggest',
        'The master_account field will be suggested on the patron registration screen. Suggesting a field makes it appear when suggested fields are shown. If the field is shown or required this setting is ignored.',
        'coust', 'description'),
    'bool', null)

,( 'ui.patron.edit.au.other_phone.example', 'gui',
    oils_i18n_gettext('ui.patron.edit.au.other_phone.example',
        'Example for other_phone field on patron registration',
        'coust', 'label'),
    oils_i18n_gettext('ui.patron.edit.au.other_phone.example',
        'The Example for validation on the other_phone field in patron registration.',
        'coust', 'description'),
    'string', null)

,( 'ui.patron.edit.au.other_phone.regex', 'gui',
    oils_i18n_gettext('ui.patron.edit.au.other_phone.regex',
        'Regex for other_phone field on patron registration',
        'coust', 'label'),
    oils_i18n_gettext('ui.patron.edit.au.other_phone.regex',
        'The Regular Expression for validation on the other_phone field in patron registration.',
        'coust', 'description'),
    'string', null)

,( 'ui.patron.edit.au.other_phone.require', 'gui',
    oils_i18n_gettext('ui.patron.edit.au.other_phone.require',
        'Require other_phone field on patron registration',
        'coust', 'label'),
    oils_i18n_gettext('ui.patron.edit.au.other_phone.require',
        'The other_phone field will be required on the patron registration screen.',
        'coust', 'description'),
    'bool', null)

,( 'ui.patron.edit.au.other_phone.show', 'gui',
    oils_i18n_gettext('ui.patron.edit.au.other_phone.show',
        'Show other_phone field on patron registration',
        'coust', 'label'),
    oils_i18n_gettext('ui.patron.edit.au.other_phone.show',
        'The other_phone field will be shown on the patron registration screen. Showing a field makes it appear with required fields even when not required. If the field is required this setting is ignored.',
        'coust', 'description'),
    'bool', null)

,( 'ui.patron.edit.au.other_phone.suggest', 'gui',
    oils_i18n_gettext('ui.patron.edit.au.other_phone.suggest',
        'Suggest other_phone field on patron registration',
        'coust', 'label'),
    oils_i18n_gettext('ui.patron.edit.au.other_phone.suggest',
        'The other_phone field will be suggested on the patron registration screen. Suggesting a field makes it appear when suggested fields are shown. If the field is shown or required this setting is ignored.',
        'coust', 'description'),
    'bool', null)

,( 'ui.patron.edit.au.prefix.require', 'gui',
    oils_i18n_gettext('ui.patron.edit.au.prefix.require',
        'Require prefix field on patron registration',
        'coust', 'label'),
    oils_i18n_gettext('ui.patron.edit.au.prefix.require',
        'The prefix field will be required on the patron registration screen.',
        'coust', 'description'),
    'bool', null)
	
,( 'ui.patron.edit.au.prefix.show', 'gui',
    oils_i18n_gettext('ui.patron.edit.au.prefix.show',
        'Show prefix field on patron registration',
        'coust', 'label'),
    oils_i18n_gettext('ui.patron.edit.au.prefix.show',
        'The prefix field will be shown on the patron registration screen. Showing a field makes it appear with required fields even when not required. If the field is required this setting is ignored.',
        'coust', 'description'),
    'bool', null)

,( 'ui.patron.edit.au.prefix.suggest', 'gui',
    oils_i18n_gettext('ui.patron.edit.au.prefix.suggest',
        'Suggest prefix field on patron registration',
        'coust', 'label'),
    oils_i18n_gettext('ui.patron.edit.au.prefix.suggest',
        'The prefix field will be shown on the patron registration screen. Showing a field makes it appear with required fields even when not required. If the field is required this setting is ignored.',
        'coust', 'description'),
    'bool', null)

,( 'ui.patron.edit.au.second_given_name.show', 'gui',
    oils_i18n_gettext('ui.patron.edit.au.second_given_name.show',
        'Show second_given_name field on patron registration',
        'coust', 'label'),
    oils_i18n_gettext('ui.patron.edit.au.second_given_name.show',
        'The second_given_name field will be shown on the patron registration screen. Showing a field makes it appear with required fields even when not required. If the field is required this setting is ignored.',
        'coust', 'description'),
    'bool', null)

,( 'ui.patron.edit.au.second_given_name.suggest', 'gui',
    oils_i18n_gettext('ui.patron.edit.au.second_given_name.suggest',
        'Suggest second_given_name field on patron registration',
        'coust', 'label'),
    oils_i18n_gettext('ui.patron.edit.au.second_given_name.suggest',
        'The second_given_name field will be suggested on the patron registration screen. Suggesting a field makes it appear when suggested fields are shown. If the field is shown or required this setting is ignored.',
        'coust', 'description'),
    'bool', null)

,( 'ui.patron.edit.au.suffix.show', 'gui',
    oils_i18n_gettext('ui.patron.edit.au.suffix.show',
        'Show suffix field on patron registration',
        'coust', 'label'),
    oils_i18n_gettext('ui.patron.edit.au.suffix.show',
        'The suffix field will be shown on the patron registration screen. Showing a field makes it appear with required fields even when not required. If the field is required this setting is ignored.',
        'coust', 'description'),
    'bool', null)

,( 'ui.patron.edit.au.suffix.suggest', 'gui',
    oils_i18n_gettext('ui.patron.edit.au.suffix.suggest',
        'Suggest suffix field on patron registration',
        'coust', 'label'),
    oils_i18n_gettext('ui.patron.edit.au.suffix.suggest',
        'The suffix field will be suggested on the patron registration screen. Suggesting a field makes it appear when suggested fields are shown. If the field is shown or required this setting is ignored.',
        'coust', 'description'),
    'bool', null)

,( 'ui.patron.edit.aua.county.require', 'gui',
    oils_i18n_gettext('ui.patron.edit.aua.county.require',
        'Require county field on patron registration',
        'coust', 'label'),
    oils_i18n_gettext('ui.patron.edit.aua.county.require',
        'The county field will be required on the patron registration screen.',
        'coust', 'description'),
    'bool', null)

,( 'ui.patron.edit.aua.state.require', 'gui',
    oils_i18n_gettext('ui.patron.edit.aua.state.require',
        'Require State field on patron registration',
        'coust', 'label'),
    oils_i18n_gettext('ui.patron.edit.aua.state.require',
        'The State field will be required on the patron registration screen.',
        'coust', 'description'),
    'bool', null)

,( 'ui.patron.edit.aua.state.show', 'gui',
    oils_i18n_gettext('ui.patron.edit.aua.state.show',
        'Show State field on patron registration',
        'coust', 'label'),
    oils_i18n_gettext('ui.patron.edit.aua.state.show',
        'The State field will be shown on the patron registration screen. Showing a field makes it appear with required fields even when not required. If the field is required this setting is ignored.',
        'coust', 'description'),
    'bool', null)

,( 'ui.patron.edit.aua.state.suggest', 'gui',
    oils_i18n_gettext('ui.patron.edit.aua.state.suggest',
        'Suggest State field on patron registration',
        'coust', 'label'),
    oils_i18n_gettext('ui.patron.edit.aua.state.suggest',
        'The State field will be suggested on the patron registration screen. Suggesting a field makes it appear when suggested fields are shown. If the field is shown or required this setting is ignored.',
        'coust', 'description'),
    'bool', null)

,( 'ui.patron.edit.aua.post_code.example', 'gui',
    oils_i18n_gettext('ui.patron.edit.aua.post_code.example',
        'Example for post_code field on patron registration',
        'coust', 'label'),
    oils_i18n_gettext('ui.patron.edit.aua.post_code.example',
        'The Example for validation on the post_code field in patron registration.',
        'coust', 'description'),
    'string', null)

,( 'ui.patron.edit.aua.post_code.regex', 'gui',
    oils_i18n_gettext('ui.patron.edit.aua.post_code.regex',
        'Regex for post_code field on patron registration',
        'coust', 'label'),
    oils_i18n_gettext('ui.patron.edit.aua.post_code.regex',
        'The Regular Expression for validation on the post_code field in patron registration.',
        'coust', 'description'),
    'string', null)

,( 'ui.patron.edit.default_suggested', 'gui',
    oils_i18n_gettext('ui.patron.edit.default_suggested',
        'Default showing suggested patron registration fields',
        'coust', 'label'),
    oils_i18n_gettext('ui.patron.edit.default_suggested',
        'Instead of All fields, show just suggested fields in patron registration by default.',
        'coust', 'description'),
    'bool', null)

,( 'ui.patron.edit.phone.example', 'gui',
    oils_i18n_gettext('ui.patron.edit.phone.example',
        'Example for phone fields on patron registration',
        'coust', 'label'),
    oils_i18n_gettext('ui.patron.edit.phone.example',
        'The Example for validation on phone fields in patron registration. Applies to all phone fields without their own setting.',
        'coust', 'description'),
    'string', null)

,( 'ui.patron.edit.phone.regex', 'gui',
    oils_i18n_gettext('ui.patron.edit.phone.regex',
        'Regex for phone fields on patron registration',
        'coust', 'label'),
    oils_i18n_gettext('ui.patron.edit.phone.regex',
        'The Regular Expression for validation on phone fields in patron registration. Applies to all phone fields without their own setting. NOTE: See description of the day_phone regex for important information about capture groups with it.',
        'coust', 'description'),
    'string', null)

,( 'ui.patron.registration.require_address', 'gui',
    oils_i18n_gettext('ui.patron.registration.require_address',
        'Require at least one address for Patron Registration',
        'coust', 'label'),
    oils_i18n_gettext('ui.patron.registration.require_address',
        'Enforces a requirement for having at least one address for a patron during registration.',
        'coust', 'description'),
    'bool', null)

,( 'ui.patron_search.result_cap', 'gui',
    oils_i18n_gettext('ui.patron_search.result_cap',
        'Cap results in Patron Search at this number.',
        'coust', 'label'),
    oils_i18n_gettext('ui.patron_search.result_cap',
        'So for example, if you search for John Doe, normally you would get at most 50 results.  This setting allows you to raise or lower that limit.',
        'coust', 'description'),
    'integer', null)

,( 'ui.staff.require_initials.patron_standing_penalty', 'gui',
    oils_i18n_gettext('ui.staff.require_initials.patron_standing_penalty',
        'Require staff initials for entry/edit of patron standing penalties and messages.',
        'coust', 'label'),
    oils_i18n_gettext('ui.staff.require_initials.patron_standing_penalty',
        'Appends staff initials and edit date into patron standing penalties and messages.',
        'coust', 'description'),
    'bool', null)

,( 'ui.staff.require_initials.patron_info_notes', 'gui',
    oils_i18n_gettext('ui.staff.require_initials.patron_info_notes',
        'Require staff initials for entry/edit of patron notes.',
        'coust', 'label'),
    oils_i18n_gettext('ui.staff.require_initials.patron_info_notes',
        'Appends staff initials and edit date into patron note content.',
        'coust', 'description'),
    'bool', null)

,( 'ui.staff.require_initials.copy_notes', 'gui',
    oils_i18n_gettext('ui.staff.require_initials.copy_notes',
        'Require staff initials for entry/edit of copy notes.',
        'coust', 'label'),
    oils_i18n_gettext('ui.staff.require_initials.copy_notes',
        'Appends staff initials and edit date into copy note content.',
        'coust', 'description'),
    'bool', null)

,( 'ui.unified_volume_copy_editor', 'gui',
    oils_i18n_gettext('ui.unified_volume_copy_editor',
        'Unified Volume/Item Creator/Editor',
        'coust', 'label'),
    oils_i18n_gettext('ui.unified_volume_copy_editor',
        'If true combines the Volume/Copy Creator and Item Attribute Editor in some instances.',
        'coust', 'description'),
    'bool', null)

,( 'url.remote_column_settings', 'gui',
    oils_i18n_gettext('url.remote_column_settings',
        'URL for remote directory containing list column settings.',
        'coust', 'label'),
    oils_i18n_gettext('url.remote_column_settings',
        'URL for remote directory containing list column settings.  The format and naming convention for the files found in this directory match those in the local settings directory for a given workstation.  An administrator could create the desired settings locally and then copy all the tree_columns_for_* files to the remote directory.',
        'coust', 'description'),
    'string', null)
,( 'opac.staff_saved_search.size', 'opac',
    oils_i18n_gettext('opac.staff_saved_search.size',
        'OPAC: Number of staff client saved searches to display on left side of results and record details pages',
        'coust', 'label'),
    oils_i18n_gettext('opac.staff_saved_search.size',
        'If unset, the OPAC (only when wrapped in the staff client!) will default to showing you your ten most recent searches on the left side of the results and record details pages.  If you actually don''t want to see this feature at all, set this value to zero at the top of your organizational tree.',
        'coust', 'description'),
    'integer', null)
,( 'circ.holds.target_when_closed', 'circ',
    oils_i18n_gettext('circ.holds.target_when_closed',
        'Target copies for a hold even if copy''s circ lib is closed',
        'coust', 'label'),
    oils_i18n_gettext('circ.holds.target_when_closed',
        'If this setting is true at a given org unit or one of its ancestors, the hold targeter will target copies from this org unit even if the org unit is closed (according to the actor.org_unit.closed_date table).',
        'coust', 'description'),
    'bool', null)
,( 'circ.holds.target_when_closed_if_at_pickup_lib', 'circ',
    oils_i18n_gettext('circ.holds.target_when_closed_if_at_pickup_lib',
        'Target copies for a hold even if copy''s circ lib is closed IF the circ lib is the hold''s pickup lib',
        'coust', 'label'),
    oils_i18n_gettext('circ.holds.target_when_closed_if_at_pickup_lib',
        'If this setting is true at a given org unit or one of its ancestors, the hold targeter will target copies from this org unit even if the org unit is closed (according to the actor.org_unit.closed_date table) IF AND ONLY IF the copy''s circ lib is the same as the hold''s pickup lib.',
        'coust', 'description'),
    'bool', null)


,( 'opac.staff.jump_to_details_on_single_hit', 'opac',
    oils_i18n_gettext('opac.staff.jump_to_details_on_single_hit',
        'Jump to details on 1 hit (staff client)',
        'coust', 'label'),
    oils_i18n_gettext('opac.staff.jump_to_details_on_single_hit',
        'When a search yields only 1 result, jump directly to the record details page.  This setting only affects the OPAC within the staff client',
        'coust', 'description'),
    'bool', null)
,( 'opac.patron.jump_to_details_on_single_hit', 'opac',
    oils_i18n_gettext('opac.patron.jump_to_details_on_single_hit',
        'Jump to details on 1 hit (public)',
        'coust', 'label'),
    oils_i18n_gettext('opac.patron.jump_to_details_on_single_hit',
        'When a search yields only 1 result, jump directly to the record details page.  This setting only affects the public OPAC',
        'coust', 'description'),
    'bool', null)

,( 'opac.search.tag_circulated_items', 'opac',
    oils_i18n_gettext(
        'opac.search.tag_circulated_items',
        'Tag Circulated Items in Results',
        'coust', 'label'
    ),
    oils_i18n_gettext(
        'opac.search.tag_circulated_items',
        'When a user is both logged in and has opted in to circulation history tracking, turning on this setting will cause previous (or currently) circulated items to be highlighted in search results',
        'coust', 'description'
    ),
    'bool', null)

,( 'sms.enable', 'sms',
    oils_i18n_gettext(
        'sms.enable',
        'Enable features that send SMS text messages.',
        'coust',
        'label'
    ),
    oils_i18n_gettext(
        'sms.enable',
        'Current features that use SMS include hold-ready-for-pickup notifications and a "Send Text" action for call numbers in the OPAC. If this setting is not enabled, the SMS options will not be offered to the user.  Unless you are carefully silo-ing patrons and their use of the OPAC, the context org for this setting should be the top org in the org hierarchy, otherwise patrons can trample their user settings when jumping between orgs.',
        'coust',
        'description'
    ),
    'bool', null)
,( 'sms.disable_authentication_requirement.callnumbers', 'sms',
    oils_i18n_gettext(
        'sms.disable_authentication_requirement.callnumbers',
        'Disable auth requirement for texting call numbers.',
        'coust',
        'label'
    ),
    oils_i18n_gettext(
        'sms.disable_authentication_requirement.callnumbers',
        'Disable authentication requirement for sending call number information via SMS from the OPAC.',
        'coust',
        'description'
    ),
    'bool', null)
,( 'serial.default_display_grouping', 'serial',
    oils_i18n_gettext(
        'serial.default_display_grouping',
        'Default display grouping for serials distributions presented in the OPAC.',
        'coust',
        'label'
    ),
    oils_i18n_gettext(
        'serial.default_display_grouping',
        'Default display grouping for serials distributions presented in the OPAC. This can be "enum" or "chron".',
        'coust',
        'description'
    ),
    'string', null)
,( 'vandelay.default_match_set', 'vandelay',
    oils_i18n_gettext(
        'vandelay.default_match_set',
        'Default Record Match Set',
        'coust',
        'label'
    ),
    oils_i18n_gettext(
        'vandelay.default_match_set',
        'Default Record Match Set',
        'coust',
        'description'
    ),
    'link', 'vms')
,(
    'cat.default_merge_profile', 'cat',
    oils_i18n_gettext(
        'cat.default_merge_profile',
        'Default Merge Profile (Z39.50 and Record Buckets)',
        'coust',
        'label'
    ),
     oils_i18n_gettext(
        'cat.default_merge_profile',
        'Default merge profile to use during Z39.50 imports and record bucket merges',
        'coust',
        'description'
    ),
    'link',
    'vmp'
)
,( 'opac.browse.pager_shortcuts', 'opac',
    oils_i18n_gettext(
        'opac.browse.pager_shortcuts',
        'Paging shortcut links for OPAC Browse',
        'coust',
        'label'
    ),
    oils_i18n_gettext(
        '',
        'The characters in this string, in order, will be used as shortcut links for quick paging in the OPAC browse interface. Any sequence surrounded by asterisks will be taken as a whole label, not split into individual labels at the character level, but only the first character will serve as the basis of the search.',
        'coust',
        'description'
    ),
    'string', null)

,( 'circ.patron_edit.duplicate_patron_check_depth', 'circ',
    oils_i18n_gettext(
        'circ.patron_edit.duplicate_patron_check_depth',
        'Specify search depth for the duplicate patron check in the patron editor',
        'coust',
        'label'),
    oils_i18n_gettext(
        'circ.patron_edit.duplicate_patron_check_depth',
        'When using the patron registration page, the duplicate patron check will use the configured depth to scope the search for duplicate patrons.',
        'coust',
        'description'),
    'integer', null)
,('circ.use_lost_paid_copy_status',
 'circ',
 oils_i18n_gettext('circ.use_lost_paid_copy_status',
     'Use Lost and Paid copy status',
     'coust', 'label'),
 oils_i18n_gettext('circ.use_lost_paid_copy_status',
     'Use Lost and Paid copy status when lost or long overdue billing is paid',
     'coust', 'description'),
 'bool', null)

,( 'circ.checkin.lost_zero_balance.do_not_change', 'circ',
    oils_i18n_gettext('circ.checkin.lost_zero_balance.do_not_change',
        'Do not change fines/fees on zero-balance LOST transaction',
        'coust', 'label'),
    oils_i18n_gettext('circ.checkin.lost_zero_balance.do_not_change',
        'When an item has been marked lost and all fines/fees have been completely paid on the transaction, do not void or reinstate any fines/fees EVEN IF circ.void_lost_on_checkin and/or circ.void_lost_proc_fee_on_checkin are enabled',
        'coust', 'description'),
    'bool', null)

,(  'bill.prohibit_negative_balance_default', 'finance',
    oils_i18n_gettext(
        'bill.prohibit_negative_balance_default',
        'Prohibit negative balance on bills (DEFAULT)',
        'coust', 'label'),
    oils_i18n_gettext(
        'bill.prohibit_negative_balance_default',
        'Default setting to prevent negative balances (refunds) on circulation related bills. Set to "true" to prohibit negative balances at all times or, when used in conjunction with an interval setting, to prohibit negative balances after a set period of time. ',
        'coust', 'description'),
    'bool', null)
,(  'bill.prohibit_negative_balance_on_overdues', 'finance',
    oils_i18n_gettext(
        'bill.prohibit_negative_balance_on_overdues',
        'Prohibit negative balance on bills for overdue materials',
        'coust', 'label'),
    oils_i18n_gettext(
        'bill.prohibit_negative_balance_on_overdues',
        'Prevent negative balances (refunds) on bills for overdue materials. Set to "true" to prohibit negative balances at all times or, when used in conjunction with an interval setting, to prohibit negative balances after a set period of time.',
        'coust', 'description'),
    'bool', null)
,(  'bill.prohibit_negative_balance_on_lost', 'finance',
    oils_i18n_gettext(
        'bill.prohibit_negative_balance_on_lost',
        'Prohibit negative balance on bills for lost materials',
        'coust', 'label'),
    oils_i18n_gettext(
        'bill.prohibit_negative_balance_on_lost',
        'Prevent negative balances (refunds) on bills for lost/long overdue materials. Set to "true" to prohibit negative balances at all times or, when used in conjunction with an interval setting, to prohibit negative balances after an interval of time.',
        'coust', 'description'),
    'bool', null)
,(  'bill.negative_balance_interval_default', 'finance',
    oils_i18n_gettext(
        'bill.negative_balance_interval_default',
        'Negative Balance Interval (DEFAULT)',
        'coust', 'label'),
    oils_i18n_gettext(
        'bill.negative_balance_interval_default',
        'Amount of time after which no negative balances (refunds) are allowed on circulation bills. The "Prohibit negative balance on bills" setting must also be set to "true".',
        'coust', 'description'),
    'interval', null)
,(  'bill.negative_balance_interval_on_overdues', 'finance',
    oils_i18n_gettext(
        'bill.negative_balance_interval_on_overdues',
        'Negative Balance Interval for Overdues',
        'coust', 'label'),
    oils_i18n_gettext(
        'bill.negative_balance_interval_on_overdues',
        'Amount of time after which no negative balances (refunds) are allowed on bills for overdue materials. The "Prohibit negative balance on bills for overdue materials" setting must also be set to "true".',
        'coust', 'description'),
    'interval', null)
,(  'bill.negative_balance_interval_on_lost', 'finance',
    oils_i18n_gettext(
        'bill.negative_balance_interval_on_lost',
        'Negative Balance Interval for Lost',
        'coust', 'label'),
    oils_i18n_gettext(
        'bill.negative_balance_interval_on_lost',
        'Amount of time after which no negative balances (refunds) are allowed on bills for lost/long overdue materials. The "Prohibit negative balance on bills for lost materials" setting must also be set to "true".',
        'coust', 'description'),
    'interval', null)
,(  'ui.circ.billing.amount_limit', 'gui',
    oils_i18n_gettext(
      'ui.circ.billing.amount_limit',
      'Maximum payment amount allowed.',
      'coust', 'label'),
    oils_i18n_gettext(
      'ui.circ.billing.amount_limit',
      'The payment amount in the Patron Bills interface may not exceed the value of this setting.',
      'coust', 'description'),
    'currency',null)
,(  'ui.circ.billing.amount_warn', 'gui',
    oils_i18n_gettext(
      'ui.circ.billing.amount_warn',
      'Payment amount threshold for Are You Sure? dialog.',
      'coust', 'label'),
    oils_i18n_gettext(
      'ui.circ.billing.amount_warn',
      'In the Patron Bills interface, a payment attempt will warn if the amount exceeds the value of this setting.',
      'coust', 'description'),
    'currency', null)
,( 'circ.holds.max_duplicate_holds', 'holds',
   oils_i18n_gettext(
     'circ.holds.max_duplicate_holds',
     'Maximum number of duplicate holds allowed.',
     'coust', 'label'),
   oils_i18n_gettext(
     'circ.holds.max_duplicate_holds',
     'Maximum number of duplicate title or metarecord holds allowed per patron.',
     'coust', 'description'),
   'integer', null)
,( 'webstaff.circ.itemsout_notice_count_excludes_courtesies', 'circ',
    oils_i18n_gettext(
        'webstaff.circ.itemsout_notice_count_excludes_courtesies',
        'Exclude Courtesy Notices from Patrons Itemsout Notices Count',
        'coust',
        'label'
    ),
    oils_i18n_gettext(
        'webstaff.circ.itemsout_notice_count_excludes_courtesies',
        'Exclude Courtesy Notices from Patrons Itemsout Notices Count',
        'coust',
        'description'
    ),
    'bool', null)
,( 'circ.staff_placed_holds_fallback_to_ws_ou', 'circ',
   oils_i18n_gettext(
     'circ.staff_placed_holds_fallback_to_ws_ou',
     'Workstation OU fallback for staff-placed holds',
     'coust', 'label'),
   oils_i18n_gettext(
     'circ.staff_placed_holds_fallback_to_ws_ou',
     'For staff-placed holds, in the absence of a patron preferred pickup location, fall back to using the staff workstation OU (rather than patron home OU)',
     'coust', 'description'),
   'bool', null)
;

UPDATE config.org_unit_setting_type
    SET view_perm = (SELECT id FROM permission.perm_list
        WHERE code = 'VIEW_CREDIT_CARD_PROCESSING' LIMIT 1)
    WHERE name LIKE 'credit.processor%' AND view_perm IS NULL;

UPDATE config.org_unit_setting_type
    SET update_perm = (SELECT id FROM permission.perm_list
        WHERE code = 'ADMIN_CREDIT_CARD_PROCESSING' LIMIT 1)
    WHERE name LIKE 'credit.processor%' AND update_perm IS NULL;

UPDATE config.org_unit_setting_type
    SET update_perm = (SELECT id FROM permission.perm_list
        WHERE code = 'UPDATE_ORG_UNIT_SETTING.opac.patron.custom_css' LIMIT 1)
    WHERE name = 'opac.patron.custom_css' AND update_perm IS NULL;

-- *** Has to go below coust definition to satisfy referential integrity ***
-- In booking, elbow room defines:
--  a) how far in the future you must make a reservation on a given item if
--      that item will have to transit somewhere to fulfill the reservation.
--  b) how soon a reservation must be starting for the reserved item to
--      be op-captured by the checkin interface.
INSERT INTO actor.org_unit_setting (org_unit, name, value) VALUES (
    (SELECT id FROM actor.org_unit WHERE parent_ou IS NULL),
    'circ.booking_reservation.default_elbow_room',
    '"1 day"')
    ,(1, 'cat.spine.line.margin', 0)
    ,(1, 'cat.spine.line.height', 9)
    ,(1, 'cat.spine.line.width', 8)
    ,(1, 'cat.label.font.family', '"monospace"')
    ,(1, 'cat.label.font.size', 10)
    ,(1, 'cat.label.font.weight', '"normal"')
    ,(1, 'circ.grace.extend', 'true')
;

--220.schema.rating.sql (Default badge for popularity ranking)
INSERT INTO rating.badge (name, description, scope, weight, horizon_age, importance_age, importance_interval, importance_scale, recalc_interval, popularity_parameter, percentile)
  VALUES('Top Holds Over Last 5 Years', 'The top 97th percentile for holds requested over the past five years on all materials. More weight is given to holds requested over the last year, with importance decreasing for every year after that.', 1, 3, '5 years', '5 years', '1 year', 2, '1 day', 2, 97);


-- Staged Search (for default matchpoints)
INSERT INTO search.relevance_adjustment (field, bump_type, multiplier) VALUES(1, 'first_word', 1.5);
INSERT INTO search.relevance_adjustment (field, bump_type, multiplier) VALUES(1, 'full_match', 20);

INSERT INTO search.relevance_adjustment (field, bump_type, multiplier) VALUES(2, 'first_word', 1.5);
INSERT INTO search.relevance_adjustment (field, bump_type, multiplier) VALUES(2, 'word_order', 10);
INSERT INTO search.relevance_adjustment (field, bump_type, multiplier) VALUES(2, 'full_match', 20);

INSERT INTO search.relevance_adjustment (field, bump_type, multiplier) VALUES(3, 'first_word', 1.5);
INSERT INTO search.relevance_adjustment (field, bump_type, multiplier) VALUES(3, 'word_order', 10);
INSERT INTO search.relevance_adjustment (field, bump_type, multiplier) VALUES(3, 'full_match', 20);

INSERT INTO search.relevance_adjustment (field, bump_type, multiplier) VALUES(4, 'first_word', 1.5);
INSERT INTO search.relevance_adjustment (field, bump_type, multiplier) VALUES(4, 'word_order', 10);
INSERT INTO search.relevance_adjustment (field, bump_type, multiplier) VALUES(4, 'full_match', 20);

INSERT INTO search.relevance_adjustment (field, bump_type, multiplier) VALUES(5, 'first_word', 1.5);
INSERT INTO search.relevance_adjustment (field, bump_type, multiplier) VALUES(5, 'word_order', 10);
INSERT INTO search.relevance_adjustment (field, bump_type, multiplier) VALUES(5, 'full_match', 20);

INSERT INTO search.relevance_adjustment (field, bump_type, multiplier) VALUES(6, 'first_word', 1.5);
INSERT INTO search.relevance_adjustment (field, bump_type, multiplier) VALUES(6, 'word_order', 10);
INSERT INTO search.relevance_adjustment (field, bump_type, multiplier) VALUES(6, 'full_match', 20);

INSERT INTO search.relevance_adjustment (field, bump_type, multiplier) VALUES(7, 'first_word', 1.5);

INSERT INTO search.relevance_adjustment (field, bump_type, multiplier) VALUES(8, 'first_word', 1.5);

INSERT INTO search.relevance_adjustment (field, bump_type, multiplier) VALUES(9, 'first_word', 1.5);

INSERT INTO search.relevance_adjustment (field, bump_type, multiplier) VALUES(10, 'first_word', 1.5);

INSERT INTO search.relevance_adjustment (field, bump_type, multiplier) VALUES(15, 'word_order', 10);

-- Vandelay (for importing and exporting records) 012.schema.vandelay.sql 
INSERT INTO vandelay.bib_attr_definition ( id, code, description, xpath ) VALUES (1, 'title', oils_i18n_gettext(1, 'Title of work', 'vqbrad', 'description'),'//*[@tag="245"]/*[contains("abcmnopr",@code)]');
INSERT INTO vandelay.bib_attr_definition ( id, code, description, xpath ) VALUES (2, 'author', oils_i18n_gettext(2, 'Author of work', 'vqbrad', 'description'),'//*[@tag="100" or @tag="110" or @tag="113"]/*[contains("ad",@code)]');
INSERT INTO vandelay.bib_attr_definition ( id, code, description, xpath ) VALUES (3, 'language', oils_i18n_gettext(3, 'Language of work', 'vqbrad', 'description'),'//*[@tag="240"]/*[@code="l"][1]');
INSERT INTO vandelay.bib_attr_definition ( id, code, description, xpath ) VALUES (4, 'pagination', oils_i18n_gettext(4, 'Pagination', 'vqbrad', 'description'),'//*[@tag="300"]/*[@code="a"][1]');
INSERT INTO vandelay.bib_attr_definition ( id, code, description, xpath, remove ) VALUES (5, 'isbn',oils_i18n_gettext(5, 'ISBN', 'vqbrad', 'description'),'//*[@tag="020"]/*[@code="a"]', $r$(?:-|\s.+$)$r$);
INSERT INTO vandelay.bib_attr_definition ( id, code, description, xpath, remove ) VALUES (6, 'issn',oils_i18n_gettext(6, 'ISSN', 'vqbrad', 'description'),'//*[@tag="022"]/*[@code="a"]', $r$(?:-|\s.+$)$r$);
INSERT INTO vandelay.bib_attr_definition ( id, code, description, xpath ) VALUES (7, 'price',oils_i18n_gettext(7, 'Price', 'vqbrad', 'description'),'//*[@tag="020" or @tag="022"]/*[@code="c"][1]');
INSERT INTO vandelay.bib_attr_definition ( id, code, description, xpath) VALUES (8, 'rec_identifier',oils_i18n_gettext(8, 'Accession Number', 'vqbrad', 'description'),'//*[@tag="001"]');
INSERT INTO vandelay.bib_attr_definition ( id, code, description, xpath) VALUES (9, 'eg_tcn',oils_i18n_gettext(9, 'TCN Value', 'vqbrad', 'description'),'//*[@tag="901"]/*[@code="a"]');
INSERT INTO vandelay.bib_attr_definition ( id, code, description, xpath) VALUES (10, 'eg_tcn_source',oils_i18n_gettext(10, 'TCN Source', 'vqbrad', 'description'),'//*[@tag="901"]/*[@code="b"]');
INSERT INTO vandelay.bib_attr_definition ( id, code, description, xpath) VALUES (11, 'eg_identifier',oils_i18n_gettext(11, 'Internal ID', 'vqbrad', 'description'),'//*[@tag="901"]/*[@code="c"]');
INSERT INTO vandelay.bib_attr_definition ( id, code, description, xpath ) VALUES (12, 'publisher',oils_i18n_gettext(12, 'Publisher', 'vqbrad', 'description'),'//*[@tag="260"]/*[@code="b"][1]');
INSERT INTO vandelay.bib_attr_definition ( id, code, description, xpath, remove ) VALUES (13, 'pubdate',oils_i18n_gettext(13, 'Publication Date', 'vqbrad', 'description'),'//*[@tag="260"]/*[@code="c"][1]',$r$\D$r$);
INSERT INTO vandelay.bib_attr_definition ( id, code, description, xpath ) VALUES (14, 'edition',oils_i18n_gettext(14, 'Edition', 'vqbrad', 'description'),'//*[@tag="250"]/*[@code="a"][1]');
INSERT INTO vandelay.bib_attr_definition ( id, code, description, xpath ) VALUES (15, 'item_barcode',oils_i18n_gettext(15, 'Item Barcode', 'vqbrad', 'description'),'//*[@tag="852"]/*[@code="p"][1]');
INSERT INTO vandelay.bib_attr_definition ( id, code, description, xpath ) VALUES (16, 'zsource', oils_i18n_gettext(16, 'Z39.50 Source', 'vqbrad', 'description'), '//*[@tag="901"]/*[@code="z"]');
SELECT SETVAL('vandelay.bib_attr_definition_id_seq'::TEXT, 100);

INSERT INTO vandelay.import_item_attr_definition (
    owner, name, tag, owning_lib, circ_lib, location,
    call_number, circ_modifier, barcode, price, copy_number,
    circulate, ref, holdable, opac_visible, status
) VALUES (
    1,
    'Evergreen 852 export format',
    '852',
    '[@code = "b"][1]',
    '[@code = "b"][2]',
    'c',
    'j',
    'g',
    'p',
    'y',
    't',
    '[@code = "x" and text() = "circulating"]',
    '[@code = "x" and text() = "reference"]',
    '[@code = "x" and text() = "holdable"]',
    '[@code = "x" and text() = "visible"]',
    'z'
);

INSERT INTO vandelay.import_item_attr_definition (
    owner,
    name,
    tag,
    owning_lib,
    location,
    call_number,
    circ_modifier,
    barcode,
    price,
    status
) VALUES (
    1,
    'Unicorn Import format -- 999',
    '999',
    'm',
    'l',
    'a',
    't',
    'i',
    'p',
    'k'
);

INSERT INTO vandelay.authority_attr_definition (id, code, description, xpath) VALUES (1, 'rec_identifier',oils_i18n_gettext(1, 'Identifier', 'vqarad', 'description'),'//*[@tag="001"]');
SELECT SETVAL('vandelay.authority_attr_definition_id_seq'::TEXT, 100);


INSERT INTO container.copy_bucket_type (code,label) VALUES ('misc', oils_i18n_gettext('misc', 'Miscellaneous', 'ccpbt', 'label'));
INSERT INTO container.copy_bucket_type (code,label) VALUES ('staff_client', oils_i18n_gettext('staff_client', 'General Staff Client container', 'ccpbt', 'label'));
INSERT INTO container.copy_bucket_type (code,label) VALUES ( 'circ_history', oils_i18n_gettext('circ_history', 'Circulation History', 'ccpbt', 'label'));
INSERT INTO container.call_number_bucket_type (code,label) VALUES ('misc', oils_i18n_gettext('misc', 'Miscellaneous', 'ccnbt', 'label'));
INSERT INTO container.biblio_record_entry_bucket_type (code,label) VALUES ('misc', oils_i18n_gettext('misc', 'Miscellaneous', 'cbrebt', 'label'));
INSERT INTO container.biblio_record_entry_bucket_type (code,label) VALUES ('staff_client', oils_i18n_gettext('staff_client', 'General Staff Client container', 'cbrebt', 'label'));
INSERT INTO container.biblio_record_entry_bucket_type (code,label) VALUES ('bookbag', oils_i18n_gettext('bookbag', 'Book List', 'cbrebt', 'label'));
INSERT INTO container.biblio_record_entry_bucket_type (code,label) VALUES ('reading_list', oils_i18n_gettext('reading_list', 'Reading List', 'cbrebt', 'label'));
INSERT INTO container.biblio_record_entry_bucket_type (code,label) VALUES ('template_merge',oils_i18n_gettext('template_merge','Template Merge Container', 'cbrebt', 'label'));
INSERT INTO container.biblio_record_entry_bucket_type (code,label) VALUES ('url_verify', oils_i18n_gettext('url_verify', 'URL Verification Queue', 'cbrebt', 'label'));
INSERT INTO container.biblio_record_entry_bucket_type (code,label) VALUES ('carousel', oils_i18n_gettext('carousel', 'Carousel', 'cbrebt', 'label'));

INSERT INTO container.user_bucket_type (code,label) VALUES ('misc', oils_i18n_gettext('misc', 'Miscellaneous', 'cubt', 'label'));
INSERT INTO container.user_bucket_type (code,label) VALUES ('folks', oils_i18n_gettext('folks', 'Friends', 'cubt', 'label'));
INSERT INTO container.user_bucket_type (code,label) VALUES ('folks:pub_book_bags.view', oils_i18n_gettext('folks:pub_book_bags.view', 'List Published Book Lists', 'cubt', 'label'));
INSERT INTO container.user_bucket_type (code,label) VALUES ('folks:pub_book_bags.add', oils_i18n_gettext('folks:pub_book_bags.add', 'Add to Published Book Lists', 'cubt', 'label'));
INSERT INTO container.user_bucket_type (code,label) VALUES ('folks:circ.view', oils_i18n_gettext('folks:circ.view', 'View Circulations', 'cubt', 'label'));
INSERT INTO container.user_bucket_type (code,label) VALUES ('folks:circ.renew', oils_i18n_gettext('folks:circ.renew', 'Renew Circulations', 'cubt', 'label'));
INSERT INTO container.user_bucket_type (code,label) VALUES ('folks:circ.checkout', oils_i18n_gettext('folks:circ.checkout', 'Checkout Items', 'cubt', 'label'));
INSERT INTO container.user_bucket_type (code,label) VALUES ('folks:hold.view', oils_i18n_gettext('folks:hold.view', 'View Holds', 'cubt', 'label'));
INSERT INTO container.user_bucket_type (code,label) VALUES ('folks:hold.cancel', oils_i18n_gettext('folks:hold.cancel', 'Cancel Holds', 'cubt', 'label'));

INSERT INTO container.user_bucket_type (code,label) SELECT code,label FROM container.copy_bucket_type where code = 'staff_client';
INSERT INTO container.user_bucket_type (code,label) VALUES ('hold_subscription', oils_i18n_gettext('hold_subscription', 'Hold Group Container', 'cubt', 'label'));

----------------------------------
-- MARC21 record structure data --
----------------------------------

-- Record type map
INSERT INTO config.marc21_rec_type_map (code, type_val, blvl_val) VALUES ('BKS','at','acdm');
INSERT INTO config.marc21_rec_type_map (code, type_val, blvl_val) VALUES ('SER','a','bsi');
INSERT INTO config.marc21_rec_type_map (code, type_val, blvl_val) VALUES ('VIS','gkro','abcdmsi');
INSERT INTO config.marc21_rec_type_map (code, type_val, blvl_val) VALUES ('MIX','p','cdi');
INSERT INTO config.marc21_rec_type_map (code, type_val, blvl_val) VALUES ('MAP','ef','abcdmsi');
INSERT INTO config.marc21_rec_type_map (code, type_val, blvl_val) VALUES ('SCO','cd','abcdmsi');
INSERT INTO config.marc21_rec_type_map (code, type_val, blvl_val) VALUES ('REC','ij','abcdmsi');
INSERT INTO config.marc21_rec_type_map (code, type_val, blvl_val) VALUES ('COM','m','abcdmsi');
INSERT INTO config.marc21_rec_type_map (code, type_val, blvl_val) VALUES ('AUT','z',' ');
INSERT INTO config.marc21_rec_type_map (code, type_val, blvl_val) VALUES ('MFHD','uvxy',' ');


------ Physical Characteristics

-- Map
INSERT INTO config.marc21_physical_characteristic_type_map (ptype_key, label) VALUES ('a','Map');
INSERT INTO config.marc21_physical_characteristic_subfield_map (ptype_key,subfield,start_pos,length,label) VALUES ('a','b','1','1','SMD');
INSERT INTO config.marc21_physical_characteristic_value_map (value,ptype_subfield,label) VALUES ('d',CURRVAL('config.marc21_physical_characteristic_subfield_map_id_seq'),'Atlas');
INSERT INTO config.marc21_physical_characteristic_value_map (value,ptype_subfield,label) VALUES ('g',CURRVAL('config.marc21_physical_characteristic_subfield_map_id_seq'),'Diagram');
INSERT INTO config.marc21_physical_characteristic_value_map (value,ptype_subfield,label) VALUES ('j',CURRVAL('config.marc21_physical_characteristic_subfield_map_id_seq'),'Map');
INSERT INTO config.marc21_physical_characteristic_value_map (value,ptype_subfield,label) VALUES ('k',CURRVAL('config.marc21_physical_characteristic_subfield_map_id_seq'),'Profile');
INSERT INTO config.marc21_physical_characteristic_value_map (value,ptype_subfield,label) VALUES ('q',CURRVAL('config.marc21_physical_characteristic_subfield_map_id_seq'),'Model');
INSERT INTO config.marc21_physical_characteristic_value_map (value,ptype_subfield,label) VALUES ('r',CURRVAL('config.marc21_physical_characteristic_subfield_map_id_seq'),'Remote-sensing image');
INSERT INTO config.marc21_physical_characteristic_value_map (value,ptype_subfield,label) VALUES ('s',CURRVAL('config.marc21_physical_characteristic_subfield_map_id_seq'),'Section');
INSERT INTO config.marc21_physical_characteristic_value_map (value,ptype_subfield,label) VALUES ('u',CURRVAL('config.marc21_physical_characteristic_subfield_map_id_seq'),'Unspecified');
INSERT INTO config.marc21_physical_characteristic_value_map (value,ptype_subfield,label) VALUES ('y',CURRVAL('config.marc21_physical_characteristic_subfield_map_id_seq'),'View');
INSERT INTO config.marc21_physical_characteristic_value_map (value,ptype_subfield,label) VALUES ('z',CURRVAL('config.marc21_physical_characteristic_subfield_map_id_seq'),'Other');
INSERT INTO config.marc21_physical_characteristic_subfield_map (ptype_key,subfield,start_pos,length,label) VALUES ('a','d','3','1','Color');
INSERT INTO config.marc21_physical_characteristic_value_map (value,ptype_subfield,label) VALUES ('a',CURRVAL('config.marc21_physical_characteristic_subfield_map_id_seq'),'One color');
INSERT INTO config.marc21_physical_characteristic_value_map (value,ptype_subfield,label) VALUES ('c',CURRVAL('config.marc21_physical_characteristic_subfield_map_id_seq'),'Multicolored');
INSERT INTO config.marc21_physical_characteristic_subfield_map (ptype_key,subfield,start_pos,length,label) VALUES ('a','e','4','1','Physical medium');
INSERT INTO config.marc21_physical_characteristic_value_map (value,ptype_subfield,label) VALUES ('a',CURRVAL('config.marc21_physical_characteristic_subfield_map_id_seq'),'Paper');
INSERT INTO config.marc21_physical_characteristic_value_map (value,ptype_subfield,label) VALUES ('b',CURRVAL('config.marc21_physical_characteristic_subfield_map_id_seq'),'Wood');
INSERT INTO config.marc21_physical_characteristic_value_map (value,ptype_subfield,label) VALUES ('c',CURRVAL('config.marc21_physical_characteristic_subfield_map_id_seq'),'Stone');
INSERT INTO config.marc21_physical_characteristic_value_map (value,ptype_subfield,label) VALUES ('d',CURRVAL('config.marc21_physical_characteristic_subfield_map_id_seq'),'Metal');
INSERT INTO config.marc21_physical_characteristic_value_map (value,ptype_subfield,label) VALUES ('e',CURRVAL('config.marc21_physical_characteristic_subfield_map_id_seq'),'Synthetics');
INSERT INTO config.marc21_physical_characteristic_value_map (value,ptype_subfield,label) VALUES ('f',CURRVAL('config.marc21_physical_characteristic_subfield_map_id_seq'),'Skins');
INSERT INTO config.marc21_physical_characteristic_value_map (value,ptype_subfield,label) VALUES ('g',CURRVAL('config.marc21_physical_characteristic_subfield_map_id_seq'),'Textile');
INSERT INTO config.marc21_physical_characteristic_value_map (value,ptype_subfield,label) VALUES ('p',CURRVAL('config.marc21_physical_characteristic_subfield_map_id_seq'),'Plaster');
INSERT INTO config.marc21_physical_characteristic_value_map (value,ptype_subfield,label) VALUES ('q',CURRVAL('config.marc21_physical_characteristic_subfield_map_id_seq'),'Flexible base photographic medium, positive');
INSERT INTO config.marc21_physical_characteristic_value_map (value,ptype_subfield,label) VALUES ('r',CURRVAL('config.marc21_physical_characteristic_subfield_map_id_seq'),'Flexible base photographic medium, negative');
INSERT INTO config.marc21_physical_characteristic_value_map (value,ptype_subfield,label) VALUES ('s',CURRVAL('config.marc21_physical_characteristic_subfield_map_id_seq'),'Non-flexible base photographic medium, positive');
INSERT INTO config.marc21_physical_characteristic_value_map (value,ptype_subfield,label) VALUES ('t',CURRVAL('config.marc21_physical_characteristic_subfield_map_id_seq'),'Non-flexible base photographic medium, negative');
INSERT INTO config.marc21_physical_characteristic_value_map (value,ptype_subfield,label) VALUES ('u',CURRVAL('config.marc21_physical_characteristic_subfield_map_id_seq'),'Unknown');
INSERT INTO config.marc21_physical_characteristic_value_map (value,ptype_subfield,label) VALUES ('y',CURRVAL('config.marc21_physical_characteristic_subfield_map_id_seq'),'Other photographic medium');
INSERT INTO config.marc21_physical_characteristic_value_map (value,ptype_subfield,label) VALUES ('z',CURRVAL('config.marc21_physical_characteristic_subfield_map_id_seq'),'Other');
INSERT INTO config.marc21_physical_characteristic_subfield_map (ptype_key,subfield,start_pos,length,label) VALUES ('a','f','5','1','Type of reproduction');
INSERT INTO config.marc21_physical_characteristic_value_map (value,ptype_subfield,label) VALUES ('f',CURRVAL('config.marc21_physical_characteristic_subfield_map_id_seq'),'Facsimile');
INSERT INTO config.marc21_physical_characteristic_value_map (value,ptype_subfield,label) VALUES ('n',CURRVAL('config.marc21_physical_characteristic_subfield_map_id_seq'),'Not applicable');
INSERT INTO config.marc21_physical_characteristic_value_map (value,ptype_subfield,label) VALUES ('u',CURRVAL('config.marc21_physical_characteristic_subfield_map_id_seq'),'Unknown');
INSERT INTO config.marc21_physical_characteristic_value_map (value,ptype_subfield,label) VALUES ('z',CURRVAL('config.marc21_physical_characteristic_subfield_map_id_seq'),'Other');
INSERT INTO config.marc21_physical_characteristic_subfield_map (ptype_key,subfield,start_pos,length,label) VALUES ('a','g','6','1','Production/reproduction details');
INSERT INTO config.marc21_physical_characteristic_value_map (value,ptype_subfield,label) VALUES ('a',CURRVAL('config.marc21_physical_characteristic_subfield_map_id_seq'),'Photocopy, blueline print');
INSERT INTO config.marc21_physical_characteristic_value_map (value,ptype_subfield,label) VALUES ('b',CURRVAL('config.marc21_physical_characteristic_subfield_map_id_seq'),'Photocopy');
INSERT INTO config.marc21_physical_characteristic_value_map (value,ptype_subfield,label) VALUES ('c',CURRVAL('config.marc21_physical_characteristic_subfield_map_id_seq'),'Pre-production');
INSERT INTO config.marc21_physical_characteristic_value_map (value,ptype_subfield,label) VALUES ('d',CURRVAL('config.marc21_physical_characteristic_subfield_map_id_seq'),'Film');
INSERT INTO config.marc21_physical_characteristic_value_map (value,ptype_subfield,label) VALUES ('u',CURRVAL('config.marc21_physical_characteristic_subfield_map_id_seq'),'Unknown');
INSERT INTO config.marc21_physical_characteristic_value_map (value,ptype_subfield,label) VALUES ('z',CURRVAL('config.marc21_physical_characteristic_subfield_map_id_seq'),'Other');
INSERT INTO config.marc21_physical_characteristic_subfield_map (ptype_key,subfield,start_pos,length,label) VALUES ('a','h','7','1','Positive/negative');
INSERT INTO config.marc21_physical_characteristic_value_map (value,ptype_subfield,label) VALUES ('a',CURRVAL('config.marc21_physical_characteristic_subfield_map_id_seq'),'Positive');
INSERT INTO config.marc21_physical_characteristic_value_map (value,ptype_subfield,label) VALUES ('b',CURRVAL('config.marc21_physical_characteristic_subfield_map_id_seq'),'Negative');
INSERT INTO config.marc21_physical_characteristic_value_map (value,ptype_subfield,label) VALUES ('m',CURRVAL('config.marc21_physical_characteristic_subfield_map_id_seq'),'Mixed');
INSERT INTO config.marc21_physical_characteristic_value_map (value,ptype_subfield,label) VALUES ('n',CURRVAL('config.marc21_physical_characteristic_subfield_map_id_seq'),'Not applicable');

-- Electronic Resource
INSERT INTO config.marc21_physical_characteristic_type_map (ptype_key, label) VALUES ('c','Electronic Resource');
INSERT INTO config.marc21_physical_characteristic_subfield_map (ptype_key,subfield,start_pos,length,label) VALUES ('c','b','1','1','SMD');
INSERT INTO config.marc21_physical_characteristic_value_map (value,ptype_subfield,label) VALUES ('a',CURRVAL('config.marc21_physical_characteristic_subfield_map_id_seq'),'Tape Cartridge');
INSERT INTO config.marc21_physical_characteristic_value_map (value,ptype_subfield,label) VALUES ('b',CURRVAL('config.marc21_physical_characteristic_subfield_map_id_seq'),'Chip cartridge');
INSERT INTO config.marc21_physical_characteristic_value_map (value,ptype_subfield,label) VALUES ('c',CURRVAL('config.marc21_physical_characteristic_subfield_map_id_seq'),'Computer optical disk cartridge');
INSERT INTO config.marc21_physical_characteristic_value_map (value,ptype_subfield,label) VALUES ('f',CURRVAL('config.marc21_physical_characteristic_subfield_map_id_seq'),'Tape cassette');
INSERT INTO config.marc21_physical_characteristic_value_map (value,ptype_subfield,label) VALUES ('h',CURRVAL('config.marc21_physical_characteristic_subfield_map_id_seq'),'Tape reel');
INSERT INTO config.marc21_physical_characteristic_value_map (value,ptype_subfield,label) VALUES ('j',CURRVAL('config.marc21_physical_characteristic_subfield_map_id_seq'),'Magnetic disk');
INSERT INTO config.marc21_physical_characteristic_value_map (value,ptype_subfield,label) VALUES ('m',CURRVAL('config.marc21_physical_characteristic_subfield_map_id_seq'),'Magneto-optical disk');
INSERT INTO config.marc21_physical_characteristic_value_map (value,ptype_subfield,label) VALUES ('o',CURRVAL('config.marc21_physical_characteristic_subfield_map_id_seq'),'Optical disk');
INSERT INTO config.marc21_physical_characteristic_value_map (value,ptype_subfield,label) VALUES ('r',CURRVAL('config.marc21_physical_characteristic_subfield_map_id_seq'),'Remote');
INSERT INTO config.marc21_physical_characteristic_value_map (value,ptype_subfield,label) VALUES ('u',CURRVAL('config.marc21_physical_characteristic_subfield_map_id_seq'),'Unspecified');
INSERT INTO config.marc21_physical_characteristic_value_map (value,ptype_subfield,label) VALUES ('z',CURRVAL('config.marc21_physical_characteristic_subfield_map_id_seq'),'Other');
INSERT INTO config.marc21_physical_characteristic_subfield_map (ptype_key,subfield,start_pos,length,label) VALUES ('c','d','3','1','Color');
INSERT INTO config.marc21_physical_characteristic_value_map (value,ptype_subfield,label) VALUES ('a',CURRVAL('config.marc21_physical_characteristic_subfield_map_id_seq'),'One color');
INSERT INTO config.marc21_physical_characteristic_value_map (value,ptype_subfield,label) VALUES ('b',CURRVAL('config.marc21_physical_characteristic_subfield_map_id_seq'),'Black-and-white');
INSERT INTO config.marc21_physical_characteristic_value_map (value,ptype_subfield,label) VALUES ('c',CURRVAL('config.marc21_physical_characteristic_subfield_map_id_seq'),'Multicolored');
INSERT INTO config.marc21_physical_characteristic_value_map (value,ptype_subfield,label) VALUES ('g',CURRVAL('config.marc21_physical_characteristic_subfield_map_id_seq'),'Gray scale');
INSERT INTO config.marc21_physical_characteristic_value_map (value,ptype_subfield,label) VALUES ('m',CURRVAL('config.marc21_physical_characteristic_subfield_map_id_seq'),'Mixed');
INSERT INTO config.marc21_physical_characteristic_value_map (value,ptype_subfield,label) VALUES ('n',CURRVAL('config.marc21_physical_characteristic_subfield_map_id_seq'),'Not applicable');
INSERT INTO config.marc21_physical_characteristic_value_map (value,ptype_subfield,label) VALUES ('u',CURRVAL('config.marc21_physical_characteristic_subfield_map_id_seq'),'Unknown');
INSERT INTO config.marc21_physical_characteristic_value_map (value,ptype_subfield,label) VALUES ('z',CURRVAL('config.marc21_physical_characteristic_subfield_map_id_seq'),'Other');
INSERT INTO config.marc21_physical_characteristic_subfield_map (ptype_key,subfield,start_pos,length,label) VALUES ('c','e','4','1','Dimensions');
INSERT INTO config.marc21_physical_characteristic_value_map (value,ptype_subfield,label) VALUES ('a',CURRVAL('config.marc21_physical_characteristic_subfield_map_id_seq'),'3 1/2 in.');
INSERT INTO config.marc21_physical_characteristic_value_map (value,ptype_subfield,label) VALUES ('e',CURRVAL('config.marc21_physical_characteristic_subfield_map_id_seq'),'12 in.');
INSERT INTO config.marc21_physical_characteristic_value_map (value,ptype_subfield,label) VALUES ('g',CURRVAL('config.marc21_physical_characteristic_subfield_map_id_seq'),'4 3/4 in. or 12 cm.');
INSERT INTO config.marc21_physical_characteristic_value_map (value,ptype_subfield,label) VALUES ('i',CURRVAL('config.marc21_physical_characteristic_subfield_map_id_seq'),'1 1/8 x 2 3/8 in.');
INSERT INTO config.marc21_physical_characteristic_value_map (value,ptype_subfield,label) VALUES ('j',CURRVAL('config.marc21_physical_characteristic_subfield_map_id_seq'),'3 7/8 x 2 1/2 in.');
INSERT INTO config.marc21_physical_characteristic_value_map (value,ptype_subfield,label) VALUES ('n',CURRVAL('config.marc21_physical_characteristic_subfield_map_id_seq'),'Not applicable');
INSERT INTO config.marc21_physical_characteristic_value_map (value,ptype_subfield,label) VALUES ('o',CURRVAL('config.marc21_physical_characteristic_subfield_map_id_seq'),'5 1/4 in.');
INSERT INTO config.marc21_physical_characteristic_value_map (value,ptype_subfield,label) VALUES ('u',CURRVAL('config.marc21_physical_characteristic_subfield_map_id_seq'),'Unknown');
INSERT INTO config.marc21_physical_characteristic_value_map (value,ptype_subfield,label) VALUES ('v',CURRVAL('config.marc21_physical_characteristic_subfield_map_id_seq'),'8 in.');
INSERT INTO config.marc21_physical_characteristic_value_map (value,ptype_subfield,label) VALUES ('z',CURRVAL('config.marc21_physical_characteristic_subfield_map_id_seq'),'Other');
INSERT INTO config.marc21_physical_characteristic_subfield_map (ptype_key,subfield,start_pos,length,label) VALUES ('c','f','5','1','Sound');
INSERT INTO config.marc21_physical_characteristic_value_map (value,ptype_subfield,label) VALUES (' ',CURRVAL('config.marc21_physical_characteristic_subfield_map_id_seq'),'No sound (Silent)');
INSERT INTO config.marc21_physical_characteristic_value_map (value,ptype_subfield,label) VALUES ('a',CURRVAL('config.marc21_physical_characteristic_subfield_map_id_seq'),'Sound');
INSERT INTO config.marc21_physical_characteristic_value_map (value,ptype_subfield,label) VALUES ('u',CURRVAL('config.marc21_physical_characteristic_subfield_map_id_seq'),'Unknown');
INSERT INTO config.marc21_physical_characteristic_subfield_map (ptype_key,subfield,start_pos,length,label) VALUES ('c','g','6','3','Image bit depth');
INSERT INTO config.marc21_physical_characteristic_value_map (value,ptype_subfield,label) VALUES ('---',CURRVAL('config.marc21_physical_characteristic_subfield_map_id_seq'),'Unknown');
INSERT INTO config.marc21_physical_characteristic_value_map (value,ptype_subfield,label) VALUES ('mmm',CURRVAL('config.marc21_physical_characteristic_subfield_map_id_seq'),'Multiple');
INSERT INTO config.marc21_physical_characteristic_value_map (value,ptype_subfield,label) VALUES ('nnn',CURRVAL('config.marc21_physical_characteristic_subfield_map_id_seq'),'Not applicable');
INSERT INTO config.marc21_physical_characteristic_subfield_map (ptype_key,subfield,start_pos,length,label) VALUES ('c','h','9','1','File formats');
INSERT INTO config.marc21_physical_characteristic_value_map (value,ptype_subfield,label) VALUES ('a',CURRVAL('config.marc21_physical_characteristic_subfield_map_id_seq'),'One file format');
INSERT INTO config.marc21_physical_characteristic_value_map (value,ptype_subfield,label) VALUES ('m',CURRVAL('config.marc21_physical_characteristic_subfield_map_id_seq'),'Multiple file formats');
INSERT INTO config.marc21_physical_characteristic_value_map (value,ptype_subfield,label) VALUES ('u',CURRVAL('config.marc21_physical_characteristic_subfield_map_id_seq'),'Unknown');
INSERT INTO config.marc21_physical_characteristic_subfield_map (ptype_key,subfield,start_pos,length,label) VALUES ('c','i','10','1','Quality assurance target(s)');
INSERT INTO config.marc21_physical_characteristic_value_map (value,ptype_subfield,label) VALUES ('a',CURRVAL('config.marc21_physical_characteristic_subfield_map_id_seq'),'Absent');
INSERT INTO config.marc21_physical_characteristic_value_map (value,ptype_subfield,label) VALUES ('n',CURRVAL('config.marc21_physical_characteristic_subfield_map_id_seq'),'Not applicable');
INSERT INTO config.marc21_physical_characteristic_value_map (value,ptype_subfield,label) VALUES ('p',CURRVAL('config.marc21_physical_characteristic_subfield_map_id_seq'),'Present');
INSERT INTO config.marc21_physical_characteristic_value_map (value,ptype_subfield,label) VALUES ('u',CURRVAL('config.marc21_physical_characteristic_subfield_map_id_seq'),'Unknown');
INSERT INTO config.marc21_physical_characteristic_subfield_map (ptype_key,subfield,start_pos,length,label) VALUES ('c','j','11','1','Antecedent/Source');
INSERT INTO config.marc21_physical_characteristic_value_map (value,ptype_subfield,label) VALUES ('a',CURRVAL('config.marc21_physical_characteristic_subfield_map_id_seq'),'File reproduced from original');
INSERT INTO config.marc21_physical_characteristic_value_map (value,ptype_subfield,label) VALUES ('b',CURRVAL('config.marc21_physical_characteristic_subfield_map_id_seq'),'File reproduced from microform');
INSERT INTO config.marc21_physical_characteristic_value_map (value,ptype_subfield,label) VALUES ('c',CURRVAL('config.marc21_physical_characteristic_subfield_map_id_seq'),'File reproduced from electronic resource');
INSERT INTO config.marc21_physical_characteristic_value_map (value,ptype_subfield,label) VALUES ('d',CURRVAL('config.marc21_physical_characteristic_subfield_map_id_seq'),'File reproduced from an intermediate (not microform)');
INSERT INTO config.marc21_physical_characteristic_value_map (value,ptype_subfield,label) VALUES ('m',CURRVAL('config.marc21_physical_characteristic_subfield_map_id_seq'),'Mixed');
INSERT INTO config.marc21_physical_characteristic_value_map (value,ptype_subfield,label) VALUES ('n',CURRVAL('config.marc21_physical_characteristic_subfield_map_id_seq'),'Not applicable');
INSERT INTO config.marc21_physical_characteristic_value_map (value,ptype_subfield,label) VALUES ('u',CURRVAL('config.marc21_physical_characteristic_subfield_map_id_seq'),'Unknown');
INSERT INTO config.marc21_physical_characteristic_subfield_map (ptype_key,subfield,start_pos,length,label) VALUES ('c','k','12','1','Level of compression');
INSERT INTO config.marc21_physical_characteristic_value_map (value,ptype_subfield,label) VALUES ('a',CURRVAL('config.marc21_physical_characteristic_subfield_map_id_seq'),'Uncompressed');
INSERT INTO config.marc21_physical_characteristic_value_map (value,ptype_subfield,label) VALUES ('b',CURRVAL('config.marc21_physical_characteristic_subfield_map_id_seq'),'Lossless');
INSERT INTO config.marc21_physical_characteristic_value_map (value,ptype_subfield,label) VALUES ('d',CURRVAL('config.marc21_physical_characteristic_subfield_map_id_seq'),'Lossy');
INSERT INTO config.marc21_physical_characteristic_value_map (value,ptype_subfield,label) VALUES ('m',CURRVAL('config.marc21_physical_characteristic_subfield_map_id_seq'),'Mixed');
INSERT INTO config.marc21_physical_characteristic_value_map (value,ptype_subfield,label) VALUES ('u',CURRVAL('config.marc21_physical_characteristic_subfield_map_id_seq'),'Unknown');
INSERT INTO config.marc21_physical_characteristic_subfield_map (ptype_key,subfield,start_pos,length,label) VALUES ('c','l','13','1','Reformatting quality');
INSERT INTO config.marc21_physical_characteristic_value_map (value,ptype_subfield,label) VALUES ('a',CURRVAL('config.marc21_physical_characteristic_subfield_map_id_seq'),'Access');
INSERT INTO config.marc21_physical_characteristic_value_map (value,ptype_subfield,label) VALUES ('n',CURRVAL('config.marc21_physical_characteristic_subfield_map_id_seq'),'Not applicable');
INSERT INTO config.marc21_physical_characteristic_value_map (value,ptype_subfield,label) VALUES ('p',CURRVAL('config.marc21_physical_characteristic_subfield_map_id_seq'),'Preservation');
INSERT INTO config.marc21_physical_characteristic_value_map (value,ptype_subfield,label) VALUES ('r',CURRVAL('config.marc21_physical_characteristic_subfield_map_id_seq'),'Replacement');
INSERT INTO config.marc21_physical_characteristic_value_map (value,ptype_subfield,label) VALUES ('u',CURRVAL('config.marc21_physical_characteristic_subfield_map_id_seq'),'Unknown');

-- Globe
INSERT INTO config.marc21_physical_characteristic_type_map (ptype_key, label) VALUES ('d','Globe');
INSERT INTO config.marc21_physical_characteristic_subfield_map (ptype_key,subfield,start_pos,length,label) VALUES ('d','b','1','1','SMD');
INSERT INTO config.marc21_physical_characteristic_value_map (value,ptype_subfield,label) VALUES ('a',CURRVAL('config.marc21_physical_characteristic_subfield_map_id_seq'),'Celestial globe');
INSERT INTO config.marc21_physical_characteristic_value_map (value,ptype_subfield,label) VALUES ('b',CURRVAL('config.marc21_physical_characteristic_subfield_map_id_seq'),'Planetary or lunar globe');
INSERT INTO config.marc21_physical_characteristic_value_map (value,ptype_subfield,label) VALUES ('c',CURRVAL('config.marc21_physical_characteristic_subfield_map_id_seq'),'Terrestrial globe');
INSERT INTO config.marc21_physical_characteristic_value_map (value,ptype_subfield,label) VALUES ('e',CURRVAL('config.marc21_physical_characteristic_subfield_map_id_seq'),'Earth moon globe');
INSERT INTO config.marc21_physical_characteristic_value_map (value,ptype_subfield,label) VALUES ('u',CURRVAL('config.marc21_physical_characteristic_subfield_map_id_seq'),'Unspecified');
INSERT INTO config.marc21_physical_characteristic_value_map (value,ptype_subfield,label) VALUES ('z',CURRVAL('config.marc21_physical_characteristic_subfield_map_id_seq'),'Other');
INSERT INTO config.marc21_physical_characteristic_subfield_map (ptype_key,subfield,start_pos,length,label) VALUES ('d','d','3','1','Color');
INSERT INTO config.marc21_physical_characteristic_value_map (value,ptype_subfield,label) VALUES ('a',CURRVAL('config.marc21_physical_characteristic_subfield_map_id_seq'),'One color');
INSERT INTO config.marc21_physical_characteristic_value_map (value,ptype_subfield,label) VALUES ('c',CURRVAL('config.marc21_physical_characteristic_subfield_map_id_seq'),'Multicolored');
INSERT INTO config.marc21_physical_characteristic_subfield_map (ptype_key,subfield,start_pos,length,label) VALUES ('d','e','4','1','Physical medium');
INSERT INTO config.marc21_physical_characteristic_value_map (value,ptype_subfield,label) VALUES ('a',CURRVAL('config.marc21_physical_characteristic_subfield_map_id_seq'),'Paper');
INSERT INTO config.marc21_physical_characteristic_value_map (value,ptype_subfield,label) VALUES ('b',CURRVAL('config.marc21_physical_characteristic_subfield_map_id_seq'),'Wood');
INSERT INTO config.marc21_physical_characteristic_value_map (value,ptype_subfield,label) VALUES ('c',CURRVAL('config.marc21_physical_characteristic_subfield_map_id_seq'),'Stone');
INSERT INTO config.marc21_physical_characteristic_value_map (value,ptype_subfield,label) VALUES ('d',CURRVAL('config.marc21_physical_characteristic_subfield_map_id_seq'),'Metal');
INSERT INTO config.marc21_physical_characteristic_value_map (value,ptype_subfield,label) VALUES ('e',CURRVAL('config.marc21_physical_characteristic_subfield_map_id_seq'),'Synthetics');
INSERT INTO config.marc21_physical_characteristic_value_map (value,ptype_subfield,label) VALUES ('f',CURRVAL('config.marc21_physical_characteristic_subfield_map_id_seq'),'Skins');
INSERT INTO config.marc21_physical_characteristic_value_map (value,ptype_subfield,label) VALUES ('g',CURRVAL('config.marc21_physical_characteristic_subfield_map_id_seq'),'Textile');
INSERT INTO config.marc21_physical_characteristic_value_map (value,ptype_subfield,label) VALUES ('p',CURRVAL('config.marc21_physical_characteristic_subfield_map_id_seq'),'Plaster');
INSERT INTO config.marc21_physical_characteristic_value_map (value,ptype_subfield,label) VALUES ('u',CURRVAL('config.marc21_physical_characteristic_subfield_map_id_seq'),'Unknown');
INSERT INTO config.marc21_physical_characteristic_value_map (value,ptype_subfield,label) VALUES ('z',CURRVAL('config.marc21_physical_characteristic_subfield_map_id_seq'),'Other');
INSERT INTO config.marc21_physical_characteristic_subfield_map (ptype_key,subfield,start_pos,length,label) VALUES ('d','f','5','1','Type of reproduction');
INSERT INTO config.marc21_physical_characteristic_value_map (value,ptype_subfield,label) VALUES ('f',CURRVAL('config.marc21_physical_characteristic_subfield_map_id_seq'),'Facsimile');
INSERT INTO config.marc21_physical_characteristic_value_map (value,ptype_subfield,label) VALUES ('n',CURRVAL('config.marc21_physical_characteristic_subfield_map_id_seq'),'Not applicable');
INSERT INTO config.marc21_physical_characteristic_value_map (value,ptype_subfield,label) VALUES ('u',CURRVAL('config.marc21_physical_characteristic_subfield_map_id_seq'),'Unknown');
INSERT INTO config.marc21_physical_characteristic_value_map (value,ptype_subfield,label) VALUES ('z',CURRVAL('config.marc21_physical_characteristic_subfield_map_id_seq'),'Other');

-- Tactile Material
INSERT INTO config.marc21_physical_characteristic_type_map (ptype_key, label) VALUES ('f','Tactile Material');
INSERT INTO config.marc21_physical_characteristic_subfield_map (ptype_key,subfield,start_pos,length,label) VALUES ('f','b','1','1','SMD');
INSERT INTO config.marc21_physical_characteristic_value_map (value,ptype_subfield,label) VALUES ('a',CURRVAL('config.marc21_physical_characteristic_subfield_map_id_seq'),'Moon');
INSERT INTO config.marc21_physical_characteristic_value_map (value,ptype_subfield,label) VALUES ('b',CURRVAL('config.marc21_physical_characteristic_subfield_map_id_seq'),'Braille');
INSERT INTO config.marc21_physical_characteristic_value_map (value,ptype_subfield,label) VALUES ('c',CURRVAL('config.marc21_physical_characteristic_subfield_map_id_seq'),'Combination');
INSERT INTO config.marc21_physical_characteristic_value_map (value,ptype_subfield,label) VALUES ('d',CURRVAL('config.marc21_physical_characteristic_subfield_map_id_seq'),'Tactile, with no writing system');
INSERT INTO config.marc21_physical_characteristic_value_map (value,ptype_subfield,label) VALUES ('u',CURRVAL('config.marc21_physical_characteristic_subfield_map_id_seq'),'Unspecified');
INSERT INTO config.marc21_physical_characteristic_value_map (value,ptype_subfield,label) VALUES ('z',CURRVAL('config.marc21_physical_characteristic_subfield_map_id_seq'),'Other');
INSERT INTO config.marc21_physical_characteristic_subfield_map (ptype_key,subfield,start_pos,length,label) VALUES ('f','d','3','2','Class of braille writing');
INSERT INTO config.marc21_physical_characteristic_value_map (value,ptype_subfield,label) VALUES ('a',CURRVAL('config.marc21_physical_characteristic_subfield_map_id_seq'),'Literary braille');
INSERT INTO config.marc21_physical_characteristic_value_map (value,ptype_subfield,label) VALUES ('b',CURRVAL('config.marc21_physical_characteristic_subfield_map_id_seq'),'Format code braille');
INSERT INTO config.marc21_physical_characteristic_value_map (value,ptype_subfield,label) VALUES ('c',CURRVAL('config.marc21_physical_characteristic_subfield_map_id_seq'),'Mathematics and scientific braille');
INSERT INTO config.marc21_physical_characteristic_value_map (value,ptype_subfield,label) VALUES ('d',CURRVAL('config.marc21_physical_characteristic_subfield_map_id_seq'),'Computer braille');
INSERT INTO config.marc21_physical_characteristic_value_map (value,ptype_subfield,label) VALUES ('e',CURRVAL('config.marc21_physical_characteristic_subfield_map_id_seq'),'Music braille');
INSERT INTO config.marc21_physical_characteristic_value_map (value,ptype_subfield,label) VALUES ('m',CURRVAL('config.marc21_physical_characteristic_subfield_map_id_seq'),'Multiple braille types');
INSERT INTO config.marc21_physical_characteristic_value_map (value,ptype_subfield,label) VALUES ('n',CURRVAL('config.marc21_physical_characteristic_subfield_map_id_seq'),'Not applicable');
INSERT INTO config.marc21_physical_characteristic_value_map (value,ptype_subfield,label) VALUES ('u',CURRVAL('config.marc21_physical_characteristic_subfield_map_id_seq'),'Unknown');
INSERT INTO config.marc21_physical_characteristic_value_map (value,ptype_subfield,label) VALUES ('z',CURRVAL('config.marc21_physical_characteristic_subfield_map_id_seq'),'Other');
INSERT INTO config.marc21_physical_characteristic_subfield_map (ptype_key,subfield,start_pos,length,label) VALUES ('f','e','5','1','Level of contraction');
INSERT INTO config.marc21_physical_characteristic_value_map (value,ptype_subfield,label) VALUES ('a',CURRVAL('config.marc21_physical_characteristic_subfield_map_id_seq'),'Uncontracted');
INSERT INTO config.marc21_physical_characteristic_value_map (value,ptype_subfield,label) VALUES ('b',CURRVAL('config.marc21_physical_characteristic_subfield_map_id_seq'),'Contracted');
INSERT INTO config.marc21_physical_characteristic_value_map (value,ptype_subfield,label) VALUES ('m',CURRVAL('config.marc21_physical_characteristic_subfield_map_id_seq'),'Combination');
INSERT INTO config.marc21_physical_characteristic_value_map (value,ptype_subfield,label) VALUES ('n',CURRVAL('config.marc21_physical_characteristic_subfield_map_id_seq'),'Not applicable');
INSERT INTO config.marc21_physical_characteristic_value_map (value,ptype_subfield,label) VALUES ('u',CURRVAL('config.marc21_physical_characteristic_subfield_map_id_seq'),'Unknown');
INSERT INTO config.marc21_physical_characteristic_value_map (value,ptype_subfield,label) VALUES ('z',CURRVAL('config.marc21_physical_characteristic_subfield_map_id_seq'),'Other');
INSERT INTO config.marc21_physical_characteristic_subfield_map (ptype_key,subfield,start_pos,length,label) VALUES ('f','f','6','3','Braille music format');
INSERT INTO config.marc21_physical_characteristic_value_map (value,ptype_subfield,label) VALUES ('a',CURRVAL('config.marc21_physical_characteristic_subfield_map_id_seq'),'Bar over bar');
INSERT INTO config.marc21_physical_characteristic_value_map (value,ptype_subfield,label) VALUES ('b',CURRVAL('config.marc21_physical_characteristic_subfield_map_id_seq'),'Bar by bar');
INSERT INTO config.marc21_physical_characteristic_value_map (value,ptype_subfield,label) VALUES ('c',CURRVAL('config.marc21_physical_characteristic_subfield_map_id_seq'),'Line over line');
INSERT INTO config.marc21_physical_characteristic_value_map (value,ptype_subfield,label) VALUES ('d',CURRVAL('config.marc21_physical_characteristic_subfield_map_id_seq'),'Paragraph');
INSERT INTO config.marc21_physical_characteristic_value_map (value,ptype_subfield,label) VALUES ('e',CURRVAL('config.marc21_physical_characteristic_subfield_map_id_seq'),'Single line');
INSERT INTO config.marc21_physical_characteristic_value_map (value,ptype_subfield,label) VALUES ('f',CURRVAL('config.marc21_physical_characteristic_subfield_map_id_seq'),'Section by section');
INSERT INTO config.marc21_physical_characteristic_value_map (value,ptype_subfield,label) VALUES ('g',CURRVAL('config.marc21_physical_characteristic_subfield_map_id_seq'),'Line by line');
INSERT INTO config.marc21_physical_characteristic_value_map (value,ptype_subfield,label) VALUES ('h',CURRVAL('config.marc21_physical_characteristic_subfield_map_id_seq'),'Open score');
INSERT INTO config.marc21_physical_characteristic_value_map (value,ptype_subfield,label) VALUES ('i',CURRVAL('config.marc21_physical_characteristic_subfield_map_id_seq'),'Spanner short form scoring');
INSERT INTO config.marc21_physical_characteristic_value_map (value,ptype_subfield,label) VALUES ('j',CURRVAL('config.marc21_physical_characteristic_subfield_map_id_seq'),'Short form scoring');
INSERT INTO config.marc21_physical_characteristic_value_map (value,ptype_subfield,label) VALUES ('k',CURRVAL('config.marc21_physical_characteristic_subfield_map_id_seq'),'Outline');
INSERT INTO config.marc21_physical_characteristic_value_map (value,ptype_subfield,label) VALUES ('l',CURRVAL('config.marc21_physical_characteristic_subfield_map_id_seq'),'Vertical score');
INSERT INTO config.marc21_physical_characteristic_value_map (value,ptype_subfield,label) VALUES ('n',CURRVAL('config.marc21_physical_characteristic_subfield_map_id_seq'),'Not applicable');
INSERT INTO config.marc21_physical_characteristic_value_map (value,ptype_subfield,label) VALUES ('u',CURRVAL('config.marc21_physical_characteristic_subfield_map_id_seq'),'Unknown');
INSERT INTO config.marc21_physical_characteristic_value_map (value,ptype_subfield,label) VALUES ('z',CURRVAL('config.marc21_physical_characteristic_subfield_map_id_seq'),'Other');
INSERT INTO config.marc21_physical_characteristic_subfield_map (ptype_key,subfield,start_pos,length,label) VALUES ('f','g','9','1','Special physical characteristics');
INSERT INTO config.marc21_physical_characteristic_value_map (value,ptype_subfield,label) VALUES ('a',CURRVAL('config.marc21_physical_characteristic_subfield_map_id_seq'),'Print/braille');
INSERT INTO config.marc21_physical_characteristic_value_map (value,ptype_subfield,label) VALUES ('b',CURRVAL('config.marc21_physical_characteristic_subfield_map_id_seq'),'Jumbo or enlarged braille');
INSERT INTO config.marc21_physical_characteristic_value_map (value,ptype_subfield,label) VALUES ('n',CURRVAL('config.marc21_physical_characteristic_subfield_map_id_seq'),'Not applicable');
INSERT INTO config.marc21_physical_characteristic_value_map (value,ptype_subfield,label) VALUES ('u',CURRVAL('config.marc21_physical_characteristic_subfield_map_id_seq'),'Unknown');
INSERT INTO config.marc21_physical_characteristic_value_map (value,ptype_subfield,label) VALUES ('z',CURRVAL('config.marc21_physical_characteristic_subfield_map_id_seq'),'Other');

-- Projected Graphic
INSERT INTO config.marc21_physical_characteristic_type_map (ptype_key, label) VALUES ('g','Projected Graphic');
INSERT INTO config.marc21_physical_characteristic_subfield_map (ptype_key,subfield,start_pos,length,label) VALUES ('g','b','1','1','SMD');
INSERT INTO config.marc21_physical_characteristic_value_map (value,ptype_subfield,label) VALUES ('c',CURRVAL('config.marc21_physical_characteristic_subfield_map_id_seq'),'Film cartridge');
INSERT INTO config.marc21_physical_characteristic_value_map (value,ptype_subfield,label) VALUES ('d',CURRVAL('config.marc21_physical_characteristic_subfield_map_id_seq'),'Filmstrip');
INSERT INTO config.marc21_physical_characteristic_value_map (value,ptype_subfield,label) VALUES ('f',CURRVAL('config.marc21_physical_characteristic_subfield_map_id_seq'),'Film filmstrip type');
INSERT INTO config.marc21_physical_characteristic_value_map (value,ptype_subfield,label) VALUES ('o',CURRVAL('config.marc21_physical_characteristic_subfield_map_id_seq'),'Filmstrip roll');
INSERT INTO config.marc21_physical_characteristic_value_map (value,ptype_subfield,label) VALUES ('s',CURRVAL('config.marc21_physical_characteristic_subfield_map_id_seq'),'Slide');
INSERT INTO config.marc21_physical_characteristic_value_map (value,ptype_subfield,label) VALUES ('t',CURRVAL('config.marc21_physical_characteristic_subfield_map_id_seq'),'Transparency');
INSERT INTO config.marc21_physical_characteristic_value_map (value,ptype_subfield,label) VALUES ('z',CURRVAL('config.marc21_physical_characteristic_subfield_map_id_seq'),'Other');
INSERT INTO config.marc21_physical_characteristic_subfield_map (ptype_key,subfield,start_pos,length,label) VALUES ('g','d','3','1','Color');
INSERT INTO config.marc21_physical_characteristic_value_map (value,ptype_subfield,label) VALUES ('b',CURRVAL('config.marc21_physical_characteristic_subfield_map_id_seq'),'Black-and-white');
INSERT INTO config.marc21_physical_characteristic_value_map (value,ptype_subfield,label) VALUES ('c',CURRVAL('config.marc21_physical_characteristic_subfield_map_id_seq'),'Multicolored');
INSERT INTO config.marc21_physical_characteristic_value_map (value,ptype_subfield,label) VALUES ('h',CURRVAL('config.marc21_physical_characteristic_subfield_map_id_seq'),'Hand-colored');
INSERT INTO config.marc21_physical_characteristic_value_map (value,ptype_subfield,label) VALUES ('m',CURRVAL('config.marc21_physical_characteristic_subfield_map_id_seq'),'Mixed');
INSERT INTO config.marc21_physical_characteristic_value_map (value,ptype_subfield,label) VALUES ('n',CURRVAL('config.marc21_physical_characteristic_subfield_map_id_seq'),'Not applicable');
INSERT INTO config.marc21_physical_characteristic_value_map (value,ptype_subfield,label) VALUES ('u',CURRVAL('config.marc21_physical_characteristic_subfield_map_id_seq'),'Unknown');
INSERT INTO config.marc21_physical_characteristic_value_map (value,ptype_subfield,label) VALUES ('z',CURRVAL('config.marc21_physical_characteristic_subfield_map_id_seq'),'Other');
INSERT INTO config.marc21_physical_characteristic_subfield_map (ptype_key,subfield,start_pos,length,label) VALUES ('g','e','4','1','Base of emulsion');
INSERT INTO config.marc21_physical_characteristic_value_map (value,ptype_subfield,label) VALUES ('d',CURRVAL('config.marc21_physical_characteristic_subfield_map_id_seq'),'Glass');
INSERT INTO config.marc21_physical_characteristic_value_map (value,ptype_subfield,label) VALUES ('e',CURRVAL('config.marc21_physical_characteristic_subfield_map_id_seq'),'Synthetics');
INSERT INTO config.marc21_physical_characteristic_value_map (value,ptype_subfield,label) VALUES ('j',CURRVAL('config.marc21_physical_characteristic_subfield_map_id_seq'),'Safety film');
INSERT INTO config.marc21_physical_characteristic_value_map (value,ptype_subfield,label) VALUES ('k',CURRVAL('config.marc21_physical_characteristic_subfield_map_id_seq'),'Film base, other than safety film');
INSERT INTO config.marc21_physical_characteristic_value_map (value,ptype_subfield,label) VALUES ('m',CURRVAL('config.marc21_physical_characteristic_subfield_map_id_seq'),'Mixed collection');
INSERT INTO config.marc21_physical_characteristic_value_map (value,ptype_subfield,label) VALUES ('o',CURRVAL('config.marc21_physical_characteristic_subfield_map_id_seq'),'Paper');
INSERT INTO config.marc21_physical_characteristic_value_map (value,ptype_subfield,label) VALUES ('u',CURRVAL('config.marc21_physical_characteristic_subfield_map_id_seq'),'Unknown');
INSERT INTO config.marc21_physical_characteristic_value_map (value,ptype_subfield,label) VALUES ('z',CURRVAL('config.marc21_physical_characteristic_subfield_map_id_seq'),'Other');
INSERT INTO config.marc21_physical_characteristic_subfield_map (ptype_key,subfield,start_pos,length,label) VALUES ('g','f','5','1','Sound on medium or separate');
INSERT INTO config.marc21_physical_characteristic_value_map (value,ptype_subfield,label) VALUES ('a',CURRVAL('config.marc21_physical_characteristic_subfield_map_id_seq'),'Sound on medium');
INSERT INTO config.marc21_physical_characteristic_value_map (value,ptype_subfield,label) VALUES ('b',CURRVAL('config.marc21_physical_characteristic_subfield_map_id_seq'),'Sound separate from medium');
INSERT INTO config.marc21_physical_characteristic_value_map (value,ptype_subfield,label) VALUES ('u',CURRVAL('config.marc21_physical_characteristic_subfield_map_id_seq'),'Unknown');
INSERT INTO config.marc21_physical_characteristic_subfield_map (ptype_key,subfield,start_pos,length,label) VALUES ('g','g','6','1','Medium for sound');
INSERT INTO config.marc21_physical_characteristic_value_map (value,ptype_subfield,label) VALUES ('a',CURRVAL('config.marc21_physical_characteristic_subfield_map_id_seq'),'Optical sound track on motion picture film');
INSERT INTO config.marc21_physical_characteristic_value_map (value,ptype_subfield,label) VALUES ('b',CURRVAL('config.marc21_physical_characteristic_subfield_map_id_seq'),'Magnetic sound track on motion picture film');
INSERT INTO config.marc21_physical_characteristic_value_map (value,ptype_subfield,label) VALUES ('c',CURRVAL('config.marc21_physical_characteristic_subfield_map_id_seq'),'Magnetic audio tape in cartridge');
INSERT INTO config.marc21_physical_characteristic_value_map (value,ptype_subfield,label) VALUES ('d',CURRVAL('config.marc21_physical_characteristic_subfield_map_id_seq'),'Sound disc');
INSERT INTO config.marc21_physical_characteristic_value_map (value,ptype_subfield,label) VALUES ('e',CURRVAL('config.marc21_physical_characteristic_subfield_map_id_seq'),'Magnetic audio tape on reel');
INSERT INTO config.marc21_physical_characteristic_value_map (value,ptype_subfield,label) VALUES ('f',CURRVAL('config.marc21_physical_characteristic_subfield_map_id_seq'),'Magnetic audio tape in cassette');
INSERT INTO config.marc21_physical_characteristic_value_map (value,ptype_subfield,label) VALUES ('g',CURRVAL('config.marc21_physical_characteristic_subfield_map_id_seq'),'Optical and magnetic sound track on film');
INSERT INTO config.marc21_physical_characteristic_value_map (value,ptype_subfield,label) VALUES ('h',CURRVAL('config.marc21_physical_characteristic_subfield_map_id_seq'),'Videotape');
INSERT INTO config.marc21_physical_characteristic_value_map (value,ptype_subfield,label) VALUES ('i',CURRVAL('config.marc21_physical_characteristic_subfield_map_id_seq'),'Videodisc');
INSERT INTO config.marc21_physical_characteristic_value_map (value,ptype_subfield,label) VALUES ('u',CURRVAL('config.marc21_physical_characteristic_subfield_map_id_seq'),'Unknown');
INSERT INTO config.marc21_physical_characteristic_value_map (value,ptype_subfield,label) VALUES ('z',CURRVAL('config.marc21_physical_characteristic_subfield_map_id_seq'),'Other');
INSERT INTO config.marc21_physical_characteristic_subfield_map (ptype_key,subfield,start_pos,length,label) VALUES ('g','h','7','1','Dimensions');
INSERT INTO config.marc21_physical_characteristic_value_map (value,ptype_subfield,label) VALUES ('a',CURRVAL('config.marc21_physical_characteristic_subfield_map_id_seq'),'Standard 8 mm.');
INSERT INTO config.marc21_physical_characteristic_value_map (value,ptype_subfield,label) VALUES ('b',CURRVAL('config.marc21_physical_characteristic_subfield_map_id_seq'),'Super 8 mm./single 8 mm.');
INSERT INTO config.marc21_physical_characteristic_value_map (value,ptype_subfield,label) VALUES ('c',CURRVAL('config.marc21_physical_characteristic_subfield_map_id_seq'),'9.5 mm.');
INSERT INTO config.marc21_physical_characteristic_value_map (value,ptype_subfield,label) VALUES ('d',CURRVAL('config.marc21_physical_characteristic_subfield_map_id_seq'),'16 mm.');
INSERT INTO config.marc21_physical_characteristic_value_map (value,ptype_subfield,label) VALUES ('e',CURRVAL('config.marc21_physical_characteristic_subfield_map_id_seq'),'28 mm.');
INSERT INTO config.marc21_physical_characteristic_value_map (value,ptype_subfield,label) VALUES ('f',CURRVAL('config.marc21_physical_characteristic_subfield_map_id_seq'),'35 mm.');
INSERT INTO config.marc21_physical_characteristic_value_map (value,ptype_subfield,label) VALUES ('g',CURRVAL('config.marc21_physical_characteristic_subfield_map_id_seq'),'70 mm.');
INSERT INTO config.marc21_physical_characteristic_value_map (value,ptype_subfield,label) VALUES ('j',CURRVAL('config.marc21_physical_characteristic_subfield_map_id_seq'),'2 x 2 in. (5 x 5 cm.)');
INSERT INTO config.marc21_physical_characteristic_value_map (value,ptype_subfield,label) VALUES ('k',CURRVAL('config.marc21_physical_characteristic_subfield_map_id_seq'),'2 1/4 x 2 1/4 in. (6 x 6 cm.)');
INSERT INTO config.marc21_physical_characteristic_value_map (value,ptype_subfield,label) VALUES ('s',CURRVAL('config.marc21_physical_characteristic_subfield_map_id_seq'),'4 x 5 in. (10 x 13 cm.)');
INSERT INTO config.marc21_physical_characteristic_value_map (value,ptype_subfield,label) VALUES ('t',CURRVAL('config.marc21_physical_characteristic_subfield_map_id_seq'),'5 x 7 in. (13 x 18 cm.)');
INSERT INTO config.marc21_physical_characteristic_value_map (value,ptype_subfield,label) VALUES ('u',CURRVAL('config.marc21_physical_characteristic_subfield_map_id_seq'),'Unknown');
INSERT INTO config.marc21_physical_characteristic_value_map (value,ptype_subfield,label) VALUES ('v',CURRVAL('config.marc21_physical_characteristic_subfield_map_id_seq'),'8 x 10 in. (21 x 26 cm.)');
INSERT INTO config.marc21_physical_characteristic_value_map (value,ptype_subfield,label) VALUES ('w',CURRVAL('config.marc21_physical_characteristic_subfield_map_id_seq'),'9 x 9 in. (23 x 23 cm.)');
INSERT INTO config.marc21_physical_characteristic_value_map (value,ptype_subfield,label) VALUES ('x',CURRVAL('config.marc21_physical_characteristic_subfield_map_id_seq'),'10 x 10 in. (26 x 26 cm.)');
INSERT INTO config.marc21_physical_characteristic_value_map (value,ptype_subfield,label) VALUES ('y',CURRVAL('config.marc21_physical_characteristic_subfield_map_id_seq'),'7 x 7 in. (18 x 18 cm.)');
INSERT INTO config.marc21_physical_characteristic_value_map (value,ptype_subfield,label) VALUES ('z',CURRVAL('config.marc21_physical_characteristic_subfield_map_id_seq'),'Other');
INSERT INTO config.marc21_physical_characteristic_subfield_map (ptype_key,subfield,start_pos,length,label) VALUES ('g','i','8','1','Secondary support material');
INSERT INTO config.marc21_physical_characteristic_value_map (value,ptype_subfield,label) VALUES ('c',CURRVAL('config.marc21_physical_characteristic_subfield_map_id_seq'),'Cardboard');
INSERT INTO config.marc21_physical_characteristic_value_map (value,ptype_subfield,label) VALUES ('d',CURRVAL('config.marc21_physical_characteristic_subfield_map_id_seq'),'Glass');
INSERT INTO config.marc21_physical_characteristic_value_map (value,ptype_subfield,label) VALUES ('e',CURRVAL('config.marc21_physical_characteristic_subfield_map_id_seq'),'Synthetics');
INSERT INTO config.marc21_physical_characteristic_value_map (value,ptype_subfield,label) VALUES ('h',CURRVAL('config.marc21_physical_characteristic_subfield_map_id_seq'),'metal');
INSERT INTO config.marc21_physical_characteristic_value_map (value,ptype_subfield,label) VALUES ('j',CURRVAL('config.marc21_physical_characteristic_subfield_map_id_seq'),'Metal and glass');
INSERT INTO config.marc21_physical_characteristic_value_map (value,ptype_subfield,label) VALUES ('k',CURRVAL('config.marc21_physical_characteristic_subfield_map_id_seq'),'Synthetics and glass');
INSERT INTO config.marc21_physical_characteristic_value_map (value,ptype_subfield,label) VALUES ('m',CURRVAL('config.marc21_physical_characteristic_subfield_map_id_seq'),'Mixed collection');
INSERT INTO config.marc21_physical_characteristic_value_map (value,ptype_subfield,label) VALUES ('u',CURRVAL('config.marc21_physical_characteristic_subfield_map_id_seq'),'Unknown');
INSERT INTO config.marc21_physical_characteristic_value_map (value,ptype_subfield,label) VALUES ('z',CURRVAL('config.marc21_physical_characteristic_subfield_map_id_seq'),'Other');

-- Microform
INSERT INTO config.marc21_physical_characteristic_type_map (ptype_key, label) VALUES ('h','Microform');
INSERT INTO config.marc21_physical_characteristic_subfield_map (ptype_key,subfield,start_pos,length,label) VALUES ('h','b','1','1','SMD');
INSERT INTO config.marc21_physical_characteristic_value_map (value,ptype_subfield,label) VALUES ('a',CURRVAL('config.marc21_physical_characteristic_subfield_map_id_seq'),'Aperture card');
INSERT INTO config.marc21_physical_characteristic_value_map (value,ptype_subfield,label) VALUES ('b',CURRVAL('config.marc21_physical_characteristic_subfield_map_id_seq'),'Microfilm cartridge');
INSERT INTO config.marc21_physical_characteristic_value_map (value,ptype_subfield,label) VALUES ('c',CURRVAL('config.marc21_physical_characteristic_subfield_map_id_seq'),'Microfilm cassette');
INSERT INTO config.marc21_physical_characteristic_value_map (value,ptype_subfield,label) VALUES ('d',CURRVAL('config.marc21_physical_characteristic_subfield_map_id_seq'),'Microfilm reel');
INSERT INTO config.marc21_physical_characteristic_value_map (value,ptype_subfield,label) VALUES ('e',CURRVAL('config.marc21_physical_characteristic_subfield_map_id_seq'),'Microfiche');
INSERT INTO config.marc21_physical_characteristic_value_map (value,ptype_subfield,label) VALUES ('f',CURRVAL('config.marc21_physical_characteristic_subfield_map_id_seq'),'Microfiche cassette');
INSERT INTO config.marc21_physical_characteristic_value_map (value,ptype_subfield,label) VALUES ('g',CURRVAL('config.marc21_physical_characteristic_subfield_map_id_seq'),'Microopaque');
INSERT INTO config.marc21_physical_characteristic_value_map (value,ptype_subfield,label) VALUES ('u',CURRVAL('config.marc21_physical_characteristic_subfield_map_id_seq'),'Unspecified');
INSERT INTO config.marc21_physical_characteristic_value_map (value,ptype_subfield,label) VALUES ('z',CURRVAL('config.marc21_physical_characteristic_subfield_map_id_seq'),'Other');
INSERT INTO config.marc21_physical_characteristic_subfield_map (ptype_key,subfield,start_pos,length,label) VALUES ('h','d','3','1','Positive/negative');
INSERT INTO config.marc21_physical_characteristic_value_map (value,ptype_subfield,label) VALUES ('a',CURRVAL('config.marc21_physical_characteristic_subfield_map_id_seq'),'Positive');
INSERT INTO config.marc21_physical_characteristic_value_map (value,ptype_subfield,label) VALUES ('b',CURRVAL('config.marc21_physical_characteristic_subfield_map_id_seq'),'Negative');
INSERT INTO config.marc21_physical_characteristic_value_map (value,ptype_subfield,label) VALUES ('m',CURRVAL('config.marc21_physical_characteristic_subfield_map_id_seq'),'Mixed');
INSERT INTO config.marc21_physical_characteristic_value_map (value,ptype_subfield,label) VALUES ('u',CURRVAL('config.marc21_physical_characteristic_subfield_map_id_seq'),'Unknown');
INSERT INTO config.marc21_physical_characteristic_subfield_map (ptype_key,subfield,start_pos,length,label) VALUES ('h','e','4','1','Dimensions');
INSERT INTO config.marc21_physical_characteristic_value_map (value,ptype_subfield,label) VALUES ('a',CURRVAL('config.marc21_physical_characteristic_subfield_map_id_seq'),'8 mm.');
INSERT INTO config.marc21_physical_characteristic_value_map (value,ptype_subfield,label) VALUES ('e',CURRVAL('config.marc21_physical_characteristic_subfield_map_id_seq'),'16 mm.');
INSERT INTO config.marc21_physical_characteristic_value_map (value,ptype_subfield,label) VALUES ('f',CURRVAL('config.marc21_physical_characteristic_subfield_map_id_seq'),'35 mm.');
INSERT INTO config.marc21_physical_characteristic_value_map (value,ptype_subfield,label) VALUES ('g',CURRVAL('config.marc21_physical_characteristic_subfield_map_id_seq'),'70mm.');
INSERT INTO config.marc21_physical_characteristic_value_map (value,ptype_subfield,label) VALUES ('h',CURRVAL('config.marc21_physical_characteristic_subfield_map_id_seq'),'105 mm.');
INSERT INTO config.marc21_physical_characteristic_value_map (value,ptype_subfield,label) VALUES ('l',CURRVAL('config.marc21_physical_characteristic_subfield_map_id_seq'),'3 x 5 in. (8 x 13 cm.)');
INSERT INTO config.marc21_physical_characteristic_value_map (value,ptype_subfield,label) VALUES ('m',CURRVAL('config.marc21_physical_characteristic_subfield_map_id_seq'),'4 x 6 in. (11 x 15 cm.)');
INSERT INTO config.marc21_physical_characteristic_value_map (value,ptype_subfield,label) VALUES ('o',CURRVAL('config.marc21_physical_characteristic_subfield_map_id_seq'),'6 x 9 in. (16 x 23 cm.)');
INSERT INTO config.marc21_physical_characteristic_value_map (value,ptype_subfield,label) VALUES ('p',CURRVAL('config.marc21_physical_characteristic_subfield_map_id_seq'),'3 1/4 x 7 3/8 in. (9 x 19 cm.)');
INSERT INTO config.marc21_physical_characteristic_value_map (value,ptype_subfield,label) VALUES ('u',CURRVAL('config.marc21_physical_characteristic_subfield_map_id_seq'),'Unknown');
INSERT INTO config.marc21_physical_characteristic_value_map (value,ptype_subfield,label) VALUES ('z',CURRVAL('config.marc21_physical_characteristic_subfield_map_id_seq'),'Other');
INSERT INTO config.marc21_physical_characteristic_subfield_map (ptype_key,subfield,start_pos,length,label) VALUES ('h','f','5','4','Reduction ratio range/Reduction ratio');
INSERT INTO config.marc21_physical_characteristic_value_map (value,ptype_subfield,label) VALUES ('a',CURRVAL('config.marc21_physical_characteristic_subfield_map_id_seq'),'Low (1-16x)');
INSERT INTO config.marc21_physical_characteristic_value_map (value,ptype_subfield,label) VALUES ('b',CURRVAL('config.marc21_physical_characteristic_subfield_map_id_seq'),'Normal (16-30x)');
INSERT INTO config.marc21_physical_characteristic_value_map (value,ptype_subfield,label) VALUES ('c',CURRVAL('config.marc21_physical_characteristic_subfield_map_id_seq'),'High (31-60x)');
INSERT INTO config.marc21_physical_characteristic_value_map (value,ptype_subfield,label) VALUES ('d',CURRVAL('config.marc21_physical_characteristic_subfield_map_id_seq'),'Very high (61-90x)');
INSERT INTO config.marc21_physical_characteristic_value_map (value,ptype_subfield,label) VALUES ('e',CURRVAL('config.marc21_physical_characteristic_subfield_map_id_seq'),'Ultra (90x-)');
INSERT INTO config.marc21_physical_characteristic_value_map (value,ptype_subfield,label) VALUES ('u',CURRVAL('config.marc21_physical_characteristic_subfield_map_id_seq'),'Unknown');
INSERT INTO config.marc21_physical_characteristic_value_map (value,ptype_subfield,label) VALUES ('v',CURRVAL('config.marc21_physical_characteristic_subfield_map_id_seq'),'Reduction ratio varies');
INSERT INTO config.marc21_physical_characteristic_subfield_map (ptype_key,subfield,start_pos,length,label) VALUES ('h','g','9','1','Color');
INSERT INTO config.marc21_physical_characteristic_value_map (value,ptype_subfield,label) VALUES ('b',CURRVAL('config.marc21_physical_characteristic_subfield_map_id_seq'),'Black-and-white');
INSERT INTO config.marc21_physical_characteristic_value_map (value,ptype_subfield,label) VALUES ('c',CURRVAL('config.marc21_physical_characteristic_subfield_map_id_seq'),'Multicolored');
INSERT INTO config.marc21_physical_characteristic_value_map (value,ptype_subfield,label) VALUES ('m',CURRVAL('config.marc21_physical_characteristic_subfield_map_id_seq'),'Mixed');
INSERT INTO config.marc21_physical_characteristic_value_map (value,ptype_subfield,label) VALUES ('u',CURRVAL('config.marc21_physical_characteristic_subfield_map_id_seq'),'Unknown');
INSERT INTO config.marc21_physical_characteristic_value_map (value,ptype_subfield,label) VALUES ('z',CURRVAL('config.marc21_physical_characteristic_subfield_map_id_seq'),'Other');
INSERT INTO config.marc21_physical_characteristic_subfield_map (ptype_key,subfield,start_pos,length,label) VALUES ('h','h','10','1','Emulsion on film');
INSERT INTO config.marc21_physical_characteristic_value_map (value,ptype_subfield,label) VALUES ('a',CURRVAL('config.marc21_physical_characteristic_subfield_map_id_seq'),'Silver halide');
INSERT INTO config.marc21_physical_characteristic_value_map (value,ptype_subfield,label) VALUES ('b',CURRVAL('config.marc21_physical_characteristic_subfield_map_id_seq'),'Diazo');
INSERT INTO config.marc21_physical_characteristic_value_map (value,ptype_subfield,label) VALUES ('c',CURRVAL('config.marc21_physical_characteristic_subfield_map_id_seq'),'Vesicular');
INSERT INTO config.marc21_physical_characteristic_value_map (value,ptype_subfield,label) VALUES ('m',CURRVAL('config.marc21_physical_characteristic_subfield_map_id_seq'),'Mixed');
INSERT INTO config.marc21_physical_characteristic_value_map (value,ptype_subfield,label) VALUES ('n',CURRVAL('config.marc21_physical_characteristic_subfield_map_id_seq'),'Not applicable');
INSERT INTO config.marc21_physical_characteristic_value_map (value,ptype_subfield,label) VALUES ('u',CURRVAL('config.marc21_physical_characteristic_subfield_map_id_seq'),'Unknown');
INSERT INTO config.marc21_physical_characteristic_value_map (value,ptype_subfield,label) VALUES ('z',CURRVAL('config.marc21_physical_characteristic_subfield_map_id_seq'),'Other');
INSERT INTO config.marc21_physical_characteristic_subfield_map (ptype_key,subfield,start_pos,length,label) VALUES ('h','i','11','1','Quality assurance target(s)');
INSERT INTO config.marc21_physical_characteristic_value_map (value,ptype_subfield,label) VALUES ('a',CURRVAL('config.marc21_physical_characteristic_subfield_map_id_seq'),'1st gen. master');
INSERT INTO config.marc21_physical_characteristic_value_map (value,ptype_subfield,label) VALUES ('b',CURRVAL('config.marc21_physical_characteristic_subfield_map_id_seq'),'Printing master');
INSERT INTO config.marc21_physical_characteristic_value_map (value,ptype_subfield,label) VALUES ('c',CURRVAL('config.marc21_physical_characteristic_subfield_map_id_seq'),'Service copy');
INSERT INTO config.marc21_physical_characteristic_value_map (value,ptype_subfield,label) VALUES ('m',CURRVAL('config.marc21_physical_characteristic_subfield_map_id_seq'),'Mixed generation');
INSERT INTO config.marc21_physical_characteristic_value_map (value,ptype_subfield,label) VALUES ('u',CURRVAL('config.marc21_physical_characteristic_subfield_map_id_seq'),'Unknown');
INSERT INTO config.marc21_physical_characteristic_subfield_map (ptype_key,subfield,start_pos,length,label) VALUES ('h','j','12','1','Base of film');
INSERT INTO config.marc21_physical_characteristic_value_map (value,ptype_subfield,label) VALUES ('a',CURRVAL('config.marc21_physical_characteristic_subfield_map_id_seq'),'Safety base, undetermined');
INSERT INTO config.marc21_physical_characteristic_value_map (value,ptype_subfield,label) VALUES ('c',CURRVAL('config.marc21_physical_characteristic_subfield_map_id_seq'),'Safety base, acetate undetermined');
INSERT INTO config.marc21_physical_characteristic_value_map (value,ptype_subfield,label) VALUES ('d',CURRVAL('config.marc21_physical_characteristic_subfield_map_id_seq'),'Safety base, diacetate');
INSERT INTO config.marc21_physical_characteristic_value_map (value,ptype_subfield,label) VALUES ('l',CURRVAL('config.marc21_physical_characteristic_subfield_map_id_seq'),'Nitrate base');
INSERT INTO config.marc21_physical_characteristic_value_map (value,ptype_subfield,label) VALUES ('m',CURRVAL('config.marc21_physical_characteristic_subfield_map_id_seq'),'Mixed base');
INSERT INTO config.marc21_physical_characteristic_value_map (value,ptype_subfield,label) VALUES ('n',CURRVAL('config.marc21_physical_characteristic_subfield_map_id_seq'),'Not applicable');
INSERT INTO config.marc21_physical_characteristic_value_map (value,ptype_subfield,label) VALUES ('p',CURRVAL('config.marc21_physical_characteristic_subfield_map_id_seq'),'Safety base, polyester');
INSERT INTO config.marc21_physical_characteristic_value_map (value,ptype_subfield,label) VALUES ('r',CURRVAL('config.marc21_physical_characteristic_subfield_map_id_seq'),'Safety base, mixed');
INSERT INTO config.marc21_physical_characteristic_value_map (value,ptype_subfield,label) VALUES ('t',CURRVAL('config.marc21_physical_characteristic_subfield_map_id_seq'),'Safety base, triacetate');
INSERT INTO config.marc21_physical_characteristic_value_map (value,ptype_subfield,label) VALUES ('u',CURRVAL('config.marc21_physical_characteristic_subfield_map_id_seq'),'Unknown');
INSERT INTO config.marc21_physical_characteristic_value_map (value,ptype_subfield,label) VALUES ('z',CURRVAL('config.marc21_physical_characteristic_subfield_map_id_seq'),'Other');

-- Non-projected Graphic
INSERT INTO config.marc21_physical_characteristic_type_map (ptype_key, label) VALUES ('k','Non-projected Graphic');
INSERT INTO config.marc21_physical_characteristic_subfield_map (ptype_key,subfield,start_pos,length,label) VALUES ('k','b','1','1','SMD');
INSERT INTO config.marc21_physical_characteristic_value_map (value,ptype_subfield,label) VALUES ('c',CURRVAL('config.marc21_physical_characteristic_subfield_map_id_seq'),'Collage');
INSERT INTO config.marc21_physical_characteristic_value_map (value,ptype_subfield,label) VALUES ('d',CURRVAL('config.marc21_physical_characteristic_subfield_map_id_seq'),'Drawing');
INSERT INTO config.marc21_physical_characteristic_value_map (value,ptype_subfield,label) VALUES ('e',CURRVAL('config.marc21_physical_characteristic_subfield_map_id_seq'),'Painting');
INSERT INTO config.marc21_physical_characteristic_value_map (value,ptype_subfield,label) VALUES ('f',CURRVAL('config.marc21_physical_characteristic_subfield_map_id_seq'),'Photo-mechanical print');
INSERT INTO config.marc21_physical_characteristic_value_map (value,ptype_subfield,label) VALUES ('g',CURRVAL('config.marc21_physical_characteristic_subfield_map_id_seq'),'Photonegative');
INSERT INTO config.marc21_physical_characteristic_value_map (value,ptype_subfield,label) VALUES ('h',CURRVAL('config.marc21_physical_characteristic_subfield_map_id_seq'),'Photoprint');
INSERT INTO config.marc21_physical_characteristic_value_map (value,ptype_subfield,label) VALUES ('i',CURRVAL('config.marc21_physical_characteristic_subfield_map_id_seq'),'Picture');
INSERT INTO config.marc21_physical_characteristic_value_map (value,ptype_subfield,label) VALUES ('j',CURRVAL('config.marc21_physical_characteristic_subfield_map_id_seq'),'Print');
INSERT INTO config.marc21_physical_characteristic_value_map (value,ptype_subfield,label) VALUES ('l',CURRVAL('config.marc21_physical_characteristic_subfield_map_id_seq'),'Technical drawing');
INSERT INTO config.marc21_physical_characteristic_value_map (value,ptype_subfield,label) VALUES ('n',CURRVAL('config.marc21_physical_characteristic_subfield_map_id_seq'),'Chart');
INSERT INTO config.marc21_physical_characteristic_value_map (value,ptype_subfield,label) VALUES ('o',CURRVAL('config.marc21_physical_characteristic_subfield_map_id_seq'),'Flash/activity card');
INSERT INTO config.marc21_physical_characteristic_value_map (value,ptype_subfield,label) VALUES ('u',CURRVAL('config.marc21_physical_characteristic_subfield_map_id_seq'),'Unspecified');
INSERT INTO config.marc21_physical_characteristic_value_map (value,ptype_subfield,label) VALUES ('z',CURRVAL('config.marc21_physical_characteristic_subfield_map_id_seq'),'Other');
INSERT INTO config.marc21_physical_characteristic_subfield_map (ptype_key,subfield,start_pos,length,label) VALUES ('k','d','3','1','Color');
INSERT INTO config.marc21_physical_characteristic_value_map (value,ptype_subfield,label) VALUES ('a',CURRVAL('config.marc21_physical_characteristic_subfield_map_id_seq'),'One color');
INSERT INTO config.marc21_physical_characteristic_value_map (value,ptype_subfield,label) VALUES ('b',CURRVAL('config.marc21_physical_characteristic_subfield_map_id_seq'),'Black-and-white');
INSERT INTO config.marc21_physical_characteristic_value_map (value,ptype_subfield,label) VALUES ('c',CURRVAL('config.marc21_physical_characteristic_subfield_map_id_seq'),'Multicolored');
INSERT INTO config.marc21_physical_characteristic_value_map (value,ptype_subfield,label) VALUES ('h',CURRVAL('config.marc21_physical_characteristic_subfield_map_id_seq'),'Hand-colored');
INSERT INTO config.marc21_physical_characteristic_value_map (value,ptype_subfield,label) VALUES ('m',CURRVAL('config.marc21_physical_characteristic_subfield_map_id_seq'),'Mixed');
INSERT INTO config.marc21_physical_characteristic_value_map (value,ptype_subfield,label) VALUES ('u',CURRVAL('config.marc21_physical_characteristic_subfield_map_id_seq'),'Unknown');
INSERT INTO config.marc21_physical_characteristic_value_map (value,ptype_subfield,label) VALUES ('z',CURRVAL('config.marc21_physical_characteristic_subfield_map_id_seq'),'Other');
INSERT INTO config.marc21_physical_characteristic_subfield_map (ptype_key,subfield,start_pos,length,label) VALUES ('k','e','4','1','Primary support material');
INSERT INTO config.marc21_physical_characteristic_value_map (value,ptype_subfield,label) VALUES ('a',CURRVAL('config.marc21_physical_characteristic_subfield_map_id_seq'),'Canvas');
INSERT INTO config.marc21_physical_characteristic_value_map (value,ptype_subfield,label) VALUES ('b',CURRVAL('config.marc21_physical_characteristic_subfield_map_id_seq'),'Bristol board');
INSERT INTO config.marc21_physical_characteristic_value_map (value,ptype_subfield,label) VALUES ('c',CURRVAL('config.marc21_physical_characteristic_subfield_map_id_seq'),'Cardboard/illustration board');
INSERT INTO config.marc21_physical_characteristic_value_map (value,ptype_subfield,label) VALUES ('d',CURRVAL('config.marc21_physical_characteristic_subfield_map_id_seq'),'Glass');
INSERT INTO config.marc21_physical_characteristic_value_map (value,ptype_subfield,label) VALUES ('e',CURRVAL('config.marc21_physical_characteristic_subfield_map_id_seq'),'Synthetics');
INSERT INTO config.marc21_physical_characteristic_value_map (value,ptype_subfield,label) VALUES ('f',CURRVAL('config.marc21_physical_characteristic_subfield_map_id_seq'),'Skins');
INSERT INTO config.marc21_physical_characteristic_value_map (value,ptype_subfield,label) VALUES ('g',CURRVAL('config.marc21_physical_characteristic_subfield_map_id_seq'),'Textile');
INSERT INTO config.marc21_physical_characteristic_value_map (value,ptype_subfield,label) VALUES ('h',CURRVAL('config.marc21_physical_characteristic_subfield_map_id_seq'),'Metal');
INSERT INTO config.marc21_physical_characteristic_value_map (value,ptype_subfield,label) VALUES ('m',CURRVAL('config.marc21_physical_characteristic_subfield_map_id_seq'),'Mixed collection');
INSERT INTO config.marc21_physical_characteristic_value_map (value,ptype_subfield,label) VALUES ('o',CURRVAL('config.marc21_physical_characteristic_subfield_map_id_seq'),'Paper');
INSERT INTO config.marc21_physical_characteristic_value_map (value,ptype_subfield,label) VALUES ('p',CURRVAL('config.marc21_physical_characteristic_subfield_map_id_seq'),'Plaster');
INSERT INTO config.marc21_physical_characteristic_value_map (value,ptype_subfield,label) VALUES ('q',CURRVAL('config.marc21_physical_characteristic_subfield_map_id_seq'),'Hardboard');
INSERT INTO config.marc21_physical_characteristic_value_map (value,ptype_subfield,label) VALUES ('r',CURRVAL('config.marc21_physical_characteristic_subfield_map_id_seq'),'Porcelain');
INSERT INTO config.marc21_physical_characteristic_value_map (value,ptype_subfield,label) VALUES ('s',CURRVAL('config.marc21_physical_characteristic_subfield_map_id_seq'),'Stone');
INSERT INTO config.marc21_physical_characteristic_value_map (value,ptype_subfield,label) VALUES ('t',CURRVAL('config.marc21_physical_characteristic_subfield_map_id_seq'),'Wood');
INSERT INTO config.marc21_physical_characteristic_value_map (value,ptype_subfield,label) VALUES ('u',CURRVAL('config.marc21_physical_characteristic_subfield_map_id_seq'),'Unknown');
INSERT INTO config.marc21_physical_characteristic_value_map (value,ptype_subfield,label) VALUES ('z',CURRVAL('config.marc21_physical_characteristic_subfield_map_id_seq'),'Other');
INSERT INTO config.marc21_physical_characteristic_subfield_map (ptype_key,subfield,start_pos,length,label) VALUES ('k','f','5','1','Secondary support material');
INSERT INTO config.marc21_physical_characteristic_value_map (value,ptype_subfield,label) VALUES ('a',CURRVAL('config.marc21_physical_characteristic_subfield_map_id_seq'),'Canvas');
INSERT INTO config.marc21_physical_characteristic_value_map (value,ptype_subfield,label) VALUES ('b',CURRVAL('config.marc21_physical_characteristic_subfield_map_id_seq'),'Bristol board');
INSERT INTO config.marc21_physical_characteristic_value_map (value,ptype_subfield,label) VALUES ('c',CURRVAL('config.marc21_physical_characteristic_subfield_map_id_seq'),'Cardboard/illustration board');
INSERT INTO config.marc21_physical_characteristic_value_map (value,ptype_subfield,label) VALUES ('d',CURRVAL('config.marc21_physical_characteristic_subfield_map_id_seq'),'Glass');
INSERT INTO config.marc21_physical_characteristic_value_map (value,ptype_subfield,label) VALUES ('e',CURRVAL('config.marc21_physical_characteristic_subfield_map_id_seq'),'Synthetics');
INSERT INTO config.marc21_physical_characteristic_value_map (value,ptype_subfield,label) VALUES ('f',CURRVAL('config.marc21_physical_characteristic_subfield_map_id_seq'),'Skins');
INSERT INTO config.marc21_physical_characteristic_value_map (value,ptype_subfield,label) VALUES ('g',CURRVAL('config.marc21_physical_characteristic_subfield_map_id_seq'),'Textile');
INSERT INTO config.marc21_physical_characteristic_value_map (value,ptype_subfield,label) VALUES ('h',CURRVAL('config.marc21_physical_characteristic_subfield_map_id_seq'),'Metal');
INSERT INTO config.marc21_physical_characteristic_value_map (value,ptype_subfield,label) VALUES ('m',CURRVAL('config.marc21_physical_characteristic_subfield_map_id_seq'),'Mixed collection');
INSERT INTO config.marc21_physical_characteristic_value_map (value,ptype_subfield,label) VALUES ('o',CURRVAL('config.marc21_physical_characteristic_subfield_map_id_seq'),'Paper');
INSERT INTO config.marc21_physical_characteristic_value_map (value,ptype_subfield,label) VALUES ('p',CURRVAL('config.marc21_physical_characteristic_subfield_map_id_seq'),'Plaster');
INSERT INTO config.marc21_physical_characteristic_value_map (value,ptype_subfield,label) VALUES ('q',CURRVAL('config.marc21_physical_characteristic_subfield_map_id_seq'),'Hardboard');
INSERT INTO config.marc21_physical_characteristic_value_map (value,ptype_subfield,label) VALUES ('r',CURRVAL('config.marc21_physical_characteristic_subfield_map_id_seq'),'Porcelain');
INSERT INTO config.marc21_physical_characteristic_value_map (value,ptype_subfield,label) VALUES ('s',CURRVAL('config.marc21_physical_characteristic_subfield_map_id_seq'),'Stone');
INSERT INTO config.marc21_physical_characteristic_value_map (value,ptype_subfield,label) VALUES ('t',CURRVAL('config.marc21_physical_characteristic_subfield_map_id_seq'),'Wood');
INSERT INTO config.marc21_physical_characteristic_value_map (value,ptype_subfield,label) VALUES ('u',CURRVAL('config.marc21_physical_characteristic_subfield_map_id_seq'),'Unknown');
INSERT INTO config.marc21_physical_characteristic_value_map (value,ptype_subfield,label) VALUES ('z',CURRVAL('config.marc21_physical_characteristic_subfield_map_id_seq'),'Other');

-- Motion Picture
INSERT INTO config.marc21_physical_characteristic_type_map (ptype_key, label) VALUES ('m','Motion Picture');
INSERT INTO config.marc21_physical_characteristic_subfield_map (ptype_key,subfield,start_pos,length,label) VALUES ('m','b','1','1','SMD');
INSERT INTO config.marc21_physical_characteristic_value_map (value,ptype_subfield,label) VALUES ('a',CURRVAL('config.marc21_physical_characteristic_subfield_map_id_seq'),'Film cartridge');
INSERT INTO config.marc21_physical_characteristic_value_map (value,ptype_subfield,label) VALUES ('f',CURRVAL('config.marc21_physical_characteristic_subfield_map_id_seq'),'Film cassette');
INSERT INTO config.marc21_physical_characteristic_value_map (value,ptype_subfield,label) VALUES ('r',CURRVAL('config.marc21_physical_characteristic_subfield_map_id_seq'),'Film reel');
INSERT INTO config.marc21_physical_characteristic_value_map (value,ptype_subfield,label) VALUES ('u',CURRVAL('config.marc21_physical_characteristic_subfield_map_id_seq'),'Unspecified');
INSERT INTO config.marc21_physical_characteristic_value_map (value,ptype_subfield,label) VALUES ('z',CURRVAL('config.marc21_physical_characteristic_subfield_map_id_seq'),'Other');
INSERT INTO config.marc21_physical_characteristic_subfield_map (ptype_key,subfield,start_pos,length,label) VALUES ('m','d','3','1','Color');
INSERT INTO config.marc21_physical_characteristic_value_map (value,ptype_subfield,label) VALUES ('b',CURRVAL('config.marc21_physical_characteristic_subfield_map_id_seq'),'Black-and-white');
INSERT INTO config.marc21_physical_characteristic_value_map (value,ptype_subfield,label) VALUES ('c',CURRVAL('config.marc21_physical_characteristic_subfield_map_id_seq'),'Multicolored');
INSERT INTO config.marc21_physical_characteristic_value_map (value,ptype_subfield,label) VALUES ('h',CURRVAL('config.marc21_physical_characteristic_subfield_map_id_seq'),'Hand-colored');
INSERT INTO config.marc21_physical_characteristic_value_map (value,ptype_subfield,label) VALUES ('m',CURRVAL('config.marc21_physical_characteristic_subfield_map_id_seq'),'Mixed');
INSERT INTO config.marc21_physical_characteristic_value_map (value,ptype_subfield,label) VALUES ('u',CURRVAL('config.marc21_physical_characteristic_subfield_map_id_seq'),'Unknown');
INSERT INTO config.marc21_physical_characteristic_value_map (value,ptype_subfield,label) VALUES ('z',CURRVAL('config.marc21_physical_characteristic_subfield_map_id_seq'),'Other');
INSERT INTO config.marc21_physical_characteristic_subfield_map (ptype_key,subfield,start_pos,length,label) VALUES ('m','e','4','1','Motion picture presentation format');
INSERT INTO config.marc21_physical_characteristic_value_map (value,ptype_subfield,label) VALUES ('a',CURRVAL('config.marc21_physical_characteristic_subfield_map_id_seq'),'Standard sound aperture, reduced frame');
INSERT INTO config.marc21_physical_characteristic_value_map (value,ptype_subfield,label) VALUES ('b',CURRVAL('config.marc21_physical_characteristic_subfield_map_id_seq'),'Nonanamorphic (wide-screen)');
INSERT INTO config.marc21_physical_characteristic_value_map (value,ptype_subfield,label) VALUES ('c',CURRVAL('config.marc21_physical_characteristic_subfield_map_id_seq'),'3D');
INSERT INTO config.marc21_physical_characteristic_value_map (value,ptype_subfield,label) VALUES ('d',CURRVAL('config.marc21_physical_characteristic_subfield_map_id_seq'),'Anamorphic (wide-screen)');
INSERT INTO config.marc21_physical_characteristic_value_map (value,ptype_subfield,label) VALUES ('e',CURRVAL('config.marc21_physical_characteristic_subfield_map_id_seq'),'Other-wide screen format');
INSERT INTO config.marc21_physical_characteristic_value_map (value,ptype_subfield,label) VALUES ('f',CURRVAL('config.marc21_physical_characteristic_subfield_map_id_seq'),'Standard. silent aperture, full frame');
INSERT INTO config.marc21_physical_characteristic_value_map (value,ptype_subfield,label) VALUES ('u',CURRVAL('config.marc21_physical_characteristic_subfield_map_id_seq'),'Unknown');
INSERT INTO config.marc21_physical_characteristic_value_map (value,ptype_subfield,label) VALUES ('z',CURRVAL('config.marc21_physical_characteristic_subfield_map_id_seq'),'Other');
INSERT INTO config.marc21_physical_characteristic_subfield_map (ptype_key,subfield,start_pos,length,label) VALUES ('m','f','5','1','Sound on medium or separate');
INSERT INTO config.marc21_physical_characteristic_value_map (value,ptype_subfield,label) VALUES ('a',CURRVAL('config.marc21_physical_characteristic_subfield_map_id_seq'),'Sound on medium');
INSERT INTO config.marc21_physical_characteristic_value_map (value,ptype_subfield,label) VALUES ('b',CURRVAL('config.marc21_physical_characteristic_subfield_map_id_seq'),'Sound separate from medium');
INSERT INTO config.marc21_physical_characteristic_value_map (value,ptype_subfield,label) VALUES ('u',CURRVAL('config.marc21_physical_characteristic_subfield_map_id_seq'),'Unknown');
INSERT INTO config.marc21_physical_characteristic_subfield_map (ptype_key,subfield,start_pos,length,label) VALUES ('m','g','6','1','Medium for sound');
INSERT INTO config.marc21_physical_characteristic_value_map (value,ptype_subfield,label) VALUES ('a',CURRVAL('config.marc21_physical_characteristic_subfield_map_id_seq'),'Optical sound track on motion picture film');
INSERT INTO config.marc21_physical_characteristic_value_map (value,ptype_subfield,label) VALUES ('b',CURRVAL('config.marc21_physical_characteristic_subfield_map_id_seq'),'Magnetic sound track on motion picture film');
INSERT INTO config.marc21_physical_characteristic_value_map (value,ptype_subfield,label) VALUES ('c',CURRVAL('config.marc21_physical_characteristic_subfield_map_id_seq'),'Magnetic audio tape in cartridge');
INSERT INTO config.marc21_physical_characteristic_value_map (value,ptype_subfield,label) VALUES ('d',CURRVAL('config.marc21_physical_characteristic_subfield_map_id_seq'),'Sound disc');
INSERT INTO config.marc21_physical_characteristic_value_map (value,ptype_subfield,label) VALUES ('e',CURRVAL('config.marc21_physical_characteristic_subfield_map_id_seq'),'Magnetic audio tape on reel');
INSERT INTO config.marc21_physical_characteristic_value_map (value,ptype_subfield,label) VALUES ('f',CURRVAL('config.marc21_physical_characteristic_subfield_map_id_seq'),'Magnetic audio tape in cassette');
INSERT INTO config.marc21_physical_characteristic_value_map (value,ptype_subfield,label) VALUES ('g',CURRVAL('config.marc21_physical_characteristic_subfield_map_id_seq'),'Optical and magnetic sound track on film');
INSERT INTO config.marc21_physical_characteristic_value_map (value,ptype_subfield,label) VALUES ('h',CURRVAL('config.marc21_physical_characteristic_subfield_map_id_seq'),'Videotape');
INSERT INTO config.marc21_physical_characteristic_value_map (value,ptype_subfield,label) VALUES ('i',CURRVAL('config.marc21_physical_characteristic_subfield_map_id_seq'),'Videodisc');
INSERT INTO config.marc21_physical_characteristic_value_map (value,ptype_subfield,label) VALUES ('u',CURRVAL('config.marc21_physical_characteristic_subfield_map_id_seq'),'Unknown');
INSERT INTO config.marc21_physical_characteristic_value_map (value,ptype_subfield,label) VALUES ('z',CURRVAL('config.marc21_physical_characteristic_subfield_map_id_seq'),'Other');
INSERT INTO config.marc21_physical_characteristic_subfield_map (ptype_key,subfield,start_pos,length,label) VALUES ('m','h','7','1','Dimensions');
INSERT INTO config.marc21_physical_characteristic_value_map (value,ptype_subfield,label) VALUES ('a',CURRVAL('config.marc21_physical_characteristic_subfield_map_id_seq'),'Standard 8 mm.');
INSERT INTO config.marc21_physical_characteristic_value_map (value,ptype_subfield,label) VALUES ('b',CURRVAL('config.marc21_physical_characteristic_subfield_map_id_seq'),'Super 8 mm./single 8 mm.');
INSERT INTO config.marc21_physical_characteristic_value_map (value,ptype_subfield,label) VALUES ('c',CURRVAL('config.marc21_physical_characteristic_subfield_map_id_seq'),'9.5 mm.');
INSERT INTO config.marc21_physical_characteristic_value_map (value,ptype_subfield,label) VALUES ('d',CURRVAL('config.marc21_physical_characteristic_subfield_map_id_seq'),'16 mm.');
INSERT INTO config.marc21_physical_characteristic_value_map (value,ptype_subfield,label) VALUES ('e',CURRVAL('config.marc21_physical_characteristic_subfield_map_id_seq'),'28 mm.');
INSERT INTO config.marc21_physical_characteristic_value_map (value,ptype_subfield,label) VALUES ('f',CURRVAL('config.marc21_physical_characteristic_subfield_map_id_seq'),'35 mm.');
INSERT INTO config.marc21_physical_characteristic_value_map (value,ptype_subfield,label) VALUES ('g',CURRVAL('config.marc21_physical_characteristic_subfield_map_id_seq'),'70 mm.');
INSERT INTO config.marc21_physical_characteristic_value_map (value,ptype_subfield,label) VALUES ('u',CURRVAL('config.marc21_physical_characteristic_subfield_map_id_seq'),'Unknown');
INSERT INTO config.marc21_physical_characteristic_value_map (value,ptype_subfield,label) VALUES ('z',CURRVAL('config.marc21_physical_characteristic_subfield_map_id_seq'),'Other');
INSERT INTO config.marc21_physical_characteristic_subfield_map (ptype_key,subfield,start_pos,length,label) VALUES ('m','i','8','1','Configuration of playback channels');
INSERT INTO config.marc21_physical_characteristic_value_map (value,ptype_subfield,label) VALUES ('k',CURRVAL('config.marc21_physical_characteristic_subfield_map_id_seq'),'Mixed');
INSERT INTO config.marc21_physical_characteristic_value_map (value,ptype_subfield,label) VALUES ('m',CURRVAL('config.marc21_physical_characteristic_subfield_map_id_seq'),'Monaural');
INSERT INTO config.marc21_physical_characteristic_value_map (value,ptype_subfield,label) VALUES ('n',CURRVAL('config.marc21_physical_characteristic_subfield_map_id_seq'),'Not applicable');
INSERT INTO config.marc21_physical_characteristic_value_map (value,ptype_subfield,label) VALUES ('q',CURRVAL('config.marc21_physical_characteristic_subfield_map_id_seq'),'Multichannel, surround or quadraphonic');
INSERT INTO config.marc21_physical_characteristic_value_map (value,ptype_subfield,label) VALUES ('s',CURRVAL('config.marc21_physical_characteristic_subfield_map_id_seq'),'Stereophonic');
INSERT INTO config.marc21_physical_characteristic_value_map (value,ptype_subfield,label) VALUES ('u',CURRVAL('config.marc21_physical_characteristic_subfield_map_id_seq'),'Unknown');
INSERT INTO config.marc21_physical_characteristic_value_map (value,ptype_subfield,label) VALUES ('z',CURRVAL('config.marc21_physical_characteristic_subfield_map_id_seq'),'Other');
INSERT INTO config.marc21_physical_characteristic_subfield_map (ptype_key,subfield,start_pos,length,label) VALUES ('m','j','9','1','Production elements');
INSERT INTO config.marc21_physical_characteristic_value_map (value,ptype_subfield,label) VALUES ('a',CURRVAL('config.marc21_physical_characteristic_subfield_map_id_seq'),'Work print');
INSERT INTO config.marc21_physical_characteristic_value_map (value,ptype_subfield,label) VALUES ('b',CURRVAL('config.marc21_physical_characteristic_subfield_map_id_seq'),'Trims');
INSERT INTO config.marc21_physical_characteristic_value_map (value,ptype_subfield,label) VALUES ('c',CURRVAL('config.marc21_physical_characteristic_subfield_map_id_seq'),'Outtakes');
INSERT INTO config.marc21_physical_characteristic_value_map (value,ptype_subfield,label) VALUES ('d',CURRVAL('config.marc21_physical_characteristic_subfield_map_id_seq'),'Rushes');
INSERT INTO config.marc21_physical_characteristic_value_map (value,ptype_subfield,label) VALUES ('e',CURRVAL('config.marc21_physical_characteristic_subfield_map_id_seq'),'Mixing tracks');
INSERT INTO config.marc21_physical_characteristic_value_map (value,ptype_subfield,label) VALUES ('f',CURRVAL('config.marc21_physical_characteristic_subfield_map_id_seq'),'Title bands/inter-title rolls');
INSERT INTO config.marc21_physical_characteristic_value_map (value,ptype_subfield,label) VALUES ('g',CURRVAL('config.marc21_physical_characteristic_subfield_map_id_seq'),'Production rolls');
INSERT INTO config.marc21_physical_characteristic_value_map (value,ptype_subfield,label) VALUES ('n',CURRVAL('config.marc21_physical_characteristic_subfield_map_id_seq'),'Not applicable');
INSERT INTO config.marc21_physical_characteristic_value_map (value,ptype_subfield,label) VALUES ('z',CURRVAL('config.marc21_physical_characteristic_subfield_map_id_seq'),'Other');

-- Remote-sensing Image
INSERT INTO config.marc21_physical_characteristic_type_map (ptype_key, label) VALUES ('r','Remote-sensing Image');
INSERT INTO config.marc21_physical_characteristic_subfield_map (ptype_key,subfield,start_pos,length,label) VALUES ('r','b','1','1','SMD');
INSERT INTO config.marc21_physical_characteristic_value_map (value,ptype_subfield,label) VALUES ('u',CURRVAL('config.marc21_physical_characteristic_subfield_map_id_seq'),'Unspecified');
INSERT INTO config.marc21_physical_characteristic_subfield_map (ptype_key,subfield,start_pos,length,label) VALUES ('r','d','3','1','Altitude of sensor');
INSERT INTO config.marc21_physical_characteristic_value_map (value,ptype_subfield,label) VALUES ('a',CURRVAL('config.marc21_physical_characteristic_subfield_map_id_seq'),'Surface');
INSERT INTO config.marc21_physical_characteristic_value_map (value,ptype_subfield,label) VALUES ('b',CURRVAL('config.marc21_physical_characteristic_subfield_map_id_seq'),'Airborne');
INSERT INTO config.marc21_physical_characteristic_value_map (value,ptype_subfield,label) VALUES ('c',CURRVAL('config.marc21_physical_characteristic_subfield_map_id_seq'),'Spaceborne');
INSERT INTO config.marc21_physical_characteristic_value_map (value,ptype_subfield,label) VALUES ('n',CURRVAL('config.marc21_physical_characteristic_subfield_map_id_seq'),'Not applicable');
INSERT INTO config.marc21_physical_characteristic_value_map (value,ptype_subfield,label) VALUES ('u',CURRVAL('config.marc21_physical_characteristic_subfield_map_id_seq'),'Unknown');
INSERT INTO config.marc21_physical_characteristic_value_map (value,ptype_subfield,label) VALUES ('z',CURRVAL('config.marc21_physical_characteristic_subfield_map_id_seq'),'Other');
INSERT INTO config.marc21_physical_characteristic_subfield_map (ptype_key,subfield,start_pos,length,label) VALUES ('r','e','4','1','Attitude of sensor');
INSERT INTO config.marc21_physical_characteristic_value_map (value,ptype_subfield,label) VALUES ('a',CURRVAL('config.marc21_physical_characteristic_subfield_map_id_seq'),'Low oblique');
INSERT INTO config.marc21_physical_characteristic_value_map (value,ptype_subfield,label) VALUES ('b',CURRVAL('config.marc21_physical_characteristic_subfield_map_id_seq'),'High oblique');
INSERT INTO config.marc21_physical_characteristic_value_map (value,ptype_subfield,label) VALUES ('c',CURRVAL('config.marc21_physical_characteristic_subfield_map_id_seq'),'Vertical');
INSERT INTO config.marc21_physical_characteristic_value_map (value,ptype_subfield,label) VALUES ('n',CURRVAL('config.marc21_physical_characteristic_subfield_map_id_seq'),'Not applicable');
INSERT INTO config.marc21_physical_characteristic_value_map (value,ptype_subfield,label) VALUES ('u',CURRVAL('config.marc21_physical_characteristic_subfield_map_id_seq'),'Unknown');
INSERT INTO config.marc21_physical_characteristic_subfield_map (ptype_key,subfield,start_pos,length,label) VALUES ('r','f','5','1','Cloud cover');
INSERT INTO config.marc21_physical_characteristic_value_map (value,ptype_subfield,label) VALUES ('0',CURRVAL('config.marc21_physical_characteristic_subfield_map_id_seq'),'0-09%');
INSERT INTO config.marc21_physical_characteristic_value_map (value,ptype_subfield,label) VALUES ('1',CURRVAL('config.marc21_physical_characteristic_subfield_map_id_seq'),'10-19%');
INSERT INTO config.marc21_physical_characteristic_value_map (value,ptype_subfield,label) VALUES ('2',CURRVAL('config.marc21_physical_characteristic_subfield_map_id_seq'),'20-29%');
INSERT INTO config.marc21_physical_characteristic_value_map (value,ptype_subfield,label) VALUES ('3',CURRVAL('config.marc21_physical_characteristic_subfield_map_id_seq'),'30-39%');
INSERT INTO config.marc21_physical_characteristic_value_map (value,ptype_subfield,label) VALUES ('4',CURRVAL('config.marc21_physical_characteristic_subfield_map_id_seq'),'40-49%');
INSERT INTO config.marc21_physical_characteristic_value_map (value,ptype_subfield,label) VALUES ('5',CURRVAL('config.marc21_physical_characteristic_subfield_map_id_seq'),'50-59%');
INSERT INTO config.marc21_physical_characteristic_value_map (value,ptype_subfield,label) VALUES ('6',CURRVAL('config.marc21_physical_characteristic_subfield_map_id_seq'),'60-69%');
INSERT INTO config.marc21_physical_characteristic_value_map (value,ptype_subfield,label) VALUES ('7',CURRVAL('config.marc21_physical_characteristic_subfield_map_id_seq'),'70-79%');
INSERT INTO config.marc21_physical_characteristic_value_map (value,ptype_subfield,label) VALUES ('8',CURRVAL('config.marc21_physical_characteristic_subfield_map_id_seq'),'80-89%');
INSERT INTO config.marc21_physical_characteristic_value_map (value,ptype_subfield,label) VALUES ('9',CURRVAL('config.marc21_physical_characteristic_subfield_map_id_seq'),'90-100%');
INSERT INTO config.marc21_physical_characteristic_value_map (value,ptype_subfield,label) VALUES ('n',CURRVAL('config.marc21_physical_characteristic_subfield_map_id_seq'),'Not applicable');
INSERT INTO config.marc21_physical_characteristic_value_map (value,ptype_subfield,label) VALUES ('u',CURRVAL('config.marc21_physical_characteristic_subfield_map_id_seq'),'Unknown');
INSERT INTO config.marc21_physical_characteristic_subfield_map (ptype_key,subfield,start_pos,length,label) VALUES ('r','g','6','1','Platform construction type');
INSERT INTO config.marc21_physical_characteristic_value_map (value,ptype_subfield,label) VALUES ('a',CURRVAL('config.marc21_physical_characteristic_subfield_map_id_seq'),'Balloon');
INSERT INTO config.marc21_physical_characteristic_value_map (value,ptype_subfield,label) VALUES ('b',CURRVAL('config.marc21_physical_characteristic_subfield_map_id_seq'),'Aircraft-low altitude');
INSERT INTO config.marc21_physical_characteristic_value_map (value,ptype_subfield,label) VALUES ('c',CURRVAL('config.marc21_physical_characteristic_subfield_map_id_seq'),'Aircraft-medium altitude');
INSERT INTO config.marc21_physical_characteristic_value_map (value,ptype_subfield,label) VALUES ('d',CURRVAL('config.marc21_physical_characteristic_subfield_map_id_seq'),'Aircraft-high altitude');
INSERT INTO config.marc21_physical_characteristic_value_map (value,ptype_subfield,label) VALUES ('e',CURRVAL('config.marc21_physical_characteristic_subfield_map_id_seq'),'Manned spacecraft');
INSERT INTO config.marc21_physical_characteristic_value_map (value,ptype_subfield,label) VALUES ('f',CURRVAL('config.marc21_physical_characteristic_subfield_map_id_seq'),'Unmanned spacecraft');
INSERT INTO config.marc21_physical_characteristic_value_map (value,ptype_subfield,label) VALUES ('g',CURRVAL('config.marc21_physical_characteristic_subfield_map_id_seq'),'Land-based remote-sensing device');
INSERT INTO config.marc21_physical_characteristic_value_map (value,ptype_subfield,label) VALUES ('h',CURRVAL('config.marc21_physical_characteristic_subfield_map_id_seq'),'Water surface-based remote-sensing device');
