INSERT INTO config.marc_subfield(marc_format, marc_record_type, tag, code, description,
                                 repeatable, mandatory, hidden)
VALUES (1, 'biblio', '514', 'j', $$Vertical positional accuracy value$$,
TRUE, FALSE, FALSE);
INSERT INTO config.marc_subfield(marc_format, marc_record_type, tag, code, description,
                                 repeatable, mandatory, hidden)
VALUES (1, 'biblio', '514', 'k', $$Vertical positional accuracy explanation$$,
TRUE, FALSE, FALSE);
INSERT INTO config.marc_subfield(marc_format, marc_record_type, tag, code, description,
                                 repeatable, mandatory, hidden)
VALUES (1, 'biblio', '514', 'm', $$Cloud cover$$,
FALSE, FALSE, FALSE);
INSERT INTO config.marc_subfield(marc_format, marc_record_type, tag, code, description,
                                 repeatable, mandatory, hidden)
VALUES (1, 'biblio', '514', 'u', $$Uniform Resource Identifier$$,
TRUE, FALSE, FALSE);
INSERT INTO config.marc_subfield(marc_format, marc_record_type, tag, code, description,
                                 repeatable, mandatory, hidden)
VALUES (1, 'biblio', '514', 'z', $$Display note$$,
TRUE, FALSE, FALSE);
INSERT INTO config.marc_subfield(marc_format, marc_record_type, tag, code, description,
                                 repeatable, mandatory, hidden)
VALUES (1, 'biblio', '514', '6', $$Linkage$$,
FALSE, FALSE, FALSE);
INSERT INTO config.marc_subfield(marc_format, marc_record_type, tag, code, description,
                                 repeatable, mandatory, hidden)
VALUES (1, 'biblio', '514', '8', $$Field link and sequence number$$,
TRUE, FALSE, FALSE);
INSERT INTO config.marc_field(marc_format, marc_record_type, tag, name, description,
                              fixed_field, repeatable, mandatory, hidden)
VALUES (1, 'biblio', '515', $$Numbering Peculiarities Note$$, $$Unformatted note giving irregularities and peculiarities in numbering or publishing patterns, report year coverage, revised editions, and/or issuance in parts.$$,
FALSE, TRUE, FALSE, FALSE);
INSERT INTO config.record_attr_definition(name, label)
VALUES ('marc21_biblio_515_ind_1', 'MARC 21 biblio field 515 indicator position 1');
INSERT INTO config.coded_value_map(ctype, code, value, opac_visible, is_simple)
VALUES ('marc21_biblio_515_ind_1', '#', $$Undefined$$, FALSE, TRUE);
INSERT INTO config.record_attr_definition(name, label)
VALUES ('marc21_biblio_515_ind_2', 'MARC 21 biblio field 515 indicator position 2');
INSERT INTO config.coded_value_map(ctype, code, value, opac_visible, is_simple)
VALUES ('marc21_biblio_515_ind_2', '#', $$Undefined$$, FALSE, TRUE);
INSERT INTO config.marc_subfield(marc_format, marc_record_type, tag, code, description,
                                 repeatable, mandatory, hidden)
VALUES (1, 'biblio', '515', 'a', $$Numbering peculiarities note$$,
FALSE, FALSE, FALSE);
INSERT INTO config.marc_subfield(marc_format, marc_record_type, tag, code, description,
                                 repeatable, mandatory, hidden)
VALUES (1, 'biblio', '515', '6', $$Linkage$$,
FALSE, FALSE, FALSE);
INSERT INTO config.marc_subfield(marc_format, marc_record_type, tag, code, description,
                                 repeatable, mandatory, hidden)
VALUES (1, 'biblio', '515', '8', $$Field link and sequence number$$,
TRUE, FALSE, FALSE);
INSERT INTO config.marc_field(marc_format, marc_record_type, tag, name, description,
                              fixed_field, repeatable, mandatory, hidden)
VALUES (1, 'biblio', '516', $$Type of Computer File or Data Note$$, $$General descriptor that characterizes the file (e.g., text, computer program, numeric). Specific information, such as the form or genre of textual material (e.g., biography, dictionaries, indexes) may be included. The general type of computer file information in coded form is recorded in 008/26 (Type of computer file).$$,
FALSE, TRUE, FALSE, FALSE);
INSERT INTO config.record_attr_definition(name, label)
VALUES ('marc21_biblio_516_ind_1', 'MARC 21 biblio field 516 indicator position 1');
INSERT INTO config.coded_value_map(ctype, code, value, opac_visible, is_simple)
VALUES ('marc21_biblio_516_ind_1', '#', $$Type of file$$, FALSE, TRUE);
INSERT INTO config.coded_value_map(ctype, code, value, opac_visible, is_simple)
VALUES ('marc21_biblio_516_ind_1', '8', $$No display constant generated$$, FALSE, TRUE);
INSERT INTO config.record_attr_definition(name, label)
VALUES ('marc21_biblio_516_ind_2', 'MARC 21 biblio field 516 indicator position 2');
INSERT INTO config.coded_value_map(ctype, code, value, opac_visible, is_simple)
VALUES ('marc21_biblio_516_ind_2', '#', $$Undefined$$, FALSE, TRUE);
INSERT INTO config.marc_subfield(marc_format, marc_record_type, tag, code, description,
                                 repeatable, mandatory, hidden)
VALUES (1, 'biblio', '516', 'a', $$Type of computer file or data note$$,
FALSE, FALSE, FALSE);
INSERT INTO config.marc_subfield(marc_format, marc_record_type, tag, code, description,
                                 repeatable, mandatory, hidden)
VALUES (1, 'biblio', '516', '6', $$Linkage$$,
FALSE, FALSE, FALSE);
INSERT INTO config.marc_subfield(marc_format, marc_record_type, tag, code, description,
                                 repeatable, mandatory, hidden)
VALUES (1, 'biblio', '516', '8', $$Field link and sequence number$$,
TRUE, FALSE, FALSE);
INSERT INTO config.marc_field(marc_format, marc_record_type, tag, name, description,
                              fixed_field, repeatable, mandatory, hidden)
VALUES (1, 'biblio', '518', $$Date/Time and Place of an Event Note$$, $$Note on the date/time and/or place of creation, capture, recording, filming, execution, or broadcast associated with an event or the finding of a naturally occurring object. Field 033 (Date/Time and Place of an Event) contains the same information in coded form.$$,
FALSE, TRUE, FALSE, FALSE);
INSERT INTO config.record_attr_definition(name, label)
VALUES ('marc21_biblio_518_ind_1', 'MARC 21 biblio field 518 indicator position 1');
INSERT INTO config.coded_value_map(ctype, code, value, opac_visible, is_simple)
VALUES ('marc21_biblio_518_ind_1', '#', $$Undefined$$, FALSE, TRUE);
INSERT INTO config.record_attr_definition(name, label)
VALUES ('marc21_biblio_518_ind_2', 'MARC 21 biblio field 518 indicator position 2');
INSERT INTO config.coded_value_map(ctype, code, value, opac_visible, is_simple)
VALUES ('marc21_biblio_518_ind_2', '#', $$Undefined$$, FALSE, TRUE);
INSERT INTO config.marc_subfield(marc_format, marc_record_type, tag, code, description,
                                 repeatable, mandatory, hidden)
VALUES (1, 'biblio', '518', 'a', $$Date/time and place of an event note$$,
FALSE, FALSE, FALSE);
INSERT INTO config.marc_subfield(marc_format, marc_record_type, tag, code, description,
                                 repeatable, mandatory, hidden)
VALUES (1, 'biblio', '518', 'd', $$Date of event$$,
TRUE, FALSE, FALSE);
INSERT INTO config.marc_subfield(marc_format, marc_record_type, tag, code, description,
                                 repeatable, mandatory, hidden)
VALUES (1, 'biblio', '518', 'o', $$Other event information$$,
FALSE, FALSE, FALSE);
INSERT INTO config.marc_subfield(marc_format, marc_record_type, tag, code, description,
                                 repeatable, mandatory, hidden)
VALUES (1, 'biblio', '518', 'p', $$Place of event$$,
TRUE, FALSE, FALSE);
INSERT INTO config.marc_subfield(marc_format, marc_record_type, tag, code, description,
                                 repeatable, mandatory, hidden)
VALUES (1, 'biblio', '518', '0', $$Record control number$$,
TRUE, FALSE, FALSE);
INSERT INTO config.marc_subfield(marc_format, marc_record_type, tag, code, description,
                                 repeatable, mandatory, hidden)
VALUES (1, 'biblio', '518', '2', $$Source of term$$,
TRUE, FALSE, FALSE);
INSERT INTO config.marc_subfield(marc_format, marc_record_type, tag, code, description,
                                 repeatable, mandatory, hidden)
VALUES (1, 'biblio', '518', '3', $$Materials specified$$,
FALSE, FALSE, FALSE);
INSERT INTO config.marc_subfield(marc_format, marc_record_type, tag, code, description,
                                 repeatable, mandatory, hidden)
VALUES (1, 'biblio', '518', '6', $$Linkage$$,
FALSE, FALSE, FALSE);
INSERT INTO config.marc_subfield(marc_format, marc_record_type, tag, code, description,
                                 repeatable, mandatory, hidden)
VALUES (1, 'biblio', '518', '8', $$Field link and sequence number$$,
TRUE, FALSE, FALSE);
INSERT INTO config.marc_field(marc_format, marc_record_type, tag, name, description,
                              fixed_field, repeatable, mandatory, hidden)
VALUES (1, 'biblio', '520', $$Summary, Etc.$$, $$Unformatted information that describes the scope and general contents of the materials.$$,
FALSE, TRUE, FALSE, FALSE);
INSERT INTO config.record_attr_definition(name, label)
VALUES ('marc21_biblio_520_ind_1', 'MARC 21 biblio field 520 indicator position 1');
INSERT INTO config.coded_value_map(ctype, code, value, opac_visible, is_simple)
VALUES ('marc21_biblio_520_ind_1', '#', $$Summary$$, FALSE, TRUE);
INSERT INTO config.coded_value_map(ctype, code, value, opac_visible, is_simple)
VALUES ('marc21_biblio_520_ind_1', '0', $$Subject$$, FALSE, TRUE);
INSERT INTO config.coded_value_map(ctype, code, value, opac_visible, is_simple)
VALUES ('marc21_biblio_520_ind_1', '1', $$Review$$, FALSE, TRUE);
INSERT INTO config.coded_value_map(ctype, code, value, opac_visible, is_simple)
VALUES ('marc21_biblio_520_ind_1', '2', $$Scope and content$$, FALSE, TRUE);
INSERT INTO config.coded_value_map(ctype, code, value, opac_visible, is_simple)
VALUES ('marc21_biblio_520_ind_1', '3', $$Abstract$$, FALSE, TRUE);
INSERT INTO config.coded_value_map(ctype, code, value, opac_visible, is_simple)
VALUES ('marc21_biblio_520_ind_1', '4', $$Content advice$$, FALSE, TRUE);
INSERT INTO config.coded_value_map(ctype, code, value, opac_visible, is_simple)
VALUES ('marc21_biblio_520_ind_1', '8', $$No display constant generated$$, FALSE, TRUE);
INSERT INTO config.record_attr_definition(name, label)
VALUES ('marc21_biblio_520_ind_2', 'MARC 21 biblio field 520 indicator position 2');
INSERT INTO config.coded_value_map(ctype, code, value, opac_visible, is_simple)
VALUES ('marc21_biblio_520_ind_2', '#', $$Undefined$$, FALSE, TRUE);
INSERT INTO config.marc_subfield(marc_format, marc_record_type, tag, code, description,
                                 repeatable, mandatory, hidden)
VALUES (1, 'biblio', '520', 'a', $$Summary, etc.$$,
FALSE, FALSE, FALSE);
INSERT INTO config.marc_subfield(marc_format, marc_record_type, tag, code, description,
                                 repeatable, mandatory, hidden)
VALUES (1, 'biblio', '520', 'b', $$Expansion of summary note$$,
FALSE, FALSE, FALSE);
INSERT INTO config.marc_subfield(marc_format, marc_record_type, tag, code, description,
                                 repeatable, mandatory, hidden)
VALUES (1, 'biblio', '520', 'c', $$Assigning source$$,
FALSE, FALSE, FALSE);
INSERT INTO config.marc_subfield(marc_format, marc_record_type, tag, code, description,
                                 repeatable, mandatory, hidden)
VALUES (1, 'biblio', '520', 'u', $$Uniform Resource Identifier$$,
TRUE, FALSE, FALSE);
INSERT INTO config.marc_subfield(marc_format, marc_record_type, tag, code, description,
                                 repeatable, mandatory, hidden)
VALUES (1, 'biblio', '520', '2', $$Source$$,
FALSE, FALSE, FALSE);
INSERT INTO config.marc_subfield(marc_format, marc_record_type, tag, code, description,
                                 repeatable, mandatory, hidden)
VALUES (1, 'biblio', '520', '3', $$Materials specified$$,
FALSE, FALSE, FALSE);
INSERT INTO config.marc_subfield(marc_format, marc_record_type, tag, code, description,
                                 repeatable, mandatory, hidden)
VALUES (1, 'biblio', '520', '6', $$Linkage$$,
FALSE, FALSE, FALSE);
INSERT INTO config.marc_subfield(marc_format, marc_record_type, tag, code, description,
                                 repeatable, mandatory, hidden)
VALUES (1, 'biblio', '520', '8', $$Field link and sequence number$$,
TRUE, FALSE, FALSE);
INSERT INTO config.marc_field(marc_format, marc_record_type, tag, name, description,
                              fixed_field, repeatable, mandatory, hidden)
VALUES (1, 'biblio', '521', $$Target Audience Note$$, $$Information that identifies the specific audience or intellectual level for which the content of the described item is considered appropriate.$$,
FALSE, TRUE, FALSE, FALSE);
INSERT INTO config.record_attr_definition(name, label)
VALUES ('marc21_biblio_521_ind_1', 'MARC 21 biblio field 521 indicator position 1');
INSERT INTO config.coded_value_map(ctype, code, value, opac_visible, is_simple)
VALUES ('marc21_biblio_521_ind_1', '#', $$Audience$$, FALSE, TRUE);
INSERT INTO config.coded_value_map(ctype, code, value, opac_visible, is_simple)
VALUES ('marc21_biblio_521_ind_1', '0', $$Reading grade level$$, FALSE, TRUE);
INSERT INTO config.coded_value_map(ctype, code, value, opac_visible, is_simple)
VALUES ('marc21_biblio_521_ind_1', '1', $$Interest age level$$, FALSE, TRUE);
INSERT INTO config.coded_value_map(ctype, code, value, opac_visible, is_simple)
VALUES ('marc21_biblio_521_ind_1', '2', $$Interest grade level$$, FALSE, TRUE);
INSERT INTO config.coded_value_map(ctype, code, value, opac_visible, is_simple)
VALUES ('marc21_biblio_521_ind_1', '3', $$Special audience characteristics$$, FALSE, TRUE);
INSERT INTO config.coded_value_map(ctype, code, value, opac_visible, is_simple)
VALUES ('marc21_biblio_521_ind_1', '4', $$Motivation/interest level$$, FALSE, TRUE);
INSERT INTO config.coded_value_map(ctype, code, value, opac_visible, is_simple)
VALUES ('marc21_biblio_521_ind_1', '8', $$No display constant generated$$, FALSE, TRUE);
INSERT INTO config.record_attr_definition(name, label)
VALUES ('marc21_biblio_521_ind_2', 'MARC 21 biblio field 521 indicator position 2');
INSERT INTO config.coded_value_map(ctype, code, value, opac_visible, is_simple)
VALUES ('marc21_biblio_521_ind_2', '#', $$Undefined$$, FALSE, TRUE);
INSERT INTO config.marc_subfield(marc_format, marc_record_type, tag, code, description,
                                 repeatable, mandatory, hidden)
VALUES (1, 'biblio', '521', 'a', $$Target audience note$$,
TRUE, FALSE, FALSE);
INSERT INTO config.marc_subfield(marc_format, marc_record_type, tag, code, description,
                                 repeatable, mandatory, hidden)
VALUES (1, 'biblio', '521', 'b', $$Source$$,
FALSE, FALSE, FALSE);
INSERT INTO config.marc_subfield(marc_format, marc_record_type, tag, code, description,
                                 repeatable, mandatory, hidden)
VALUES (1, 'biblio', '521', '3', $$Materials specified$$,
FALSE, FALSE, FALSE);
INSERT INTO config.marc_subfield(marc_format, marc_record_type, tag, code, description,
                                 repeatable, mandatory, hidden)
VALUES (1, 'biblio', '521', '6', $$Linkage$$,
FALSE, FALSE, FALSE);
INSERT INTO config.marc_subfield(marc_format, marc_record_type, tag, code, description,
                                 repeatable, mandatory, hidden)
VALUES (1, 'biblio', '521', '8', $$Field link and sequence number$$,
TRUE, FALSE, FALSE);
INSERT INTO config.marc_field(marc_format, marc_record_type, tag, name, description,
                              fixed_field, repeatable, mandatory, hidden)
VALUES (1, 'biblio', '522', $$Geographic Coverage Note$$, $$Information about the geographic coverage of the described material (usually survey material). This information in coded form may be contained in field 052 (Geographic Classification Code).$$,
FALSE, TRUE, FALSE, FALSE);
INSERT INTO config.record_attr_definition(name, label)
VALUES ('marc21_biblio_522_ind_1', 'MARC 21 biblio field 522 indicator position 1');
INSERT INTO config.coded_value_map(ctype, code, value, opac_visible, is_simple)
VALUES ('marc21_biblio_522_ind_1', '#', $$Geographic coverage$$, FALSE, TRUE);
INSERT INTO config.coded_value_map(ctype, code, value, opac_visible, is_simple)
VALUES ('marc21_biblio_522_ind_1', '8', $$No display constant generated$$, FALSE, TRUE);
INSERT INTO config.record_attr_definition(name, label)
VALUES ('marc21_biblio_522_ind_2', 'MARC 21 biblio field 522 indicator position 2');
INSERT INTO config.coded_value_map(ctype, code, value, opac_visible, is_simple)
VALUES ('marc21_biblio_522_ind_2', '#', $$Undefined$$, FALSE, TRUE);
INSERT INTO config.marc_subfield(marc_format, marc_record_type, tag, code, description,
                                 repeatable, mandatory, hidden)
VALUES (1, 'biblio', '522', 'a', $$Geographic coverage note$$,
FALSE, FALSE, FALSE);
INSERT INTO config.marc_subfield(marc_format, marc_record_type, tag, code, description,
                                 repeatable, mandatory, hidden)
VALUES (1, 'biblio', '522', '6', $$Linkage$$,
FALSE, FALSE, FALSE);
INSERT INTO config.marc_subfield(marc_format, marc_record_type, tag, code, description,
                                 repeatable, mandatory, hidden)
VALUES (1, 'biblio', '522', '8', $$Field link and sequence number$$,
TRUE, FALSE, FALSE);
INSERT INTO config.marc_field(marc_format, marc_record_type, tag, name, description,
                              fixed_field, repeatable, mandatory, hidden)
VALUES (1, 'biblio', '524', $$Preferred Citation of Described Materials Note$$, $$Format for the citation of the described materials that is preferred by the custodian.$$,
FALSE, TRUE, FALSE, FALSE);
INSERT INTO config.record_attr_definition(name, label)
VALUES ('marc21_biblio_524_ind_1', 'MARC 21 biblio field 524 indicator position 1');
INSERT INTO config.coded_value_map(ctype, code, value, opac_visible, is_simple)
VALUES ('marc21_biblio_524_ind_1', '#', $$Cite as$$, FALSE, TRUE);
INSERT INTO config.coded_value_map(ctype, code, value, opac_visible, is_simple)
VALUES ('marc21_biblio_524_ind_1', '8', $$No display constant generated$$, FALSE, TRUE);
INSERT INTO config.record_attr_definition(name, label)
VALUES ('marc21_biblio_524_ind_2', 'MARC 21 biblio field 524 indicator position 2');
INSERT INTO config.coded_value_map(ctype, code, value, opac_visible, is_simple)
VALUES ('marc21_biblio_524_ind_2', '#', $$Undefined$$, FALSE, TRUE);
INSERT INTO config.marc_subfield(marc_format, marc_record_type, tag, code, description,
                                 repeatable, mandatory, hidden)
VALUES (1, 'biblio', '524', 'a', $$Preferred citation of described materials note$$,
FALSE, FALSE, FALSE);
INSERT INTO config.marc_subfield(marc_format, marc_record_type, tag, code, description,
                                 repeatable, mandatory, hidden)
VALUES (1, 'biblio', '524', '2', $$Source of schema used$$,
FALSE, FALSE, FALSE);
INSERT INTO config.marc_subfield(marc_format, marc_record_type, tag, code, description,
                                 repeatable, mandatory, hidden)
VALUES (1, 'biblio', '524', '3', $$Materials specified$$,
FALSE, FALSE, FALSE);
INSERT INTO config.marc_subfield(marc_format, marc_record_type, tag, code, description,
                                 repeatable, mandatory, hidden)
VALUES (1, 'biblio', '524', '6', $$Linkage$$,
FALSE, FALSE, FALSE);
INSERT INTO config.marc_subfield(marc_format, marc_record_type, tag, code, description,
                                 repeatable, mandatory, hidden)
VALUES (1, 'biblio', '524', '8', $$Field link and sequence number$$,
TRUE, FALSE, FALSE);
INSERT INTO config.marc_field(marc_format, marc_record_type, tag, name, description,
                              fixed_field, repeatable, mandatory, hidden)
VALUES (1, 'biblio', '525', $$Supplement Note$$, $$Information on the existence of supplements or special issues that are neither cataloged in separate records nor recorded in a linking entry field 770 (Supplement/Special Issue Entry).$$,
FALSE, TRUE, FALSE, FALSE);
INSERT INTO config.record_attr_definition(name, label)
VALUES ('marc21_biblio_525_ind_1', 'MARC 21 biblio field 525 indicator position 1');
INSERT INTO config.coded_value_map(ctype, code, value, opac_visible, is_simple)
VALUES ('marc21_biblio_525_ind_1', '#', $$Undefined$$, FALSE, TRUE);
INSERT INTO config.record_attr_definition(name, label)
VALUES ('marc21_biblio_525_ind_2', 'MARC 21 biblio field 525 indicator position 2');
INSERT INTO config.coded_value_map(ctype, code, value, opac_visible, is_simple)
VALUES ('marc21_biblio_525_ind_2', '#', $$Undefined$$, FALSE, TRUE);
INSERT INTO config.marc_subfield(marc_format, marc_record_type, tag, code, description,
                                 repeatable, mandatory, hidden)
VALUES (1, 'biblio', '525', 'a', $$Supplement note$$,
FALSE, FALSE, FALSE);
INSERT INTO config.marc_subfield(marc_format, marc_record_type, tag, code, description,
                                 repeatable, mandatory, hidden)
VALUES (1, 'biblio', '525', '6', $$Linkage$$,
FALSE, FALSE, FALSE);
INSERT INTO config.marc_subfield(marc_format, marc_record_type, tag, code, description,
                                 repeatable, mandatory, hidden)
VALUES (1, 'biblio', '525', '8', $$Field link and sequence number$$,
TRUE, FALSE, FALSE);
INSERT INTO config.marc_field(marc_format, marc_record_type, tag, name, description,
                              fixed_field, repeatable, mandatory, hidden)
VALUES (1, 'biblio', '526', $$Study Program Information Note$$, $$Note giving the name of a study program which uses the title described in the record. Details about the study program data elements are also contained in the field. Field 526 is generally used for formal curriculum-based study or reading programs.$$,
FALSE, TRUE, FALSE, FALSE);
INSERT INTO config.record_attr_definition(name, label)
VALUES ('marc21_biblio_526_ind_1', 'MARC 21 biblio field 526 indicator position 1');
INSERT INTO config.coded_value_map(ctype, code, value, opac_visible, is_simple)
VALUES ('marc21_biblio_526_ind_1', '0', $$Reading program$$, FALSE, TRUE);
INSERT INTO config.coded_value_map(ctype, code, value, opac_visible, is_simple)
VALUES ('marc21_biblio_526_ind_1', '8', $$No display constant generated$$, FALSE, TRUE);
INSERT INTO config.record_attr_definition(name, label)
VALUES ('marc21_biblio_526_ind_2', 'MARC 21 biblio field 526 indicator position 2');
INSERT INTO config.coded_value_map(ctype, code, value, opac_visible, is_simple)
VALUES ('marc21_biblio_526_ind_2', '#', $$Undefined$$, FALSE, TRUE);
INSERT INTO config.marc_subfield(marc_format, marc_record_type, tag, code, description,
                                 repeatable, mandatory, hidden)
VALUES (1, 'biblio', '526', 'a', $$Program name$$,
FALSE, FALSE, FALSE);
INSERT INTO config.marc_subfield(marc_format, marc_record_type, tag, code, description,
                                 repeatable, mandatory, hidden)
VALUES (1, 'biblio', '526', 'b', $$Interest level$$,
FALSE, FALSE, FALSE);
INSERT INTO config.marc_subfield(marc_format, marc_record_type, tag, code, description,
                                 repeatable, mandatory, hidden)
VALUES (1, 'biblio', '526', 'c', $$Reading level$$,
FALSE, FALSE, FALSE);
INSERT INTO config.marc_subfield(marc_format, marc_record_type, tag, code, description,
                                 repeatable, mandatory, hidden)
VALUES (1, 'biblio', '526', 'd', $$Title point value$$,
FALSE, FALSE, FALSE);
INSERT INTO config.marc_subfield(marc_format, marc_record_type, tag, code, description,
                                 repeatable, mandatory, hidden)
VALUES (1, 'biblio', '526', 'i', $$Display text$$,
FALSE, FALSE, FALSE);
INSERT INTO config.marc_subfield(marc_format, marc_record_type, tag, code, description,
                                 repeatable, mandatory, hidden)
VALUES (1, 'biblio', '526', 'x', $$Nonpublic note$$,
TRUE, FALSE, FALSE);
INSERT INTO config.marc_subfield(marc_format, marc_record_type, tag, code, description,
                                 repeatable, mandatory, hidden)
VALUES (1, 'biblio', '526', 'z', $$Public note$$,
TRUE, FALSE, FALSE);
INSERT INTO config.marc_subfield(marc_format, marc_record_type, tag, code, description,
                                 repeatable, mandatory, hidden)
VALUES (1, 'biblio', '526', '5', $$Institution to which field applies$$,
FALSE, FALSE, FALSE);
INSERT INTO config.marc_subfield(marc_format, marc_record_type, tag, code, description,
                                 repeatable, mandatory, hidden)
VALUES (1, 'biblio', '526', '6', $$Linkage$$,
FALSE, FALSE, FALSE);
INSERT INTO config.marc_subfield(marc_format, marc_record_type, tag, code, description,
                                 repeatable, mandatory, hidden)
VALUES (1, 'biblio', '526', '8', $$Field link and sequence number$$,
TRUE, FALSE, FALSE);
INSERT INTO config.marc_field(marc_format, marc_record_type, tag, name, description,
                              fixed_field, repeatable, mandatory, hidden)
VALUES (1, 'biblio', '530', $$Additional Physical Form Available Note$$, $$Information concerning a different physical format in which the described item is available.$$,
FALSE, TRUE, FALSE, FALSE);
INSERT INTO config.record_attr_definition(name, label)
VALUES ('marc21_biblio_530_ind_1', 'MARC 21 biblio field 530 indicator position 1');
INSERT INTO config.coded_value_map(ctype, code, value, opac_visible, is_simple)
VALUES ('marc21_biblio_530_ind_1', '#', $$Undefined$$, FALSE, TRUE);
INSERT INTO config.record_attr_definition(name, label)
VALUES ('marc21_biblio_530_ind_2', 'MARC 21 biblio field 530 indicator position 2');
INSERT INTO config.coded_value_map(ctype, code, value, opac_visible, is_simple)
VALUES ('marc21_biblio_530_ind_2', '#', $$Undefined$$, FALSE, TRUE);
INSERT INTO config.marc_subfield(marc_format, marc_record_type, tag, code, description,
                                 repeatable, mandatory, hidden)
VALUES (1, 'biblio', '530', 'a', $$Additional physical form available note$$,
FALSE, FALSE, FALSE);
INSERT INTO config.marc_subfield(marc_format, marc_record_type, tag, code, description,
                                 repeatable, mandatory, hidden)
VALUES (1, 'biblio', '530', 'b', $$Availability source$$,
FALSE, FALSE, FALSE);
INSERT INTO config.marc_subfield(marc_format, marc_record_type, tag, code, description,
                                 repeatable, mandatory, hidden)
VALUES (1, 'biblio', '530', 'c', $$Availability conditions$$,
FALSE, FALSE, FALSE);
INSERT INTO config.marc_subfield(marc_format, marc_record_type, tag, code, description,
                                 repeatable, mandatory, hidden)
VALUES (1, 'biblio', '530', 'd', $$Order number$$,
FALSE, FALSE, FALSE);
INSERT INTO config.marc_subfield(marc_format, marc_record_type, tag, code, description,
                                 repeatable, mandatory, hidden)
VALUES (1, 'biblio', '530', 'u', $$Uniform Resource Identifier$$,
TRUE, FALSE, FALSE);
INSERT INTO config.marc_subfield(marc_format, marc_record_type, tag, code, description,
                                 repeatable, mandatory, hidden)
VALUES (1, 'biblio', '530', '3', $$Materials specified$$,
FALSE, FALSE, FALSE);
INSERT INTO config.marc_subfield(marc_format, marc_record_type, tag, code, description,
                                 repeatable, mandatory, hidden)
VALUES (1, 'biblio', '530', '6', $$Linkage$$,
FALSE, FALSE, FALSE);
INSERT INTO config.marc_subfield(marc_format, marc_record_type, tag, code, description,
                                 repeatable, mandatory, hidden)
VALUES (1, 'biblio', '530', '8', $$Field link and sequence number$$,
TRUE, FALSE, FALSE);
INSERT INTO config.marc_field(marc_format, marc_record_type, tag, name, description,
                              fixed_field, repeatable, mandatory, hidden)
VALUES (1, 'biblio', '533', $$Reproduction Note$$, $$Descriptive data for a reproduction of an original item when the main portion of the bibliographic record describes the original item and the data differ.$$,
FALSE, TRUE, FALSE, FALSE);
INSERT INTO config.record_attr_definition(name, label)
VALUES ('marc21_biblio_533_ind_1', 'MARC 21 biblio field 533 indicator position 1');
INSERT INTO config.coded_value_map(ctype, code, value, opac_visible, is_simple)
VALUES ('marc21_biblio_533_ind_1', '#', $$Undefined$$, FALSE, TRUE);
INSERT INTO config.record_attr_definition(name, label)
VALUES ('marc21_biblio_533_ind_2', 'MARC 21 biblio field 533 indicator position 2');
INSERT INTO config.coded_value_map(ctype, code, value, opac_visible, is_simple)
VALUES ('marc21_biblio_533_ind_2', '#', $$Undefined$$, FALSE, TRUE);
INSERT INTO config.marc_subfield(marc_format, marc_record_type, tag, code, description,
                                 repeatable, mandatory, hidden)
VALUES (1, 'biblio', '533', 'a', $$Type of reproduction$$,
FALSE, FALSE, FALSE);
INSERT INTO config.marc_subfield(marc_format, marc_record_type, tag, code, description,
                                 repeatable, mandatory, hidden)
VALUES (1, 'biblio', '533', 'b', $$Place of reproduction$$,
TRUE, FALSE, FALSE);
INSERT INTO config.marc_subfield(marc_format, marc_record_type, tag, code, description,
                                 repeatable, mandatory, hidden)
VALUES (1, 'biblio', '533', 'c', $$Agency responsible for reproduction$$,
TRUE, FALSE, FALSE);
INSERT INTO config.marc_subfield(marc_format, marc_record_type, tag, code, description,
                                 repeatable, mandatory, hidden)
VALUES (1, 'biblio', '533', 'd', $$Date of reproduction$$,
FALSE, FALSE, FALSE);
INSERT INTO config.marc_subfield(marc_format, marc_record_type, tag, code, description,
                                 repeatable, mandatory, hidden)
VALUES (1, 'biblio', '533', 'e', $$Physical description of reproduction$$,
FALSE, FALSE, FALSE);
INSERT INTO config.marc_subfield(marc_format, marc_record_type, tag, code, description,
                                 repeatable, mandatory, hidden)
VALUES (1, 'biblio', '533', 'f', $$Series statement of reproduction$$,
TRUE, FALSE, FALSE);
INSERT INTO config.marc_subfield(marc_format, marc_record_type, tag, code, description,
                                 repeatable, mandatory, hidden)
VALUES (1, 'biblio', '533', 'm', $$Dates and/or sequential designation of issues reproduced$$,
TRUE, FALSE, FALSE);
INSERT INTO config.marc_subfield(marc_format, marc_record_type, tag, code, description,
                                 repeatable, mandatory, hidden)
VALUES (1, 'biblio', '533', 'n', $$Note about reproduction$$,
TRUE, FALSE, FALSE);
INSERT INTO config.marc_subfield(marc_format, marc_record_type, tag, code, description,
                                 repeatable, mandatory, hidden)
VALUES (1, 'biblio', '533', '3', $$Materials specified$$,
FALSE, FALSE, FALSE);
INSERT INTO config.marc_subfield(marc_format, marc_record_type, tag, code, description,
                                 repeatable, mandatory, hidden)
VALUES (1, 'biblio', '533', '5', $$Institution to which field applies$$,
FALSE, FALSE, FALSE);
INSERT INTO config.marc_subfield(marc_format, marc_record_type, tag, code, description,
                                 repeatable, mandatory, hidden)
VALUES (1, 'biblio', '533', '7', $$Fixed-length data elements of reproduction$$,
FALSE, FALSE, FALSE);
INSERT INTO config.marc_subfield(marc_format, marc_record_type, tag, code, description,
                                 repeatable, mandatory, hidden)
VALUES (1, 'biblio', '533', '6', $$Linkage$$,
FALSE, FALSE, FALSE);
INSERT INTO config.marc_subfield(marc_format, marc_record_type, tag, code, description,
                                 repeatable, mandatory, hidden)
VALUES (1, 'biblio', '533', '8', $$Field link and sequence number$$,
TRUE, FALSE, FALSE);
INSERT INTO config.marc_field(marc_format, marc_record_type, tag, name, description,
                              fixed_field, repeatable, mandatory, hidden)
VALUES (1, 'biblio', '534', $$Original Version Note$$, $$Descriptive data for an original item when the main portion of the bibliographic record describes a reproduction of that item and the data differ. Details relevant to the original are given in field 534.$$,
FALSE, TRUE, FALSE, FALSE);
INSERT INTO config.record_attr_definition(name, label)
VALUES ('marc21_biblio_534_ind_1', 'MARC 21 biblio field 534 indicator position 1');
INSERT INTO config.coded_value_map(ctype, code, value, opac_visible, is_simple)
VALUES ('marc21_biblio_534_ind_1', '#', $$Undefined$$, FALSE, TRUE);
INSERT INTO config.record_attr_definition(name, label)
VALUES ('marc21_biblio_534_ind_2', 'MARC 21 biblio field 534 indicator position 2');
INSERT INTO config.coded_value_map(ctype, code, value, opac_visible, is_simple)
VALUES ('marc21_biblio_534_ind_2', '#', $$Undefined$$, FALSE, TRUE);
INSERT INTO config.marc_subfield(marc_format, marc_record_type, tag, code, description,
                                 repeatable, mandatory, hidden)
VALUES (1, 'biblio', '534', 'a', $$Main entry of original$$,
FALSE, FALSE, FALSE);
INSERT INTO config.marc_subfield(marc_format, marc_record_type, tag, code, description,
                                 repeatable, mandatory, hidden)
VALUES (1, 'biblio', '534', 'b', $$Edition statement of original$$,
FALSE, FALSE, FALSE);
INSERT INTO config.marc_subfield(marc_format, marc_record_type, tag, code, description,
                                 repeatable, mandatory, hidden)
VALUES (1, 'biblio', '534', 'c', $$Publication, distribution, etc. of original$$,
FALSE, FALSE, FALSE);
INSERT INTO config.marc_subfield(marc_format, marc_record_type, tag, code, description,
                                 repeatable, mandatory, hidden)
VALUES (1, 'biblio', '534', 'e', $$Physical description, etc. of original$$,
FALSE, FALSE, FALSE);
INSERT INTO config.marc_subfield(marc_format, marc_record_type, tag, code, description,
                                 repeatable, mandatory, hidden)
VALUES (1, 'biblio', '534', 'f', $$Series statement of original$$,
TRUE, FALSE, FALSE);
INSERT INTO config.marc_subfield(marc_format, marc_record_type, tag, code, description,
                                 repeatable, mandatory, hidden)
VALUES (1, 'biblio', '534', 'k', $$Key title of original$$,
TRUE, FALSE, FALSE);
INSERT INTO config.marc_subfield(marc_format, marc_record_type, tag, code, description,
                                 repeatable, mandatory, hidden)
VALUES (1, 'biblio', '534', 'l', $$Location of original$$,
FALSE, FALSE, FALSE);
INSERT INTO config.marc_subfield(marc_format, marc_record_type, tag, code, description,
                                 repeatable, mandatory, hidden)
VALUES (1, 'biblio', '534', 'm', $$Material specific details$$,
FALSE, FALSE, FALSE);
INSERT INTO config.marc_subfield(marc_format, marc_record_type, tag, code, description,
                                 repeatable, mandatory, hidden)
VALUES (1, 'biblio', '534', 'n', $$Note about original$$,
TRUE, FALSE, FALSE);
INSERT INTO config.marc_subfield(marc_format, marc_record_type, tag, code, description,
                                 repeatable, mandatory, hidden)
VALUES (1, 'biblio', '534', 'o', $$Other resource identifier$$,
TRUE, FALSE, FALSE);
INSERT INTO config.marc_subfield(marc_format, marc_record_type, tag, code, description,
                                 repeatable, mandatory, hidden)
VALUES (1, 'biblio', '534', 'p', $$Introductory phrase$$,
FALSE, FALSE, FALSE);
INSERT INTO config.marc_subfield(marc_format, marc_record_type, tag, code, description,
                                 repeatable, mandatory, hidden)
VALUES (1, 'biblio', '534', 't', $$Title statement of original$$,
FALSE, FALSE, FALSE);
INSERT INTO config.marc_subfield(marc_format, marc_record_type, tag, code, description,
                                 repeatable, mandatory, hidden)
VALUES (1, 'biblio', '534', 'x', $$International Standard Serial Number$$,
TRUE, FALSE, FALSE);
INSERT INTO config.marc_subfield(marc_format, marc_record_type, tag, code, description,
                                 repeatable, mandatory, hidden)
VALUES (1, 'biblio', '534', 'z', $$International Standard Book Number$$,
TRUE, FALSE, FALSE);
INSERT INTO config.marc_subfield(marc_format, marc_record_type, tag, code, description,
                                 repeatable, mandatory, hidden)
VALUES (1, 'biblio', '534', '3', $$Materials specified$$,
FALSE, FALSE, FALSE);
INSERT INTO config.marc_subfield(marc_format, marc_record_type, tag, code, description,
                                 repeatable, mandatory, hidden)
VALUES (1, 'biblio', '534', '6', $$Linkage$$,
FALSE, FALSE, FALSE);
INSERT INTO config.marc_subfield(marc_format, marc_record_type, tag, code, description,
                                 repeatable, mandatory, hidden)
VALUES (1, 'biblio', '534', '8', $$Field link and sequence number$$,
TRUE, FALSE, FALSE);
INSERT INTO config.marc_field(marc_format, marc_record_type, tag, name, description,
                              fixed_field, repeatable, mandatory, hidden)
VALUES (1, 'biblio', '535', $$Location of Originals/Duplicates Note$$, $$Name and address of the repository with custody over originals or duplicates of the described materials. This field is used only when the originals or duplicates are housed in a repository different from that of the materials being described.$$,
FALSE, TRUE, FALSE, FALSE);
INSERT INTO config.record_attr_definition(name, label)
VALUES ('marc21_biblio_535_ind_1', 'MARC 21 biblio field 535 indicator position 1');
INSERT INTO config.coded_value_map(ctype, code, value, opac_visible, is_simple)
VALUES ('marc21_biblio_535_ind_1', '1', $$Holder of originals$$, FALSE, TRUE);
INSERT INTO config.coded_value_map(ctype, code, value, opac_visible, is_simple)
VALUES ('marc21_biblio_535_ind_1', '2', $$Holder of duplicates$$, FALSE, TRUE);
INSERT INTO config.record_attr_definition(name, label)
VALUES ('marc21_biblio_535_ind_2', 'MARC 21 biblio field 535 indicator position 2');
INSERT INTO config.coded_value_map(ctype, code, value, opac_visible, is_simple)
VALUES ('marc21_biblio_535_ind_2', '#', $$Undefined$$, FALSE, TRUE);
INSERT INTO config.marc_subfield(marc_format, marc_record_type, tag, code, description,
                                 repeatable, mandatory, hidden)
VALUES (1, 'biblio', '535', 'a', $$Custodian$$,
FALSE, FALSE, FALSE);
INSERT INTO config.marc_subfield(marc_format, marc_record_type, tag, code, description,
                                 repeatable, mandatory, hidden)
VALUES (1, 'biblio', '535', 'b', $$Postal address$$,
TRUE, FALSE, FALSE);
INSERT INTO config.marc_subfield(marc_format, marc_record_type, tag, code, description,
                                 repeatable, mandatory, hidden)
VALUES (1, 'biblio', '535', 'c', $$Country$$,
TRUE, FALSE, FALSE);
INSERT INTO config.marc_subfield(marc_format, marc_record_type, tag, code, description,
                                 repeatable, mandatory, hidden)
VALUES (1, 'biblio', '535', 'd', $$Telecommunications address$$,
TRUE, FALSE, FALSE);
INSERT INTO config.marc_subfield(marc_format, marc_record_type, tag, code, description,
                                 repeatable, mandatory, hidden)
VALUES (1, 'biblio', '535', 'g', $$Repository location code$$,
FALSE, FALSE, FALSE);
INSERT INTO config.marc_subfield(marc_format, marc_record_type, tag, code, description,
                                 repeatable, mandatory, hidden)
VALUES (1, 'biblio', '535', '3', $$Materials specified$$,
FALSE, FALSE, FALSE);
INSERT INTO config.marc_subfield(marc_format, marc_record_type, tag, code, description,
                                 repeatable, mandatory, hidden)
VALUES (1, 'biblio', '535', '6', $$Linkage$$,
FALSE, FALSE, FALSE);
INSERT INTO config.marc_subfield(marc_format, marc_record_type, tag, code, description,
                                 repeatable, mandatory, hidden)
VALUES (1, 'biblio', '535', '8', $$Field link and sequence number$$,
TRUE, FALSE, FALSE);
INSERT INTO config.marc_field(marc_format, marc_record_type, tag, name, description,
                              fixed_field, repeatable, mandatory, hidden)
VALUES (1, 'biblio', '536', $$Funding Information Note$$, $$Contract, grant, and project numbers when the material results from a funded project. Information concerning the sponsor or funding agency also may be included.$$,
FALSE, TRUE, FALSE, FALSE);
INSERT INTO config.record_attr_definition(name, label)
VALUES ('marc21_biblio_536_ind_1', 'MARC 21 biblio field 536 indicator position 1');
INSERT INTO config.coded_value_map(ctype, code, value, opac_visible, is_simple)
VALUES ('marc21_biblio_536_ind_1', '#', $$Undefined$$, FALSE, TRUE);
INSERT INTO config.record_attr_definition(name, label)
VALUES ('marc21_biblio_536_ind_2', 'MARC 21 biblio field 536 indicator position 2');
INSERT INTO config.coded_value_map(ctype, code, value, opac_visible, is_simple)
VALUES ('marc21_biblio_536_ind_2', '#', $$Undefined$$, FALSE, TRUE);
INSERT INTO config.marc_subfield(marc_format, marc_record_type, tag, code, description,
                                 repeatable, mandatory, hidden)
VALUES (1, 'biblio', '536', 'a', $$Text of note$$,
FALSE, FALSE, FALSE);
INSERT INTO config.marc_subfield(marc_format, marc_record_type, tag, code, description,
                                 repeatable, mandatory, hidden)
VALUES (1, 'biblio', '536', 'b', $$Contract number$$,
TRUE, FALSE, FALSE);
INSERT INTO config.marc_subfield(marc_format, marc_record_type, tag, code, description,
                                 repeatable, mandatory, hidden)
VALUES (1, 'biblio', '536', 'c', $$Grant number$$,
TRUE, FALSE, FALSE);
INSERT INTO config.marc_subfield(marc_format, marc_record_type, tag, code, description,
                                 repeatable, mandatory, hidden)
VALUES (1, 'biblio', '536', 'd', $$Undifferentiated number$$,
TRUE, FALSE, FALSE);
INSERT INTO config.marc_subfield(marc_format, marc_record_type, tag, code, description,
                                 repeatable, mandatory, hidden)
VALUES (1, 'biblio', '536', 'e', $$Program element number$$,
TRUE, FALSE, FALSE);
INSERT INTO config.marc_subfield(marc_format, marc_record_type, tag, code, description,
                                 repeatable, mandatory, hidden)
VALUES (1, 'biblio', '536', 'f', $$Project number$$,
TRUE, FALSE, FALSE);
INSERT INTO config.marc_subfield(marc_format, marc_record_type, tag, code, description,
                                 repeatable, mandatory, hidden)
VALUES (1, 'biblio', '536', 'g', $$Task number$$,
TRUE, FALSE, FALSE);
INSERT INTO config.marc_subfield(marc_format, marc_record_type, tag, code, description,
                                 repeatable, mandatory, hidden)
VALUES (1, 'biblio', '536', 'h', $$Work unit number$$,
TRUE, FALSE, FALSE);
INSERT INTO config.marc_subfield(marc_format, marc_record_type, tag, code, description,
                                 repeatable, mandatory, hidden)
VALUES (1, 'biblio', '536', '6', $$Linkage$$,
FALSE, FALSE, FALSE);
INSERT INTO config.marc_subfield(marc_format, marc_record_type, tag, code, description,
                                 repeatable, mandatory, hidden)
VALUES (1, 'biblio', '536', '8', $$Field link and sequence number$$,
TRUE, FALSE, FALSE);
INSERT INTO config.marc_field(marc_format, marc_record_type, tag, name, description,
                              fixed_field, repeatable, mandatory, hidden)
VALUES (1, 'biblio', '538', $$System Details Note$$, $$Technical information about an item, such as the presence or absence of certain kinds of codes; or the physical characteristics of a computer file, such as recording densities, parity, blocking factors, mode of access, software programming language, computer requirements, peripheral requirements, trade name or recording systems, number of lines of resolution, and modulation frequency. For sound and videorecordings, information about the trade name or recording system(s) (e.g., VHS), modulation frequency and number of lines of resolution may be included.$$,
FALSE, TRUE, FALSE, FALSE);
INSERT INTO config.record_attr_definition(name, label)
VALUES ('marc21_biblio_538_ind_1', 'MARC 21 biblio field 538 indicator position 1');
INSERT INTO config.coded_value_map(ctype, code, value, opac_visible, is_simple)
VALUES ('marc21_biblio_538_ind_1', '#', $$Undefined$$, FALSE, TRUE);
INSERT INTO config.record_attr_definition(name, label)
VALUES ('marc21_biblio_538_ind_2', 'MARC 21 biblio field 538 indicator position 2');
INSERT INTO config.coded_value_map(ctype, code, value, opac_visible, is_simple)
VALUES ('marc21_biblio_538_ind_2', '#', $$Undefined$$, FALSE, TRUE);
INSERT INTO config.marc_subfield(marc_format, marc_record_type, tag, code, description,
                                 repeatable, mandatory, hidden)
VALUES (1, 'biblio', '538', 'a', $$System details note$$,
FALSE, FALSE, FALSE);
INSERT INTO config.marc_subfield(marc_format, marc_record_type, tag, code, description,
                                 repeatable, mandatory, hidden)
VALUES (1, 'biblio', '538', 'i', $$Display text$$,
FALSE, FALSE, FALSE);
INSERT INTO config.marc_subfield(marc_format, marc_record_type, tag, code, description,
                                 repeatable, mandatory, hidden)
VALUES (1, 'biblio', '538', 'u', $$Uniform Resource Identifier$$,
TRUE, FALSE, FALSE);
INSERT INTO config.marc_subfield(marc_format, marc_record_type, tag, code, description,
                                 repeatable, mandatory, hidden)
VALUES (1, 'biblio', '538', '3', $$Materials specified$$,
FALSE, FALSE, FALSE);
INSERT INTO config.marc_subfield(marc_format, marc_record_type, tag, code, description,
                                 repeatable, mandatory, hidden)
VALUES (1, 'biblio', '538', '5', $$Institution to which field applies$$,
TRUE, FALSE, FALSE);
INSERT INTO config.marc_subfield(marc_format, marc_record_type, tag, code, description,
                                 repeatable, mandatory, hidden)
VALUES (1, 'biblio', '538', '6', $$Linkage$$,
FALSE, FALSE, FALSE);
INSERT INTO config.marc_subfield(marc_format, marc_record_type, tag, code, description,
                                 repeatable, mandatory, hidden)
VALUES (1, 'biblio', '538', '8', $$Field link and sequence number$$,
TRUE, FALSE, FALSE);
INSERT INTO config.marc_field(marc_format, marc_record_type, tag, name, description,
                              fixed_field, repeatable, mandatory, hidden)
VALUES (1, 'biblio', '540', $$Terms Governing Use and Reproduction Note$$, $$Terms governing the use of the materials after access has been provided. The field includes, but is not limited to, copyrights, film rights, trade restrictions, etc. that restrict the right to reproduce, exhibit, fictionalize, quote, etc.$$,
FALSE, TRUE, FALSE, FALSE);
INSERT INTO config.record_attr_definition(name, label)
VALUES ('marc21_biblio_540_ind_1', 'MARC 21 biblio field 540 indicator position 1');
INSERT INTO config.coded_value_map(ctype, code, value, opac_visible, is_simple)
VALUES ('marc21_biblio_540_ind_1', '#', $$Undefined$$, FALSE, TRUE);
INSERT INTO config.record_attr_definition(name, label)
VALUES ('marc21_biblio_540_ind_2', 'MARC 21 biblio field 540 indicator position 2');
INSERT INTO config.coded_value_map(ctype, code, value, opac_visible, is_simple)
VALUES ('marc21_biblio_540_ind_2', '#', $$Undefined$$, FALSE, TRUE);
INSERT INTO config.marc_subfield(marc_format, marc_record_type, tag, code, description,
                                 repeatable, mandatory, hidden)
VALUES (1, 'biblio', '540', 'a', $$Terms governing use and reproduction$$,
FALSE, FALSE, FALSE);
INSERT INTO config.marc_subfield(marc_format, marc_record_type, tag, code, description,
                                 repeatable, mandatory, hidden)
VALUES (1, 'biblio', '540', 'b', $$Jurisdiction$$,
FALSE, FALSE, FALSE);
INSERT INTO config.marc_subfield(marc_format, marc_record_type, tag, code, description,
                                 repeatable, mandatory, hidden)
VALUES (1, 'biblio', '540', 'c', $$Authorization$$,
FALSE, FALSE, FALSE);
INSERT INTO config.marc_subfield(marc_format, marc_record_type, tag, code, description,
                                 repeatable, mandatory, hidden)
VALUES (1, 'biblio', '540', 'd', $$Authorized users$$,
FALSE, FALSE, FALSE);
INSERT INTO config.marc_subfield(marc_format, marc_record_type, tag, code, description,
                                 repeatable, mandatory, hidden)
VALUES (1, 'biblio', '540', 'u', $$Uniform Resource Identifier$$,
TRUE, FALSE, FALSE);
INSERT INTO config.marc_subfield(marc_format, marc_record_type, tag, code, description,
                                 repeatable, mandatory, hidden)
VALUES (1, 'biblio', '540', '3', $$Materials specified$$,
FALSE, FALSE, FALSE);
INSERT INTO config.marc_subfield(marc_format, marc_record_type, tag, code, description,
                                 repeatable, mandatory, hidden)
VALUES (1, 'biblio', '540', '5', $$Institution to which field applies$$,
FALSE, FALSE, FALSE);
INSERT INTO config.marc_subfield(marc_format, marc_record_type, tag, code, description,
                                 repeatable, mandatory, hidden)
VALUES (1, 'biblio', '540', '6', $$Linkage$$,
FALSE, FALSE, FALSE);
INSERT INTO config.marc_subfield(marc_format, marc_record_type, tag, code, description,
                                 repeatable, mandatory, hidden)
VALUES (1, 'biblio', '540', '8', $$Field link and sequence number$$,
TRUE, FALSE, FALSE);
INSERT INTO config.marc_field(marc_format, marc_record_type, tag, name, description,
                              fixed_field, repeatable, mandatory, hidden)
VALUES (1, 'biblio', '541', $$Immediate Source of Acquisition Note$$, $$Information about the immediate source of acquisition of the described materials and is used primarily with original or historical items, or other archival collections.$$,
FALSE, TRUE, FALSE, FALSE);
INSERT INTO config.record_attr_definition(name, label)
VALUES ('marc21_biblio_541_ind_1', 'MARC 21 biblio field 541 indicator position 1');
INSERT INTO config.coded_value_map(ctype, code, value, opac_visible, is_simple)
VALUES ('marc21_biblio_541_ind_1', '#', $$No information provided$$, FALSE, TRUE);
INSERT INTO config.coded_value_map(ctype, code, value, opac_visible, is_simple)
VALUES ('marc21_biblio_541_ind_1', '0', $$Private$$, FALSE, TRUE);
INSERT INTO config.coded_value_map(ctype, code, value, opac_visible, is_simple)
VALUES ('marc21_biblio_541_ind_1', '1', $$Not private$$, FALSE, TRUE);
INSERT INTO config.record_attr_definition(name, label)
VALUES ('marc21_biblio_541_ind_2', 'MARC 21 biblio field 541 indicator position 2');
INSERT INTO config.coded_value_map(ctype, code, value, opac_visible, is_simple)
VALUES ('marc21_biblio_541_ind_2', '#', $$Undefined$$, FALSE, TRUE);
INSERT INTO config.marc_subfield(marc_format, marc_record_type, tag, code, description,
                                 repeatable, mandatory, hidden)
VALUES (1, 'biblio', '541', 'a', $$Source of acquisition$$,
FALSE, FALSE, FALSE);
INSERT INTO config.marc_subfield(marc_format, marc_record_type, tag, code, description,
                                 repeatable, mandatory, hidden)
VALUES (1, 'biblio', '541', 'b', $$Address$$,
FALSE, FALSE, FALSE);
INSERT INTO config.marc_subfield(marc_format, marc_record_type, tag, code, description,
                                 repeatable, mandatory, hidden)
VALUES (1, 'biblio', '541', 'c', $$Method of acquisition$$,
FALSE, FALSE, FALSE);
INSERT INTO config.marc_subfield(marc_format, marc_record_type, tag, code, description,
                                 repeatable, mandatory, hidden)
VALUES (1, 'biblio', '541', 'd', $$Date of acquisition$$,
FALSE, FALSE, FALSE);
INSERT INTO config.marc_subfield(marc_format, marc_record_type, tag, code, description,
                                 repeatable, mandatory, hidden)
VALUES (1, 'biblio', '541', 'e', $$Accession number$$,
FALSE, FALSE, FALSE);
INSERT INTO config.marc_subfield(marc_format, marc_record_type, tag, code, description,
                                 repeatable, mandatory, hidden)
VALUES (1, 'biblio', '541', 'f', $$Owner$$,
FALSE, FALSE, FALSE);
INSERT INTO config.marc_subfield(marc_format, marc_record_type, tag, code, description,
                                 repeatable, mandatory, hidden)
VALUES (1, 'biblio', '541', 'h', $$Purchase price$$,
FALSE, FALSE, FALSE);
INSERT INTO config.marc_subfield(marc_format, marc_record_type, tag, code, description,
                                 repeatable, mandatory, hidden)
VALUES (1, 'biblio', '541', 'n', $$Extent$$,
TRUE, FALSE, FALSE);
INSERT INTO config.marc_subfield(marc_format, marc_record_type, tag, code, description,
                                 repeatable, mandatory, hidden)
VALUES (1, 'biblio', '541', 'o', $$Type of unit$$,
TRUE, FALSE, FALSE);
INSERT INTO config.marc_subfield(marc_format, marc_record_type, tag, code, description,
                                 repeatable, mandatory, hidden)
VALUES (1, 'biblio', '541', '3', $$Materials specified$$,
FALSE, FALSE, FALSE);
INSERT INTO config.marc_subfield(marc_format, marc_record_type, tag, code, description,
                                 repeatable, mandatory, hidden)
VALUES (1, 'biblio', '541', '5', $$Institution to which field applies$$,
FALSE, FALSE, FALSE);
INSERT INTO config.marc_subfield(marc_format, marc_record_type, tag, code, description,
                                 repeatable, mandatory, hidden)
VALUES (1, 'biblio', '541', '6', $$Linkage$$,
FALSE, FALSE, FALSE);
INSERT INTO config.marc_subfield(marc_format, marc_record_type, tag, code, description,
                                 repeatable, mandatory, hidden)
VALUES (1, 'biblio', '541', '8', $$Field link and sequence number$$,
TRUE, FALSE, FALSE);
INSERT INTO config.marc_field(marc_format, marc_record_type, tag, name, description,
                              fixed_field, repeatable, mandatory, hidden)
VALUES (1, 'biblio', '542', $$Information Relating to Copyright Status$$, $$Information known about the item that may be used to determine copyright status.$$,
FALSE, TRUE, FALSE, FALSE);
INSERT INTO config.record_attr_definition(name, label)
VALUES ('marc21_biblio_542_ind_1', 'MARC 21 biblio field 542 indicator position 1');
INSERT INTO config.coded_value_map(ctype, code, value, opac_visible, is_simple)
VALUES ('marc21_biblio_542_ind_1', '#', $$No information provided$$, FALSE, TRUE);
INSERT INTO config.coded_value_map(ctype, code, value, opac_visible, is_simple)
VALUES ('marc21_biblio_542_ind_1', '0', $$Private$$, FALSE, TRUE);
INSERT INTO config.coded_value_map(ctype, code, value, opac_visible, is_simple)
VALUES ('marc21_biblio_542_ind_1', '1', $$Not private$$, FALSE, TRUE);
INSERT INTO config.record_attr_definition(name, label)
VALUES ('marc21_biblio_542_ind_2', 'MARC 21 biblio field 542 indicator position 2');
INSERT INTO config.coded_value_map(ctype, code, value, opac_visible, is_simple)
VALUES ('marc21_biblio_542_ind_2', '#', $$Undefined$$, FALSE, TRUE);
INSERT INTO config.marc_subfield(marc_format, marc_record_type, tag, code, description,
                                 repeatable, mandatory, hidden)
VALUES (1, 'biblio', '542', 'a', $$Personal creator$$,
FALSE, FALSE, FALSE);
INSERT INTO config.marc_subfield(marc_format, marc_record_type, tag, code, description,
                                 repeatable, mandatory, hidden)
VALUES (1, 'biblio', '542', 'b', $$Personal creator death date$$,
FALSE, FALSE, FALSE);
INSERT INTO config.marc_subfield(marc_format, marc_record_type, tag, code, description,
                                 repeatable, mandatory, hidden)
VALUES (1, 'biblio', '542', 'c', $$Corporate creator$$,
FALSE, FALSE, FALSE);
INSERT INTO config.marc_subfield(marc_format, marc_record_type, tag, code, description,
                                 repeatable, mandatory, hidden)
VALUES (1, 'biblio', '542', 'd', $$Copyright holder$$,
TRUE, FALSE, FALSE);
INSERT INTO config.marc_subfield(marc_format, marc_record_type, tag, code, description,
                                 repeatable, mandatory, hidden)
VALUES (1, 'biblio', '542', 'e', $$Copyright holder contact information$$,
TRUE, FALSE, FALSE);
INSERT INTO config.marc_subfield(marc_format, marc_record_type, tag, code, description,
                                 repeatable, mandatory, hidden)
VALUES (1, 'biblio', '542', 'f', $$Copyright statement$$,
TRUE, FALSE, FALSE);
INSERT INTO config.marc_subfield(marc_format, marc_record_type, tag, code, description,
                                 repeatable, mandatory, hidden)
VALUES (1, 'biblio', '542', 'g', $$Copyright date$$,
FALSE, FALSE, FALSE);
INSERT INTO config.marc_subfield(marc_format, marc_record_type, tag, code, description,
                                 repeatable, mandatory, hidden)
VALUES (1, 'biblio', '542', 'h', $$Copyright renewal date$$,
TRUE, FALSE, FALSE);
INSERT INTO config.marc_subfield(marc_format, marc_record_type, tag, code, description,
                                 repeatable, mandatory, hidden)
VALUES (1, 'biblio', '542', 'i', $$Publication date$$,
FALSE, FALSE, FALSE);
INSERT INTO config.marc_subfield(marc_format, marc_record_type, tag, code, description,
                                 repeatable, mandatory, hidden)
VALUES (1, 'biblio', '542', 'j', $$Creation date$$,
FALSE, FALSE, FALSE);
INSERT INTO config.marc_subfield(marc_format, marc_record_type, tag, code, description,
                                 repeatable, mandatory, hidden)
VALUES (1, 'biblio', '542', 'k', $$Publisher$$,
TRUE, FALSE, FALSE);
INSERT INTO config.marc_subfield(marc_format, marc_record_type, tag, code, description,
                                 repeatable, mandatory, hidden)
VALUES (1, 'biblio', '542', 'l', $$Copyright status$$,
FALSE, FALSE, FALSE);
INSERT INTO config.marc_subfield(marc_format, marc_record_type, tag, code, description,
                                 repeatable, mandatory, hidden)
VALUES (1, 'biblio', '542', 'm', $$Publication status$$,
FALSE, FALSE, FALSE);
INSERT INTO config.marc_subfield(marc_format, marc_record_type, tag, code, description,
                                 repeatable, mandatory, hidden)
VALUES (1, 'biblio', '542', 'n', $$Note$$,
TRUE, FALSE, FALSE);
INSERT INTO config.marc_subfield(marc_format, marc_record_type, tag, code, description,
                                 repeatable, mandatory, hidden)
VALUES (1, 'biblio', '542', 'o', $$Research date$$,
FALSE, FALSE, FALSE);
INSERT INTO config.marc_subfield(marc_format, marc_record_type, tag, code, description,
                                 repeatable, mandatory, hidden)
VALUES (1, 'biblio', '542', 'p', $$Country of publication or creation$$,
TRUE, FALSE, FALSE);
INSERT INTO config.marc_subfield(marc_format, marc_record_type, tag, code, description,
                                 repeatable, mandatory, hidden)
VALUES (1, 'biblio', '542', 'q', $$Supplying agency$$,
FALSE, FALSE, FALSE);
INSERT INTO config.marc_subfield(marc_format, marc_record_type, tag, code, description,
                                 repeatable, mandatory, hidden)
VALUES (1, 'biblio', '542', 'r', $$Jurisdiction of copyright assessment$$,
FALSE, FALSE, FALSE);
INSERT INTO config.marc_subfield(marc_format, marc_record_type, tag, code, description,
                                 repeatable, mandatory, hidden)
VALUES (1, 'biblio', '542', 's', $$Source of information$$,
FALSE, FALSE, FALSE);
INSERT INTO config.marc_subfield(marc_format, marc_record_type, tag, code, description,
                                 repeatable, mandatory, hidden)
VALUES (1, 'biblio', '542', 'u', $$Uniform Resource Identifier$$,
TRUE, FALSE, FALSE);
INSERT INTO config.marc_subfield(marc_format, marc_record_type, tag, code, description,
                                 repeatable, mandatory, hidden)
VALUES (1, 'biblio', '542', '3', $$Materials specified$$,
FALSE, FALSE, FALSE);
INSERT INTO config.marc_subfield(marc_format, marc_record_type, tag, code, description,
                                 repeatable, mandatory, hidden)
VALUES (1, 'biblio', '542', '6', $$Linkage$$,
FALSE, FALSE, FALSE);
INSERT INTO config.marc_subfield(marc_format, marc_record_type, tag, code, description,
                                 repeatable, mandatory, hidden)
VALUES (1, 'biblio', '542', '8', $$Field link and sequence number$$,
TRUE, FALSE, FALSE);
INSERT INTO config.marc_field(marc_format, marc_record_type, tag, name, description,
                              fixed_field, repeatable, mandatory, hidden)
VALUES (1, 'biblio', '544', $$Location of Other Archival Materials Note$$, $$Name and address of custodians of archival materials related to the described materials by provenance, specifically by having been, at a previous time, a part of the same collection or record group.$$,
FALSE, TRUE, FALSE, FALSE);
INSERT INTO config.record_attr_definition(name, label)
VALUES ('marc21_biblio_544_ind_1', 'MARC 21 biblio field 544 indicator position 1');
INSERT INTO config.coded_value_map(ctype, code, value, opac_visible, is_simple)
VALUES ('marc21_biblio_544_ind_1', '#', $$No information provided$$, FALSE, TRUE);
INSERT INTO config.coded_value_map(ctype, code, value, opac_visible, is_simple)
VALUES ('marc21_biblio_544_ind_1', '0', $$Associated materials$$, FALSE, TRUE);
INSERT INTO config.coded_value_map(ctype, code, value, opac_visible, is_simple)
VALUES ('marc21_biblio_544_ind_1', '1', $$Related materials$$, FALSE, TRUE);
INSERT INTO config.record_attr_definition(name, label)
VALUES ('marc21_biblio_544_ind_2', 'MARC 21 biblio field 544 indicator position 2');
INSERT INTO config.coded_value_map(ctype, code, value, opac_visible, is_simple)
VALUES ('marc21_biblio_544_ind_2', '#', $$Undefined$$, FALSE, TRUE);
INSERT INTO config.marc_subfield(marc_format, marc_record_type, tag, code, description,
                                 repeatable, mandatory, hidden)
VALUES (1, 'biblio', '544', 'a', $$Custodian$$,
TRUE, FALSE, FALSE);
INSERT INTO config.marc_subfield(marc_format, marc_record_type, tag, code, description,
                                 repeatable, mandatory, hidden)
VALUES (1, 'biblio', '544', 'b', $$Address$$,
TRUE, FALSE, FALSE);
INSERT INTO config.marc_subfield(marc_format, marc_record_type, tag, code, description,
                                 repeatable, mandatory, hidden)
VALUES (1, 'biblio', '544', 'c', $$Country$$,
TRUE, FALSE, FALSE);
INSERT INTO config.marc_subfield(marc_format, marc_record_type, tag, code, description,
                                 repeatable, mandatory, hidden)
VALUES (1, 'biblio', '544', 'd', $$Title$$,
TRUE, FALSE, FALSE);
INSERT INTO config.marc_subfield(marc_format, marc_record_type, tag, code, description,
                                 repeatable, mandatory, hidden)
VALUES (1, 'biblio', '544', 'e', $$Provenance$$,
TRUE, FALSE, FALSE);
INSERT INTO config.marc_subfield(marc_format, marc_record_type, tag, code, description,
                                 repeatable, mandatory, hidden)
VALUES (1, 'biblio', '544', 'n', $$Note$$,
TRUE, FALSE, FALSE);
INSERT INTO config.marc_subfield(marc_format, marc_record_type, tag, code, description,
                                 repeatable, mandatory, hidden)
VALUES (1, 'biblio', '544', '3', $$Materials specified$$,
FALSE, FALSE, FALSE);
INSERT INTO config.marc_subfield(marc_format, marc_record_type, tag, code, description,
                                 repeatable, mandatory, hidden)
VALUES (1, 'biblio', '544', '6', $$Linkage$$,
FALSE, FALSE, FALSE);
INSERT INTO config.marc_subfield(marc_format, marc_record_type, tag, code, description,
                                 repeatable, mandatory, hidden)
VALUES (1, 'biblio', '544', '8', $$Field link and sequence number$$,
TRUE, FALSE, FALSE);
INSERT INTO config.marc_field(marc_format, marc_record_type, tag, name, description,
                              fixed_field, repeatable, mandatory, hidden)
VALUES (1, 'biblio', '545', $$Biographical or Historical Data$$, $$Biographical information about an individual or historical information about an institution or event used as the main entry for the item being cataloged. When a distinction between levels of detail is required, a brief summary is given in subfield $a and a fuller annotation is given in subfield $b.$$,
FALSE, TRUE, FALSE, FALSE);
INSERT INTO config.record_attr_definition(name, label)
VALUES ('marc21_biblio_545_ind_1', 'MARC 21 biblio field 545 indicator position 1');
INSERT INTO config.coded_value_map(ctype, code, value, opac_visible, is_simple)
VALUES ('marc21_biblio_545_ind_1', '#', $$No information provided$$, FALSE, TRUE);
INSERT INTO config.coded_value_map(ctype, code, value, opac_visible, is_simple)
VALUES ('marc21_biblio_545_ind_1', '0', $$Biographical sketch$$, FALSE, TRUE);
INSERT INTO config.coded_value_map(ctype, code, value, opac_visible, is_simple)
VALUES ('marc21_biblio_545_ind_1', '1', $$Administrative history$$, FALSE, TRUE);
INSERT INTO config.record_attr_definition(name, label)
VALUES ('marc21_biblio_545_ind_2', 'MARC 21 biblio field 545 indicator position 2');
INSERT INTO config.coded_value_map(ctype, code, value, opac_visible, is_simple)
VALUES ('marc21_biblio_545_ind_2', '#', $$Undefined$$, FALSE, TRUE);
INSERT INTO config.marc_subfield(marc_format, marc_record_type, tag, code, description,
                                 repeatable, mandatory, hidden)
VALUES (1, 'biblio', '545', 'a', $$Biographical or historical data$$,
FALSE, FALSE, FALSE);
INSERT INTO config.marc_subfield(marc_format, marc_record_type, tag, code, description,
                                 repeatable, mandatory, hidden)
VALUES (1, 'biblio', '545', 'b', $$Expansion$$,
FALSE, FALSE, FALSE);
INSERT INTO config.marc_subfield(marc_format, marc_record_type, tag, code, description,
                                 repeatable, mandatory, hidden)
VALUES (1, 'biblio', '545', 'u', $$Uniform Resource Identifier$$,
TRUE, FALSE, FALSE);
INSERT INTO config.marc_subfield(marc_format, marc_record_type, tag, code, description,
                                 repeatable, mandatory, hidden)
VALUES (1, 'biblio', '545', '6', $$Linkage$$,
FALSE, FALSE, FALSE);
INSERT INTO config.marc_subfield(marc_format, marc_record_type, tag, code, description,
                                 repeatable, mandatory, hidden)
VALUES (1, 'biblio', '545', '8', $$Field link and sequence number$$,
TRUE, FALSE, FALSE);
INSERT INTO config.marc_field(marc_format, marc_record_type, tag, name, description,
                              fixed_field, repeatable, mandatory, hidden)
VALUES (1, 'biblio', '546', $$Language Note$$, $$Textual information on the language of the described materials. A description of the alphabet, script, or other symbol system (e.g., arabic alphabet, ASCII, musical notation system, bar code, logarithmic graphing) may also be included. Coded language information is contained in fields 008/35-37 (Language) and/or 041 (Language code).$$,
FALSE, TRUE, FALSE, FALSE);
INSERT INTO config.record_attr_definition(name, label)
VALUES ('marc21_biblio_546_ind_1', 'MARC 21 biblio field 546 indicator position 1');
INSERT INTO config.coded_value_map(ctype, code, value, opac_visible, is_simple)
VALUES ('marc21_biblio_546_ind_1', '#', $$Undefined$$, FALSE, TRUE);
INSERT INTO config.record_attr_definition(name, label)
VALUES ('marc21_biblio_546_ind_2', 'MARC 21 biblio field 546 indicator position 2');
INSERT INTO config.coded_value_map(ctype, code, value, opac_visible, is_simple)
VALUES ('marc21_biblio_546_ind_2', '#', $$Undefined$$, FALSE, TRUE);
INSERT INTO config.marc_subfield(marc_format, marc_record_type, tag, code, description,
                                 repeatable, mandatory, hidden)
VALUES (1, 'biblio', '546', 'a', $$Language note$$,
FALSE, FALSE, FALSE);
INSERT INTO config.marc_subfield(marc_format, marc_record_type, tag, code, description,
                                 repeatable, mandatory, hidden)
VALUES (1, 'biblio', '546', 'b', $$Information code or alphabet$$,
TRUE, FALSE, FALSE);
INSERT INTO config.marc_subfield(marc_format, marc_record_type, tag, code, description,
                                 repeatable, mandatory, hidden)
VALUES (1, 'biblio', '546', '3', $$Materials specified$$,
FALSE, FALSE, FALSE);
INSERT INTO config.marc_subfield(marc_format, marc_record_type, tag, code, description,
                                 repeatable, mandatory, hidden)
VALUES (1, 'biblio', '546', '6', $$Linkage$$,
FALSE, FALSE, FALSE);
INSERT INTO config.marc_subfield(marc_format, marc_record_type, tag, code, description,
                                 repeatable, mandatory, hidden)
VALUES (1, 'biblio', '546', '8', $$Field link and sequence number$$,
TRUE, FALSE, FALSE);
INSERT INTO config.marc_field(marc_format, marc_record_type, tag, name, description,
                              fixed_field, repeatable, mandatory, hidden)
VALUES (1, 'biblio', '547', $$Former Title Complexity Note$$, $$Description of the complex relationship between titles proper whenever an intelligible note cannot be system generated from the data in field 247 (Former Title).$$,
FALSE, TRUE, FALSE, FALSE);
INSERT INTO config.record_attr_definition(name, label)
VALUES ('marc21_biblio_547_ind_1', 'MARC 21 biblio field 547 indicator position 1');
INSERT INTO config.coded_value_map(ctype, code, value, opac_visible, is_simple)
VALUES ('marc21_biblio_547_ind_1', '#', $$Undefined$$, FALSE, TRUE);
INSERT INTO config.record_attr_definition(name, label)
VALUES ('marc21_biblio_547_ind_2', 'MARC 21 biblio field 547 indicator position 2');
INSERT INTO config.coded_value_map(ctype, code, value, opac_visible, is_simple)
VALUES ('marc21_biblio_547_ind_2', '#', $$Undefined$$, FALSE, TRUE);
INSERT INTO config.marc_subfield(marc_format, marc_record_type, tag, code, description,
                                 repeatable, mandatory, hidden)
VALUES (1, 'biblio', '547', 'a', $$Former title complexity note$$,
FALSE, FALSE, FALSE);
INSERT INTO config.marc_subfield(marc_format, marc_record_type, tag, code, description,
                                 repeatable, mandatory, hidden)
VALUES (1, 'biblio', '547', '6', $$Linkage$$,
FALSE, FALSE, FALSE);
INSERT INTO config.marc_subfield(marc_format, marc_record_type, tag, code, description,
                                 repeatable, mandatory, hidden)
VALUES (1, 'biblio', '547', '8', $$Field link and sequence number$$,
TRUE, FALSE, FALSE);
INSERT INTO config.marc_field(marc_format, marc_record_type, tag, name, description,
                              fixed_field, repeatable, mandatory, hidden)
VALUES (1, 'biblio', '550', $$Issuing Body Note$$, $$Information about the current and former issuing bodies of a continuing resource.$$,
FALSE, TRUE, FALSE, FALSE);
INSERT INTO config.record_attr_definition(name, label)
VALUES ('marc21_biblio_550_ind_1', 'MARC 21 biblio field 550 indicator position 1');
INSERT INTO config.coded_value_map(ctype, code, value, opac_visible, is_simple)
VALUES ('marc21_biblio_550_ind_1', '#', $$Undefined$$, FALSE, TRUE);
INSERT INTO config.record_attr_definition(name, label)
VALUES ('marc21_biblio_550_ind_2', 'MARC 21 biblio field 550 indicator position 2');
INSERT INTO config.coded_value_map(ctype, code, value, opac_visible, is_simple)
VALUES ('marc21_biblio_550_ind_2', '#', $$Undefined$$, FALSE, TRUE);
INSERT INTO config.marc_subfield(marc_format, marc_record_type, tag, code, description,
                                 repeatable, mandatory, hidden)
VALUES (1, 'biblio', '550', 'a', $$Issuing body note$$,
FALSE, FALSE, FALSE);
INSERT INTO config.marc_subfield(marc_format, marc_record_type, tag, code, description,
                                 repeatable, mandatory, hidden)
VALUES (1, 'biblio', '550', '6', $$Linkage$$,
FALSE, FALSE, FALSE);
INSERT INTO config.marc_subfield(marc_format, marc_record_type, tag, code, description,
                                 repeatable, mandatory, hidden)
VALUES (1, 'biblio', '550', '8', $$Field link and sequence number$$,
TRUE, FALSE, FALSE);
INSERT INTO config.marc_field(marc_format, marc_record_type, tag, name, description,
                              fixed_field, repeatable, mandatory, hidden)
VALUES (1, 'biblio', '552', $$Entity and Attribute Information Note$$, $$Description of the information content of the data set, including the entity types, their attributes, and the domains from which attribute values may be assigned.$$,
FALSE, TRUE, FALSE, FALSE);
INSERT INTO config.record_attr_definition(name, label)
VALUES ('marc21_biblio_552_ind_1', 'MARC 21 biblio field 552 indicator position 1');
INSERT INTO config.coded_value_map(ctype, code, value, opac_visible, is_simple)
VALUES ('marc21_biblio_552_ind_1', '#', $$Undefined$$, FALSE, TRUE);
INSERT INTO config.record_attr_definition(name, label)
VALUES ('marc21_biblio_552_ind_2', 'MARC 21 biblio field 552 indicator position 2');
INSERT INTO config.coded_value_map(ctype, code, value, opac_visible, is_simple)
VALUES ('marc21_biblio_552_ind_2', '#', $$Undefined$$, FALSE, TRUE);
INSERT INTO config.marc_subfield(marc_format, marc_record_type, tag, code, description,
                                 repeatable, mandatory, hidden)
VALUES (1, 'biblio', '552', 'a', $$Entity type label$$,
FALSE, FALSE, FALSE);
INSERT INTO config.marc_subfield(marc_format, marc_record_type, tag, code, description,
                                 repeatable, mandatory, hidden)
VALUES (1, 'biblio', '552', 'b', $$Entity type definition and source$$,
FALSE, FALSE, FALSE);
INSERT INTO config.marc_subfield(marc_format, marc_record_type, tag, code, description,
                                 repeatable, mandatory, hidden)
VALUES (1, 'biblio', '552', 'c', $$Attribute label$$,
FALSE, FALSE, FALSE);
INSERT INTO config.marc_subfield(marc_format, marc_record_type, tag, code, description,
                                 repeatable, mandatory, hidden)
VALUES (1, 'biblio', '552', 'd', $$Attribute definition and source$$,
FALSE, FALSE, FALSE);
INSERT INTO config.marc_subfield(marc_format, marc_record_type, tag, code, description,
                                 repeatable, mandatory, hidden)
VALUES (1, 'biblio', '552', 'e', $$Enumerated domain value$$,
TRUE, FALSE, FALSE);
INSERT INTO config.marc_subfield(marc_format, marc_record_type, tag, code, description,
                                 repeatable, mandatory, hidden)
VALUES (1, 'biblio', '552', 'f', $$Enumerated domain value definition and source$$,
TRUE, FALSE, FALSE);
INSERT INTO config.marc_subfield(marc_format, marc_record_type, tag, code, description,
                                 repeatable, mandatory, hidden)
VALUES (1, 'biblio', '552', 'g', $$Range domain minimum and maximum$$,
FALSE, FALSE, FALSE);
INSERT INTO config.marc_subfield(marc_format, marc_record_type, tag, code, description,
                                 repeatable, mandatory, hidden)
VALUES (1, 'biblio', '552', 'h', $$Codeset name and source$$,
FALSE, FALSE, FALSE);
INSERT INTO config.marc_subfield(marc_format, marc_record_type, tag, code, description,
                                 repeatable, mandatory, hidden)
VALUES (1, 'biblio', '552', 'i', $$Unrepresentable domain$$,
FALSE, FALSE, FALSE);
INSERT INTO config.marc_subfield(marc_format, marc_record_type, tag, code, description,
                                 repeatable, mandatory, hidden)
VALUES (1, 'biblio', '552', 'j', $$Attribute units of measurement and resolution$$,
FALSE, FALSE, FALSE);
INSERT INTO config.marc_subfield(marc_format, marc_record_type, tag, code, description,
                                 repeatable, mandatory, hidden)
VALUES (1, 'biblio', '552', 'k', $$Beginning and ending date of attribute values$$,
FALSE, FALSE, FALSE);
INSERT INTO config.marc_subfield(marc_format, marc_record_type, tag, code, description,
                                 repeatable, mandatory, hidden)
VALUES (1, 'biblio', '552', 'l', $$Attribute value accuracy$$,
FALSE, FALSE, FALSE);
INSERT INTO config.marc_subfield(marc_format, marc_record_type, tag, code, description,
                                 repeatable, mandatory, hidden)
VALUES (1, 'biblio', '552', 'm', $$Attribute value accuracy explanation$$,
FALSE, FALSE, FALSE);
INSERT INTO config.marc_subfield(marc_format, marc_record_type, tag, code, description,
                                 repeatable, mandatory, hidden)
VALUES (1, 'biblio', '552', 'n', $$Attribute measurement frequency$$,
FALSE, FALSE, FALSE);
INSERT INTO config.marc_subfield(marc_format, marc_record_type, tag, code, description,
                                 repeatable, mandatory, hidden)
VALUES (1, 'biblio', '552', 'o', $$Entity and attribute overview$$,
TRUE, FALSE, FALSE);
INSERT INTO config.marc_subfield(marc_format, marc_record_type, tag, code, description,
                                 repeatable, mandatory, hidden)
VALUES (1, 'biblio', '552', 'p', $$Entity and attribute detail citation$$,
TRUE, FALSE, FALSE);
INSERT INTO config.marc_subfield(marc_format, marc_record_type, tag, code, description,
                                 repeatable, mandatory, hidden)
VALUES (1, 'biblio', '552', 'u', $$Uniform Resource Identifier$$,
TRUE, FALSE, FALSE);
INSERT INTO config.marc_subfield(marc_format, marc_record_type, tag, code, description,
                                 repeatable, mandatory, hidden)
VALUES (1, 'biblio', '552', 'z', $$Display note$$,
TRUE, FALSE, FALSE);
INSERT INTO config.marc_subfield(marc_format, marc_record_type, tag, code, description,
                                 repeatable, mandatory, hidden)
VALUES (1, 'biblio', '552', '6', $$Linkage$$,
FALSE, FALSE, FALSE);
INSERT INTO config.marc_subfield(marc_format, marc_record_type, tag, code, description,
                                 repeatable, mandatory, hidden)
VALUES (1, 'biblio', '552', '8', $$Field link and sequence number$$,
TRUE, FALSE, FALSE);
INSERT INTO config.marc_field(marc_format, marc_record_type, tag, name, description,
                              fixed_field, repeatable, mandatory, hidden)
VALUES (1, 'biblio', '555', $$Cumulative Index/Finding Aids Note$$, $$Information on the availability of cumulative indexes for continuing resources or finding aids and similar control materials for archival and manuscripts control and visual materials whose only or major focus is the described material.$$,
FALSE, TRUE, FALSE, FALSE);
INSERT INTO config.record_attr_definition(name, label)
VALUES ('marc21_biblio_555_ind_1', 'MARC 21 biblio field 555 indicator position 1');
INSERT INTO config.coded_value_map(ctype, code, value, opac_visible, is_simple)
VALUES ('marc21_biblio_555_ind_1', '#', $$Indexes$$, FALSE, TRUE);
INSERT INTO config.coded_value_map(ctype, code, value, opac_visible, is_simple)
VALUES ('marc21_biblio_555_ind_1', '0', $$Finding aids$$, FALSE, TRUE);
INSERT INTO config.coded_value_map(ctype, code, value, opac_visible, is_simple)
VALUES ('marc21_biblio_555_ind_1', '8', $$No display constant generated$$, FALSE, TRUE);
INSERT INTO config.record_attr_definition(name, label)
VALUES ('marc21_biblio_555_ind_2', 'MARC 21 biblio field 555 indicator position 2');
INSERT INTO config.coded_value_map(ctype, code, value, opac_visible, is_simple)
VALUES ('marc21_biblio_555_ind_2', '#', $$Undefined$$, FALSE, TRUE);
INSERT INTO config.marc_subfield(marc_format, marc_record_type, tag, code, description,
                                 repeatable, mandatory, hidden)
VALUES (1, 'biblio', '555', 'a', $$Cumulative index/finding aids note$$,
FALSE, FALSE, FALSE);
INSERT INTO config.marc_subfield(marc_format, marc_record_type, tag, code, description,
                                 repeatable, mandatory, hidden)
VALUES (1, 'biblio', '555', 'b', $$Availability source$$,
TRUE, FALSE, FALSE);
INSERT INTO config.marc_subfield(marc_format, marc_record_type, tag, code, description,
                                 repeatable, mandatory, hidden)
VALUES (1, 'biblio', '555', 'c', $$Degree of control$$,
FALSE, FALSE, FALSE);
INSERT INTO config.marc_subfield(marc_format, marc_record_type, tag, code, description,
                                 repeatable, mandatory, hidden)
VALUES (1, 'biblio', '555', 'd', $$Bibliographic reference$$,
FALSE, FALSE, FALSE);
INSERT INTO config.marc_subfield(marc_format, marc_record_type, tag, code, description,
                                 repeatable, mandatory, hidden)
VALUES (1, 'biblio', '555', 'u', $$Uniform Resource Identifier$$,
TRUE, FALSE, FALSE);
INSERT INTO config.marc_subfield(marc_format, marc_record_type, tag, code, description,
                                 repeatable, mandatory, hidden)
VALUES (1, 'biblio', '555', '3', $$Materials specified$$,
FALSE, FALSE, FALSE);
INSERT INTO config.marc_subfield(marc_format, marc_record_type, tag, code, description,
                                 repeatable, mandatory, hidden)
VALUES (1, 'biblio', '555', '6', $$Linkage$$,
FALSE, FALSE, FALSE);
INSERT INTO config.marc_subfield(marc_format, marc_record_type, tag, code, description,
                                 repeatable, mandatory, hidden)
VALUES (1, 'biblio', '555', '8', $$Field link and sequence number$$,
TRUE, FALSE, FALSE);
INSERT INTO config.marc_field(marc_format, marc_record_type, tag, name, description,
                              fixed_field, repeatable, mandatory, hidden)
VALUES (1, 'biblio', '556', $$Information About Documentation Note$$, $$Information about the documentation of the described materials, such as codebooks which explain the contents and use of the file or a users’ manual to a serial.$$,
FALSE, TRUE, FALSE, FALSE);
INSERT INTO config.record_attr_definition(name, label)
VALUES ('marc21_biblio_556_ind_1', 'MARC 21 biblio field 556 indicator position 1');
INSERT INTO config.coded_value_map(ctype, code, value, opac_visible, is_simple)
VALUES ('marc21_biblio_556_ind_1', '#', $$Documentation$$, FALSE, TRUE);
INSERT INTO config.coded_value_map(ctype, code, value, opac_visible, is_simple)
VALUES ('marc21_biblio_556_ind_1', '8', $$No display constant generated$$, FALSE, TRUE);
INSERT INTO config.record_attr_definition(name, label)
VALUES ('marc21_biblio_556_ind_2', 'MARC 21 biblio field 556 indicator position 2');
INSERT INTO config.coded_value_map(ctype, code, value, opac_visible, is_simple)
VALUES ('marc21_biblio_556_ind_2', '#', $$Undefined$$, FALSE, TRUE);
INSERT INTO config.marc_subfield(marc_format, marc_record_type, tag, code, description,
                                 repeatable, mandatory, hidden)
VALUES (1, 'biblio', '556', 'a', $$Information about documentation note$$,
FALSE, FALSE, FALSE);
INSERT INTO config.marc_subfield(marc_format, marc_record_type, tag, code, description,
                                 repeatable, mandatory, hidden)
VALUES (1, 'biblio', '556', 'z', $$International Standard Book Number$$,
TRUE, FALSE, FALSE);
INSERT INTO config.marc_subfield(marc_format, marc_record_type, tag, code, description,
                                 repeatable, mandatory, hidden)
VALUES (1, 'biblio', '556', '6', $$Linkage$$,
FALSE, FALSE, FALSE);
INSERT INTO config.marc_subfield(marc_format, marc_record_type, tag, code, description,
                                 repeatable, mandatory, hidden)
VALUES (1, 'biblio', '556', '8', $$Field link and sequence number$$,
TRUE, FALSE, FALSE);
INSERT INTO config.marc_field(marc_format, marc_record_type, tag, name, description,
                              fixed_field, repeatable, mandatory, hidden)
VALUES (1, 'biblio', '561', $$Ownership and Custodial History$$, $$Copy-specific field that contains information concerning the ownership and custodial history of the described materials from the time of their creation to the time of their accessioning, including the time at which individual items or groups of items were first brought together in their current arrangement or collation.$$,
FALSE, TRUE, FALSE, FALSE);
INSERT INTO config.record_attr_definition(name, label)
VALUES ('marc21_biblio_561_ind_1', 'MARC 21 biblio field 561 indicator position 1');
INSERT INTO config.coded_value_map(ctype, code, value, opac_visible, is_simple)
VALUES ('marc21_biblio_561_ind_1', '#', $$No information provided$$, FALSE, TRUE);
INSERT INTO config.coded_value_map(ctype, code, value, opac_visible, is_simple)
VALUES ('marc21_biblio_561_ind_1', '0', $$Private$$, FALSE, TRUE);
INSERT INTO config.coded_value_map(ctype, code, value, opac_visible, is_simple)
VALUES ('marc21_biblio_561_ind_1', '1', $$Not private$$, FALSE, TRUE);
INSERT INTO config.record_attr_definition(name, label)
VALUES ('marc21_biblio_561_ind_2', 'MARC 21 biblio field 561 indicator position 2');
INSERT INTO config.coded_value_map(ctype, code, value, opac_visible, is_simple)
VALUES ('marc21_biblio_561_ind_2', '#', $$Undefined$$, FALSE, TRUE);
INSERT INTO config.marc_subfield(marc_format, marc_record_type, tag, code, description,
                                 repeatable, mandatory, hidden)
VALUES (1, 'biblio', '561', 'a', $$History$$,
FALSE, FALSE, FALSE);
INSERT INTO config.marc_subfield(marc_format, marc_record_type, tag, code, description,
                                 repeatable, mandatory, hidden)
VALUES (1, 'biblio', '561', '3', $$Materials specified$$,
FALSE, FALSE, FALSE);
INSERT INTO config.marc_subfield(marc_format, marc_record_type, tag, code, description,
                                 repeatable, mandatory, hidden)
VALUES (1, 'biblio', '561', '5', $$Institution to which field applies$$,
FALSE, FALSE, FALSE);
INSERT INTO config.marc_subfield(marc_format, marc_record_type, tag, code, description,
                                 repeatable, mandatory, hidden)
VALUES (1, 'biblio', '561', '6', $$Linkage$$,
FALSE, FALSE, FALSE);
INSERT INTO config.marc_subfield(marc_format, marc_record_type, tag, code, description,
                                 repeatable, mandatory, hidden)
VALUES (1, 'biblio', '561', '8', $$Field link and sequence number$$,
TRUE, FALSE, FALSE);
INSERT INTO config.marc_field(marc_format, marc_record_type, tag, name, description,
                              fixed_field, repeatable, mandatory, hidden)
VALUES (1, 'biblio', '562', $$Copy and Version Identification Note$$, $$Information that distinguishes the copy(s) or version(s) of materials held by an archive or manuscript repository when more than one copy or version exists or could exist.$$,
FALSE, TRUE, FALSE, FALSE);
INSERT INTO config.record_attr_definition(name, label)
VALUES ('marc21_biblio_562_ind_1', 'MARC 21 biblio field 562 indicator position 1');
INSERT INTO config.coded_value_map(ctype, code, value, opac_visible, is_simple)
VALUES ('marc21_biblio_562_ind_1', '#', $$Undefined$$, FALSE, TRUE);
INSERT INTO config.record_attr_definition(name, label)
VALUES ('marc21_biblio_562_ind_2', 'MARC 21 biblio field 562 indicator position 2');
INSERT INTO config.coded_value_map(ctype, code, value, opac_visible, is_simple)
VALUES ('marc21_biblio_562_ind_2', '#', $$Undefined$$, FALSE, TRUE);
INSERT INTO config.marc_subfield(marc_format, marc_record_type, tag, code, description,
                                 repeatable, mandatory, hidden)
VALUES (1, 'biblio', '562', 'a', $$Identifying markings$$,
TRUE, FALSE, FALSE);
INSERT INTO config.marc_subfield(marc_format, marc_record_type, tag, code, description,
                                 repeatable, mandatory, hidden)
VALUES (1, 'biblio', '562', 'b', $$Copy identification$$,
TRUE, FALSE, FALSE);
INSERT INTO config.marc_subfield(marc_format, marc_record_type, tag, code, description,
                                 repeatable, mandatory, hidden)
VALUES (1, 'biblio', '562', 'c', $$Version identification$$,
TRUE, FALSE, FALSE);
INSERT INTO config.marc_subfield(marc_format, marc_record_type, tag, code, description,
                                 repeatable, mandatory, hidden)
VALUES (1, 'biblio', '562', 'd', $$Presentation format$$,
TRUE, FALSE, FALSE);
INSERT INTO config.marc_subfield(marc_format, marc_record_type, tag, code, description,
                                 repeatable, mandatory, hidden)
VALUES (1, 'biblio', '562', 'e', $$Number of copies$$,
TRUE, FALSE, FALSE);
INSERT INTO config.marc_subfield(marc_format, marc_record_type, tag, code, description,
                                 repeatable, mandatory, hidden)
VALUES (1, 'biblio', '562', '3', $$Materials specified$$,
FALSE, FALSE, FALSE);
INSERT INTO config.marc_subfield(marc_format, marc_record_type, tag, code, description,
                                 repeatable, mandatory, hidden)
VALUES (1, 'biblio', '562', '5', $$Institution to which field applies$$,
FALSE, FALSE, FALSE);
INSERT INTO config.marc_subfield(marc_format, marc_record_type, tag, code, description,
                                 repeatable, mandatory, hidden)
VALUES (1, 'biblio', '562', '6', $$Linkage$$,
FALSE, FALSE, FALSE);
INSERT INTO config.marc_subfield(marc_format, marc_record_type, tag, code, description,
                                 repeatable, mandatory, hidden)
VALUES (1, 'biblio', '562', '8', $$Field link and sequence number$$,
TRUE, FALSE, FALSE);
INSERT INTO config.marc_field(marc_format, marc_record_type, tag, name, description,
                              fixed_field, repeatable, mandatory, hidden)
VALUES (1, 'biblio', '563', $$Binding Information$$, $$Binding information intended primarily for use with antiquarian materials, rare books and other special collections.$$,
FALSE, TRUE, FALSE, FALSE);
INSERT INTO config.record_attr_definition(name, label)
VALUES ('marc21_biblio_563_ind_1', 'MARC 21 biblio field 563 indicator position 1');
INSERT INTO config.coded_value_map(ctype, code, value, opac_visible, is_simple)
VALUES ('marc21_biblio_563_ind_1', '#', $$Undefined$$, FALSE, TRUE);
INSERT INTO config.record_attr_definition(name, label)
VALUES ('marc21_biblio_563_ind_2', 'MARC 21 biblio field 563 indicator position 2');
INSERT INTO config.coded_value_map(ctype, code, value, opac_visible, is_simple)
VALUES ('marc21_biblio_563_ind_2', '#', $$Undefined$$, FALSE, TRUE);
INSERT INTO config.marc_subfield(marc_format, marc_record_type, tag, code, description,
                                 repeatable, mandatory, hidden)
VALUES (1, 'biblio', '563', 'a', $$Binding note$$,
FALSE, FALSE, FALSE);
INSERT INTO config.marc_subfield(marc_format, marc_record_type, tag, code, description,
                                 repeatable, mandatory, hidden)
VALUES (1, 'biblio', '563', 'u', $$Uniform Resource Identifier$$,
TRUE, FALSE, FALSE);
INSERT INTO config.marc_subfield(marc_format, marc_record_type, tag, code, description,
                                 repeatable, mandatory, hidden)
VALUES (1, 'biblio', '563', '3', $$Materials specified$$,
FALSE, FALSE, FALSE);
INSERT INTO config.marc_subfield(marc_format, marc_record_type, tag, code, description,
                                 repeatable, mandatory, hidden)
VALUES (1, 'biblio', '563', '5', $$Institution to which field applies$$,
FALSE, FALSE, FALSE);
INSERT INTO config.marc_subfield(marc_format, marc_record_type, tag, code, description,
                                 repeatable, mandatory, hidden)
VALUES (1, 'biblio', '563', '6', $$Linkage$$,
FALSE, FALSE, FALSE);
INSERT INTO config.marc_subfield(marc_format, marc_record_type, tag, code, description,
                                 repeatable, mandatory, hidden)
VALUES (1, 'biblio', '563', '8', $$Field link and sequence number$$,
TRUE, FALSE, FALSE);
INSERT INTO config.marc_field(marc_format, marc_record_type, tag, name, description,
                              fixed_field, repeatable, mandatory, hidden)
VALUES (1, 'biblio', '565', $$Case File Characteristics Note$$, $$Information about the content and characteristics of case files and/or the number of cases or variables making up a case file or a database.$$,
FALSE, TRUE, FALSE, FALSE);
INSERT INTO config.record_attr_definition(name, label)
VALUES ('marc21_biblio_565_ind_1', 'MARC 21 biblio field 565 indicator position 1');
INSERT INTO config.coded_value_map(ctype, code, value, opac_visible, is_simple)
VALUES ('marc21_biblio_565_ind_1', '#', $$File size$$, FALSE, TRUE);
INSERT INTO config.coded_value_map(ctype, code, value, opac_visible, is_simple)
VALUES ('marc21_biblio_565_ind_1', '0', $$Case file characteristics$$, FALSE, TRUE);
INSERT INTO config.coded_value_map(ctype, code, value, opac_visible, is_simple)
VALUES ('marc21_biblio_565_ind_1', '8', $$No display constant generated$$, FALSE, TRUE);
INSERT INTO config.record_attr_definition(name, label)
VALUES ('marc21_biblio_565_ind_2', 'MARC 21 biblio field 565 indicator position 2');
INSERT INTO config.coded_value_map(ctype, code, value, opac_visible, is_simple)
VALUES ('marc21_biblio_565_ind_2', '#', $$Undefined$$, FALSE, TRUE);
INSERT INTO config.marc_subfield(marc_format, marc_record_type, tag, code, description,
                                 repeatable, mandatory, hidden)
VALUES (1, 'biblio', '565', 'a', $$Number of cases/variables$$,
FALSE, FALSE, FALSE);
INSERT INTO config.marc_subfield(marc_format, marc_record_type, tag, code, description,
                                 repeatable, mandatory, hidden)
VALUES (1, 'biblio', '565', 'b', $$Name of variable$$,
TRUE, FALSE, FALSE);
INSERT INTO config.marc_subfield(marc_format, marc_record_type, tag, code, description,
                                 repeatable, mandatory, hidden)
VALUES (1, 'biblio', '565', 'c', $$Unit of analysis$$,
TRUE, FALSE, FALSE);
INSERT INTO config.marc_subfield(marc_format, marc_record_type, tag, code, description,
                                 repeatable, mandatory, hidden)
VALUES (1, 'biblio', '565', 'd', $$Universe of data$$,
TRUE, FALSE, FALSE);
INSERT INTO config.marc_subfield(marc_format, marc_record_type, tag, code, description,
                                 repeatable, mandatory, hidden)
VALUES (1, 'biblio', '565', 'e', $$Filing scheme or code$$,
TRUE, FALSE, FALSE);
INSERT INTO config.marc_subfield(marc_format, marc_record_type, tag, code, description,
                                 repeatable, mandatory, hidden)
VALUES (1, 'biblio', '565', '3', $$Materials specified$$,
FALSE, FALSE, FALSE);
INSERT INTO config.marc_subfield(marc_format, marc_record_type, tag, code, description,
                                 repeatable, mandatory, hidden)
VALUES (1, 'biblio', '565', '6', $$Linkage$$,
FALSE, FALSE, FALSE);
INSERT INTO config.marc_subfield(marc_format, marc_record_type, tag, code, description,
                                 repeatable, mandatory, hidden)
VALUES (1, 'biblio', '565', '8', $$Field link and sequence number$$,
TRUE, FALSE, FALSE);
INSERT INTO config.marc_field(marc_format, marc_record_type, tag, name, description,
                              fixed_field, repeatable, mandatory, hidden)
VALUES (1, 'biblio', '567', $$Methodology Note$$, $$Information concerning significant methodological characteristics of the material, such as the algorithm, universe description, sampling procedures, classification, or validation characteristics.$$,
FALSE, TRUE, FALSE, FALSE);
INSERT INTO config.record_attr_definition(name, label)
VALUES ('marc21_biblio_567_ind_1', 'MARC 21 biblio field 567 indicator position 1');
INSERT INTO config.coded_value_map(ctype, code, value, opac_visible, is_simple)
VALUES ('marc21_biblio_567_ind_1', '#', $$Methodology$$, FALSE, TRUE);
INSERT INTO config.coded_value_map(ctype, code, value, opac_visible, is_simple)
VALUES ('marc21_biblio_567_ind_1', '8', $$No display constant generated$$, FALSE, TRUE);
INSERT INTO config.record_attr_definition(name, label)
VALUES ('marc21_biblio_567_ind_2', 'MARC 21 biblio field 567 indicator position 2');
INSERT INTO config.coded_value_map(ctype, code, value, opac_visible, is_simple)
VALUES ('marc21_biblio_567_ind_2', '#', $$Undefined$$, FALSE, TRUE);
INSERT INTO config.marc_subfield(marc_format, marc_record_type, tag, code, description,
                                 repeatable, mandatory, hidden)
VALUES (1, 'biblio', '567', 'a', $$Methodology note$$,
FALSE, FALSE, FALSE);
INSERT INTO config.marc_subfield(marc_format, marc_record_type, tag, code, description,
                                 repeatable, mandatory, hidden)
VALUES (1, 'biblio', '567', '6', $$Linkage$$,
FALSE, FALSE, FALSE);
INSERT INTO config.marc_subfield(marc_format, marc_record_type, tag, code, description,
                                 repeatable, mandatory, hidden)
VALUES (1, 'biblio', '567', '8', $$Field link and sequence number$$,
TRUE, FALSE, FALSE);
INSERT INTO config.marc_field(marc_format, marc_record_type, tag, name, description,
                              fixed_field, repeatable, mandatory, hidden)
VALUES (1, 'biblio', '580', $$Linking Entry Complexity Note$$, $$Description of the complex relationship between the item described in the record and other items that cannot be adequately generated from the linking entry fields 760-787.$$,
FALSE, TRUE, FALSE, FALSE);
INSERT INTO config.record_attr_definition(name, label)
VALUES ('marc21_biblio_580_ind_1', 'MARC 21 biblio field 580 indicator position 1');
INSERT INTO config.coded_value_map(ctype, code, value, opac_visible, is_simple)
VALUES ('marc21_biblio_580_ind_1', '#', $$Undefined$$, FALSE, TRUE);
INSERT INTO config.record_attr_definition(name, label)
VALUES ('marc21_biblio_580_ind_2', 'MARC 21 biblio field 580 indicator position 2');
INSERT INTO config.coded_value_map(ctype, code, value, opac_visible, is_simple)
VALUES ('marc21_biblio_580_ind_2', '#', $$Undefined$$, FALSE, TRUE);
INSERT INTO config.marc_subfield(marc_format, marc_record_type, tag, code, description,
                                 repeatable, mandatory, hidden)
VALUES (1, 'biblio', '580', 'a', $$Linking entry complexity note$$,
FALSE, FALSE, FALSE);
INSERT INTO config.marc_subfield(marc_format, marc_record_type, tag, code, description,
                                 repeatable, mandatory, hidden)
VALUES (1, 'biblio', '580', '6', $$Linkage$$,
FALSE, FALSE, FALSE);
INSERT INTO config.marc_subfield(marc_format, marc_record_type, tag, code, description,
                                 repeatable, mandatory, hidden)
VALUES (1, 'biblio', '580', '8', $$Field link and sequence number$$,
TRUE, FALSE, FALSE);
INSERT INTO config.marc_field(marc_format, marc_record_type, tag, name, description,
                              fixed_field, repeatable, mandatory, hidden)
VALUES (1, 'biblio', '581', $$Publications About Described Materials Note$$, $$Citation or information about a publication that is based on the use, study, or analysis of the materials described in the record.$$,
FALSE, TRUE, FALSE, FALSE);
INSERT INTO config.record_attr_definition(name, label)
VALUES ('marc21_biblio_581_ind_1', 'MARC 21 biblio field 581 indicator position 1');
INSERT INTO config.coded_value_map(ctype, code, value, opac_visible, is_simple)
VALUES ('marc21_biblio_581_ind_1', '#', $$Publications$$, FALSE, TRUE);
INSERT INTO config.coded_value_map(ctype, code, value, opac_visible, is_simple)
VALUES ('marc21_biblio_581_ind_1', '8', $$No display constant generated$$, FALSE, TRUE);
INSERT INTO config.record_attr_definition(name, label)
VALUES ('marc21_biblio_581_ind_2', 'MARC 21 biblio field 581 indicator position 2');
INSERT INTO config.coded_value_map(ctype, code, value, opac_visible, is_simple)
VALUES ('marc21_biblio_581_ind_2', '#', $$Undefined$$, FALSE, TRUE);
INSERT INTO config.marc_subfield(marc_format, marc_record_type, tag, code, description,
                                 repeatable, mandatory, hidden)
VALUES (1, 'biblio', '581', 'a', $$Publications about described materials note$$,
FALSE, FALSE, FALSE);
INSERT INTO config.marc_subfield(marc_format, marc_record_type, tag, code, description,
                                 repeatable, mandatory, hidden)
VALUES (1, 'biblio', '581', 'z', $$International Standard Book Number$$,
TRUE, FALSE, FALSE);
INSERT INTO config.marc_subfield(marc_format, marc_record_type, tag, code, description,
                                 repeatable, mandatory, hidden)
VALUES (1, 'biblio', '581', '3', $$Materials specified$$,
FALSE, FALSE, FALSE);
INSERT INTO config.marc_subfield(marc_format, marc_record_type, tag, code, description,
                                 repeatable, mandatory, hidden)
VALUES (1, 'biblio', '581', '6', $$Linkage$$,
FALSE, FALSE, FALSE);
INSERT INTO config.marc_subfield(marc_format, marc_record_type, tag, code, description,
                                 repeatable, mandatory, hidden)
VALUES (1, 'biblio', '581', '8', $$Field link and sequence number$$,
TRUE, FALSE, FALSE);
INSERT INTO config.marc_field(marc_format, marc_record_type, tag, name, description,
                              fixed_field, repeatable, mandatory, hidden)
VALUES (1, 'biblio', '583', $$Action Note$$, $$Information about processing, reference, and preservation actions.$$,
FALSE, TRUE, FALSE, FALSE);
INSERT INTO config.record_attr_definition(name, label)
VALUES ('marc21_biblio_583_ind_1', 'MARC 21 biblio field 583 indicator position 1');
INSERT INTO config.coded_value_map(ctype, code, value, opac_visible, is_simple)
VALUES ('marc21_biblio_583_ind_1', '#', $$No information provided$$, FALSE, TRUE);
INSERT INTO config.coded_value_map(ctype, code, value, opac_visible, is_simple)
VALUES ('marc21_biblio_583_ind_1', '0', $$Private$$, FALSE, TRUE);
INSERT INTO config.coded_value_map(ctype, code, value, opac_visible, is_simple)
VALUES ('marc21_biblio_583_ind_1', '1', $$Not private$$, FALSE, TRUE);
INSERT INTO config.record_attr_definition(name, label)
VALUES ('marc21_biblio_583_ind_2', 'MARC 21 biblio field 583 indicator position 2');
INSERT INTO config.coded_value_map(ctype, code, value, opac_visible, is_simple)
VALUES ('marc21_biblio_583_ind_2', '#', $$Undefined$$, FALSE, TRUE);
INSERT INTO config.marc_subfield(marc_format, marc_record_type, tag, code, description,
                                 repeatable, mandatory, hidden)
VALUES (1, 'biblio', '583', 'a', $$Action$$,
FALSE, FALSE, FALSE);
INSERT INTO config.marc_subfield(marc_format, marc_record_type, tag, code, description,
                                 repeatable, mandatory, hidden)
VALUES (1, 'biblio', '583', 'b', $$Action identification$$,
TRUE, FALSE, FALSE);
INSERT INTO config.marc_subfield(marc_format, marc_record_type, tag, code, description,
                                 repeatable, mandatory, hidden)
VALUES (1, 'biblio', '583', 'c', $$Time/date of action$$,
TRUE, FALSE, FALSE);
INSERT INTO config.marc_subfield(marc_format, marc_record_type, tag, code, description,
                                 repeatable, mandatory, hidden)
VALUES (1, 'biblio', '583', 'd', $$Action interval$$,
TRUE, FALSE, FALSE);
INSERT INTO config.marc_subfield(marc_format, marc_record_type, tag, code, description,
                                 repeatable, mandatory, hidden)
VALUES (1, 'biblio', '583', 'e', $$Contingency for action$$,
TRUE, FALSE, FALSE);
INSERT INTO config.marc_subfield(marc_format, marc_record_type, tag, code, description,
                                 repeatable, mandatory, hidden)
VALUES (1, 'biblio', '583', 'f', $$Authorization$$,
TRUE, FALSE, FALSE);
INSERT INTO config.marc_subfield(marc_format, marc_record_type, tag, code, description,
                                 repeatable, mandatory, hidden)
VALUES (1, 'biblio', '583', 'h', $$Jurisdiction$$,
TRUE, FALSE, FALSE);
INSERT INTO config.marc_subfield(marc_format, marc_record_type, tag, code, description,
                                 repeatable, mandatory, hidden)
VALUES (1, 'biblio', '583', 'i', $$Method of action$$,
TRUE, FALSE, FALSE);
INSERT INTO config.marc_subfield(marc_format, marc_record_type, tag, code, description,
                                 repeatable, mandatory, hidden)
VALUES (1, 'biblio', '583', 'j', $$Site of action$$,
TRUE, FALSE, FALSE);
INSERT INTO config.marc_subfield(marc_format, marc_record_type, tag, code, description,
                                 repeatable, mandatory, hidden)
VALUES (1, 'biblio', '583', 'k', $$Action agent$$,
TRUE, FALSE, FALSE);
INSERT INTO config.marc_subfield(marc_format, marc_record_type, tag, code, description,
                                 repeatable, mandatory, hidden)
VALUES (1, 'biblio', '583', 'l', $$Status$$,
TRUE, FALSE, FALSE);
INSERT INTO config.marc_subfield(marc_format, marc_record_type, tag, code, description,
                                 repeatable, mandatory, hidden)
VALUES (1, 'biblio', '583', 'n', $$Extent$$,
TRUE, FALSE, FALSE);
INSERT INTO config.marc_subfield(marc_format, marc_record_type, tag, code, description,
                                 repeatable, mandatory, hidden)
VALUES (1, 'biblio', '583', 'o', $$Type of unit$$,
TRUE, FALSE, FALSE);
INSERT INTO config.marc_subfield(marc_format, marc_record_type, tag, code, description,
                                 repeatable, mandatory, hidden)
VALUES (1, 'biblio', '583', 'u', $$Uniform Resource Identifier$$,
TRUE, FALSE, FALSE);
INSERT INTO config.marc_subfield(marc_format, marc_record_type, tag, code, description,
                                 repeatable, mandatory, hidden)
VALUES (1, 'biblio', '583', 'x', $$Nonpublic note$$,
TRUE, FALSE, FALSE);
INSERT INTO config.marc_subfield(marc_format, marc_record_type, tag, code, description,
                                 repeatable, mandatory, hidden)
VALUES (1, 'biblio', '583', 'z', $$Public note$$,
TRUE, FALSE, FALSE);
INSERT INTO config.marc_subfield(marc_format, marc_record_type, tag, code, description,
                                 repeatable, mandatory, hidden)
VALUES (1, 'biblio', '583', '2', $$Source of term$$,
FALSE, FALSE, FALSE);
INSERT INTO config.marc_subfield(marc_format, marc_record_type, tag, code, description,
                                 repeatable, mandatory, hidden)
VALUES (1, 'biblio', '583', '3', $$Materials specified$$,
FALSE, FALSE, FALSE);
INSERT INTO config.marc_subfield(marc_format, marc_record_type, tag, code, description,
                                 repeatable, mandatory, hidden)
VALUES (1, 'biblio', '583', '5', $$Institution to which field applies$$,
FALSE, FALSE, FALSE);
INSERT INTO config.marc_subfield(marc_format, marc_record_type, tag, code, description,
                                 repeatable, mandatory, hidden)
VALUES (1, 'biblio', '583', '6', $$Linkage$$,
FALSE, FALSE, FALSE);
INSERT INTO config.marc_subfield(marc_format, marc_record_type, tag, code, description,
                                 repeatable, mandatory, hidden)
VALUES (1, 'biblio', '583', '8', $$Field link and sequence number$$,
TRUE, FALSE, FALSE);
INSERT INTO config.marc_field(marc_format, marc_record_type, tag, name, description,
                              fixed_field, repeatable, mandatory, hidden)
VALUES (1, 'biblio', '584', $$Accumulation and Frequency of Use Note$$, $$Measurements of and information about the rates of accumulation (for continuing, open-ended accessions) and/or the rate of reference use of the described materials.$$,
FALSE, TRUE, FALSE, FALSE);
INSERT INTO config.record_attr_definition(name, label)
VALUES ('marc21_biblio_584_ind_1', 'MARC 21 biblio field 584 indicator position 1');
INSERT INTO config.coded_value_map(ctype, code, value, opac_visible, is_simple)
VALUES ('marc21_biblio_584_ind_1', '#', $$Undefined$$, FALSE, TRUE);
INSERT INTO config.record_attr_definition(name, label)
VALUES ('marc21_biblio_584_ind_2', 'MARC 21 biblio field 584 indicator position 2');
INSERT INTO config.coded_value_map(ctype, code, value, opac_visible, is_simple)
VALUES ('marc21_biblio_584_ind_2', '#', $$Undefined$$, FALSE, TRUE);
INSERT INTO config.marc_subfield(marc_format, marc_record_type, tag, code, description,
                                 repeatable, mandatory, hidden)
VALUES (1, 'biblio', '584', 'a', $$Accumulation$$,
TRUE, FALSE, FALSE);
INSERT INTO config.marc_subfield(marc_format, marc_record_type, tag, code, description,
                                 repeatable, mandatory, hidden)
VALUES (1, 'biblio', '584', 'b', $$Frequency of use$$,
TRUE, FALSE, FALSE);
INSERT INTO config.marc_subfield(marc_format, marc_record_type, tag, code, description,
                                 repeatable, mandatory, hidden)
VALUES (1, 'biblio', '584', '3', $$Materials specified$$,
FALSE, FALSE, FALSE);
INSERT INTO config.marc_subfield(marc_format, marc_record_type, tag, code, description,
                                 repeatable, mandatory, hidden)
VALUES (1, 'biblio', '584', '5', $$Institution to which field applies$$,
FALSE, FALSE, FALSE);
INSERT INTO config.marc_subfield(marc_format, marc_record_type, tag, code, description,
                                 repeatable, mandatory, hidden)
VALUES (1, 'biblio', '584', '6', $$Linkage$$,
FALSE, FALSE, FALSE);
INSERT INTO config.marc_subfield(marc_format, marc_record_type, tag, code, description,
                                 repeatable, mandatory, hidden)
VALUES (1, 'biblio', '584', '8', $$Field link and sequence number$$,
TRUE, FALSE, FALSE);
INSERT INTO config.marc_field(marc_format, marc_record_type, tag, name, description,
                              fixed_field, repeatable, mandatory, hidden)
VALUES (1, 'biblio', '585', $$Exhibitions Note$$, $$Copy-specific field that contains a note which cites exhibitions where the material described has been shown.$$,
FALSE, TRUE, FALSE, FALSE);
INSERT INTO config.record_attr_definition(name, label)
VALUES ('marc21_biblio_585_ind_1', 'MARC 21 biblio field 585 indicator position 1');
INSERT INTO config.coded_value_map(ctype, code, value, opac_visible, is_simple)
VALUES ('marc21_biblio_585_ind_1', '#', $$Undefined$$, FALSE, TRUE);
INSERT INTO config.record_attr_definition(name, label)
VALUES ('marc21_biblio_585_ind_2', 'MARC 21 biblio field 585 indicator position 2');
INSERT INTO config.coded_value_map(ctype, code, value, opac_visible, is_simple)
VALUES ('marc21_biblio_585_ind_2', '#', $$Undefined$$, FALSE, TRUE);
INSERT INTO config.marc_subfield(marc_format, marc_record_type, tag, code, description,
                                 repeatable, mandatory, hidden)
VALUES (1, 'biblio', '585', 'a', $$Exhibitions note$$,
FALSE, FALSE, FALSE);
INSERT INTO config.marc_subfield(marc_format, marc_record_type, tag, code, description,
                                 repeatable, mandatory, hidden)
VALUES (1, 'biblio', '585', '3', $$Materials specified$$,
FALSE, FALSE, FALSE);
INSERT INTO config.marc_subfield(marc_format, marc_record_type, tag, code, description,
                                 repeatable, mandatory, hidden)
VALUES (1, 'biblio', '585', '5', $$Institution to which field applies$$,
FALSE, FALSE, FALSE);
INSERT INTO config.marc_subfield(marc_format, marc_record_type, tag, code, description,
                                 repeatable, mandatory, hidden)
VALUES (1, 'biblio', '585', '6', $$Linkage$$,
FALSE, FALSE, FALSE);
INSERT INTO config.marc_subfield(marc_format, marc_record_type, tag, code, description,
                                 repeatable, mandatory, hidden)
VALUES (1, 'biblio', '585', '8', $$Field link and sequence number$$,
TRUE, FALSE, FALSE);
INSERT INTO config.marc_field(marc_format, marc_record_type, tag, name, description,
                              fixed_field, repeatable, mandatory, hidden)
VALUES (1, 'biblio', '586', $$Awards Note$$, $$Information on awards associated with the described item.$$,
FALSE, TRUE, FALSE, FALSE);
INSERT INTO config.record_attr_definition(name, label)
VALUES ('marc21_biblio_586_ind_1', 'MARC 21 biblio field 586 indicator position 1');
INSERT INTO config.coded_value_map(ctype, code, value, opac_visible, is_simple)
VALUES ('marc21_biblio_586_ind_1', '#', $$Awards$$, FALSE, TRUE);
INSERT INTO config.coded_value_map(ctype, code, value, opac_visible, is_simple)
VALUES ('marc21_biblio_586_ind_1', '8', $$No display constant generated$$, FALSE, TRUE);
INSERT INTO config.record_attr_definition(name, label)
VALUES ('marc21_biblio_586_ind_2', 'MARC 21 biblio field 586 indicator position 2');
INSERT INTO config.coded_value_map(ctype, code, value, opac_visible, is_simple)
VALUES ('marc21_biblio_586_ind_2', '#', $$Undefined$$, FALSE, TRUE);
INSERT INTO config.marc_subfield(marc_format, marc_record_type, tag, code, description,
                                 repeatable, mandatory, hidden)
VALUES (1, 'biblio', '586', 'a', $$Awards note$$,
FALSE, FALSE, FALSE);
INSERT INTO config.marc_subfield(marc_format, marc_record_type, tag, code, description,
                                 repeatable, mandatory, hidden)
VALUES (1, 'biblio', '586', '3', $$Materials specified$$,
FALSE, FALSE, FALSE);
INSERT INTO config.marc_subfield(marc_format, marc_record_type, tag, code, description,
                                 repeatable, mandatory, hidden)
VALUES (1, 'biblio', '586', '6', $$Linkage$$,
FALSE, FALSE, FALSE);
INSERT INTO config.marc_subfield(marc_format, marc_record_type, tag, code, description,
                                 repeatable, mandatory, hidden)
VALUES (1, 'biblio', '586', '8', $$Field link and sequence number$$,
TRUE, FALSE, FALSE);
INSERT INTO config.marc_field(marc_format, marc_record_type, tag, name, description,
                              fixed_field, repeatable, mandatory, hidden)
VALUES (1, 'biblio', '588', $$Source of Description Note$$, $$Information used for tracking and controlling the metadata contained in the record. It includes general and specific source of description notes that are especially of interest to other catalogers.$$,
FALSE, TRUE, FALSE, FALSE);
INSERT INTO config.record_attr_definition(name, label)
VALUES ('marc21_biblio_588_ind_1', 'MARC 21 biblio field 588 indicator position 1');
INSERT INTO config.coded_value_map(ctype, code, value, opac_visible, is_simple)
VALUES ('marc21_biblio_588_ind_1', '#', $$Undefined$$, FALSE, TRUE);
INSERT INTO config.record_attr_definition(name, label)
VALUES ('marc21_biblio_588_ind_2', 'MARC 21 biblio field 588 indicator position 2');
INSERT INTO config.coded_value_map(ctype, code, value, opac_visible, is_simple)
VALUES ('marc21_biblio_588_ind_2', '#', $$Undefined$$, FALSE, TRUE);
INSERT INTO config.marc_subfield(marc_format, marc_record_type, tag, code, description,
                                 repeatable, mandatory, hidden)
VALUES (1, 'biblio', '588', 'a', $$Source of description note$$,
FALSE, FALSE, FALSE);
INSERT INTO config.marc_subfield(marc_format, marc_record_type, tag, code, description,
                                 repeatable, mandatory, hidden)
VALUES (1, 'biblio', '588', '5', $$Institution to which field applies$$,
FALSE, FALSE, FALSE);
INSERT INTO config.marc_subfield(marc_format, marc_record_type, tag, code, description,
                                 repeatable, mandatory, hidden)
VALUES (1, 'biblio', '588', '6', $$Linkage$$,
FALSE, FALSE, FALSE);
INSERT INTO config.marc_subfield(marc_format, marc_record_type, tag, code, description,
                                 repeatable, mandatory, hidden)
VALUES (1, 'biblio', '588', '8', $$Field link and sequence number$$,
TRUE, FALSE, FALSE);
INSERT INTO config.marc_field(marc_format, marc_record_type, tag, name, description,
                              fixed_field, repeatable, mandatory, hidden)
VALUES (1, 'biblio', '600', $$Subject Added Entry-Personal Name$$, $$Subject added entry in which the entry element is a personal name.$$,
FALSE, TRUE, FALSE, FALSE);
INSERT INTO config.record_attr_definition(name, label)
VALUES ('marc21_biblio_600_ind_1', 'MARC 21 biblio field 600 indicator position 1');
INSERT INTO config.coded_value_map(ctype, code, value, opac_visible, is_simple)
VALUES ('marc21_biblio_600_ind_1', '0', $$Forename$$, FALSE, TRUE);
INSERT INTO config.coded_value_map(ctype, code, value, opac_visible, is_simple)
VALUES ('marc21_biblio_600_ind_1', '1', $$Surname$$, FALSE, TRUE);
INSERT INTO config.coded_value_map(ctype, code, value, opac_visible, is_simple)
VALUES ('marc21_biblio_600_ind_1', '3', $$Family name$$, FALSE, TRUE);
INSERT INTO config.record_attr_definition(name, label)
VALUES ('marc21_biblio_600_ind_2', 'MARC 21 biblio field 600 indicator position 2');
INSERT INTO config.coded_value_map(ctype, code, value, opac_visible, is_simple)
VALUES ('marc21_biblio_600_ind_2', '0', $$Library of Congress Subject Headings$$, FALSE, TRUE);
INSERT INTO config.coded_value_map(ctype, code, value, opac_visible, is_simple)
VALUES ('marc21_biblio_600_ind_2', '1', $$LC subject headings for children's literature$$, FALSE, TRUE);
INSERT INTO config.coded_value_map(ctype, code, value, opac_visible, is_simple)
VALUES ('marc21_biblio_600_ind_2', '2', $$Medical Subject Headings$$, FALSE, TRUE);
INSERT INTO config.coded_value_map(ctype, code, value, opac_visible, is_simple)
VALUES ('marc21_biblio_600_ind_2', '3', $$National Agricultural Library subject authority file$$, FALSE, TRUE);
INSERT INTO config.coded_value_map(ctype, code, value, opac_visible, is_simple)
VALUES ('marc21_biblio_600_ind_2', '4', $$Source not specified$$, FALSE, TRUE);
INSERT INTO config.coded_value_map(ctype, code, value, opac_visible, is_simple)
VALUES ('marc21_biblio_600_ind_2', '5', $$Canadian Subject Headings$$, FALSE, TRUE);
INSERT INTO config.coded_value_map(ctype, code, value, opac_visible, is_simple)
VALUES ('marc21_biblio_600_ind_2', '6', $$Répertoire de vedettes-matière$$, FALSE, TRUE);
INSERT INTO config.coded_value_map(ctype, code, value, opac_visible, is_simple)
VALUES ('marc21_biblio_600_ind_2', '7', $$Source specified in subfield $2$$, FALSE, TRUE);
INSERT INTO config.marc_subfield(marc_format, marc_record_type, tag, code, description,
                                 repeatable, mandatory, hidden)
VALUES (1, 'biblio', '600', 'a', $$Personal name$$,
FALSE, FALSE, FALSE);
INSERT INTO config.marc_subfield(marc_format, marc_record_type, tag, code, description,
                                 repeatable, mandatory, hidden)
VALUES (1, 'biblio', '600', 'b', $$Numeration$$,
FALSE, FALSE, FALSE);
INSERT INTO config.marc_subfield(marc_format, marc_record_type, tag, code, description,
                                 repeatable, mandatory, hidden)
VALUES (1, 'biblio', '600', 'c', $$Titles and other words associated with a name$$,
TRUE, FALSE, FALSE);
INSERT INTO config.marc_subfield(marc_format, marc_record_type, tag, code, description,
                                 repeatable, mandatory, hidden)
VALUES (1, 'biblio', '600', 'd', $$Dates associated with a name$$,
FALSE, FALSE, FALSE);
INSERT INTO config.marc_subfield(marc_format, marc_record_type, tag, code, description,
                                 repeatable, mandatory, hidden)
VALUES (1, 'biblio', '600', 'e', $$Relator term$$,
TRUE, FALSE, FALSE);
INSERT INTO config.marc_subfield(marc_format, marc_record_type, tag, code, description,
                                 repeatable, mandatory, hidden)
VALUES (1, 'biblio', '600', 'f', $$Date of a work$$,
FALSE, FALSE, FALSE);
INSERT INTO config.marc_subfield(marc_format, marc_record_type, tag, code, description,
                                 repeatable, mandatory, hidden)
VALUES (1, 'biblio', '600', 'g', $$Miscellaneous information$$,
FALSE, FALSE, FALSE);
INSERT INTO config.marc_subfield(marc_format, marc_record_type, tag, code, description,
                                 repeatable, mandatory, hidden)
VALUES (1, 'biblio', '600', 'h', $$Medium$$,
FALSE, FALSE, FALSE);
INSERT INTO config.marc_subfield(marc_format, marc_record_type, tag, code, description,
                                 repeatable, mandatory, hidden)
VALUES (1, 'biblio', '600', 'j', $$Attribution qualifier$$,
TRUE, FALSE, FALSE);
INSERT INTO config.marc_subfield(marc_format, marc_record_type, tag, code, description,
                                 repeatable, mandatory, hidden)
VALUES (1, 'biblio', '600', 'k', $$Form subheading$$,
TRUE, FALSE, FALSE);
INSERT INTO config.marc_subfield(marc_format, marc_record_type, tag, code, description,
                                 repeatable, mandatory, hidden)
VALUES (1, 'biblio', '600', 'l', $$Language of a work$$,
FALSE, FALSE, FALSE);
INSERT INTO config.marc_subfield(marc_format, marc_record_type, tag, code, description,
                                 repeatable, mandatory, hidden)
VALUES (1, 'biblio', '600', 'm', $$Medium of performance for music$$,
TRUE, FALSE, FALSE);
INSERT INTO config.marc_subfield(marc_format, marc_record_type, tag, code, description,
                                 repeatable, mandatory, hidden)
VALUES (1, 'biblio', '600', 'n', $$Number of part/section of a work$$,
TRUE, FALSE, FALSE);
INSERT INTO config.marc_subfield(marc_format, marc_record_type, tag, code, description,
                                 repeatable, mandatory, hidden)
VALUES (1, 'biblio', '600', 'o', $$Arranged statement for music$$,
FALSE, FALSE, FALSE);
INSERT INTO config.marc_subfield(marc_format, marc_record_type, tag, code, description,
                                 repeatable, mandatory, hidden)
VALUES (1, 'biblio', '600', 'p', $$Name of part/section of a work$$,
TRUE, FALSE, FALSE);
INSERT INTO config.marc_subfield(marc_format, marc_record_type, tag, code, description,
                                 repeatable, mandatory, hidden)
VALUES (1, 'biblio', '600', 'q', $$Fuller form of name$$,
FALSE, FALSE, FALSE);
INSERT INTO config.marc_subfield(marc_format, marc_record_type, tag, code, description,
                                 repeatable, mandatory, hidden)
VALUES (1, 'biblio', '600', 'r', $$Key for music$$,
FALSE, FALSE, FALSE);
INSERT INTO config.marc_subfield(marc_format, marc_record_type, tag, code, description,
                                 repeatable, mandatory, hidden)
VALUES (1, 'biblio', '600', 's', $$Version$$,
FALSE, FALSE, FALSE);
INSERT INTO config.marc_subfield(marc_format, marc_record_type, tag, code, description,
                                 repeatable, mandatory, hidden)
VALUES (1, 'biblio', '600', 't', $$Title of a work$$,
FALSE, FALSE, FALSE);
INSERT INTO config.marc_subfield(marc_format, marc_record_type, tag, code, description,
                                 repeatable, mandatory, hidden)
VALUES (1, 'biblio', '600', 'u', $$Affiliation$$,
FALSE, FALSE, FALSE);
INSERT INTO config.marc_subfield(marc_format, marc_record_type, tag, code, description,
                                 repeatable, mandatory, hidden)
VALUES (1, 'biblio', '600', 'v', $$Form subdivision$$,
TRUE, FALSE, FALSE);
INSERT INTO config.marc_subfield(marc_format, marc_record_type, tag, code, description,
                                 repeatable, mandatory, hidden)
VALUES (1, 'biblio', '600', 'x', $$General subdivision$$,
TRUE, FALSE, FALSE);
INSERT INTO config.marc_subfield(marc_format, marc_record_type, tag, code, description,
                                 repeatable, mandatory, hidden)
VALUES (1, 'biblio', '600', 'y', $$Chronological subdivision$$,
TRUE, FALSE, FALSE);
INSERT INTO config.marc_subfield(marc_format, marc_record_type, tag, code, description,
                                 repeatable, mandatory, hidden)
VALUES (1, 'biblio', '600', 'z', $$Geographic subdivision$$,
TRUE, FALSE, FALSE);
INSERT INTO config.marc_subfield(marc_format, marc_record_type, tag, code, description,
                                 repeatable, mandatory, hidden)
VALUES (1, 'biblio', '600', '0', $$Authority record control number$$,
TRUE, FALSE, FALSE);
INSERT INTO config.marc_subfield(marc_format, marc_record_type, tag, code, description,
                                 repeatable, mandatory, hidden)
VALUES (1, 'biblio', '600', '2', $$Source of heading or term$$,
FALSE, FALSE, FALSE);
INSERT INTO config.marc_subfield(marc_format, marc_record_type, tag, code, description,
                                 repeatable, mandatory, hidden)
VALUES (1, 'biblio', '600', '3', $$Materials specified$$,
FALSE, FALSE, FALSE);
INSERT INTO config.marc_subfield(marc_format, marc_record_type, tag, code, description,
                                 repeatable, mandatory, hidden)
VALUES (1, 'biblio', '600', '4', $$Relator code$$,
TRUE, FALSE, FALSE);
INSERT INTO config.marc_subfield(marc_format, marc_record_type, tag, code, description,
                                 repeatable, mandatory, hidden)
VALUES (1, 'biblio', '600', '6', $$Linkage$$,
FALSE, FALSE, FALSE);
INSERT INTO config.marc_subfield(marc_format, marc_record_type, tag, code, description,
                                 repeatable, mandatory, hidden)
VALUES (1, 'biblio', '600', '8', $$Field link and sequence number$$,
TRUE, FALSE, FALSE);
INSERT INTO config.marc_field(marc_format, marc_record_type, tag, name, description,
                              fixed_field, repeatable, mandatory, hidden)
VALUES (1, 'biblio', '610', $$Subject Added Entry-Corporate Name$$, $$Subject added entry in which the entry element is a corporate name.$$,
FALSE, TRUE, FALSE, FALSE);
INSERT INTO config.record_attr_definition(name, label)
VALUES ('marc21_biblio_610_ind_1', 'MARC 21 biblio field 610 indicator position 1');
INSERT INTO config.coded_value_map(ctype, code, value, opac_visible, is_simple)
VALUES ('marc21_biblio_610_ind_1', '0', $$Inverted name$$, FALSE, TRUE);
INSERT INTO config.coded_value_map(ctype, code, value, opac_visible, is_simple)
VALUES ('marc21_biblio_610_ind_1', '1', $$Jurisdiction name$$, FALSE, TRUE);
INSERT INTO config.coded_value_map(ctype, code, value, opac_visible, is_simple)
VALUES ('marc21_biblio_610_ind_1', '2', $$Name in direct order$$, FALSE, TRUE);
INSERT INTO config.record_attr_definition(name, label)
VALUES ('marc21_biblio_610_ind_2', 'MARC 21 biblio field 610 indicator position 2');
INSERT INTO config.coded_value_map(ctype, code, value, opac_visible, is_simple)
VALUES ('marc21_biblio_610_ind_2', '0', $$Library of Congress Subject Headings$$, FALSE, TRUE);
INSERT INTO config.coded_value_map(ctype, code, value, opac_visible, is_simple)
VALUES ('marc21_biblio_610_ind_2', '1', $$LC subject headings for children's literature$$, FALSE, TRUE);
INSERT INTO config.coded_value_map(ctype, code, value, opac_visible, is_simple)
VALUES ('marc21_biblio_610_ind_2', '2', $$Medical Subject Headings$$, FALSE, TRUE);
INSERT INTO config.coded_value_map(ctype, code, value, opac_visible, is_simple)
VALUES ('marc21_biblio_610_ind_2', '3', $$National Agricultural Library subject authority file$$, FALSE, TRUE);
INSERT INTO config.coded_value_map(ctype, code, value, opac_visible, is_simple)
VALUES ('marc21_biblio_610_ind_2', '4', $$Source not specified$$, FALSE, TRUE);
INSERT INTO config.coded_value_map(ctype, code, value, opac_visible, is_simple)
VALUES ('marc21_biblio_610_ind_2', '5', $$Canadian Subject Headings$$, FALSE, TRUE);
INSERT INTO config.coded_value_map(ctype, code, value, opac_visible, is_simple)
VALUES ('marc21_biblio_610_ind_2', '6', $$Répertoire de vedettes-matière$$, FALSE, TRUE);
INSERT INTO config.coded_value_map(ctype, code, value, opac_visible, is_simple)
VALUES ('marc21_biblio_610_ind_2', '7', $$Source specified in subfield $2$$, FALSE, TRUE);
INSERT INTO config.marc_subfield(marc_format, marc_record_type, tag, code, description,
                                 repeatable, mandatory, hidden)
VALUES (1, 'biblio', '610', 'a', $$Corporate name or jurisdiction name as entry element$$,
FALSE, FALSE, FALSE);
INSERT INTO config.marc_subfield(marc_format, marc_record_type, tag, code, description,
                                 repeatable, mandatory, hidden)
VALUES (1, 'biblio', '610', 'b', $$Subordinate unit$$,
TRUE, FALSE, FALSE);
INSERT INTO config.marc_subfield(marc_format, marc_record_type, tag, code, description,
                                 repeatable, mandatory, hidden)
VALUES (1, 'biblio', '610', 'c', $$Location of meeting$$,
FALSE, FALSE, FALSE);
INSERT INTO config.marc_subfield(marc_format, marc_record_type, tag, code, description,
                                 repeatable, mandatory, hidden)
VALUES (1, 'biblio', '610', 'd', $$Date of meeting or treaty signing$$,
TRUE, FALSE, FALSE);
INSERT INTO config.marc_subfield(marc_format, marc_record_type, tag, code, description,
                                 repeatable, mandatory, hidden)
VALUES (1, 'biblio', '610', 'e', $$Relator term$$,
TRUE, FALSE, FALSE);
INSERT INTO config.marc_subfield(marc_format, marc_record_type, tag, code, description,
                                 repeatable, mandatory, hidden)
VALUES (1, 'biblio', '610', 'f', $$Date of a work$$,
FALSE, FALSE, FALSE);
INSERT INTO config.marc_subfield(marc_format, marc_record_type, tag, code, description,
                                 repeatable, mandatory, hidden)
VALUES (1, 'biblio', '610', 'g', $$Miscellaneous information$$,
FALSE, FALSE, FALSE);
INSERT INTO config.marc_subfield(marc_format, marc_record_type, tag, code, description,
                                 repeatable, mandatory, hidden)
VALUES (1, 'biblio', '610', 'h', $$Medium$$,
FALSE, FALSE, FALSE);
INSERT INTO config.marc_subfield(marc_format, marc_record_type, tag, code, description,
                                 repeatable, mandatory, hidden)
VALUES (1, 'biblio', '610', 'k', $$Form subheading$$,
TRUE, FALSE, FALSE);
INSERT INTO config.marc_subfield(marc_format, marc_record_type, tag, code, description,
                                 repeatable, mandatory, hidden)
VALUES (1, 'biblio', '610', 'l', $$Language of a work$$,
FALSE, FALSE, FALSE);
INSERT INTO config.marc_subfield(marc_format, marc_record_type, tag, code, description,
                                 repeatable, mandatory, hidden)
VALUES (1, 'biblio', '610', 'm', $$Medium of performance for music$$,
TRUE, FALSE, FALSE);
INSERT INTO config.marc_subfield(marc_format, marc_record_type, tag, code, description,
                                 repeatable, mandatory, hidden)
VALUES (1, 'biblio', '610', 'n', $$Number of part/section/meeting$$,
TRUE, FALSE, FALSE);
INSERT INTO config.marc_subfield(marc_format, marc_record_type, tag, code, description,
                                 repeatable, mandatory, hidden)
VALUES (1, 'biblio', '610', 'o', $$Arranged statement for music$$,
FALSE, FALSE, FALSE);
INSERT INTO config.marc_subfield(marc_format, marc_record_type, tag, code, description,
                                 repeatable, mandatory, hidden)
VALUES (1, 'biblio', '610', 'p', $$Name of part/section of a work$$,
TRUE, FALSE, FALSE);
INSERT INTO config.marc_subfield(marc_format, marc_record_type, tag, code, description,
                                 repeatable, mandatory, hidden)
VALUES (1, 'biblio', '610', 'r', $$Key for music$$,
FALSE, FALSE, FALSE);
INSERT INTO config.marc_subfield(marc_format, marc_record_type, tag, code, description,
                                 repeatable, mandatory, hidden)
VALUES (1, 'biblio', '610', 's', $$Version$$,
FALSE, FALSE, FALSE);
INSERT INTO config.marc_subfield(marc_format, marc_record_type, tag, code, description,
                                 repeatable, mandatory, hidden)
VALUES (1, 'biblio', '610', 't', $$Title of a work$$,
FALSE, FALSE, FALSE);
INSERT INTO config.marc_subfield(marc_format, marc_record_type, tag, code, description,
                                 repeatable, mandatory, hidden)
VALUES (1, 'biblio', '610', 'u', $$Affiliation$$,
FALSE, FALSE, FALSE);
INSERT INTO config.marc_subfield(marc_format, marc_record_type, tag, code, description,
                                 repeatable, mandatory, hidden)
VALUES (1, 'biblio', '610', 'v', $$Form subdivision$$,
TRUE, FALSE, FALSE);
INSERT INTO config.marc_subfield(marc_format, marc_record_type, tag, code, description,
                                 repeatable, mandatory, hidden)
VALUES (1, 'biblio', '610', 'x', $$General subdivision$$,
TRUE, FALSE, FALSE);
INSERT INTO config.marc_subfield(marc_format, marc_record_type, tag, code, description,
                                 repeatable, mandatory, hidden)
VALUES (1, 'biblio', '610', 'y', $$Chronological subdivision$$,
TRUE, FALSE, FALSE);
INSERT INTO config.marc_subfield(marc_format, marc_record_type, tag, code, description,
                                 repeatable, mandatory, hidden)
VALUES (1, 'biblio', '610', 'z', $$Geographic subdivision$$,
TRUE, FALSE, FALSE);
INSERT INTO config.marc_subfield(marc_format, marc_record_type, tag, code, description,
                                 repeatable, mandatory, hidden)
VALUES (1, 'biblio', '610', '0', $$Authority record control number$$,
TRUE, FALSE, FALSE);
INSERT INTO config.marc_subfield(marc_format, marc_record_type, tag, code, description,
                                 repeatable, mandatory, hidden)
VALUES (1, 'biblio', '610', '2', $$Source of heading or term$$,
FALSE, FALSE, FALSE);
INSERT INTO config.marc_subfield(marc_format, marc_record_type, tag, code, description,
                                 repeatable, mandatory, hidden)
VALUES (1, 'biblio', '610', '3', $$Materials specified$$,
FALSE, FALSE, FALSE);
INSERT INTO config.marc_subfield(marc_format, marc_record_type, tag, code, description,
                                 repeatable, mandatory, hidden)
VALUES (1, 'biblio', '610', '4', $$Relator code$$,
TRUE, FALSE, FALSE);
INSERT INTO config.marc_subfield(marc_format, marc_record_type, tag, code, description,
                                 repeatable, mandatory, hidden)
VALUES (1, 'biblio', '610', '6', $$Linkage$$,
FALSE, FALSE, FALSE);
INSERT INTO config.marc_subfield(marc_format, marc_record_type, tag, code, description,
                                 repeatable, mandatory, hidden)
VALUES (1, 'biblio', '610', '8', $$Field link and sequence number$$,
TRUE, FALSE, FALSE);
INSERT INTO config.marc_field(marc_format, marc_record_type, tag, name, description,
                              fixed_field, repeatable, mandatory, hidden)
VALUES (1, 'biblio', '611', $$Subject Added Entry-Meeting Name$$, $$Subject added entry in which the entry element is a meeting or conference name.$$,
FALSE, TRUE, FALSE, FALSE);
INSERT INTO config.record_attr_definition(name, label)
VALUES ('marc21_biblio_611_ind_1', 'MARC 21 biblio field 611 indicator position 1');
INSERT INTO config.coded_value_map(ctype, code, value, opac_visible, is_simple)
VALUES ('marc21_biblio_611_ind_1', '0', $$Inverted name$$, FALSE, TRUE);
INSERT INTO config.coded_value_map(ctype, code, value, opac_visible, is_simple)
VALUES ('marc21_biblio_611_ind_1', '1', $$Jurisdiction name$$, FALSE, TRUE);
INSERT INTO config.coded_value_map(ctype, code, value, opac_visible, is_simple)
VALUES ('marc21_biblio_611_ind_1', '2', $$Name in direct order$$, FALSE, TRUE);
INSERT INTO config.record_attr_definition(name, label)
VALUES ('marc21_biblio_611_ind_2', 'MARC 21 biblio field 611 indicator position 2');
INSERT INTO config.coded_value_map(ctype, code, value, opac_visible, is_simple)
VALUES ('marc21_biblio_611_ind_2', '0', $$Library of Congress Subject Headings$$, FALSE, TRUE);
INSERT INTO config.coded_value_map(ctype, code, value, opac_visible, is_simple)
VALUES ('marc21_biblio_611_ind_2', '1', $$LC subject headings for children's literature$$, FALSE, TRUE);
INSERT INTO config.coded_value_map(ctype, code, value, opac_visible, is_simple)
VALUES ('marc21_biblio_611_ind_2', '2', $$Medical Subject Headings$$, FALSE, TRUE);
INSERT INTO config.coded_value_map(ctype, code, value, opac_visible, is_simple)
VALUES ('marc21_biblio_611_ind_2', '3', $$National Agricultural Library subject authority file$$, FALSE, TRUE);
INSERT INTO config.coded_value_map(ctype, code, value, opac_visible, is_simple)
VALUES ('marc21_biblio_611_ind_2', '4', $$Source not specified$$, FALSE, TRUE);
INSERT INTO config.coded_value_map(ctype, code, value, opac_visible, is_simple)
VALUES ('marc21_biblio_611_ind_2', '5', $$Canadian Subject Headings$$, FALSE, TRUE);
INSERT INTO config.coded_value_map(ctype, code, value, opac_visible, is_simple)
VALUES ('marc21_biblio_611_ind_2', '6', $$Répertoire de vedettes-matière$$, FALSE, TRUE);
INSERT INTO config.coded_value_map(ctype, code, value, opac_visible, is_simple)
VALUES ('marc21_biblio_611_ind_2', '7', $$Source specified in subfield $2$$, FALSE, TRUE);
INSERT INTO config.marc_subfield(marc_format, marc_record_type, tag, code, description,
                                 repeatable, mandatory, hidden)
VALUES (1, 'biblio', '611', 'a', $$Meeting name or jurisdiction name as entry element$$,
FALSE, FALSE, FALSE);
INSERT INTO config.marc_subfield(marc_format, marc_record_type, tag, code, description,
                                 repeatable, mandatory, hidden)
VALUES (1, 'biblio', '611', 'c', $$Location of meeting$$,
FALSE, FALSE, FALSE);
INSERT INTO config.marc_subfield(marc_format, marc_record_type, tag, code, description,
                                 repeatable, mandatory, hidden)
VALUES (1, 'biblio', '611', 'd', $$Date of meeting$$,
FALSE, FALSE, FALSE);
INSERT INTO config.marc_subfield(marc_format, marc_record_type, tag, code, description,
                                 repeatable, mandatory, hidden)
VALUES (1, 'biblio', '611', 'e', $$Subordinate unit$$,
TRUE, FALSE, FALSE);
INSERT INTO config.marc_subfield(marc_format, marc_record_type, tag, code, description,
                                 repeatable, mandatory, hidden)
VALUES (1, 'biblio', '611', 'f', $$Date of a work$$,
FALSE, FALSE, FALSE);
INSERT INTO config.marc_subfield(marc_format, marc_record_type, tag, code, description,
                                 repeatable, mandatory, hidden)
VALUES (1, 'biblio', '611', 'g', $$Miscellaneous information$$,
FALSE, FALSE, FALSE);
INSERT INTO config.marc_subfield(marc_format, marc_record_type, tag, code, description,
                                 repeatable, mandatory, hidden)
VALUES (1, 'biblio', '611', 'h', $$Medium$$,
FALSE, FALSE, FALSE);
INSERT INTO config.marc_subfield(marc_format, marc_record_type, tag, code, description,
                                 repeatable, mandatory, hidden)
VALUES (1, 'biblio', '611', 'j', $$Relator term$$,
TRUE, FALSE, FALSE);
INSERT INTO config.marc_subfield(marc_format, marc_record_type, tag, code, description,
                                 repeatable, mandatory, hidden)
VALUES (1, 'biblio', '611', 'k', $$Form subheading$$,
TRUE, FALSE, FALSE);
INSERT INTO config.marc_subfield(marc_format, marc_record_type, tag, code, description,
                                 repeatable, mandatory, hidden)
VALUES (1, 'biblio', '611', 'l', $$Language of a work$$,
FALSE, FALSE, FALSE);
INSERT INTO config.marc_subfield(marc_format, marc_record_type, tag, code, description,
                                 repeatable, mandatory, hidden)
VALUES (1, 'biblio', '611', 'n', $$Number of part/section/meeting$$,
TRUE, FALSE, FALSE);
INSERT INTO config.marc_subfield(marc_format, marc_record_type, tag, code, description,
                                 repeatable, mandatory, hidden)
VALUES (1, 'biblio', '611', 'p', $$Name of part/section of a work$$,
TRUE, FALSE, FALSE);
INSERT INTO config.marc_subfield(marc_format, marc_record_type, tag, code, description,
                                 repeatable, mandatory, hidden)
VALUES (1, 'biblio', '611', 'q', $$Name of meeting following jurisdiction name entry element$$,
FALSE, FALSE, FALSE);
INSERT INTO config.marc_subfield(marc_format, marc_record_type, tag, code, description,
                                 repeatable, mandatory, hidden)
VALUES (1, 'biblio', '611', 's', $$Version$$,
FALSE, FALSE, FALSE);
INSERT INTO config.marc_subfield(marc_format, marc_record_type, tag, code, description,
                                 repeatable, mandatory, hidden)
VALUES (1, 'biblio', '611', 't', $$Title of a work$$,
FALSE, FALSE, FALSE);
INSERT INTO config.marc_subfield(marc_format, marc_record_type, tag, code, description,
                                 repeatable, mandatory, hidden)
VALUES (1, 'biblio', '611', 'u', $$Affiliation$$,
FALSE, FALSE, FALSE);
INSERT INTO config.marc_subfield(marc_format, marc_record_type, tag, code, description,
                                 repeatable, mandatory, hidden)
VALUES (1, 'biblio', '611', 'v', $$Form subdivision$$,
TRUE, FALSE, FALSE);
INSERT INTO config.marc_subfield(marc_format, marc_record_type, tag, code, description,
                                 repeatable, mandatory, hidden)
VALUES (1, 'biblio', '611', 'x', $$General subdivision$$,
TRUE, FALSE, FALSE);
INSERT INTO config.marc_subfield(marc_format, marc_record_type, tag, code, description,
                                 repeatable, mandatory, hidden)
VALUES (1, 'biblio', '611', 'y', $$Chronological subdivision$$,
TRUE, FALSE, FALSE);
INSERT INTO config.marc_subfield(marc_format, marc_record_type, tag, code, description,
                                 repeatable, mandatory, hidden)
VALUES (1, 'biblio', '611', 'z', $$Geographic subdivision$$,
TRUE, FALSE, FALSE);
INSERT INTO config.marc_subfield(marc_format, marc_record_type, tag, code, description,
                                 repeatable, mandatory, hidden)
VALUES (1, 'biblio', '611', '0', $$Authority record control number$$,
TRUE, FALSE, FALSE);
INSERT INTO config.marc_subfield(marc_format, marc_record_type, tag, code, description,
                                 repeatable, mandatory, hidden)
VALUES (1, 'biblio', '611', '2', $$Source of heading or term$$,
FALSE, FALSE, FALSE);
INSERT INTO config.marc_subfield(marc_format, marc_record_type, tag, code, description,
                                 repeatable, mandatory, hidden)
VALUES (1, 'biblio', '611', '3', $$Materials specified$$,
FALSE, FALSE, FALSE);
INSERT INTO config.marc_subfield(marc_format, marc_record_type, tag, code, description,
                                 repeatable, mandatory, hidden)
VALUES (1, 'biblio', '611', '4', $$Relator code$$,
TRUE, FALSE, FALSE);
INSERT INTO config.marc_subfield(marc_format, marc_record_type, tag, code, description,
                                 repeatable, mandatory, hidden)
VALUES (1, 'biblio', '611', '6', $$Linkage$$,
FALSE, FALSE, FALSE);
INSERT INTO config.marc_subfield(marc_format, marc_record_type, tag, code, description,
                                 repeatable, mandatory, hidden)
VALUES (1, 'biblio', '611', '8', $$Field link and sequence number$$,
TRUE, FALSE, FALSE);
INSERT INTO config.marc_field(marc_format, marc_record_type, tag, name, description,
                              fixed_field, repeatable, mandatory, hidden)
VALUES (1, 'biblio', '630', $$Subject Added Entry-Uniform Title$$, $$Subject added entry in which the entry element is a uniform title.$$,
FALSE, TRUE, FALSE, FALSE);
INSERT INTO config.record_attr_definition(name, label)
VALUES ('marc21_biblio_630_ind_1', 'MARC 21 biblio field 630 indicator position 1');
INSERT INTO config.coded_value_map(ctype, code, value, opac_visible, is_simple)
VALUES ('marc21_biblio_630_ind_1', '0', $$No nonfiling characters$$, FALSE, TRUE);
INSERT INTO config.coded_value_map(ctype, code, value, opac_visible, is_simple)
VALUES ('marc21_biblio_630_ind_1', '1', $$Number of nonfiling characters - 1$$, FALSE, TRUE);
INSERT INTO config.coded_value_map(ctype, code, value, opac_visible, is_simple)
VALUES ('marc21_biblio_630_ind_1', '2', $$Number of nonfiling characters - 2$$, FALSE, TRUE);
INSERT INTO config.coded_value_map(ctype, code, value, opac_visible, is_simple)
VALUES ('marc21_biblio_630_ind_1', '3', $$Number of nonfiling characters - 3$$, FALSE, TRUE);
INSERT INTO config.coded_value_map(ctype, code, value, opac_visible, is_simple)
VALUES ('marc21_biblio_630_ind_1', '4', $$Number of nonfiling characters - 4$$, FALSE, TRUE);
INSERT INTO config.coded_value_map(ctype, code, value, opac_visible, is_simple)
VALUES ('marc21_biblio_630_ind_1', '5', $$Number of nonfiling characters - 5$$, FALSE, TRUE);
INSERT INTO config.coded_value_map(ctype, code, value, opac_visible, is_simple)
VALUES ('marc21_biblio_630_ind_1', '6', $$Number of nonfiling characters - 6$$, FALSE, TRUE);
INSERT INTO config.coded_value_map(ctype, code, value, opac_visible, is_simple)
VALUES ('marc21_biblio_630_ind_1', '7', $$Number of nonfiling characters - 7$$, FALSE, TRUE);
INSERT INTO config.coded_value_map(ctype, code, value, opac_visible, is_simple)
VALUES ('marc21_biblio_630_ind_1', '8', $$Number of nonfiling characters - 8$$, FALSE, TRUE);
INSERT INTO config.coded_value_map(ctype, code, value, opac_visible, is_simple)
VALUES ('marc21_biblio_630_ind_1', '9', $$Number of nonfiling characters - 9$$, FALSE, TRUE);
INSERT INTO config.record_attr_definition(name, label)
VALUES ('marc21_biblio_630_ind_2', 'MARC 21 biblio field 630 indicator position 2');
INSERT INTO config.coded_value_map(ctype, code, value, opac_visible, is_simple)
VALUES ('marc21_biblio_630_ind_2', '0', $$Library of Congress Subject Headings$$, FALSE, TRUE);
INSERT INTO config.coded_value_map(ctype, code, value, opac_visible, is_simple)
VALUES ('marc21_biblio_630_ind_2', '1', $$LC subject headings for children's literature$$, FALSE, TRUE);
INSERT INTO config.coded_value_map(ctype, code, value, opac_visible, is_simple)
VALUES ('marc21_biblio_630_ind_2', '2', $$Medical Subject Headings$$, FALSE, TRUE);
INSERT INTO config.coded_value_map(ctype, code, value, opac_visible, is_simple)
VALUES ('marc21_biblio_630_ind_2', '3', $$National Agricultural Library subject authority file$$, FALSE, TRUE);
INSERT INTO config.coded_value_map(ctype, code, value, opac_visible, is_simple)
VALUES ('marc21_biblio_630_ind_2', '4', $$Source not specified$$, FALSE, TRUE);
INSERT INTO config.coded_value_map(ctype, code, value, opac_visible, is_simple)
VALUES ('marc21_biblio_630_ind_2', '5', $$Canadian Subject Headings$$, FALSE, TRUE);
INSERT INTO config.coded_value_map(ctype, code, value, opac_visible, is_simple)
VALUES ('marc21_biblio_630_ind_2', '6', $$Répertoire de vedettes-matière$$, FALSE, TRUE);
INSERT INTO config.coded_value_map(ctype, code, value, opac_visible, is_simple)
VALUES ('marc21_biblio_630_ind_2', '7', $$Source specified in subfield $2$$, FALSE, TRUE);
INSERT INTO config.marc_subfield(marc_format, marc_record_type, tag, code, description,
                                 repeatable, mandatory, hidden)
VALUES (1, 'biblio', '630', 'a', $$Uniform title$$,
FALSE, FALSE, FALSE);
INSERT INTO config.marc_subfield(marc_format, marc_record_type, tag, code, description,
                                 repeatable, mandatory, hidden)
VALUES (1, 'biblio', '630', 'd', $$Date of treaty signing$$,
TRUE, FALSE, FALSE);
INSERT INTO config.marc_subfield(marc_format, marc_record_type, tag, code, description,
                                 repeatable, mandatory, hidden)
VALUES (1, 'biblio', '630', 'e', $$Relator term$$,
TRUE, FALSE, FALSE);
INSERT INTO config.marc_subfield(marc_format, marc_record_type, tag, code, description,
                                 repeatable, mandatory, hidden)
VALUES (1, 'biblio', '630', 'f', $$Date of a work$$,
FALSE, FALSE, FALSE);
INSERT INTO config.marc_subfield(marc_format, marc_record_type, tag, code, description,
                                 repeatable, mandatory, hidden)
VALUES (1, 'biblio', '630', 'g', $$Miscellaneous information$$,
FALSE, FALSE, FALSE);
INSERT INTO config.marc_subfield(marc_format, marc_record_type, tag, code, description,
                                 repeatable, mandatory, hidden)
VALUES (1, 'biblio', '630', 'h', $$Medium$$,
FALSE, FALSE, FALSE);
INSERT INTO config.marc_subfield(marc_format, marc_record_type, tag, code, description,
                                 repeatable, mandatory, hidden)
VALUES (1, 'biblio', '630', 'k', $$Form subheading$$,
TRUE, FALSE, FALSE);
INSERT INTO config.marc_subfield(marc_format, marc_record_type, tag, code, description,
                                 repeatable, mandatory, hidden)
VALUES (1, 'biblio', '630', 'l', $$Language of a work$$,
FALSE, FALSE, FALSE);
INSERT INTO config.marc_subfield(marc_format, marc_record_type, tag, code, description,
                                 repeatable, mandatory, hidden)
VALUES (1, 'biblio', '630', 'm', $$Medium of performance for music$$,
TRUE, FALSE, FALSE);
INSERT INTO config.marc_subfield(marc_format, marc_record_type, tag, code, description,
                                 repeatable, mandatory, hidden)
VALUES (1, 'biblio', '630', 'n', $$Number of part/section of a work$$,
TRUE, FALSE, FALSE);
INSERT INTO config.marc_subfield(marc_format, marc_record_type, tag, code, description,
                                 repeatable, mandatory, hidden)
VALUES (1, 'biblio', '630', 'o', $$Arranged statement for music$$,
FALSE, FALSE, FALSE);
INSERT INTO config.marc_subfield(marc_format, marc_record_type, tag, code, description,
                                 repeatable, mandatory, hidden)
VALUES (1, 'biblio', '630', 'p', $$Name of part/section of a work$$,
TRUE, FALSE, FALSE);
INSERT INTO config.marc_subfield(marc_format, marc_record_type, tag, code, description,
                                 repeatable, mandatory, hidden)
VALUES (1, 'biblio', '630', 'r', $$Key for music$$,
FALSE, FALSE, FALSE);
INSERT INTO config.marc_subfield(marc_format, marc_record_type, tag, code, description,
                                 repeatable, mandatory, hidden)
VALUES (1, 'biblio', '630', 's', $$Version$$,
FALSE, FALSE, FALSE);
INSERT INTO config.marc_subfield(marc_format, marc_record_type, tag, code, description,
                                 repeatable, mandatory, hidden)
VALUES (1, 'biblio', '630', 't', $$Title of a work$$,
FALSE, FALSE, FALSE);
INSERT INTO config.marc_subfield(marc_format, marc_record_type, tag, code, description,
                                 repeatable, mandatory, hidden)
VALUES (1, 'biblio', '630', 'v', $$Form subdivision$$,
TRUE, FALSE, FALSE);
INSERT INTO config.marc_subfield(marc_format, marc_record_type, tag, code, description,
                                 repeatable, mandatory, hidden)
VALUES (1, 'biblio', '630', 'x', $$General subdivision$$,
TRUE, FALSE, FALSE);
INSERT INTO config.marc_subfield(marc_format, marc_record_type, tag, code, description,
                                 repeatable, mandatory, hidden)
VALUES (1, 'biblio', '630', 'y', $$Chronological subdivision$$,
TRUE, FALSE, FALSE);
INSERT INTO config.marc_subfield(marc_format, marc_record_type, tag, code, description,
                                 repeatable, mandatory, hidden)
VALUES (1, 'biblio', '630', 'z', $$Geographic subdivision$$,
TRUE, FALSE, FALSE);
INSERT INTO config.marc_subfield(marc_format, marc_record_type, tag, code, description,
                                 repeatable, mandatory, hidden)
VALUES (1, 'biblio', '630', '0', $$Authority record control number$$,
TRUE, FALSE, FALSE);
INSERT INTO config.marc_subfield(marc_format, marc_record_type, tag, code, description,
                                 repeatable, mandatory, hidden)
VALUES (1, 'biblio', '630', '2', $$Source of heading or term$$,
FALSE, FALSE, FALSE);
INSERT INTO config.marc_subfield(marc_format, marc_record_type, tag, code, description,
                                 repeatable, mandatory, hidden)
VALUES (1, 'biblio', '630', '3', $$Materials specified$$,
FALSE, FALSE, FALSE);
INSERT INTO config.marc_subfield(marc_format, marc_record_type, tag, code, description,
                                 repeatable, mandatory, hidden)
VALUES (1, 'biblio', '630', '4', $$Relator code$$,
TRUE, FALSE, FALSE);
INSERT INTO config.marc_subfield(marc_format, marc_record_type, tag, code, description,
                                 repeatable, mandatory, hidden)
VALUES (1, 'biblio', '630', '6', $$Linkage$$,
FALSE, FALSE, FALSE);
INSERT INTO config.marc_subfield(marc_format, marc_record_type, tag, code, description,
                                 repeatable, mandatory, hidden)
VALUES (1, 'biblio', '630', '8', $$Field link and sequence number$$,
TRUE, FALSE, FALSE);
INSERT INTO config.marc_field(marc_format, marc_record_type, tag, name, description,
                              fixed_field, repeatable, mandatory, hidden)
VALUES (1, 'biblio', '648', $$Subject Added Entry-Chronological Term$$, $$Subject added entry in which the entry element is a chronological term.$$,
FALSE, TRUE, FALSE, FALSE);
INSERT INTO config.record_attr_definition(name, label)
VALUES ('marc21_biblio_648_ind_1', 'MARC 21 biblio field 648 indicator position 1');
INSERT INTO config.coded_value_map(ctype, code, value, opac_visible, is_simple)
VALUES ('marc21_biblio_648_ind_1', '#', $$Undefined$$, FALSE, TRUE);
INSERT INTO config.record_attr_definition(name, label)
VALUES ('marc21_biblio_648_ind_2', 'MARC 21 biblio field 648 indicator position 2');
INSERT INTO config.coded_value_map(ctype, code, value, opac_visible, is_simple)
VALUES ('marc21_biblio_648_ind_2', '0', $$Library of Congress Subject Headings$$, FALSE, TRUE);
INSERT INTO config.coded_value_map(ctype, code, value, opac_visible, is_simple)
VALUES ('marc21_biblio_648_ind_2', '1', $$LC subject headings for children's literature$$, FALSE, TRUE);
INSERT INTO config.coded_value_map(ctype, code, value, opac_visible, is_simple)
VALUES ('marc21_biblio_648_ind_2', '2', $$Medical Subject Headings$$, FALSE, TRUE);
INSERT INTO config.coded_value_map(ctype, code, value, opac_visible, is_simple)
VALUES ('marc21_biblio_648_ind_2', '3', $$National Agricultural Library subject authority file$$, FALSE, TRUE);
INSERT INTO config.coded_value_map(ctype, code, value, opac_visible, is_simple)
VALUES ('marc21_biblio_648_ind_2', '4', $$Source not specified$$, FALSE, TRUE);
INSERT INTO config.coded_value_map(ctype, code, value, opac_visible, is_simple)
VALUES ('marc21_biblio_648_ind_2', '5', $$Canadian Subject Headings$$, FALSE, TRUE);
INSERT INTO config.coded_value_map(ctype, code, value, opac_visible, is_simple)
VALUES ('marc21_biblio_648_ind_2', '6', $$Répertoire de vedettes-matière$$, FALSE, TRUE);
INSERT INTO config.coded_value_map(ctype, code, value, opac_visible, is_simple)
VALUES ('marc21_biblio_648_ind_2', '7', $$Source specified in subfield $2$$, FALSE, TRUE);
INSERT INTO config.marc_subfield(marc_format, marc_record_type, tag, code, description,
                                 repeatable, mandatory, hidden)
VALUES (1, 'biblio', '648', 'a', $$Chronological term$$,
FALSE, FALSE, FALSE);
INSERT INTO config.marc_subfield(marc_format, marc_record_type, tag, code, description,
                                 repeatable, mandatory, hidden)
VALUES (1, 'biblio', '648', 'v', $$Form subdivision$$,
TRUE, FALSE, FALSE);
INSERT INTO config.marc_subfield(marc_format, marc_record_type, tag, code, description,
                                 repeatable, mandatory, hidden)
VALUES (1, 'biblio', '648', 'x', $$General subdivision$$,
TRUE, FALSE, FALSE);
INSERT INTO config.marc_subfield(marc_format, marc_record_type, tag, code, description,
                                 repeatable, mandatory, hidden)
VALUES (1, 'biblio', '648', 'y', $$Chronological subdivision$$,
TRUE, FALSE, FALSE);
INSERT INTO config.marc_subfield(marc_format, marc_record_type, tag, code, description,
                                 repeatable, mandatory, hidden)
VALUES (1, 'biblio', '648', 'z', $$Geographic subdivision$$,
TRUE, FALSE, FALSE);
INSERT INTO config.marc_subfield(marc_format, marc_record_type, tag, code, description,
                                 repeatable, mandatory, hidden)
VALUES (1, 'biblio', '648', '0', $$Authority record control number$$,
TRUE, FALSE, FALSE);
INSERT INTO config.marc_subfield(marc_format, marc_record_type, tag, code, description,
                                 repeatable, mandatory, hidden)
VALUES (1, 'biblio', '648', '2', $$Source of heading or term$$,
FALSE, FALSE, FALSE);
INSERT INTO config.marc_subfield(marc_format, marc_record_type, tag, code, description,
                                 repeatable, mandatory, hidden)
VALUES (1, 'biblio', '648', '3', $$Materials specified$$,
FALSE, FALSE, FALSE);
INSERT INTO config.marc_subfield(marc_format, marc_record_type, tag, code, description,
                                 repeatable, mandatory, hidden)
VALUES (1, 'biblio', '648', '6', $$Linkage$$,
FALSE, FALSE, FALSE);
INSERT INTO config.marc_subfield(marc_format, marc_record_type, tag, code, description,
                                 repeatable, mandatory, hidden)
VALUES (1, 'biblio', '648', '8', $$Field link and sequence number$$,
TRUE, FALSE, FALSE);
INSERT INTO config.marc_field(marc_format, marc_record_type, tag, name, description,
                              fixed_field, repeatable, mandatory, hidden)
VALUES (1, 'biblio', '650', $$Subject Added Entry-Topical Term$$, $$Subject added entry in which the entry element is a topical term.$$,
FALSE, TRUE, FALSE, FALSE);
INSERT INTO config.record_attr_definition(name, label)
VALUES ('marc21_biblio_650_ind_1', 'MARC 21 biblio field 650 indicator position 1');
INSERT INTO config.coded_value_map(ctype, code, value, opac_visible, is_simple)
VALUES ('marc21_biblio_650_ind_1', '#', $$No information provided$$, FALSE, TRUE);
INSERT INTO config.coded_value_map(ctype, code, value, opac_visible, is_simple)
VALUES ('marc21_biblio_650_ind_1', '0', $$No level specified$$, FALSE, TRUE);
INSERT INTO config.coded_value_map(ctype, code, value, opac_visible, is_simple)
VALUES ('marc21_biblio_650_ind_1', '1', $$Primary$$, FALSE, TRUE);
INSERT INTO config.coded_value_map(ctype, code, value, opac_visible, is_simple)
VALUES ('marc21_biblio_650_ind_1', '2', $$Secondary$$, FALSE, TRUE);
INSERT INTO config.record_attr_definition(name, label)
VALUES ('marc21_biblio_650_ind_2', 'MARC 21 biblio field 650 indicator position 2');
INSERT INTO config.coded_value_map(ctype, code, value, opac_visible, is_simple)
VALUES ('marc21_biblio_650_ind_2', '0', $$Library of Congress Subject Headings$$, FALSE, TRUE);
INSERT INTO config.coded_value_map(ctype, code, value, opac_visible, is_simple)
VALUES ('marc21_biblio_650_ind_2', '1', $$LC subject headings for children's literature$$, FALSE, TRUE);
INSERT INTO config.coded_value_map(ctype, code, value, opac_visible, is_simple)
VALUES ('marc21_biblio_650_ind_2', '2', $$Medical Subject Headings$$, FALSE, TRUE);
INSERT INTO config.coded_value_map(ctype, code, value, opac_visible, is_simple)
VALUES ('marc21_biblio_650_ind_2', '3', $$National Agricultural Library subject authority file$$, FALSE, TRUE);
INSERT INTO config.coded_value_map(ctype, code, value, opac_visible, is_simple)
VALUES ('marc21_biblio_650_ind_2', '4', $$Source not specified$$, FALSE, TRUE);
INSERT INTO config.coded_value_map(ctype, code, value, opac_visible, is_simple)
VALUES ('marc21_biblio_650_ind_2', '5', $$Canadian Subject Headings$$, FALSE, TRUE);
INSERT INTO config.coded_value_map(ctype, code, value, opac_visible, is_simple)
VALUES ('marc21_biblio_650_ind_2', '6', $$Répertoire de vedettes-matière$$, FALSE, TRUE);
INSERT INTO config.coded_value_map(ctype, code, value, opac_visible, is_simple)
VALUES ('marc21_biblio_650_ind_2', '7', $$Source specified in subfield $2$$, FALSE, TRUE);
INSERT INTO config.marc_subfield(marc_format, marc_record_type, tag, code, description,
                                 repeatable, mandatory, hidden)
VALUES (1, 'biblio', '650', 'a', $$Topical term or geographic name entry element$$,
FALSE, FALSE, FALSE);
INSERT INTO config.marc_subfield(marc_format, marc_record_type, tag, code, description,
                                 repeatable, mandatory, hidden)
VALUES (1, 'biblio', '650', 'b', $$Topical term following geographic name entry element$$,
FALSE, FALSE, FALSE);
INSERT INTO config.marc_subfield(marc_format, marc_record_type, tag, code, description,
                                 repeatable, mandatory, hidden)
VALUES (1, 'biblio', '650', 'c', $$Location of event$$,
FALSE, FALSE, FALSE);
INSERT INTO config.marc_subfield(marc_format, marc_record_type, tag, code, description,
                                 repeatable, mandatory, hidden)
VALUES (1, 'biblio', '650', 'd', $$Active dates$$,
FALSE, FALSE, FALSE);
INSERT INTO config.marc_subfield(marc_format, marc_record_type, tag, code, description,
                                 repeatable, mandatory, hidden)
VALUES (1, 'biblio', '650', 'e', $$Relator term$$,
TRUE, FALSE, FALSE);
INSERT INTO config.marc_subfield(marc_format, marc_record_type, tag, code, description,
                                 repeatable, mandatory, hidden)
VALUES (1, 'biblio', '650', 'v', $$Form subdivision$$,
TRUE, FALSE, FALSE);
INSERT INTO config.marc_subfield(marc_format, marc_record_type, tag, code, description,
                                 repeatable, mandatory, hidden)
VALUES (1, 'biblio', '650', 'x', $$General subdivision$$,
TRUE, FALSE, FALSE);
INSERT INTO config.marc_subfield(marc_format, marc_record_type, tag, code, description,
                                 repeatable, mandatory, hidden)
VALUES (1, 'biblio', '650', 'y', $$Chronological subdivision$$,
TRUE, FALSE, FALSE);
INSERT INTO config.marc_subfield(marc_format, marc_record_type, tag, code, description,
                                 repeatable, mandatory, hidden)
VALUES (1, 'biblio', '650', 'z', $$Geographic subdivision$$,
TRUE, FALSE, FALSE);
INSERT INTO config.marc_subfield(marc_format, marc_record_type, tag, code, description,
                                 repeatable, mandatory, hidden)
VALUES (1, 'biblio', '650', '0', $$Authority record control number$$,
TRUE, FALSE, FALSE);
INSERT INTO config.marc_subfield(marc_format, marc_record_type, tag, code, description,
                                 repeatable, mandatory, hidden)
VALUES (1, 'biblio', '650', '2', $$Source of heading or term$$,
FALSE, FALSE, FALSE);
INSERT INTO config.marc_subfield(marc_format, marc_record_type, tag, code, description,
                                 repeatable, mandatory, hidden)
VALUES (1, 'biblio', '650', '3', $$Materials specified$$,
FALSE, FALSE, FALSE);
INSERT INTO config.marc_subfield(marc_format, marc_record_type, tag, code, description,
                                 repeatable, mandatory, hidden)
VALUES (1, 'biblio', '650', '4', $$Relator code$$,
TRUE, FALSE, FALSE);
INSERT INTO config.marc_subfield(marc_format, marc_record_type, tag, code, description,
                                 repeatable, mandatory, hidden)
VALUES (1, 'biblio', '650', '6', $$Linkage$$,
FALSE, FALSE, FALSE);
INSERT INTO config.marc_subfield(marc_format, marc_record_type, tag, code, description,
                                 repeatable, mandatory, hidden)
VALUES (1, 'biblio', '650', '8', $$Field link and sequence number$$,
TRUE, FALSE, FALSE);
INSERT INTO config.marc_field(marc_format, marc_record_type, tag, name, description,
                              fixed_field, repeatable, mandatory, hidden)
VALUES (1, 'biblio', '651', $$Subject Added Entry-Geographic Name$$, $$Subject added entry in which the entry element is a geographic name.$$,
FALSE, TRUE, FALSE, FALSE);
INSERT INTO config.record_attr_definition(name, label)
VALUES ('marc21_biblio_651_ind_1', 'MARC 21 biblio field 651 indicator position 1');
INSERT INTO config.coded_value_map(ctype, code, value, opac_visible, is_simple)
VALUES ('marc21_biblio_651_ind_1', '#', $$Undefined$$, FALSE, TRUE);
INSERT INTO config.record_attr_definition(name, label)
VALUES ('marc21_biblio_651_ind_2', 'MARC 21 biblio field 651 indicator position 2');
INSERT INTO config.coded_value_map(ctype, code, value, opac_visible, is_simple)
VALUES ('marc21_biblio_651_ind_2', '0', $$Library of Congress Subject Headings$$, FALSE, TRUE);
INSERT INTO config.coded_value_map(ctype, code, value, opac_visible, is_simple)
VALUES ('marc21_biblio_651_ind_2', '1', $$LC subject headings for children's literature$$, FALSE, TRUE);
INSERT INTO config.coded_value_map(ctype, code, value, opac_visible, is_simple)
VALUES ('marc21_biblio_651_ind_2', '2', $$Medical Subject Headings$$, FALSE, TRUE);
INSERT INTO config.coded_value_map(ctype, code, value, opac_visible, is_simple)
VALUES ('marc21_biblio_651_ind_2', '3', $$National Agricultural Library subject authority file$$, FALSE, TRUE);
INSERT INTO config.coded_value_map(ctype, code, value, opac_visible, is_simple)
VALUES ('marc21_biblio_651_ind_2', '4', $$Source not specified$$, FALSE, TRUE);
INSERT INTO config.coded_value_map(ctype, code, value, opac_visible, is_simple)
VALUES ('marc21_biblio_651_ind_2', '5', $$Canadian Subject Headings$$, FALSE, TRUE);
INSERT INTO config.coded_value_map(ctype, code, value, opac_visible, is_simple)
VALUES ('marc21_biblio_651_ind_2', '6', $$Répertoire de vedettes-matière$$, FALSE, TRUE);
INSERT INTO config.coded_value_map(ctype, code, value, opac_visible, is_simple)
VALUES ('marc21_biblio_651_ind_2', '7', $$Source specified in subfield $2$$, FALSE, TRUE);
INSERT INTO config.marc_subfield(marc_format, marc_record_type, tag, code, description,
                                 repeatable, mandatory, hidden)
VALUES (1, 'biblio', '651', 'a', $$Geographic name$$,
FALSE, FALSE, FALSE);
INSERT INTO config.marc_subfield(marc_format, marc_record_type, tag, code, description,
                                 repeatable, mandatory, hidden)
VALUES (1, 'biblio', '651', 'e', $$Relator term$$,
TRUE, FALSE, FALSE);
INSERT INTO config.marc_subfield(marc_format, marc_record_type, tag, code, description,
                                 repeatable, mandatory, hidden)
VALUES (1, 'biblio', '651', 'v', $$Form subdivision$$,
TRUE, FALSE, FALSE);
INSERT INTO config.marc_subfield(marc_format, marc_record_type, tag, code, description,
                                 repeatable, mandatory, hidden)
VALUES (1, 'biblio', '651', 'x', $$General subdivision$$,
TRUE, FALSE, FALSE);
INSERT INTO config.marc_subfield(marc_format, marc_record_type, tag, code, description,
                                 repeatable, mandatory, hidden)
VALUES (1, 'biblio', '651', 'y', $$Chronological subdivision$$,
TRUE, FALSE, FALSE);
INSERT INTO config.marc_subfield(marc_format, marc_record_type, tag, code, description,
                                 repeatable, mandatory, hidden)
VALUES (1, 'biblio', '651', 'z', $$Geographic subdivision$$,
TRUE, FALSE, FALSE);
INSERT INTO config.marc_subfield(marc_format, marc_record_type, tag, code, description,
                                 repeatable, mandatory, hidden)
VALUES (1, 'biblio', '651', '0', $$Authority record control number$$,
TRUE, FALSE, FALSE);
INSERT INTO config.marc_subfield(marc_format, marc_record_type, tag, code, description,
                                 repeatable, mandatory, hidden)
VALUES (1, 'biblio', '651', '2', $$Source of heading or term$$,
FALSE, FALSE, FALSE);
INSERT INTO config.marc_subfield(marc_format, marc_record_type, tag, code, description,
                                 repeatable, mandatory, hidden)
VALUES (1, 'biblio', '651', '3', $$Materials specified$$,
FALSE, FALSE, FALSE);
INSERT INTO config.marc_subfield(marc_format, marc_record_type, tag, code, description,
                                 repeatable, mandatory, hidden)
VALUES (1, 'biblio', '651', '4', $$Relator code$$,
TRUE, FALSE, FALSE);
INSERT INTO config.marc_subfield(marc_format, marc_record_type, tag, code, description,
                                 repeatable, mandatory, hidden)
VALUES (1, 'biblio', '651', '6', $$Linkage$$,
FALSE, FALSE, FALSE);
INSERT INTO config.marc_subfield(marc_format, marc_record_type, tag, code, description,
                                 repeatable, mandatory, hidden)
VALUES (1, 'biblio', '651', '8', $$Field link and sequence number$$,
TRUE, FALSE, FALSE);
INSERT INTO config.marc_field(marc_format, marc_record_type, tag, name, description,
                              fixed_field, repeatable, mandatory, hidden)
VALUES (1, 'biblio', '653', $$Index Term-Uncontrolled$$, $$Index term added entry that is not constructed by standard subject heading/thesaurus-building conventions.$$,
FALSE, TRUE, FALSE, FALSE);
INSERT INTO config.record_attr_definition(name, label)
VALUES ('marc21_biblio_653_ind_1', 'MARC 21 biblio field 653 indicator position 1');
INSERT INTO config.coded_value_map(ctype, code, value, opac_visible, is_simple)
VALUES ('marc21_biblio_653_ind_1', '#', $$No information provided$$, FALSE, TRUE);
INSERT INTO config.coded_value_map(ctype, code, value, opac_visible, is_simple)
VALUES ('marc21_biblio_653_ind_1', '0', $$No level specified$$, FALSE, TRUE);
INSERT INTO config.coded_value_map(ctype, code, value, opac_visible, is_simple)
VALUES ('marc21_biblio_653_ind_1', '1', $$Primary$$, FALSE, TRUE);
INSERT INTO config.coded_value_map(ctype, code, value, opac_visible, is_simple)
VALUES ('marc21_biblio_653_ind_1', '2', $$Secondary$$, FALSE, TRUE);
INSERT INTO config.record_attr_definition(name, label)
VALUES ('marc21_biblio_653_ind_2', 'MARC 21 biblio field 653 indicator position 2');
INSERT INTO config.coded_value_map(ctype, code, value, opac_visible, is_simple)
VALUES ('marc21_biblio_653_ind_2', '#', $$No information provided$$, FALSE, TRUE);
INSERT INTO config.coded_value_map(ctype, code, value, opac_visible, is_simple)
VALUES ('marc21_biblio_653_ind_2', '0', $$Topical term$$, FALSE, TRUE);
INSERT INTO config.coded_value_map(ctype, code, value, opac_visible, is_simple)
VALUES ('marc21_biblio_653_ind_2', '1', $$Personal name$$, FALSE, TRUE);
INSERT INTO config.coded_value_map(ctype, code, value, opac_visible, is_simple)
VALUES ('marc21_biblio_653_ind_2', '2', $$Corporate name$$, FALSE, TRUE);
INSERT INTO config.coded_value_map(ctype, code, value, opac_visible, is_simple)
VALUES ('marc21_biblio_653_ind_2', '3', $$Meeting name$$, FALSE, TRUE);
INSERT INTO config.coded_value_map(ctype, code, value, opac_visible, is_simple)
VALUES ('marc21_biblio_653_ind_2', '4', $$Chronological term$$, FALSE, TRUE);
INSERT INTO config.coded_value_map(ctype, code, value, opac_visible, is_simple)
VALUES ('marc21_biblio_653_ind_2', '5', $$Geographic name$$, FALSE, TRUE);
INSERT INTO config.coded_value_map(ctype, code, value, opac_visible, is_simple)
VALUES ('marc21_biblio_653_ind_2', '6', $$Genre/form term$$, FALSE, TRUE);
INSERT INTO config.marc_subfield(marc_format, marc_record_type, tag, code, description,
                                 repeatable, mandatory, hidden)
VALUES (1, 'biblio', '653', 'a', $$Uncontrolled term$$,
TRUE, FALSE, FALSE);
INSERT INTO config.marc_subfield(marc_format, marc_record_type, tag, code, description,
                                 repeatable, mandatory, hidden)
VALUES (1, 'biblio', '653', '6', $$Linkage$$,
FALSE, FALSE, FALSE);
INSERT INTO config.marc_subfield(marc_format, marc_record_type, tag, code, description,
                                 repeatable, mandatory, hidden)
VALUES (1, 'biblio', '653', '8', $$Field link and sequence number$$,
TRUE, FALSE, FALSE);
INSERT INTO config.marc_field(marc_format, marc_record_type, tag, name, description,
                              fixed_field, repeatable, mandatory, hidden)
VALUES (1, 'biblio', '654', $$Subject Added Entry-Faceted Topical Terms$$, $$Topical subject constructed from a faceted vocabulary.$$,
FALSE, TRUE, FALSE, FALSE);
INSERT INTO config.record_attr_definition(name, label)
VALUES ('marc21_biblio_654_ind_1', 'MARC 21 biblio field 654 indicator position 1');
INSERT INTO config.coded_value_map(ctype, code, value, opac_visible, is_simple)
VALUES ('marc21_biblio_654_ind_1', '#', $$No information provided$$, FALSE, TRUE);
INSERT INTO config.coded_value_map(ctype, code, value, opac_visible, is_simple)
VALUES ('marc21_biblio_654_ind_1', '0', $$No level specified$$, FALSE, TRUE);
INSERT INTO config.coded_value_map(ctype, code, value, opac_visible, is_simple)
VALUES ('marc21_biblio_654_ind_1', '1', $$Primary$$, FALSE, TRUE);
INSERT INTO config.coded_value_map(ctype, code, value, opac_visible, is_simple)
VALUES ('marc21_biblio_654_ind_1', '2', $$Secondary$$, FALSE, TRUE);
INSERT INTO config.record_attr_definition(name, label)
VALUES ('marc21_biblio_654_ind_2', 'MARC 21 biblio field 654 indicator position 2');
INSERT INTO config.coded_value_map(ctype, code, value, opac_visible, is_simple)
VALUES ('marc21_biblio_654_ind_2', '#', $$Undefined$$, FALSE, TRUE);
INSERT INTO config.marc_subfield(marc_format, marc_record_type, tag, code, description,
                                 repeatable, mandatory, hidden)
VALUES (1, 'biblio', '654', 'a', $$Focus term$$,
TRUE, FALSE, FALSE);
INSERT INTO config.marc_subfield(marc_format, marc_record_type, tag, code, description,
                                 repeatable, mandatory, hidden)
VALUES (1, 'biblio', '654', 'b', $$Non-focus term$$,
TRUE, FALSE, FALSE);
INSERT INTO config.marc_subfield(marc_format, marc_record_type, tag, code, description,
                                 repeatable, mandatory, hidden)
VALUES (1, 'biblio', '654', 'c', $$Facet/hierarchy designation$$,
TRUE, FALSE, FALSE);
INSERT INTO config.marc_subfield(marc_format, marc_record_type, tag, code, description,
                                 repeatable, mandatory, hidden)
VALUES (1, 'biblio', '654', 'e', $$Relator term$$,
TRUE, FALSE, FALSE);
INSERT INTO config.marc_subfield(marc_format, marc_record_type, tag, code, description,
                                 repeatable, mandatory, hidden)
VALUES (1, 'biblio', '654', 'v', $$Form subdivision$$,
TRUE, FALSE, FALSE);
INSERT INTO config.marc_subfield(marc_format, marc_record_type, tag, code, description,
                                 repeatable, mandatory, hidden)
VALUES (1, 'biblio', '654', 'y', $$Chronological subdivision$$,
TRUE, FALSE, FALSE);
INSERT INTO config.marc_subfield(marc_format, marc_record_type, tag, code, description,
                                 repeatable, mandatory, hidden)
VALUES (1, 'biblio', '654', 'z', $$Geographic subdivision$$,
TRUE, FALSE, FALSE);
INSERT INTO config.marc_subfield(marc_format, marc_record_type, tag, code, description,
                                 repeatable, mandatory, hidden)
VALUES (1, 'biblio', '654', '0', $$Authority record control number$$,
TRUE, FALSE, FALSE);
INSERT INTO config.marc_subfield(marc_format, marc_record_type, tag, code, description,
                                 repeatable, mandatory, hidden)
VALUES (1, 'biblio', '654', '2', $$Source of heading or term$$,
FALSE, FALSE, FALSE);
INSERT INTO config.marc_subfield(marc_format, marc_record_type, tag, code, description,
                                 repeatable, mandatory, hidden)
VALUES (1, 'biblio', '654', '3', $$Materials specified$$,
FALSE, FALSE, FALSE);
INSERT INTO config.marc_subfield(marc_format, marc_record_type, tag, code, description,
                                 repeatable, mandatory, hidden)
VALUES (1, 'biblio', '654', '4', $$Relator code$$,
TRUE, FALSE, FALSE);
INSERT INTO config.marc_subfield(marc_format, marc_record_type, tag, code, description,
                                 repeatable, mandatory, hidden)
VALUES (1, 'biblio', '654', '6', $$Linkage$$,
FALSE, FALSE, FALSE);
INSERT INTO config.marc_subfield(marc_format, marc_record_type, tag, code, description,
                                 repeatable, mandatory, hidden)
VALUES (1, 'biblio', '654', '8', $$Field link and sequence number$$,
TRUE, FALSE, FALSE);
INSERT INTO config.marc_field(marc_format, marc_record_type, tag, name, description,
                              fixed_field, repeatable, mandatory, hidden)
VALUES (1, 'biblio', '655', $$Index Term-Genre/Form$$, $$Terms indicating the genre, form, and/or physical characteristics of the materials being described. A designates the style or technique of the intellectual content of textual materials or, for graphic materials, aspects such as vantage point, intended purpose, characteristics of the creator, publication status, or method of representation. A designates historically and functionally specific kinds of materials distinguished by their physical character, the subject of their intellectual content, or the order of information within them. terms designate historically and functionally specific kinds of materials as distinguished by an examination of their physical character, subject of their intellectual content, or the order of information with them.$$,
FALSE, TRUE, FALSE, FALSE);
INSERT INTO config.record_attr_definition(name, label)
VALUES ('marc21_biblio_655_ind_1', 'MARC 21 biblio field 655 indicator position 1');
INSERT INTO config.coded_value_map(ctype, code, value, opac_visible, is_simple)
VALUES ('marc21_biblio_655_ind_1', '#', $$Basic$$, FALSE, TRUE);
INSERT INTO config.coded_value_map(ctype, code, value, opac_visible, is_simple)
VALUES ('marc21_biblio_655_ind_1', '0', $$Faceted$$, FALSE, TRUE);
INSERT INTO config.record_attr_definition(name, label)
VALUES ('marc21_biblio_655_ind_2', 'MARC 21 biblio field 655 indicator position 2');
INSERT INTO config.coded_value_map(ctype, code, value, opac_visible, is_simple)
VALUES ('marc21_biblio_655_ind_2', '0', $$Library of Congress Subject Headings$$, FALSE, TRUE);
INSERT INTO config.coded_value_map(ctype, code, value, opac_visible, is_simple)
VALUES ('marc21_biblio_655_ind_2', '1', $$LC subject headings for children's literature$$, FALSE, TRUE);
INSERT INTO config.coded_value_map(ctype, code, value, opac_visible, is_simple)
VALUES ('marc21_biblio_655_ind_2', '2', $$Medical Subject Headings$$, FALSE, TRUE);
INSERT INTO config.coded_value_map(ctype, code, value, opac_visible, is_simple)
VALUES ('marc21_biblio_655_ind_2', '3', $$National Agricultural Library subject authority file$$, FALSE, TRUE);
INSERT INTO config.coded_value_map(ctype, code, value, opac_visible, is_simple)
VALUES ('marc21_biblio_655_ind_2', '4', $$Source not specified$$, FALSE, TRUE);
INSERT INTO config.coded_value_map(ctype, code, value, opac_visible, is_simple)
VALUES ('marc21_biblio_655_ind_2', '5', $$Canadian Subject Headings$$, FALSE, TRUE);
INSERT INTO config.coded_value_map(ctype, code, value, opac_visible, is_simple)
VALUES ('marc21_biblio_655_ind_2', '6', $$Répertoire de vedettes-matière$$, FALSE, TRUE);
INSERT INTO config.coded_value_map(ctype, code, value, opac_visible, is_simple)
VALUES ('marc21_biblio_655_ind_2', '7', $$Source specified in subfield $2$$, FALSE, TRUE);
INSERT INTO config.marc_subfield(marc_format, marc_record_type, tag, code, description,
                                 repeatable, mandatory, hidden)
VALUES (1, 'biblio', '655', 'a', $$Genre/form data or focus term$$,
FALSE, FALSE, FALSE);
INSERT INTO config.marc_subfield(marc_format, marc_record_type, tag, code, description,
                                 repeatable, mandatory, hidden)
VALUES (1, 'biblio', '655', 'b', $$Non-focus term$$,
TRUE, FALSE, FALSE);
INSERT INTO config.marc_subfield(marc_format, marc_record_type, tag, code, description,
                                 repeatable, mandatory, hidden)
VALUES (1, 'biblio', '655', 'c', $$Facet/hierarchy designation$$,
TRUE, FALSE, FALSE);
INSERT INTO config.marc_subfield(marc_format, marc_record_type, tag, code, description,
                                 repeatable, mandatory, hidden)
VALUES (1, 'biblio', '655', 'v', $$Form subdivision$$,
TRUE, FALSE, FALSE);
INSERT INTO config.marc_subfield(marc_format, marc_record_type, tag, code, description,
                                 repeatable, mandatory, hidden)
VALUES (1, 'biblio', '655', 'x', $$General subdivision$$,
TRUE, FALSE, FALSE);
INSERT INTO config.marc_subfield(marc_format, marc_record_type, tag, code, description,
                                 repeatable, mandatory, hidden)
VALUES (1, 'biblio', '655', 'y', $$Chronological subdivision$$,
TRUE, FALSE, FALSE);
INSERT INTO config.marc_subfield(marc_format, marc_record_type, tag, code, description,
                                 repeatable, mandatory, hidden)
VALUES (1, 'biblio', '655', 'z', $$Geographic subdivision$$,
TRUE, FALSE, FALSE);
INSERT INTO config.marc_subfield(marc_format, marc_record_type, tag, code, description,
                                 repeatable, mandatory, hidden)
VALUES (1, 'biblio', '655', '0', $$Authority record control number$$,
TRUE, FALSE, FALSE);
INSERT INTO config.marc_subfield(marc_format, marc_record_type, tag, code, description,
                                 repeatable, mandatory, hidden)
VALUES (1, 'biblio', '655', '2', $$Source of term$$,
FALSE, FALSE, FALSE);
INSERT INTO config.marc_subfield(marc_format, marc_record_type, tag, code, description,
                                 repeatable, mandatory, hidden)
VALUES (1, 'biblio', '655', '3', $$Materials specified$$,
FALSE, FALSE, FALSE);
INSERT INTO config.marc_subfield(marc_format, marc_record_type, tag, code, description,
                                 repeatable, mandatory, hidden)
VALUES (1, 'biblio', '655', '5', $$Institution to which field applies$$,
FALSE, FALSE, FALSE);
INSERT INTO config.marc_subfield(marc_format, marc_record_type, tag, code, description,
                                 repeatable, mandatory, hidden)
VALUES (1, 'biblio', '655', '6', $$Linkage$$,
FALSE, FALSE, FALSE);
INSERT INTO config.marc_subfield(marc_format, marc_record_type, tag, code, description,
                                 repeatable, mandatory, hidden)
VALUES (1, 'biblio', '655', '8', $$Field link and sequence number$$,
TRUE, FALSE, FALSE);
INSERT INTO config.marc_field(marc_format, marc_record_type, tag, name, description,
                              fixed_field, repeatable, mandatory, hidden)
VALUES (1, 'biblio', '656', $$Index Term-Occupation$$, $$Index term that is descriptive of the occupation (including avocation) reflected in the contents of the described materials.$$,
FALSE, TRUE, FALSE, FALSE);
INSERT INTO config.record_attr_definition(name, label)
VALUES ('marc21_biblio_656_ind_1', 'MARC 21 biblio field 656 indicator position 1');
INSERT INTO config.coded_value_map(ctype, code, value, opac_visible, is_simple)
VALUES ('marc21_biblio_656_ind_1', '#', $$Undefined$$, FALSE, TRUE);
INSERT INTO config.record_attr_definition(name, label)
VALUES ('marc21_biblio_656_ind_2', 'MARC 21 biblio field 656 indicator position 2');
INSERT INTO config.coded_value_map(ctype, code, value, opac_visible, is_simple)
VALUES ('marc21_biblio_656_ind_2', '7', $$Source specified in subfield $2$$, FALSE, TRUE);
INSERT INTO config.marc_subfield(marc_format, marc_record_type, tag, code, description,
                                 repeatable, mandatory, hidden)
VALUES (1, 'biblio', '656', 'a', $$Occupation$$,
FALSE, FALSE, FALSE);
INSERT INTO config.marc_subfield(marc_format, marc_record_type, tag, code, description,
                                 repeatable, mandatory, hidden)
VALUES (1, 'biblio', '656', 'k', $$Form$$,
FALSE, FALSE, FALSE);
INSERT INTO config.marc_subfield(marc_format, marc_record_type, tag, code, description,
                                 repeatable, mandatory, hidden)
VALUES (1, 'biblio', '656', 'v', $$Form subdivision$$,
TRUE, FALSE, FALSE);
INSERT INTO config.marc_subfield(marc_format, marc_record_type, tag, code, description,
                                 repeatable, mandatory, hidden)
VALUES (1, 'biblio', '656', 'x', $$General subdivision$$,
TRUE, FALSE, FALSE);
INSERT INTO config.marc_subfield(marc_format, marc_record_type, tag, code, description,
                                 repeatable, mandatory, hidden)
VALUES (1, 'biblio', '656', 'y', $$Chronological subdivision$$,
TRUE, FALSE, FALSE);
INSERT INTO config.marc_subfield(marc_format, marc_record_type, tag, code, description,
                                 repeatable, mandatory, hidden)
VALUES (1, 'biblio', '656', 'z', $$Geographic subdivision$$,
TRUE, FALSE, FALSE);
INSERT INTO config.marc_subfield(marc_format, marc_record_type, tag, code, description,
                                 repeatable, mandatory, hidden)
VALUES (1, 'biblio', '656', '0', $$Authority record control number$$,
TRUE, FALSE, FALSE);
INSERT INTO config.marc_subfield(marc_format, marc_record_type, tag, code, description,
                                 repeatable, mandatory, hidden)
VALUES (1, 'biblio', '656', '2', $$Source of term$$,
FALSE, FALSE, FALSE);
INSERT INTO config.marc_subfield(marc_format, marc_record_type, tag, code, description,
                                 repeatable, mandatory, hidden)
VALUES (1, 'biblio', '656', '3', $$Materials specified$$,
FALSE, FALSE, FALSE);
INSERT INTO config.marc_subfield(marc_format, marc_record_type, tag, code, description,
                                 repeatable, mandatory, hidden)
VALUES (1, 'biblio', '656', '6', $$Linkage$$,
FALSE, FALSE, FALSE);
INSERT INTO config.marc_subfield(marc_format, marc_record_type, tag, code, description,
                                 repeatable, mandatory, hidden)
VALUES (1, 'biblio', '656', '8', $$Field link and sequence number$$,
TRUE, FALSE, FALSE);
INSERT INTO config.marc_field(marc_format, marc_record_type, tag, name, description,
                              fixed_field, repeatable, mandatory, hidden)
VALUES (1, 'biblio', '657', $$Index Term-Function$$, $$Index term that describes the activity or function that generated the described materials.$$,
FALSE, TRUE, FALSE, FALSE);
INSERT INTO config.record_attr_definition(name, label)
VALUES ('marc21_biblio_657_ind_1', 'MARC 21 biblio field 657 indicator position 1');
INSERT INTO config.coded_value_map(ctype, code, value, opac_visible, is_simple)
VALUES ('marc21_biblio_657_ind_1', '#', $$Undefined$$, FALSE, TRUE);
INSERT INTO config.record_attr_definition(name, label)
VALUES ('marc21_biblio_657_ind_2', 'MARC 21 biblio field 657 indicator position 2');
INSERT INTO config.coded_value_map(ctype, code, value, opac_visible, is_simple)
VALUES ('marc21_biblio_657_ind_2', '7', $$Source specified in subfield $2$$, FALSE, TRUE);
INSERT INTO config.marc_subfield(marc_format, marc_record_type, tag, code, description,
                                 repeatable, mandatory, hidden)
VALUES (1, 'biblio', '657', 'a', $$Function$$,
FALSE, FALSE, FALSE);
INSERT INTO config.marc_subfield(marc_format, marc_record_type, tag, code, description,
                                 repeatable, mandatory, hidden)
VALUES (1, 'biblio', '657', 'v', $$Form subdivision$$,
TRUE, FALSE, FALSE);
INSERT INTO config.marc_subfield(marc_format, marc_record_type, tag, code, description,
                                 repeatable, mandatory, hidden)
VALUES (1, 'biblio', '657', 'x', $$General subdivision$$,
TRUE, FALSE, FALSE);
INSERT INTO config.marc_subfield(marc_format, marc_record_type, tag, code, description,
                                 repeatable, mandatory, hidden)
VALUES (1, 'biblio', '657', 'y', $$Chronological subdivision$$,
TRUE, FALSE, FALSE);
INSERT INTO config.marc_subfield(marc_format, marc_record_type, tag, code, description,
                                 repeatable, mandatory, hidden)
VALUES (1, 'biblio', '657', 'z', $$Geographic subdivision$$,
TRUE, FALSE, FALSE);
INSERT INTO config.marc_subfield(marc_format, marc_record_type, tag, code, description,
                                 repeatable, mandatory, hidden)
VALUES (1, 'biblio', '657', '0', $$Authority record control number$$,
TRUE, FALSE, FALSE);
INSERT INTO config.marc_subfield(marc_format, marc_record_type, tag, code, description,
                                 repeatable, mandatory, hidden)
VALUES (1, 'biblio', '657', '2', $$Source of term$$,
FALSE, FALSE, FALSE);
INSERT INTO config.marc_subfield(marc_format, marc_record_type, tag, code, description,
                                 repeatable, mandatory, hidden)
VALUES (1, 'biblio', '657', '3', $$Materials specified$$,
FALSE, FALSE, FALSE);
INSERT INTO config.marc_subfield(marc_format, marc_record_type, tag, code, description,
                                 repeatable, mandatory, hidden)
VALUES (1, 'biblio', '657', '6', $$Linkage$$,
FALSE, FALSE, FALSE);
INSERT INTO config.marc_subfield(marc_format, marc_record_type, tag, code, description,
                                 repeatable, mandatory, hidden)
VALUES (1, 'biblio', '657', '8', $$Field link and sequence number$$,
TRUE, FALSE, FALSE);
INSERT INTO config.marc_field(marc_format, marc_record_type, tag, name, description,
                              fixed_field, repeatable, mandatory, hidden)
VALUES (1, 'biblio', '658', $$Index Term-Curriculum Objective$$, $$Index terms denoting curriculum or course-of-study objectives applicable to the content of the described materials. The field may also contain correlation factors indicating the degree to which the described materials meet an objective. Codes assigned to specific objectives in published lists are also recorded in this field.$$,
FALSE, TRUE, FALSE, FALSE);
INSERT INTO config.record_attr_definition(name, label)
VALUES ('marc21_biblio_658_ind_1', 'MARC 21 biblio field 658 indicator position 1');
INSERT INTO config.coded_value_map(ctype, code, value, opac_visible, is_simple)
VALUES ('marc21_biblio_658_ind_1', '#', $$Undefined$$, FALSE, TRUE);
INSERT INTO config.record_attr_definition(name, label)
VALUES ('marc21_biblio_658_ind_2', 'MARC 21 biblio field 658 indicator position 2');
INSERT INTO config.coded_value_map(ctype, code, value, opac_visible, is_simple)
VALUES ('marc21_biblio_658_ind_2', '#', $$Undefined$$, FALSE, TRUE);
INSERT INTO config.marc_subfield(marc_format, marc_record_type, tag, code, description,
                                 repeatable, mandatory, hidden)
VALUES (1, 'biblio', '658', 'a', $$Main curriculum objective$$,
FALSE, FALSE, FALSE);
INSERT INTO config.marc_subfield(marc_format, marc_record_type, tag, code, description,
                                 repeatable, mandatory, hidden)
VALUES (1, 'biblio', '658', 'b', $$Subordinate curriculum objective$$,
TRUE, FALSE, FALSE);
INSERT INTO config.marc_subfield(marc_format, marc_record_type, tag, code, description,
                                 repeatable, mandatory, hidden)
VALUES (1, 'biblio', '658', 'c', $$Curriculum code$$,
FALSE, FALSE, FALSE);
INSERT INTO config.marc_subfield(marc_format, marc_record_type, tag, code, description,
                                 repeatable, mandatory, hidden)
VALUES (1, 'biblio', '658', 'd', $$Correlation factor$$,
FALSE, FALSE, FALSE);
INSERT INTO config.marc_subfield(marc_format, marc_record_type, tag, code, description,
                                 repeatable, mandatory, hidden)
VALUES (1, 'biblio', '658', '2', $$Source of term or code$$,
FALSE, FALSE, FALSE);
INSERT INTO config.marc_subfield(marc_format, marc_record_type, tag, code, description,
                                 repeatable, mandatory, hidden)
VALUES (1, 'biblio', '658', '6', $$Linkage$$,
FALSE, FALSE, FALSE);
INSERT INTO config.marc_subfield(marc_format, marc_record_type, tag, code, description,
                                 repeatable, mandatory, hidden)
VALUES (1, 'biblio', '658', '8', $$Field link and sequence number$$,
TRUE, FALSE, FALSE);
INSERT INTO config.marc_field(marc_format, marc_record_type, tag, name, description,
                              fixed_field, repeatable, mandatory, hidden)
VALUES (1, 'biblio', '662', $$Subject Added Entry-Hierarchical Place Name$$, $$Hierarchical form of a geographic name used as a subject added entry.$$,
FALSE, TRUE, FALSE, FALSE);
INSERT INTO config.record_attr_definition(name, label)
VALUES ('marc21_biblio_662_ind_1', 'MARC 21 biblio field 662 indicator position 1');
INSERT INTO config.coded_value_map(ctype, code, value, opac_visible, is_simple)
VALUES ('marc21_biblio_662_ind_1', '#', $$Undefined$$, FALSE, TRUE);
INSERT INTO config.record_attr_definition(name, label)
VALUES ('marc21_biblio_662_ind_2', 'MARC 21 biblio field 662 indicator position 2');
INSERT INTO config.coded_value_map(ctype, code, value, opac_visible, is_simple)
VALUES ('marc21_biblio_662_ind_2', '#', $$Undefined$$, FALSE, TRUE);
INSERT INTO config.marc_subfield(marc_format, marc_record_type, tag, code, description,
                                 repeatable, mandatory, hidden)
VALUES (1, 'biblio', '662', 'a', $$Country or larger entity$$,
TRUE, FALSE, FALSE);
INSERT INTO config.marc_subfield(marc_format, marc_record_type, tag, code, description,
                                 repeatable, mandatory, hidden)
VALUES (1, 'biblio', '662', 'b', $$First-order political jurisdiction$$,
FALSE, FALSE, FALSE);
INSERT INTO config.marc_subfield(marc_format, marc_record_type, tag, code, description,
                                 repeatable, mandatory, hidden)
VALUES (1, 'biblio', '662', 'c', $$Intermediate political jurisdiction$$,
TRUE, FALSE, FALSE);
INSERT INTO config.marc_subfield(marc_format, marc_record_type, tag, code, description,
                                 repeatable, mandatory, hidden)
VALUES (1, 'biblio', '662', 'd', $$City$$,
FALSE, FALSE, FALSE);
INSERT INTO config.marc_subfield(marc_format, marc_record_type, tag, code, description,
                                 repeatable, mandatory, hidden)
VALUES (1, 'biblio', '662', 'e', $$Relator term$$,
TRUE, FALSE, FALSE);
INSERT INTO config.marc_subfield(marc_format, marc_record_type, tag, code, description,
                                 repeatable, mandatory, hidden)
VALUES (1, 'biblio', '662', 'f', $$City subsection$$,
TRUE, FALSE, FALSE);
INSERT INTO config.marc_subfield(marc_format, marc_record_type, tag, code, description,
                                 repeatable, mandatory, hidden)
VALUES (1, 'biblio', '662', 'g', $$Other nonjurisdictional geographic region and feature$$,
TRUE, FALSE, FALSE);
INSERT INTO config.marc_subfield(marc_format, marc_record_type, tag, code, description,
                                 repeatable, mandatory, hidden)
VALUES (1, 'biblio', '662', 'h', $$Extraterrestrial area$$,
TRUE, FALSE, FALSE);
INSERT INTO config.marc_subfield(marc_format, marc_record_type, tag, code, description,
                                 repeatable, mandatory, hidden)
VALUES (1, 'biblio', '662', '0', $$Authority record control number$$,
TRUE, FALSE, FALSE);
INSERT INTO config.marc_subfield(marc_format, marc_record_type, tag, code, description,
                                 repeatable, mandatory, hidden)
VALUES (1, 'biblio', '662', '2', $$Source of heading or term$$,
FALSE, FALSE, FALSE);
INSERT INTO config.marc_subfield(marc_format, marc_record_type, tag, code, description,
                                 repeatable, mandatory, hidden)
VALUES (1, 'biblio', '662', '4', $$Relator code$$,
TRUE, FALSE, FALSE);
INSERT INTO config.marc_subfield(marc_format, marc_record_type, tag, code, description,
                                 repeatable, mandatory, hidden)
VALUES (1, 'biblio', '662', '6', $$Linkage$$,
FALSE, FALSE, FALSE);
INSERT INTO config.marc_subfield(marc_format, marc_record_type, tag, code, description,
                                 repeatable, mandatory, hidden)
VALUES (1, 'biblio', '662', '8', $$Field link and sequence number$$,
TRUE, FALSE, FALSE);
INSERT INTO config.marc_field(marc_format, marc_record_type, tag, name, description,
                              fixed_field, repeatable, mandatory, hidden)
VALUES (1, 'biblio', '700', $$Added Entry-Personal Name$$, $$Added entry in which the entry element is a personal name.$$,
FALSE, TRUE, FALSE, FALSE);
INSERT INTO config.record_attr_definition(name, label)
VALUES ('marc21_biblio_700_ind_1', 'MARC 21 biblio field 700 indicator position 1');
INSERT INTO config.coded_value_map(ctype, code, value, opac_visible, is_simple)
VALUES ('marc21_biblio_700_ind_1', '0', $$Forename$$, FALSE, TRUE);
INSERT INTO config.coded_value_map(ctype, code, value, opac_visible, is_simple)
VALUES ('marc21_biblio_700_ind_1', '1', $$Surname$$, FALSE, TRUE);
INSERT INTO config.coded_value_map(ctype, code, value, opac_visible, is_simple)
VALUES ('marc21_biblio_700_ind_1', '3', $$Family name$$, FALSE, TRUE);
INSERT INTO config.record_attr_definition(name, label)
VALUES ('marc21_biblio_700_ind_2', 'MARC 21 biblio field 700 indicator position 2');
INSERT INTO config.coded_value_map(ctype, code, value, opac_visible, is_simple)
VALUES ('marc21_biblio_700_ind_2', '#', $$No information provided$$, FALSE, TRUE);
INSERT INTO config.coded_value_map(ctype, code, value, opac_visible, is_simple)
VALUES ('marc21_biblio_700_ind_2', '2', $$Analytical entry$$, FALSE, TRUE);
INSERT INTO config.marc_subfield(marc_format, marc_record_type, tag, code, description,
                                 repeatable, mandatory, hidden)
VALUES (1, 'biblio', '700', 'a', $$Personal name$$,
FALSE, FALSE, FALSE);
INSERT INTO config.marc_subfield(marc_format, marc_record_type, tag, code, description,
                                 repeatable, mandatory, hidden)
VALUES (1, 'biblio', '700', 'b', $$Numeration$$,
FALSE, FALSE, FALSE);
INSERT INTO config.marc_subfield(marc_format, marc_record_type, tag, code, description,
                                 repeatable, mandatory, hidden)
VALUES (1, 'biblio', '700', 'c', $$Titles and other words associated with a name$$,
TRUE, FALSE, FALSE);
INSERT INTO config.marc_subfield(marc_format, marc_record_type, tag, code, description,
                                 repeatable, mandatory, hidden)
VALUES (1, 'biblio', '700', 'd', $$Dates associated with a name$$,
FALSE, FALSE, FALSE);
INSERT INTO config.marc_subfield(marc_format, marc_record_type, tag, code, description,
                                 repeatable, mandatory, hidden)
VALUES (1, 'biblio', '700', 'e', $$Relator term$$,
TRUE, FALSE, FALSE);
INSERT INTO config.marc_subfield(marc_format, marc_record_type, tag, code, description,
                                 repeatable, mandatory, hidden)
VALUES (1, 'biblio', '700', 'f', $$Date of a work$$,
FALSE, FALSE, FALSE);
INSERT INTO config.marc_subfield(marc_format, marc_record_type, tag, code, description,
                                 repeatable, mandatory, hidden)
VALUES (1, 'biblio', '700', 'g', $$Miscellaneous information$$,
FALSE, FALSE, FALSE);
INSERT INTO config.marc_subfield(marc_format, marc_record_type, tag, code, description,
                                 repeatable, mandatory, hidden)
VALUES (1, 'biblio', '700', 'h', $$Medium$$,
FALSE, FALSE, FALSE);
INSERT INTO config.marc_subfield(marc_format, marc_record_type, tag, code, description,
                                 repeatable, mandatory, hidden)
VALUES (1, 'biblio', '700', 'j', $$Attribution qualifier$$,
TRUE, FALSE, FALSE);
INSERT INTO config.marc_subfield(marc_format, marc_record_type, tag, code, description,
                                 repeatable, mandatory, hidden)
VALUES (1, 'biblio', '700', 'k', $$Form subheading$$,
TRUE, FALSE, FALSE);
INSERT INTO config.marc_subfield(marc_format, marc_record_type, tag, code, description,
                                 repeatable, mandatory, hidden)
VALUES (1, 'biblio', '700', 'l', $$Language of a work$$,
FALSE, FALSE, FALSE);
INSERT INTO config.marc_subfield(marc_format, marc_record_type, tag, code, description,
                                 repeatable, mandatory, hidden)
VALUES (1, 'biblio', '700', 'm', $$Medium of performance for music$$,
TRUE, FALSE, FALSE);
INSERT INTO config.marc_subfield(marc_format, marc_record_type, tag, code, description,
                                 repeatable, mandatory, hidden)
VALUES (1, 'biblio', '700', 'n', $$Number of part/section of a work$$,
TRUE, FALSE, FALSE);
INSERT INTO config.marc_subfield(marc_format, marc_record_type, tag, code, description,
                                 repeatable, mandatory, hidden)
VALUES (1, 'biblio', '700', 'o', $$Arranged statement for music$$,
FALSE, FALSE, FALSE);
INSERT INTO config.marc_subfield(marc_format, marc_record_type, tag, code, description,
                                 repeatable, mandatory, hidden)
VALUES (1, 'biblio', '700', 'p', $$Name of part/section of a work$$,
TRUE, FALSE, FALSE);
INSERT INTO config.marc_subfield(marc_format, marc_record_type, tag, code, description,
                                 repeatable, mandatory, hidden)
VALUES (1, 'biblio', '700', 'q', $$Fuller form of name$$,
FALSE, FALSE, FALSE);
INSERT INTO config.marc_subfield(marc_format, marc_record_type, tag, code, description,
                                 repeatable, mandatory, hidden)
VALUES (1, 'biblio', '700', 'r', $$Key for music$$,
FALSE, FALSE, FALSE);
INSERT INTO config.marc_subfield(marc_format, marc_record_type, tag, code, description,
                                 repeatable, mandatory, hidden)
VALUES (1, 'biblio', '700', 's', $$Version$$,
FALSE, FALSE, FALSE);
INSERT INTO config.marc_subfield(marc_format, marc_record_type, tag, code, description,
                                 repeatable, mandatory, hidden)
VALUES (1, 'biblio', '700', 't', $$Title of a work$$,
FALSE, FALSE, FALSE);
INSERT INTO config.marc_subfield(marc_format, marc_record_type, tag, code, description,
                                 repeatable, mandatory, hidden)
VALUES (1, 'biblio', '700', 'u', $$Affiliation$$,
FALSE, FALSE, FALSE);
INSERT INTO config.marc_subfield(marc_format, marc_record_type, tag, code, description,
                                 repeatable, mandatory, hidden)
VALUES (1, 'biblio', '700', 'x', $$International Standard Serial Number$$,
FALSE, FALSE, FALSE);
INSERT INTO config.marc_subfield(marc_format, marc_record_type, tag, code, description,
                                 repeatable, mandatory, hidden)
VALUES (1, 'biblio', '700', '0', $$Authority record control number$$,
TRUE, FALSE, FALSE);
INSERT INTO config.marc_subfield(marc_format, marc_record_type, tag, code, description,
                                 repeatable, mandatory, hidden)
VALUES (1, 'biblio', '700', '3', $$Materials specified$$,
FALSE, FALSE, FALSE);
INSERT INTO config.marc_subfield(marc_format, marc_record_type, tag, code, description,
                                 repeatable, mandatory, hidden)
VALUES (1, 'biblio', '700', '4', $$Relator code$$,
TRUE, FALSE, FALSE);
INSERT INTO config.marc_subfield(marc_format, marc_record_type, tag, code, description,
                                 repeatable, mandatory, hidden)
VALUES (1, 'biblio', '700', '5', $$Institution to which field applies$$,
FALSE, FALSE, FALSE);
INSERT INTO config.marc_subfield(marc_format, marc_record_type, tag, code, description,
                                 repeatable, mandatory, hidden)
VALUES (1, 'biblio', '700', '6', $$Linkage$$,
FALSE, FALSE, FALSE);
INSERT INTO config.marc_subfield(marc_format, marc_record_type, tag, code, description,
                                 repeatable, mandatory, hidden)
VALUES (1, 'biblio', '700', '8', $$Field link and sequence number$$,
TRUE, FALSE, FALSE);
INSERT INTO config.marc_field(marc_format, marc_record_type, tag, name, description,
                              fixed_field, repeatable, mandatory, hidden)
VALUES (1, 'biblio', '710', $$Added Entry-Corporate Name$$, $$Added entry in which the entry element is a corporate name.$$,
FALSE, TRUE, FALSE, FALSE);
INSERT INTO config.record_attr_definition(name, label)
VALUES ('marc21_biblio_710_ind_1', 'MARC 21 biblio field 710 indicator position 1');
INSERT INTO config.coded_value_map(ctype, code, value, opac_visible, is_simple)
VALUES ('marc21_biblio_710_ind_1', '0', $$Inverted name$$, FALSE, TRUE);
INSERT INTO config.coded_value_map(ctype, code, value, opac_visible, is_simple)
VALUES ('marc21_biblio_710_ind_1', '1', $$Jurisdiction name$$, FALSE, TRUE);
INSERT INTO config.coded_value_map(ctype, code, value, opac_visible, is_simple)
VALUES ('marc21_biblio_710_ind_1', '2', $$Name in direct order$$, FALSE, TRUE);
INSERT INTO config.record_attr_definition(name, label)
VALUES ('marc21_biblio_710_ind_2', 'MARC 21 biblio field 710 indicator position 2');
INSERT INTO config.coded_value_map(ctype, code, value, opac_visible, is_simple)
VALUES ('marc21_biblio_710_ind_2', '#', $$No information provided$$, FALSE, TRUE);
INSERT INTO config.coded_value_map(ctype, code, value, opac_visible, is_simple)
VALUES ('marc21_biblio_710_ind_2', '2', $$Analytical entry$$, FALSE, TRUE);
INSERT INTO config.marc_subfield(marc_format, marc_record_type, tag, code, description,
                                 repeatable, mandatory, hidden)
VALUES (1, 'biblio', '710', 'a', $$Corporate name or jurisdiction name as entry element$$,
FALSE, FALSE, FALSE);
INSERT INTO config.marc_subfield(marc_format, marc_record_type, tag, code, description,
                                 repeatable, mandatory, hidden)
VALUES (1, 'biblio', '710', 'b', $$Subordinate unit$$,
TRUE, FALSE, FALSE);
INSERT INTO config.marc_subfield(marc_format, marc_record_type, tag, code, description,
                                 repeatable, mandatory, hidden)
VALUES (1, 'biblio', '710', 'c', $$Location of meeting$$,
FALSE, FALSE, FALSE);
INSERT INTO config.marc_subfield(marc_format, marc_record_type, tag, code, description,
                                 repeatable, mandatory, hidden)
VALUES (1, 'biblio', '710', 'd', $$Date of meeting or treaty signing$$,
TRUE, FALSE, FALSE);
INSERT INTO config.marc_subfield(marc_format, marc_record_type, tag, code, description,
                                 repeatable, mandatory, hidden)
VALUES (1, 'biblio', '710', 'e', $$Relator term$$,
TRUE, FALSE, FALSE);
INSERT INTO config.marc_subfield(marc_format, marc_record_type, tag, code, description,
                                 repeatable, mandatory, hidden)
VALUES (1, 'biblio', '710', 'f', $$Date of a work$$,
FALSE, FALSE, FALSE);
INSERT INTO config.marc_subfield(marc_format, marc_record_type, tag, code, description,
                                 repeatable, mandatory, hidden)
VALUES (1, 'biblio', '710', 'g', $$Miscellaneous information$$,
FALSE, FALSE, FALSE);
INSERT INTO config.marc_subfield(marc_format, marc_record_type, tag, code, description,
                                 repeatable, mandatory, hidden)
VALUES (1, 'biblio', '710', 'h', $$Medium$$,
FALSE, FALSE, FALSE);
INSERT INTO config.marc_subfield(marc_format, marc_record_type, tag, code, description,
                                 repeatable, mandatory, hidden)
VALUES (1, 'biblio', '710', 'k', $$Form subheading$$,
TRUE, FALSE, FALSE);
INSERT INTO config.marc_subfield(marc_format, marc_record_type, tag, code, description,
                                 repeatable, mandatory, hidden)
VALUES (1, 'biblio', '710', 'l', $$Language of a work$$,
FALSE, FALSE, FALSE);
INSERT INTO config.marc_subfield(marc_format, marc_record_type, tag, code, description,
                                 repeatable, mandatory, hidden)
VALUES (1, 'biblio', '710', 'm', $$Medium of performance for music$$,
TRUE, FALSE, FALSE);
INSERT INTO config.marc_subfield(marc_format, marc_record_type, tag, code, description,
                                 repeatable, mandatory, hidden)
VALUES (1, 'biblio', '710', 'n', $$Number of part/section/meeting$$,
TRUE, FALSE, FALSE);
INSERT INTO config.marc_subfield(marc_format, marc_record_type, tag, code, description,
                                 repeatable, mandatory, hidden)
VALUES (1, 'biblio', '710', 'o', $$Arranged statement for music$$,
FALSE, FALSE, FALSE);
INSERT INTO config.marc_subfield(marc_format, marc_record_type, tag, code, description,
                                 repeatable, mandatory, hidden)
VALUES (1, 'biblio', '710', 'p', $$Name of part/section of a work$$,
TRUE, FALSE, FALSE);
INSERT INTO config.marc_subfield(marc_format, marc_record_type, tag, code, description,
                                 repeatable, mandatory, hidden)
VALUES (1, 'biblio', '710', 'r', $$Key for music$$,
FALSE, FALSE, FALSE);
INSERT INTO config.marc_subfield(marc_format, marc_record_type, tag, code, description,
                                 repeatable, mandatory, hidden)
VALUES (1, 'biblio', '710', 's', $$Version$$,
FALSE, FALSE, FALSE);
INSERT INTO config.marc_subfield(marc_format, marc_record_type, tag, code, description,
                                 repeatable, mandatory, hidden)
VALUES (1, 'biblio', '710', 't', $$Title of a work$$,
FALSE, FALSE, FALSE);
INSERT INTO config.marc_subfield(marc_format, marc_record_type, tag, code, description,
                                 repeatable, mandatory, hidden)
VALUES (1, 'biblio', '710', 'u', $$Affiliation$$,
FALSE, FALSE, FALSE);
INSERT INTO config.marc_subfield(marc_format, marc_record_type, tag, code, description,
                                 repeatable, mandatory, hidden)
VALUES (1, 'biblio', '710', 'x', $$International Standard Serial Number$$,
FALSE, FALSE, FALSE);
INSERT INTO config.marc_subfield(marc_format, marc_record_type, tag, code, description,
                                 repeatable, mandatory, hidden)
VALUES (1, 'biblio', '710', '0', $$Authority record control number$$,
TRUE, FALSE, FALSE);
INSERT INTO config.marc_subfield(marc_format, marc_record_type, tag, code, description,
                                 repeatable, mandatory, hidden)
VALUES (1, 'biblio', '710', '3', $$Materials specified$$,
FALSE, FALSE, FALSE);
INSERT INTO config.marc_subfield(marc_format, marc_record_type, tag, code, description,
                                 repeatable, mandatory, hidden)
VALUES (1, 'biblio', '710', '4', $$Relator code$$,
TRUE, FALSE, FALSE);
INSERT INTO config.marc_subfield(marc_format, marc_record_type, tag, code, description,
                                 repeatable, mandatory, hidden)
VALUES (1, 'biblio', '710', '5', $$Institution to which field applies$$,
FALSE, FALSE, FALSE);
INSERT INTO config.marc_subfield(marc_format, marc_record_type, tag, code, description,
                                 repeatable, mandatory, hidden)
VALUES (1, 'biblio', '710', '6', $$Linkage$$,
FALSE, FALSE, FALSE);
INSERT INTO config.marc_subfield(marc_format, marc_record_type, tag, code, description,
                                 repeatable, mandatory, hidden)
VALUES (1, 'biblio', '710', '8', $$Field link and sequence number$$,
TRUE, FALSE, FALSE);
INSERT INTO config.marc_field(marc_format, marc_record_type, tag, name, description,
                              fixed_field, repeatable, mandatory, hidden)
VALUES (1, 'biblio', '711', $$Added Entry-Meeting Name$$, $$Added entry in which the entry element is a meeting name.$$,
FALSE, TRUE, FALSE, FALSE);
INSERT INTO config.record_attr_definition(name, label)
VALUES ('marc21_biblio_711_ind_1', 'MARC 21 biblio field 711 indicator position 1');
INSERT INTO config.coded_value_map(ctype, code, value, opac_visible, is_simple)
VALUES ('marc21_biblio_711_ind_1', '0', $$Inverted name$$, FALSE, TRUE);
INSERT INTO config.coded_value_map(ctype, code, value, opac_visible, is_simple)
VALUES ('marc21_biblio_711_ind_1', '1', $$Jurisdiction name$$, FALSE, TRUE);
INSERT INTO config.coded_value_map(ctype, code, value, opac_visible, is_simple)
VALUES ('marc21_biblio_711_ind_1', '2', $$Name in direct order$$, FALSE, TRUE);
INSERT INTO config.record_attr_definition(name, label)
VALUES ('marc21_biblio_711_ind_2', 'MARC 21 biblio field 711 indicator position 2');
INSERT INTO config.coded_value_map(ctype, code, value, opac_visible, is_simple)
VALUES ('marc21_biblio_711_ind_2', '#', $$No information provided$$, FALSE, TRUE);
INSERT INTO config.coded_value_map(ctype, code, value, opac_visible, is_simple)
VALUES ('marc21_biblio_711_ind_2', '2', $$Analytical entry$$, FALSE, TRUE);
INSERT INTO config.marc_subfield(marc_format, marc_record_type, tag, code, description,
                                 repeatable, mandatory, hidden)
VALUES (1, 'biblio', '711', 'a', $$Meeting name or jurisdiction name as entry element$$,
FALSE, FALSE, FALSE);
INSERT INTO config.marc_subfield(marc_format, marc_record_type, tag, code, description,
                                 repeatable, mandatory, hidden)
VALUES (1, 'biblio', '711', 'c', $$Location of meeting$$,
FALSE, FALSE, FALSE);
INSERT INTO config.marc_subfield(marc_format, marc_record_type, tag, code, description,
                                 repeatable, mandatory, hidden)
VALUES (1, 'biblio', '711', 'd', $$Date of meeting$$,
FALSE, FALSE, FALSE);
INSERT INTO config.marc_subfield(marc_format, marc_record_type, tag, code, description,
                                 repeatable, mandatory, hidden)
VALUES (1, 'biblio', '711', 'e', $$Subordinate unit$$,
TRUE, FALSE, FALSE);
INSERT INTO config.marc_subfield(marc_format, marc_record_type, tag, code, description,
                                 repeatable, mandatory, hidden)
VALUES (1, 'biblio', '711', 'f', $$Date of a work$$,
FALSE, FALSE, FALSE);
INSERT INTO config.marc_subfield(marc_format, marc_record_type, tag, code, description,
                                 repeatable, mandatory, hidden)
VALUES (1, 'biblio', '711', 'g', $$Miscellaneous information$$,
FALSE, FALSE, FALSE);
INSERT INTO config.marc_subfield(marc_format, marc_record_type, tag, code, description,
                                 repeatable, mandatory, hidden)
VALUES (1, 'biblio', '711', 'h', $$Medium$$,
FALSE, FALSE, FALSE);
INSERT INTO config.marc_subfield(marc_format, marc_record_type, tag, code, description,
                                 repeatable, mandatory, hidden)
VALUES (1, 'biblio', '711', 'j', $$Relator term$$,
TRUE, FALSE, FALSE);
INSERT INTO config.marc_subfield(marc_format, marc_record_type, tag, code, description,
                                 repeatable, mandatory, hidden)
VALUES (1, 'biblio', '711', 'k', $$Form subheading$$,
TRUE, FALSE, FALSE);
INSERT INTO config.marc_subfield(marc_format, marc_record_type, tag, code, description,
                                 repeatable, mandatory, hidden)
VALUES (1, 'biblio', '711', 'l', $$Language of a work$$,
FALSE, FALSE, FALSE);
INSERT INTO config.marc_subfield(marc_format, marc_record_type, tag, code, description,
                                 repeatable, mandatory, hidden)
VALUES (1, 'biblio', '711', 'n', $$Number of part/section/meeting$$,
TRUE, FALSE, FALSE);
INSERT INTO config.marc_subfield(marc_format, marc_record_type, tag, code, description,
                                 repeatable, mandatory, hidden)
VALUES (1, 'biblio', '711', 'p', $$Name of part/section of a work$$,
TRUE, FALSE, FALSE);
INSERT INTO config.marc_subfield(marc_format, marc_record_type, tag, code, description,
                                 repeatable, mandatory, hidden)
VALUES (1, 'biblio', '711', 'q', $$Name of meeting following jurisdiction name entry element$$,
FALSE, FALSE, FALSE);
INSERT INTO config.marc_subfield(marc_format, marc_record_type, tag, code, description,
                                 repeatable, mandatory, hidden)
VALUES (1, 'biblio', '711', 's', $$Version$$,
FALSE, FALSE, FALSE);
INSERT INTO config.marc_subfield(marc_format, marc_record_type, tag, code, description,
                                 repeatable, mandatory, hidden)
VALUES (1, 'biblio', '711', 't', $$Title of a work$$,
FALSE, FALSE, FALSE);
INSERT INTO config.marc_subfield(marc_format, marc_record_type, tag, code, description,
                                 repeatable, mandatory, hidden)
VALUES (1, 'biblio', '711', 'u', $$Affiliation$$,
FALSE, FALSE, FALSE);
INSERT INTO config.marc_subfield(marc_format, marc_record_type, tag, code, description,
                                 repeatable, mandatory, hidden)
VALUES (1, 'biblio', '711', 'x', $$International Standard Serial Number$$,
FALSE, FALSE, FALSE);
INSERT INTO config.marc_subfield(marc_format, marc_record_type, tag, code, description,
                                 repeatable, mandatory, hidden)
VALUES (1, 'biblio', '711', '0', $$Authority record control number$$,
TRUE, FALSE, FALSE);
INSERT INTO config.marc_subfield(marc_format, marc_record_type, tag, code, description,
                                 repeatable, mandatory, hidden)
VALUES (1, 'biblio', '711', '3', $$Materials specified$$,
FALSE, FALSE, FALSE);
INSERT INTO config.marc_subfield(marc_format, marc_record_type, tag, code, description,
                                 repeatable, mandatory, hidden)
VALUES (1, 'biblio', '711', '4', $$Relator code$$,
TRUE, FALSE, FALSE);
INSERT INTO config.marc_subfield(marc_format, marc_record_type, tag, code, description,
                                 repeatable, mandatory, hidden)
VALUES (1, 'biblio', '711', '5', $$Institution to which field applies$$,
FALSE, FALSE, FALSE);
INSERT INTO config.marc_subfield(marc_format, marc_record_type, tag, code, description,
                                 repeatable, mandatory, hidden)
VALUES (1, 'biblio', '711', '6', $$Linkage$$,
FALSE, FALSE, FALSE);
INSERT INTO config.marc_subfield(marc_format, marc_record_type, tag, code, description,
                                 repeatable, mandatory, hidden)
VALUES (1, 'biblio', '711', '8', $$Field link and sequence number$$,
TRUE, FALSE, FALSE);
INSERT INTO config.marc_field(marc_format, marc_record_type, tag, name, description,
                              fixed_field, repeatable, mandatory, hidden)
VALUES (1, 'biblio', '720', $$Added Entry-Uncontrolled Name$$, $$Added entry in which the name is not controlled in an authority file or list. It is also used for names that have not been formulated according to cataloging rules. Names may be of any type (e.g., personal, corporate, meeting).$$,
FALSE, TRUE, FALSE, FALSE);
INSERT INTO config.record_attr_definition(name, label)
VALUES ('marc21_biblio_720_ind_1', 'MARC 21 biblio field 720 indicator position 1');
INSERT INTO config.coded_value_map(ctype, code, value, opac_visible, is_simple)
VALUES ('marc21_biblio_720_ind_1', '#', $$Not specified$$, FALSE, TRUE);
INSERT INTO config.coded_value_map(ctype, code, value, opac_visible, is_simple)
VALUES ('marc21_biblio_720_ind_1', '1', $$Personal$$, FALSE, TRUE);
INSERT INTO config.coded_value_map(ctype, code, value, opac_visible, is_simple)
VALUES ('marc21_biblio_720_ind_1', '2', $$Other$$, FALSE, TRUE);
INSERT INTO config.record_attr_definition(name, label)
VALUES ('marc21_biblio_720_ind_2', 'MARC 21 biblio field 720 indicator position 2');
INSERT INTO config.coded_value_map(ctype, code, value, opac_visible, is_simple)
VALUES ('marc21_biblio_720_ind_2', '#', $$Undefined$$, FALSE, TRUE);
INSERT INTO config.marc_subfield(marc_format, marc_record_type, tag, code, description,
                                 repeatable, mandatory, hidden)
VALUES (1, 'biblio', '720', 'a', $$Name$$,
FALSE, FALSE, FALSE);
INSERT INTO config.marc_subfield(marc_format, marc_record_type, tag, code, description,
                                 repeatable, mandatory, hidden)
VALUES (1, 'biblio', '720', 'e', $$Relator term$$,
TRUE, FALSE, FALSE);
INSERT INTO config.marc_subfield(marc_format, marc_record_type, tag, code, description,
                                 repeatable, mandatory, hidden)
VALUES (1, 'biblio', '720', '4', $$Relator code$$,
TRUE, FALSE, FALSE);
INSERT INTO config.marc_subfield(marc_format, marc_record_type, tag, code, description,
                                 repeatable, mandatory, hidden)
VALUES (1, 'biblio', '720', '6', $$Linkage$$,
FALSE, FALSE, FALSE);
INSERT INTO config.marc_subfield(marc_format, marc_record_type, tag, code, description,
                                 repeatable, mandatory, hidden)
VALUES (1, 'biblio', '720', '8', $$Field link and sequence number$$,
TRUE, FALSE, FALSE);
INSERT INTO config.marc_field(marc_format, marc_record_type, tag, name, description,
                              fixed_field, repeatable, mandatory, hidden)
VALUES (1, 'biblio', '730', $$Added Entry-Uniform Title$$, $$Uniform title, a related or an analytical title that is controlled by an authority file or list, used as an added entry.$$,
FALSE, TRUE, FALSE, FALSE);
INSERT INTO config.record_attr_definition(name, label)
VALUES ('marc21_biblio_730_ind_1', 'MARC 21 biblio field 730 indicator position 1');
INSERT INTO config.coded_value_map(ctype, code, value, opac_visible, is_simple)
VALUES ('marc21_biblio_730_ind_1', '0', $$No nonfiling characters$$, FALSE, TRUE);
INSERT INTO config.coded_value_map(ctype, code, value, opac_visible, is_simple)
VALUES ('marc21_biblio_730_ind_1', '1', $$Number of nonfiling characters - 1$$, FALSE, TRUE);
INSERT INTO config.coded_value_map(ctype, code, value, opac_visible, is_simple)
VALUES ('marc21_biblio_730_ind_1', '2', $$Number of nonfiling characters - 2$$, FALSE, TRUE);
INSERT INTO config.coded_value_map(ctype, code, value, opac_visible, is_simple)
VALUES ('marc21_biblio_730_ind_1', '3', $$Number of nonfiling characters - 3$$, FALSE, TRUE);
INSERT INTO config.coded_value_map(ctype, code, value, opac_visible, is_simple)
VALUES ('marc21_biblio_730_ind_1', '4', $$Number of nonfiling characters - 4$$, FALSE, TRUE);
INSERT INTO config.coded_value_map(ctype, code, value, opac_visible, is_simple)
VALUES ('marc21_biblio_730_ind_1', '5', $$Number of nonfiling characters - 5$$, FALSE, TRUE);
INSERT INTO config.coded_value_map(ctype, code, value, opac_visible, is_simple)
VALUES ('marc21_biblio_730_ind_1', '6', $$Number of nonfiling characters - 6$$, FALSE, TRUE);
INSERT INTO config.coded_value_map(ctype, code, value, opac_visible, is_simple)
VALUES ('marc21_biblio_730_ind_1', '7', $$Number of nonfiling characters - 7$$, FALSE, TRUE);
INSERT INTO config.coded_value_map(ctype, code, value, opac_visible, is_simple)
VALUES ('marc21_biblio_730_ind_1', '8', $$Number of nonfiling characters - 8$$, FALSE, TRUE);
INSERT INTO config.coded_value_map(ctype, code, value, opac_visible, is_simple)
VALUES ('marc21_biblio_730_ind_1', '9', $$Number of nonfiling characters - 9$$, FALSE, TRUE);
INSERT INTO config.record_attr_definition(name, label)
VALUES ('marc21_biblio_730_ind_2', 'MARC 21 biblio field 730 indicator position 2');
INSERT INTO config.coded_value_map(ctype, code, value, opac_visible, is_simple)
VALUES ('marc21_biblio_730_ind_2', '#', $$No information provided$$, FALSE, TRUE);
INSERT INTO config.coded_value_map(ctype, code, value, opac_visible, is_simple)
VALUES ('marc21_biblio_730_ind_2', '2', $$Analytical entry$$, FALSE, TRUE);
INSERT INTO config.marc_subfield(marc_format, marc_record_type, tag, code, description,
                                 repeatable, mandatory, hidden)
VALUES (1, 'biblio', '730', 'a', $$Uniform title$$,
FALSE, FALSE, FALSE);
INSERT INTO config.marc_subfield(marc_format, marc_record_type, tag, code, description,
                                 repeatable, mandatory, hidden)
VALUES (1, 'biblio', '730', 'd', $$Date of treaty signing$$,
TRUE, FALSE, FALSE);
INSERT INTO config.marc_subfield(marc_format, marc_record_type, tag, code, description,
                                 repeatable, mandatory, hidden)
VALUES (1, 'biblio', '730', 'f', $$Date of a work$$,
FALSE, FALSE, FALSE);
INSERT INTO config.marc_subfield(marc_format, marc_record_type, tag, code, description,
                                 repeatable, mandatory, hidden)
VALUES (1, 'biblio', '730', 'g', $$Miscellaneous information$$,
FALSE, FALSE, FALSE);
INSERT INTO config.marc_subfield(marc_format, marc_record_type, tag, code, description,
                                 repeatable, mandatory, hidden)
VALUES (1, 'biblio', '730', 'h', $$Medium$$,
FALSE, FALSE, FALSE);
INSERT INTO config.marc_subfield(marc_format, marc_record_type, tag, code, description,
                                 repeatable, mandatory, hidden)
VALUES (1, 'biblio', '730', 'k', $$Form subheading$$,
TRUE, FALSE, FALSE);
INSERT INTO config.marc_subfield(marc_format, marc_record_type, tag, code, description,
                                 repeatable, mandatory, hidden)
VALUES (1, 'biblio', '730', 'l', $$Language of a work$$,
FALSE, FALSE, FALSE);
INSERT INTO config.marc_subfield(marc_format, marc_record_type, tag, code, description,
                                 repeatable, mandatory, hidden)
VALUES (1, 'biblio', '730', 'm', $$Medium of performance for music$$,
TRUE, FALSE, FALSE);
INSERT INTO config.marc_subfield(marc_format, marc_record_type, tag, code, description,
                                 repeatable, mandatory, hidden)
VALUES (1, 'biblio', '730', 'n', $$Number of part/section of a work$$,
TRUE, FALSE, FALSE);
INSERT INTO config.marc_subfield(marc_format, marc_record_type, tag, code, description,
                                 repeatable, mandatory, hidden)
VALUES (1, 'biblio', '730', 'o', $$Arranged statement for music$$,
FALSE, FALSE, FALSE);
INSERT INTO config.marc_subfield(marc_format, marc_record_type, tag, code, description,
                                 repeatable, mandatory, hidden)
VALUES (1, 'biblio', '730', 'p', $$Name of part/section of a work$$,
TRUE, FALSE, FALSE);
INSERT INTO config.marc_subfield(marc_format, marc_record_type, tag, code, description,
                                 repeatable, mandatory, hidden)
VALUES (1, 'biblio', '730', 'r', $$Key for music$$,
FALSE, FALSE, FALSE);
INSERT INTO config.marc_subfield(marc_format, marc_record_type, tag, code, description,
                                 repeatable, mandatory, hidden)
VALUES (1, 'biblio', '730', 's', $$Version$$,
FALSE, FALSE, FALSE);
INSERT INTO config.marc_subfield(marc_format, marc_record_type, tag, code, description,
                                 repeatable, mandatory, hidden)
VALUES (1, 'biblio', '730', 't', $$Title of a work$$,
FALSE, FALSE, FALSE);
INSERT INTO config.marc_subfield(marc_format, marc_record_type, tag, code, description,
                                 repeatable, mandatory, hidden)
VALUES (1, 'biblio', '730', 'x', $$International Standard Serial Number$$,
FALSE, FALSE, FALSE);
INSERT INTO config.marc_subfield(marc_format, marc_record_type, tag, code, description,
                                 repeatable, mandatory, hidden)
VALUES (1, 'biblio', '730', '0', $$Authority record control number$$,
TRUE, FALSE, FALSE);
INSERT INTO config.marc_subfield(marc_format, marc_record_type, tag, code, description,
                                 repeatable, mandatory, hidden)
VALUES (1, 'biblio', '730', '3', $$Materials specified$$,
FALSE, FALSE, FALSE);
INSERT INTO config.marc_subfield(marc_format, marc_record_type, tag, code, description,
                                 repeatable, mandatory, hidden)
VALUES (1, 'biblio', '730', '5', $$Institution to which field applies$$,
FALSE, FALSE, FALSE);
INSERT INTO config.marc_subfield(marc_format, marc_record_type, tag, code, description,
                                 repeatable, mandatory, hidden)
VALUES (1, 'biblio', '730', '6', $$Linkage$$,
FALSE, FALSE, FALSE);
INSERT INTO config.marc_subfield(marc_format, marc_record_type, tag, code, description,
                                 repeatable, mandatory, hidden)
VALUES (1, 'biblio', '730', '8', $$Field link and sequence number$$,
TRUE, FALSE, FALSE);
INSERT INTO config.marc_field(marc_format, marc_record_type, tag, name, description,
                              fixed_field, repeatable, mandatory, hidden)
VALUES (1, 'biblio', '740', $$Added Entry-Uncontrolled Related/Analytical Title$$, $$Added entries for related or analytical titles that are not controlled through an authority file or list. (If related or analytical titles are controlled by an authority file, use field 730 (Added entry - uniform title)).$$,
FALSE, TRUE, FALSE, FALSE);
INSERT INTO config.record_attr_definition(name, label)
VALUES ('marc21_biblio_740_ind_1', 'MARC 21 biblio field 740 indicator position 1');
INSERT INTO config.coded_value_map(ctype, code, value, opac_visible, is_simple)
VALUES ('marc21_biblio_740_ind_1', '0', $$No nonfiling characters$$, FALSE, TRUE);
INSERT INTO config.coded_value_map(ctype, code, value, opac_visible, is_simple)
VALUES ('marc21_biblio_740_ind_1', '1', $$Number of nonfiling characters - 1$$, FALSE, TRUE);
INSERT INTO config.coded_value_map(ctype, code, value, opac_visible, is_simple)
VALUES ('marc21_biblio_740_ind_1', '2', $$Number of nonfiling characters - 2$$, FALSE, TRUE);
INSERT INTO config.coded_value_map(ctype, code, value, opac_visible, is_simple)
VALUES ('marc21_biblio_740_ind_1', '3', $$Number of nonfiling characters - 3$$, FALSE, TRUE);
INSERT INTO config.coded_value_map(ctype, code, value, opac_visible, is_simple)
VALUES ('marc21_biblio_740_ind_1', '4', $$Number of nonfiling characters - 4$$, FALSE, TRUE);
INSERT INTO config.coded_value_map(ctype, code, value, opac_visible, is_simple)
VALUES ('marc21_biblio_740_ind_1', '5', $$Number of nonfiling characters - 5$$, FALSE, TRUE);
INSERT INTO config.coded_value_map(ctype, code, value, opac_visible, is_simple)
VALUES ('marc21_biblio_740_ind_1', '6', $$Number of nonfiling characters - 6$$, FALSE, TRUE);
INSERT INTO config.coded_value_map(ctype, code, value, opac_visible, is_simple)
VALUES ('marc21_biblio_740_ind_1', '7', $$Number of nonfiling characters - 7$$, FALSE, TRUE);
INSERT INTO config.coded_value_map(ctype, code, value, opac_visible, is_simple)
VALUES ('marc21_biblio_740_ind_1', '8', $$Number of nonfiling characters - 8$$, FALSE, TRUE);
INSERT INTO config.coded_value_map(ctype, code, value, opac_visible, is_simple)
VALUES ('marc21_biblio_740_ind_1', '9', $$Number of nonfiling characters - 9$$, FALSE, TRUE);
INSERT INTO config.record_attr_definition(name, label)
VALUES ('marc21_biblio_740_ind_2', 'MARC 21 biblio field 740 indicator position 2');
INSERT INTO config.coded_value_map(ctype, code, value, opac_visible, is_simple)
VALUES ('marc21_biblio_740_ind_2', '#', $$No information provided$$, FALSE, TRUE);
INSERT INTO config.coded_value_map(ctype, code, value, opac_visible, is_simple)
VALUES ('marc21_biblio_740_ind_2', '2', $$Analytical entry$$, FALSE, TRUE);
INSERT INTO config.marc_subfield(marc_format, marc_record_type, tag, code, description,
                                 repeatable, mandatory, hidden)
VALUES (1, 'biblio', '740', 'a', $$Uncontrolled related/analytical title$$,
FALSE, FALSE, FALSE);
INSERT INTO config.marc_subfield(marc_format, marc_record_type, tag, code, description,
                                 repeatable, mandatory, hidden)
VALUES (1, 'biblio', '740', 'h', $$Medium$$,
FALSE, FALSE, FALSE);
INSERT INTO config.marc_subfield(marc_format, marc_record_type, tag, code, description,
                                 repeatable, mandatory, hidden)
VALUES (1, 'biblio', '740', 'n', $$Number of part/section of a work$$,
TRUE, FALSE, FALSE);
INSERT INTO config.marc_subfield(marc_format, marc_record_type, tag, code, description,
                                 repeatable, mandatory, hidden)
VALUES (1, 'biblio', '740', 'p', $$Name of part/section of a work$$,
TRUE, FALSE, FALSE);
INSERT INTO config.marc_subfield(marc_format, marc_record_type, tag, code, description,
                                 repeatable, mandatory, hidden)
VALUES (1, 'biblio', '740', '5', $$Institution to which field applies$$,
FALSE, FALSE, FALSE);
INSERT INTO config.marc_subfield(marc_format, marc_record_type, tag, code, description,
                                 repeatable, mandatory, hidden)
VALUES (1, 'biblio', '740', '6', $$Linkage$$,
FALSE, FALSE, FALSE);
INSERT INTO config.marc_subfield(marc_format, marc_record_type, tag, code, description,
                                 repeatable, mandatory, hidden)
VALUES (1, 'biblio', '740', '8', $$Field link and sequence number$$,
TRUE, FALSE, FALSE);
INSERT INTO config.marc_field(marc_format, marc_record_type, tag, name, description,
                              fixed_field, repeatable, mandatory, hidden)
VALUES (1, 'biblio', '751', $$Added Entry-Geographic Name$$, $$Added entry in which the entry element is a geographic name that is related to a particular attribute of the described item, e.g., the place of publication for a rare book, place of distribution, place of a university to which a dissertation is submitted, place of an event such as a conference, etc.$$,
FALSE, TRUE, FALSE, FALSE);
INSERT INTO config.record_attr_definition(name, label)
VALUES ('marc21_biblio_751_ind_1', 'MARC 21 biblio field 751 indicator position 1');
INSERT INTO config.coded_value_map(ctype, code, value, opac_visible, is_simple)
VALUES ('marc21_biblio_751_ind_1', '#', $$Undefined$$, FALSE, TRUE);
INSERT INTO config.record_attr_definition(name, label)
VALUES ('marc21_biblio_751_ind_2', 'MARC 21 biblio field 751 indicator position 2');
INSERT INTO config.coded_value_map(ctype, code, value, opac_visible, is_simple)
VALUES ('marc21_biblio_751_ind_2', '#', $$Undefined$$, FALSE, TRUE);
INSERT INTO config.marc_subfield(marc_format, marc_record_type, tag, code, description,
                                 repeatable, mandatory, hidden)
VALUES (1, 'biblio', '751', 'a', $$Geographic name$$,
FALSE, FALSE, FALSE);
INSERT INTO config.marc_subfield(marc_format, marc_record_type, tag, code, description,
                                 repeatable, mandatory, hidden)
VALUES (1, 'biblio', '751', 'e', $$Relator term$$,
TRUE, FALSE, FALSE);
INSERT INTO config.marc_subfield(marc_format, marc_record_type, tag, code, description,
                                 repeatable, mandatory, hidden)
VALUES (1, 'biblio', '751', '0', $$Authority record control number$$,
TRUE, FALSE, FALSE);
INSERT INTO config.marc_subfield(marc_format, marc_record_type, tag, code, description,
                                 repeatable, mandatory, hidden)
VALUES (1, 'biblio', '751', '2', $$Source of heading or term$$,
FALSE, FALSE, FALSE);
INSERT INTO config.marc_subfield(marc_format, marc_record_type, tag, code, description,
                                 repeatable, mandatory, hidden)
VALUES (1, 'biblio', '751', '3', $$Materials specified$$,
FALSE, FALSE, FALSE);
INSERT INTO config.marc_subfield(marc_format, marc_record_type, tag, code, description,
                                 repeatable, mandatory, hidden)
VALUES (1, 'biblio', '751', '4', $$Relator code$$,
TRUE, FALSE, FALSE);
INSERT INTO config.marc_subfield(marc_format, marc_record_type, tag, code, description,
                                 repeatable, mandatory, hidden)
VALUES (1, 'biblio', '751', '6', $$Linkage$$,
FALSE, FALSE, FALSE);
INSERT INTO config.marc_subfield(marc_format, marc_record_type, tag, code, description,
                                 repeatable, mandatory, hidden)
VALUES (1, 'biblio', '751', '8', $$Field link and sequence number$$,
TRUE, FALSE, FALSE);
INSERT INTO config.marc_field(marc_format, marc_record_type, tag, name, description,
                              fixed_field, repeatable, mandatory, hidden)
VALUES (1, 'biblio', '752', $$Added Entry-Hierarchical Place Name$$, $$Added entry in which the entry element is a hierarchical form of place name that is related to a particular attribute of the described item, e.g., the place of publication for a rare book. For display, a dash (--) may be generated to separate the subelements of the place name, e.g., Canada -- British Columbia -- Vancouver.$$,
FALSE, TRUE, FALSE, FALSE);
INSERT INTO config.record_attr_definition(name, label)
VALUES ('marc21_biblio_752_ind_1', 'MARC 21 biblio field 752 indicator position 1');
INSERT INTO config.coded_value_map(ctype, code, value, opac_visible, is_simple)
VALUES ('marc21_biblio_752_ind_1', '#', $$Undefined$$, FALSE, TRUE);
INSERT INTO config.record_attr_definition(name, label)
VALUES ('marc21_biblio_752_ind_2', 'MARC 21 biblio field 752 indicator position 2');
INSERT INTO config.coded_value_map(ctype, code, value, opac_visible, is_simple)
VALUES ('marc21_biblio_752_ind_2', '#', $$Undefined$$, FALSE, TRUE);
INSERT INTO config.marc_subfield(marc_format, marc_record_type, tag, code, description,
                                 repeatable, mandatory, hidden)
VALUES (1, 'biblio', '752', 'a', $$Country or larger entity$$,
TRUE, FALSE, FALSE);
INSERT INTO config.marc_subfield(marc_format, marc_record_type, tag, code, description,
                                 repeatable, mandatory, hidden)
VALUES (1, 'biblio', '752', 'b', $$First-order political jurisdiction$$,
FALSE, FALSE, FALSE);
INSERT INTO config.marc_subfield(marc_format, marc_record_type, tag, code, description,
                                 repeatable, mandatory, hidden)
VALUES (1, 'biblio', '752', 'c', $$Intermediate political jurisdiction$$,
TRUE, FALSE, FALSE);
INSERT INTO config.marc_subfield(marc_format, marc_record_type, tag, code, description,
                                 repeatable, mandatory, hidden)
VALUES (1, 'biblio', '752', 'd', $$City$$,
FALSE, FALSE, FALSE);
INSERT INTO config.marc_subfield(marc_format, marc_record_type, tag, code, description,
                                 repeatable, mandatory, hidden)
VALUES (1, 'biblio', '752', 'f', $$City subsection$$,
TRUE, FALSE, FALSE);
INSERT INTO config.marc_subfield(marc_format, marc_record_type, tag, code, description,
                                 repeatable, mandatory, hidden)
VALUES (1, 'biblio', '752', 'g', $$Other nonjurisdictional geographic region and feature$$,
TRUE, FALSE, FALSE);
INSERT INTO config.marc_subfield(marc_format, marc_record_type, tag, code, description,
                                 repeatable, mandatory, hidden)
VALUES (1, 'biblio', '752', 'h', $$Extraterrestrial area$$,
TRUE, FALSE, FALSE);
INSERT INTO config.marc_subfield(marc_format, marc_record_type, tag, code, description,
                                 repeatable, mandatory, hidden)
VALUES (1, 'biblio', '752', '0', $$Authority record control number$$,
TRUE, FALSE, FALSE);
INSERT INTO config.marc_subfield(marc_format, marc_record_type, tag, code, description,
                                 repeatable, mandatory, hidden)
VALUES (1, 'biblio', '752', '2', $$Source of heading or term$$,
FALSE, FALSE, FALSE);
INSERT INTO config.marc_subfield(marc_format, marc_record_type, tag, code, description,
                                 repeatable, mandatory, hidden)
VALUES (1, 'biblio', '752', '6', $$Linkage$$,
FALSE, FALSE, FALSE);
INSERT INTO config.marc_subfield(marc_format, marc_record_type, tag, code, description,
                                 repeatable, mandatory, hidden)
VALUES (1, 'biblio', '752', '8', $$Field link and sequence number$$,
TRUE, FALSE, FALSE);
INSERT INTO config.marc_field(marc_format, marc_record_type, tag, name, description,
                              fixed_field, repeatable, mandatory, hidden)
VALUES (1, 'biblio', '753', $$System Details Access to Computer Files$$, $$Information on the technical aspects of a computer file and any accompanying material that may be used to select and arrange the record with other records in a printed index.$$,
FALSE, TRUE, FALSE, FALSE);
INSERT INTO config.record_attr_definition(name, label)
VALUES ('marc21_biblio_753_ind_1', 'MARC 21 biblio field 753 indicator position 1');
INSERT INTO config.coded_value_map(ctype, code, value, opac_visible, is_simple)
VALUES ('marc21_biblio_753_ind_1', '#', $$Undefined$$, FALSE, TRUE);
INSERT INTO config.record_attr_definition(name, label)
VALUES ('marc21_biblio_753_ind_2', 'MARC 21 biblio field 753 indicator position 2');
INSERT INTO config.coded_value_map(ctype, code, value, opac_visible, is_simple)
VALUES ('marc21_biblio_753_ind_2', '#', $$Undefined$$, FALSE, TRUE);
INSERT INTO config.marc_subfield(marc_format, marc_record_type, tag, code, description,
                                 repeatable, mandatory, hidden)
VALUES (1, 'biblio', '753', 'a', $$Make and model of machine$$,
FALSE, FALSE, FALSE);
INSERT INTO config.marc_subfield(marc_format, marc_record_type, tag, code, description,
                                 repeatable, mandatory, hidden)
VALUES (1, 'biblio', '753', 'b', $$Programming language$$,
FALSE, FALSE, FALSE);
INSERT INTO config.marc_subfield(marc_format, marc_record_type, tag, code, description,
                                 repeatable, mandatory, hidden)
VALUES (1, 'biblio', '753', 'c', $$Operating system$$,
FALSE, FALSE, FALSE);
INSERT INTO config.marc_subfield(marc_format, marc_record_type, tag, code, description,
                                 repeatable, mandatory, hidden)
VALUES (1, 'biblio', '753', '6', $$Linkage$$,
FALSE, FALSE, FALSE);
INSERT INTO config.marc_subfield(marc_format, marc_record_type, tag, code, description,
                                 repeatable, mandatory, hidden)
VALUES (1, 'biblio', '753', '8', $$Field link and sequence number$$,
TRUE, FALSE, FALSE);
INSERT INTO config.marc_field(marc_format, marc_record_type, tag, name, description,
                              fixed_field, repeatable, mandatory, hidden)
VALUES (1, 'biblio', '754', $$Added Entry-Taxonomic Identification$$, $$Added entry in which the entry element is the taxonomic name or category associated with the described item.$$,
FALSE, TRUE, FALSE, FALSE);
INSERT INTO config.record_attr_definition(name, label)
VALUES ('marc21_biblio_754_ind_1', 'MARC 21 biblio field 754 indicator position 1');
INSERT INTO config.coded_value_map(ctype, code, value, opac_visible, is_simple)
VALUES ('marc21_biblio_754_ind_1', '#', $$Undefined$$, FALSE, TRUE);
INSERT INTO config.record_attr_definition(name, label)
VALUES ('marc21_biblio_754_ind_2', 'MARC 21 biblio field 754 indicator position 2');
INSERT INTO config.coded_value_map(ctype, code, value, opac_visible, is_simple)
VALUES ('marc21_biblio_754_ind_2', '#', $$Undefined$$, FALSE, TRUE);
INSERT INTO config.marc_subfield(marc_format, marc_record_type, tag, code, description,
                                 repeatable, mandatory, hidden)
VALUES (1, 'biblio', '754', 'a', $$Taxonomic name$$,
TRUE, FALSE, FALSE);
INSERT INTO config.marc_subfield(marc_format, marc_record_type, tag, code, description,
                                 repeatable, mandatory, hidden)
VALUES (1, 'biblio', '754', 'c', $$Taxonomic category$$,
TRUE, FALSE, FALSE);
INSERT INTO config.marc_subfield(marc_format, marc_record_type, tag, code, description,
                                 repeatable, mandatory, hidden)
VALUES (1, 'biblio', '754', 'd', $$Common or alternative name$$,
TRUE, FALSE, FALSE);
INSERT INTO config.marc_subfield(marc_format, marc_record_type, tag, code, description,
                                 repeatable, mandatory, hidden)
VALUES (1, 'biblio', '754', 'x', $$Non-public note$$,
TRUE, FALSE, FALSE);
INSERT INTO config.marc_subfield(marc_format, marc_record_type, tag, code, description,
                                 repeatable, mandatory, hidden)
VALUES (1, 'biblio', '754', 'z', $$Public note$$,
TRUE, FALSE, FALSE);
INSERT INTO config.marc_subfield(marc_format, marc_record_type, tag, code, description,
                                 repeatable, mandatory, hidden)
VALUES (1, 'biblio', '754', '0', $$Authority record control number$$,
TRUE, FALSE, FALSE);
INSERT INTO config.marc_subfield(marc_format, marc_record_type, tag, code, description,
                                 repeatable, mandatory, hidden)
VALUES (1, 'biblio', '754', '2', $$Source of taxonomic identification$$,
FALSE, FALSE, FALSE);
INSERT INTO config.marc_subfield(marc_format, marc_record_type, tag, code, description,
                                 repeatable, mandatory, hidden)
VALUES (1, 'biblio', '754', '6', $$Linkage$$,
FALSE, FALSE, FALSE);
INSERT INTO config.marc_subfield(marc_format, marc_record_type, tag, code, description,
                                 repeatable, mandatory, hidden)
VALUES (1, 'biblio', '754', '8', $$Field link and sequence number$$,
TRUE, FALSE, FALSE);
INSERT INTO config.marc_field(marc_format, marc_record_type, tag, name, description,
                              fixed_field, repeatable, mandatory, hidden)
VALUES (1, 'biblio', '760', $$Main Series Entry$$, $$Information concerning the related main series when the target item is a subseries (vertical relationship). When a note is generated from this field, the introductory phrase or may be generated based on the field tag for display.$$,
FALSE, TRUE, FALSE, FALSE);
INSERT INTO config.record_attr_definition(name, label)
VALUES ('marc21_biblio_760_ind_1', 'MARC 21 biblio field 760 indicator position 1');
INSERT INTO config.coded_value_map(ctype, code, value, opac_visible, is_simple)
VALUES ('marc21_biblio_760_ind_1', '0', $$Display note$$, FALSE, TRUE);
INSERT INTO config.coded_value_map(ctype, code, value, opac_visible, is_simple)
VALUES ('marc21_biblio_760_ind_1', '1', $$Do not display note$$, FALSE, TRUE);
INSERT INTO config.record_attr_definition(name, label)
VALUES ('marc21_biblio_760_ind_2', 'MARC 21 biblio field 760 indicator position 2');
INSERT INTO config.coded_value_map(ctype, code, value, opac_visible, is_simple)
VALUES ('marc21_biblio_760_ind_2', '#', $$Main series$$, FALSE, TRUE);
INSERT INTO config.coded_value_map(ctype, code, value, opac_visible, is_simple)
VALUES ('marc21_biblio_760_ind_2', '8', $$No display constant generated$$, FALSE, TRUE);
INSERT INTO config.marc_subfield(marc_format, marc_record_type, tag, code, description,
                                 repeatable, mandatory, hidden)
VALUES (1, 'biblio', '760', 'a', $$Main entry heading$$,
FALSE, FALSE, FALSE);
INSERT INTO config.marc_subfield(marc_format, marc_record_type, tag, code, description,
                                 repeatable, mandatory, hidden)
VALUES (1, 'biblio', '760', 'b', $$Edition$$,
FALSE, FALSE, FALSE);
INSERT INTO config.marc_subfield(marc_format, marc_record_type, tag, code, description,
                                 repeatable, mandatory, hidden)
VALUES (1, 'biblio', '760', 'c', $$Qualifying information$$,
FALSE, FALSE, FALSE);
INSERT INTO config.marc_subfield(marc_format, marc_record_type, tag, code, description,
                                 repeatable, mandatory, hidden)
VALUES (1, 'biblio', '760', 'd', $$Place, publisher, and date of publication$$,
FALSE, FALSE, FALSE);
INSERT INTO config.marc_subfield(marc_format, marc_record_type, tag, code, description,
                                 repeatable, mandatory, hidden)
VALUES (1, 'biblio', '760', 'g', $$Related parts$$,
TRUE, FALSE, FALSE);
INSERT INTO config.marc_subfield(marc_format, marc_record_type, tag, code, description,
                                 repeatable, mandatory, hidden)
VALUES (1, 'biblio', '760', 'h', $$Physical description$$,
FALSE, FALSE, FALSE);
INSERT INTO config.marc_subfield(marc_format, marc_record_type, tag, code, description,
                                 repeatable, mandatory, hidden)
VALUES (1, 'biblio', '760', 'i', $$Relationship information$$,
TRUE, FALSE, FALSE);
INSERT INTO config.marc_subfield(marc_format, marc_record_type, tag, code, description,
                                 repeatable, mandatory, hidden)
VALUES (1, 'biblio', '760', 'm', $$Material-specific details$$,
FALSE, FALSE, FALSE);
INSERT INTO config.marc_subfield(marc_format, marc_record_type, tag, code, description,
                                 repeatable, mandatory, hidden)
VALUES (1, 'biblio', '760', 'n', $$Note$$,
TRUE, FALSE, FALSE);
INSERT INTO config.marc_subfield(marc_format, marc_record_type, tag, code, description,
                                 repeatable, mandatory, hidden)
VALUES (1, 'biblio', '760', 'o', $$Other item identifier$$,
TRUE, FALSE, FALSE);
INSERT INTO config.marc_subfield(marc_format, marc_record_type, tag, code, description,
                                 repeatable, mandatory, hidden)
VALUES (1, 'biblio', '760', 's', $$Uniform title$$,
FALSE, FALSE, FALSE);
INSERT INTO config.marc_subfield(marc_format, marc_record_type, tag, code, description,
                                 repeatable, mandatory, hidden)
VALUES (1, 'biblio', '760', 't', $$Title$$,
FALSE, FALSE, FALSE);
INSERT INTO config.marc_subfield(marc_format, marc_record_type, tag, code, description,
                                 repeatable, mandatory, hidden)
VALUES (1, 'biblio', '760', 'w', $$Record control number$$,
TRUE, FALSE, FALSE);
INSERT INTO config.marc_subfield(marc_format, marc_record_type, tag, code, description,
                                 repeatable, mandatory, hidden)
VALUES (1, 'biblio', '760', 'x', $$International Standard Serial Number$$,
FALSE, FALSE, FALSE);
INSERT INTO config.marc_subfield(marc_format, marc_record_type, tag, code, description,
                                 repeatable, mandatory, hidden)
VALUES (1, 'biblio', '760', 'y', $$CODEN designation$$,
FALSE, FALSE, FALSE);
INSERT INTO config.marc_subfield(marc_format, marc_record_type, tag, code, description,
                                 repeatable, mandatory, hidden)
VALUES (1, 'biblio', '760', '6', $$Linkage$$,
FALSE, FALSE, FALSE);
INSERT INTO config.marc_subfield(marc_format, marc_record_type, tag, code, description,
                                 repeatable, mandatory, hidden)
VALUES (1, 'biblio', '760', '7', $$Control subfield$$,
FALSE, FALSE, FALSE);
INSERT INTO config.marc_subfield(marc_format, marc_record_type, tag, code, description,
                                 repeatable, mandatory, hidden)
VALUES (1, 'biblio', '760', 'p', $$Personal name$$,
TRUE, FALSE, FALSE);
INSERT INTO config.marc_field(marc_format, marc_record_type, tag, name, description,
                              fixed_field, repeatable, mandatory, hidden)
VALUES (1, 'biblio', '762', $$Subseries Entry$$, $$Information concerning a related subseries when the target item is a main series or a parent subseries (vertical relationship). When a note is generated from this field, the introductory phrase may be generated based on the field tag for display.$$,
FALSE, TRUE, FALSE, FALSE);
INSERT INTO config.record_attr_definition(name, label)
VALUES ('marc21_biblio_762_ind_1', 'MARC 21 biblio field 762 indicator position 1');
INSERT INTO config.coded_value_map(ctype, code, value, opac_visible, is_simple)
VALUES ('marc21_biblio_762_ind_1', '0', $$Display note$$, FALSE, TRUE);
INSERT INTO config.coded_value_map(ctype, code, value, opac_visible, is_simple)
VALUES ('marc21_biblio_762_ind_1', '1', $$Do not display note$$, FALSE, TRUE);
INSERT INTO config.record_attr_definition(name, label)
VALUES ('marc21_biblio_762_ind_2', 'MARC 21 biblio field 762 indicator position 2');
INSERT INTO config.coded_value_map(ctype, code, value, opac_visible, is_simple)
VALUES ('marc21_biblio_762_ind_2', '#', $$Has subseries$$, FALSE, TRUE);
INSERT INTO config.coded_value_map(ctype, code, value, opac_visible, is_simple)
VALUES ('marc21_biblio_762_ind_2', '8', $$No display constant generated$$, FALSE, TRUE);
INSERT INTO config.marc_subfield(marc_format, marc_record_type, tag, code, description,
                                 repeatable, mandatory, hidden)
VALUES (1, 'biblio', '762', 'a', $$Main entry heading$$,
FALSE, FALSE, FALSE);
INSERT INTO config.marc_subfield(marc_format, marc_record_type, tag, code, description,
                                 repeatable, mandatory, hidden)
VALUES (1, 'biblio', '762', 'b', $$Edition$$,
FALSE, FALSE, FALSE);
INSERT INTO config.marc_subfield(marc_format, marc_record_type, tag, code, description,
                                 repeatable, mandatory, hidden)
VALUES (1, 'biblio', '762', 'c', $$Qualifying information$$,
FALSE, FALSE, FALSE);
INSERT INTO config.marc_subfield(marc_format, marc_record_type, tag, code, description,
                                 repeatable, mandatory, hidden)
VALUES (1, 'biblio', '762', 'd', $$Place, publisher, and date of publication$$,
FALSE, FALSE, FALSE);
INSERT INTO config.marc_subfield(marc_format, marc_record_type, tag, code, description,
                                 repeatable, mandatory, hidden)
VALUES (1, 'biblio', '762', 'g', $$Related parts$$,
TRUE, FALSE, FALSE);
INSERT INTO config.marc_subfield(marc_format, marc_record_type, tag, code, description,
                                 repeatable, mandatory, hidden)
VALUES (1, 'biblio', '762', 'h', $$Physical description$$,
FALSE, FALSE, FALSE);
INSERT INTO config.marc_subfield(marc_format, marc_record_type, tag, code, description,
                                 repeatable, mandatory, hidden)
VALUES (1, 'biblio', '762', 'i', $$Relationship information$$,
TRUE, FALSE, FALSE);
INSERT INTO config.marc_subfield(marc_format, marc_record_type, tag, code, description,
                                 repeatable, mandatory, hidden)
VALUES (1, 'biblio', '762', 'm', $$Material-specific details$$,
FALSE, FALSE, FALSE);
INSERT INTO config.marc_subfield(marc_format, marc_record_type, tag, code, description,
                                 repeatable, mandatory, hidden)
VALUES (1, 'biblio', '762', 'n', $$Note$$,
TRUE, FALSE, FALSE);
INSERT INTO config.marc_subfield(marc_format, marc_record_type, tag, code, description,
                                 repeatable, mandatory, hidden)
VALUES (1, 'biblio', '762', 'o', $$Other item identifier$$,
TRUE, FALSE, FALSE);
INSERT INTO config.marc_subfield(marc_format, marc_record_type, tag, code, description,
                                 repeatable, mandatory, hidden)
VALUES (1, 'biblio', '762', 's', $$Uniform title$$,
FALSE, FALSE, FALSE);
INSERT INTO config.marc_subfield(marc_format, marc_record_type, tag, code, description,
                                 repeatable, mandatory, hidden)
VALUES (1, 'biblio', '762', 't', $$Title$$,
FALSE, FALSE, FALSE);
INSERT INTO config.marc_subfield(marc_format, marc_record_type, tag, code, description,
                                 repeatable, mandatory, hidden)
VALUES (1, 'biblio', '762', 'w', $$Record control number$$,
TRUE, FALSE, FALSE);
INSERT INTO config.marc_subfield(marc_format, marc_record_type, tag, code, description,
                                 repeatable, mandatory, hidden)
VALUES (1, 'biblio', '762', 'x', $$International Standard Serial Number$$,
FALSE, FALSE, FALSE);
INSERT INTO config.marc_subfield(marc_format, marc_record_type, tag, code, description,
                                 repeatable, mandatory, hidden)
VALUES (1, 'biblio', '762', 'y', $$CODEN designation$$,
FALSE, FALSE, FALSE);
INSERT INTO config.marc_subfield(marc_format, marc_record_type, tag, code, description,
                                 repeatable, mandatory, hidden)
VALUES (1, 'biblio', '762', '6', $$Linkage$$,
FALSE, FALSE, FALSE);
INSERT INTO config.marc_subfield(marc_format, marc_record_type, tag, code, description,
                                 repeatable, mandatory, hidden)
VALUES (1, 'biblio', '762', '7', $$Control subfield$$,
FALSE, FALSE, FALSE);
INSERT INTO config.marc_subfield(marc_format, marc_record_type, tag, code, description,
                                 repeatable, mandatory, hidden)
VALUES (1, 'biblio', '762', '8', $$Field link and sequence number$$,
TRUE, FALSE, FALSE);
INSERT INTO config.marc_field(marc_format, marc_record_type, tag, name, description,
                              fixed_field, repeatable, mandatory, hidden)
VALUES (1, 'biblio', '765', $$Original Language Entry$$, $$Information concerning the publication in its original language when the target item is a translation (horizontal relationship). When a note is generated from this field, the introductory phrase may be generated based on the field tag for display.$$,
FALSE, TRUE, FALSE, FALSE);
INSERT INTO config.record_attr_definition(name, label)
VALUES ('marc21_biblio_765_ind_1', 'MARC 21 biblio field 765 indicator position 1');
INSERT INTO config.coded_value_map(ctype, code, value, opac_visible, is_simple)
VALUES ('marc21_biblio_765_ind_1', '0', $$Display note$$, FALSE, TRUE);
INSERT INTO config.coded_value_map(ctype, code, value, opac_visible, is_simple)
VALUES ('marc21_biblio_765_ind_1', '1', $$Do not display note$$, FALSE, TRUE);
INSERT INTO config.record_attr_definition(name, label)
VALUES ('marc21_biblio_765_ind_2', 'MARC 21 biblio field 765 indicator position 2');
INSERT INTO config.coded_value_map(ctype, code, value, opac_visible, is_simple)
VALUES ('marc21_biblio_765_ind_2', '#', $$Translation of$$, FALSE, TRUE);
INSERT INTO config.coded_value_map(ctype, code, value, opac_visible, is_simple)
VALUES ('marc21_biblio_765_ind_2', '8', $$No display constant generated$$, FALSE, TRUE);
INSERT INTO config.marc_subfield(marc_format, marc_record_type, tag, code, description,
                                 repeatable, mandatory, hidden)
VALUES (1, 'biblio', '765', 'a', $$Main entry heading$$,
FALSE, FALSE, FALSE);
INSERT INTO config.marc_subfield(marc_format, marc_record_type, tag, code, description,
                                 repeatable, mandatory, hidden)
VALUES (1, 'biblio', '765', 'b', $$Edition$$,
FALSE, FALSE, FALSE);
INSERT INTO config.marc_subfield(marc_format, marc_record_type, tag, code, description,
                                 repeatable, mandatory, hidden)
VALUES (1, 'biblio', '765', 'c', $$Qualifying information$$,
FALSE, FALSE, FALSE);
INSERT INTO config.marc_subfield(marc_format, marc_record_type, tag, code, description,
                                 repeatable, mandatory, hidden)
VALUES (1, 'biblio', '765', 'd', $$Place, publisher, and date of publication$$,
FALSE, FALSE, FALSE);
INSERT INTO config.marc_subfield(marc_format, marc_record_type, tag, code, description,
                                 repeatable, mandatory, hidden)
VALUES (1, 'biblio', '765', 'g', $$Related parts$$,
TRUE, FALSE, FALSE);
INSERT INTO config.marc_subfield(marc_format, marc_record_type, tag, code, description,
                                 repeatable, mandatory, hidden)
VALUES (1, 'biblio', '765', 'h', $$Physical description$$,
FALSE, FALSE, FALSE);
INSERT INTO config.marc_subfield(marc_format, marc_record_type, tag, code, description,
                                 repeatable, mandatory, hidden)
VALUES (1, 'biblio', '765', 'i', $$Relationship information$$,
TRUE, FALSE, FALSE);
INSERT INTO config.marc_subfield(marc_format, marc_record_type, tag, code, description,
                                 repeatable, mandatory, hidden)
VALUES (1, 'biblio', '765', 'k', $$Series data for related item$$,
TRUE, FALSE, FALSE);
INSERT INTO config.marc_subfield(marc_format, marc_record_type, tag, code, description,
                                 repeatable, mandatory, hidden)
VALUES (1, 'biblio', '765', 'm', $$Material-specific details$$,
FALSE, FALSE, FALSE);
INSERT INTO config.marc_subfield(marc_format, marc_record_type, tag, code, description,
                                 repeatable, mandatory, hidden)
VALUES (1, 'biblio', '765', 'n', $$Note$$,
TRUE, FALSE, FALSE);
INSERT INTO config.marc_subfield(marc_format, marc_record_type, tag, code, description,
                                 repeatable, mandatory, hidden)
VALUES (1, 'biblio', '765', 'o', $$Other item identifier$$,
TRUE, FALSE, FALSE);
INSERT INTO config.marc_subfield(marc_format, marc_record_type, tag, code, description,
                                 repeatable, mandatory, hidden)
VALUES (1, 'biblio', '765', 'r', $$Report number$$,
TRUE, FALSE, FALSE);
INSERT INTO config.marc_subfield(marc_format, marc_record_type, tag, code, description,
                                 repeatable, mandatory, hidden)
VALUES (1, 'biblio', '765', 's', $$Uniform title$$,
FALSE, FALSE, FALSE);
INSERT INTO config.marc_subfield(marc_format, marc_record_type, tag, code, description,
                                 repeatable, mandatory, hidden)
VALUES (1, 'biblio', '765', 't', $$Title$$,
FALSE, FALSE, FALSE);
INSERT INTO config.marc_subfield(marc_format, marc_record_type, tag, code, description,
                                 repeatable, mandatory, hidden)
VALUES (1, 'biblio', '765', 'u', $$Standard Technical Report Number$$,
FALSE, FALSE, FALSE);
INSERT INTO config.marc_subfield(marc_format, marc_record_type, tag, code, description,
                                 repeatable, mandatory, hidden)
VALUES (1, 'biblio', '765', 'w', $$Record control number$$,
TRUE, FALSE, FALSE);
INSERT INTO config.marc_subfield(marc_format, marc_record_type, tag, code, description,
                                 repeatable, mandatory, hidden)
VALUES (1, 'biblio', '765', 'x', $$International Standard Serial Number$$,
FALSE, FALSE, FALSE);
INSERT INTO config.marc_subfield(marc_format, marc_record_type, tag, code, description,
                                 repeatable, mandatory, hidden)
VALUES (1, 'biblio', '765', 'y', $$CODEN designation$$,
FALSE, FALSE, FALSE);
INSERT INTO config.marc_subfield(marc_format, marc_record_type, tag, code, description,
                                 repeatable, mandatory, hidden)
VALUES (1, 'biblio', '765', 'z', $$International Standard Book Number$$,
TRUE, FALSE, FALSE);
INSERT INTO config.marc_subfield(marc_format, marc_record_type, tag, code, description,
                                 repeatable, mandatory, hidden)
VALUES (1, 'biblio', '765', '6', $$Linkage$$,
FALSE, FALSE, FALSE);
INSERT INTO config.marc_subfield(marc_format, marc_record_type, tag, code, description,
                                 repeatable, mandatory, hidden)
VALUES (1, 'biblio', '765', '7', $$Control subfield$$,
FALSE, FALSE, FALSE);
INSERT INTO config.marc_subfield(marc_format, marc_record_type, tag, code, description,
                                 repeatable, mandatory, hidden)
VALUES (1, 'biblio', '765', '8', $$Field link and sequence number$$,
TRUE, FALSE, FALSE);
INSERT INTO config.marc_field(marc_format, marc_record_type, tag, name, description,
                              fixed_field, repeatable, mandatory, hidden)
VALUES (1, 'biblio', '767', $$Translation Entry$$, $$Information concerning the publication in some other language other than the original when the target item is in the original language or is another translation (horizontal relationship). When a note is generated from this field, the introductory phrase may be generated based on the field tag for display.$$,
FALSE, TRUE, FALSE, FALSE);
INSERT INTO config.record_attr_definition(name, label)
VALUES ('marc21_biblio_767_ind_1', 'MARC 21 biblio field 767 indicator position 1');
INSERT INTO config.coded_value_map(ctype, code, value, opac_visible, is_simple)
VALUES ('marc21_biblio_767_ind_1', '0', $$Display note$$, FALSE, TRUE);
INSERT INTO config.coded_value_map(ctype, code, value, opac_visible, is_simple)
VALUES ('marc21_biblio_767_ind_1', '1', $$Do not display note$$, FALSE, TRUE);
INSERT INTO config.record_attr_definition(name, label)
VALUES ('marc21_biblio_767_ind_2', 'MARC 21 biblio field 767 indicator position 2');
INSERT INTO config.coded_value_map(ctype, code, value, opac_visible, is_simple)
VALUES ('marc21_biblio_767_ind_2', '#', $$Translated as$$, FALSE, TRUE);
INSERT INTO config.coded_value_map(ctype, code, value, opac_visible, is_simple)
VALUES ('marc21_biblio_767_ind_2', '8', $$No display constant generated$$, FALSE, TRUE);
INSERT INTO config.marc_subfield(marc_format, marc_record_type, tag, code, description,
                                 repeatable, mandatory, hidden)
VALUES (1, 'biblio', '767', 'a', $$Main entry heading$$,
FALSE, FALSE, FALSE);
INSERT INTO config.marc_subfield(marc_format, marc_record_type, tag, code, description,
                                 repeatable, mandatory, hidden)
VALUES (1, 'biblio', '767', 'b', $$Edition$$,
FALSE, FALSE, FALSE);
INSERT INTO config.marc_subfield(marc_format, marc_record_type, tag, code, description,
                                 repeatable, mandatory, hidden)
VALUES (1, 'biblio', '767', 'c', $$Qualifying information$$,
FALSE, FALSE, FALSE);
INSERT INTO config.marc_subfield(marc_format, marc_record_type, tag, code, description,
                                 repeatable, mandatory, hidden)
VALUES (1, 'biblio', '767', 'd', $$Place, publisher, and date of publication$$,
FALSE, FALSE, FALSE);
INSERT INTO config.marc_subfield(marc_format, marc_record_type, tag, code, description,
                                 repeatable, mandatory, hidden)
VALUES (1, 'biblio', '767', 'g', $$Related parts$$,
TRUE, FALSE, FALSE);
INSERT INTO config.marc_subfield(marc_format, marc_record_type, tag, code, description,
                                 repeatable, mandatory, hidden)
VALUES (1, 'biblio', '767', 'h', $$Physical description$$,
FALSE, FALSE, FALSE);
INSERT INTO config.marc_subfield(marc_format, marc_record_type, tag, code, description,
                                 repeatable, mandatory, hidden)
VALUES (1, 'biblio', '767', 'i', $$Relationship information$$,
TRUE, FALSE, FALSE);
INSERT INTO config.marc_subfield(marc_format, marc_record_type, tag, code, description,
                                 repeatable, mandatory, hidden)
VALUES (1, 'biblio', '767', 'k', $$Series data for related item$$,
TRUE, FALSE, FALSE);
INSERT INTO config.marc_subfield(marc_format, marc_record_type, tag, code, description,
                                 repeatable, mandatory, hidden)
VALUES (1, 'biblio', '767', 'm', $$Material-specific details$$,
FALSE, FALSE, FALSE);
INSERT INTO config.marc_subfield(marc_format, marc_record_type, tag, code, description,
                                 repeatable, mandatory, hidden)
VALUES (1, 'biblio', '767', 'n', $$Note$$,
TRUE, FALSE, FALSE);
INSERT INTO config.marc_subfield(marc_format, marc_record_type, tag, code, description,
                                 repeatable, mandatory, hidden)
VALUES (1, 'biblio', '767', 'o', $$Other item identifier$$,
TRUE, FALSE, FALSE);
INSERT INTO config.marc_subfield(marc_format, marc_record_type, tag, code, description,
                                 repeatable, mandatory, hidden)
VALUES (1, 'biblio', '767', 'r', $$Report number$$,
TRUE, FALSE, FALSE);
INSERT INTO config.marc_subfield(marc_format, marc_record_type, tag, code, description,
                                 repeatable, mandatory, hidden)
VALUES (1, 'biblio', '767', 's', $$Uniform title$$,
FALSE, FALSE, FALSE);
INSERT INTO config.marc_subfield(marc_format, marc_record_type, tag, code, description,
                                 repeatable, mandatory, hidden)
VALUES (1, 'biblio', '767', 't', $$Title$$,
FALSE, FALSE, FALSE);
INSERT INTO config.marc_subfield(marc_format, marc_record_type, tag, code, description,
                                 repeatable, mandatory, hidden)
VALUES (1, 'biblio', '767', 'u', $$Standard Technical Report Number$$,
FALSE, FALSE, FALSE);
INSERT INTO config.marc_subfield(marc_format, marc_record_type, tag, code, description,
                                 repeatable, mandatory, hidden)
VALUES (1, 'biblio', '767', 'w', $$Record control number$$,
TRUE, FALSE, FALSE);
INSERT INTO config.marc_subfield(marc_format, marc_record_type, tag, code, description,
                                 repeatable, mandatory, hidden)
VALUES (1, 'biblio', '767', 'x', $$International Standard Serial Number$$,
FALSE, FALSE, FALSE);
INSERT INTO config.marc_subfield(marc_format, marc_record_type, tag, code, description,
                                 repeatable, mandatory, hidden)
VALUES (1, 'biblio', '767', 'y', $$CODEN designation$$,
FALSE, FALSE, FALSE);
INSERT INTO config.marc_subfield(marc_format, marc_record_type, tag, code, description,
                                 repeatable, mandatory, hidden)
VALUES (1, 'biblio', '767', 'z', $$International Standard Book Number$$,
TRUE, FALSE, FALSE);
INSERT INTO config.marc_subfield(marc_format, marc_record_type, tag, code, description,
                                 repeatable, mandatory, hidden)
VALUES (1, 'biblio', '767', '6', $$Linkage$$,
FALSE, FALSE, FALSE);
INSERT INTO config.marc_subfield(marc_format, marc_record_type, tag, code, description,
                                 repeatable, mandatory, hidden)
VALUES (1, 'biblio', '767', '7', $$Control subfield$$,
FALSE, FALSE, FALSE);
INSERT INTO config.marc_subfield(marc_format, marc_record_type, tag, code, description,
                                 repeatable, mandatory, hidden)
VALUES (1, 'biblio', '767', '8', $$Field link and sequence number$$,
TRUE, FALSE, FALSE);
INSERT INTO config.marc_field(marc_format, marc_record_type, tag, name, description,
                              fixed_field, repeatable, mandatory, hidden)
VALUES (1, 'biblio', '770', $$Supplement/Special Issue Entry$$, $$Information concerning the supplement or special issue associated with the target item but cataloged and/or input as a separate record (vertical relationship). When a note is generated from this field, the introductory phrase may be generated based on the field tag for display.$$,
FALSE, TRUE, FALSE, FALSE);
INSERT INTO config.record_attr_definition(name, label)
VALUES ('marc21_biblio_770_ind_1', 'MARC 21 biblio field 770 indicator position 1');
INSERT INTO config.coded_value_map(ctype, code, value, opac_visible, is_simple)
VALUES ('marc21_biblio_770_ind_1', '0', $$Display note$$, FALSE, TRUE);
INSERT INTO config.coded_value_map(ctype, code, value, opac_visible, is_simple)
VALUES ('marc21_biblio_770_ind_1', '1', $$Do not display note$$, FALSE, TRUE);
INSERT INTO config.record_attr_definition(name, label)
VALUES ('marc21_biblio_770_ind_2', 'MARC 21 biblio field 770 indicator position 2');
INSERT INTO config.coded_value_map(ctype, code, value, opac_visible, is_simple)
VALUES ('marc21_biblio_770_ind_2', '#', $$Has supplement$$, FALSE, TRUE);
INSERT INTO config.coded_value_map(ctype, code, value, opac_visible, is_simple)
VALUES ('marc21_biblio_770_ind_2', '8', $$No display constant generated$$, FALSE, TRUE);
INSERT INTO config.marc_subfield(marc_format, marc_record_type, tag, code, description,
                                 repeatable, mandatory, hidden)
VALUES (1, 'biblio', '770', 'a', $$Main entry heading$$,
FALSE, FALSE, FALSE);
INSERT INTO config.marc_subfield(marc_format, marc_record_type, tag, code, description,
                                 repeatable, mandatory, hidden)
VALUES (1, 'biblio', '770', 'b', $$Edition$$,
FALSE, FALSE, FALSE);
INSERT INTO config.marc_subfield(marc_format, marc_record_type, tag, code, description,
                                 repeatable, mandatory, hidden)
VALUES (1, 'biblio', '770', 'c', $$Qualifying information$$,
FALSE, FALSE, FALSE);
INSERT INTO config.marc_subfield(marc_format, marc_record_type, tag, code, description,
                                 repeatable, mandatory, hidden)
VALUES (1, 'biblio', '770', 'd', $$Place, publisher, and date of publication$$,
FALSE, FALSE, FALSE);
INSERT INTO config.marc_subfield(marc_format, marc_record_type, tag, code, description,
                                 repeatable, mandatory, hidden)
VALUES (1, 'biblio', '770', 'g', $$Related parts$$,
TRUE, FALSE, FALSE);
INSERT INTO config.marc_subfield(marc_format, marc_record_type, tag, code, description,
                                 repeatable, mandatory, hidden)
VALUES (1, 'biblio', '770', 'h', $$Physical description$$,
FALSE, FALSE, FALSE);
INSERT INTO config.marc_subfield(marc_format, marc_record_type, tag, code, description,
                                 repeatable, mandatory, hidden)
VALUES (1, 'biblio', '770', 'i', $$Relationship information$$,
TRUE, FALSE, FALSE);
INSERT INTO config.marc_subfield(marc_format, marc_record_type, tag, code, description,
                                 repeatable, mandatory, hidden)
VALUES (1, 'biblio', '770', 'k', $$Series data for related item$$,
TRUE, FALSE, FALSE);
INSERT INTO config.marc_subfield(marc_format, marc_record_type, tag, code, description,
                                 repeatable, mandatory, hidden)
VALUES (1, 'biblio', '770', 'm', $$Material-specific details$$,
FALSE, FALSE, FALSE);
INSERT INTO config.marc_subfield(marc_format, marc_record_type, tag, code, description,
                                 repeatable, mandatory, hidden)
VALUES (1, 'biblio', '770', 'n', $$Note$$,
TRUE, FALSE, FALSE);
INSERT INTO config.marc_subfield(marc_format, marc_record_type, tag, code, description,
                                 repeatable, mandatory, hidden)
VALUES (1, 'biblio', '770', 'o', $$Other item identifier$$,
TRUE, FALSE, FALSE);
INSERT INTO config.marc_subfield(marc_format, marc_record_type, tag, code, description,
                                 repeatable, mandatory, hidden)
VALUES (1, 'biblio', '770', 'r', $$Report number$$,
TRUE, FALSE, FALSE);
INSERT INTO config.marc_subfield(marc_format, marc_record_type, tag, code, description,
                                 repeatable, mandatory, hidden)
VALUES (1, 'biblio', '770', 's', $$Uniform title$$,
FALSE, FALSE, FALSE);
INSERT INTO config.marc_subfield(marc_format, marc_record_type, tag, code, description,
                                 repeatable, mandatory, hidden)
VALUES (1, 'biblio', '770', 't', $$Title$$,
FALSE, FALSE, FALSE);
INSERT INTO config.marc_subfield(marc_format, marc_record_type, tag, code, description,
                                 repeatable, mandatory, hidden)
VALUES (1, 'biblio', '770', 'u', $$Standard Technical Report Number$$,
FALSE, FALSE, FALSE);
INSERT INTO config.marc_subfield(marc_format, marc_record_type, tag, code, description,
                                 repeatable, mandatory, hidden)
VALUES (1, 'biblio', '770', 'w', $$Record control number$$,
TRUE, FALSE, FALSE);
INSERT INTO config.marc_subfield(marc_format, marc_record_type, tag, code, description,
                                 repeatable, mandatory, hidden)
VALUES (1, 'biblio', '770', 'x', $$International Standard Serial Number$$,
FALSE, FALSE, FALSE);
INSERT INTO config.marc_subfield(marc_format, marc_record_type, tag, code, description,
                                 repeatable, mandatory, hidden)
VALUES (1, 'biblio', '770', 'y', $$CODEN designation$$,
FALSE, FALSE, FALSE);
INSERT INTO config.marc_subfield(marc_format, marc_record_type, tag, code, description,
                                 repeatable, mandatory, hidden)
VALUES (1, 'biblio', '770', 'z', $$International Standard Book Number$$,
TRUE, FALSE, FALSE);
INSERT INTO config.marc_subfield(marc_format, marc_record_type, tag, code, description,
                                 repeatable, mandatory, hidden)
VALUES (1, 'biblio', '770', '6', $$Linkage$$,
FALSE, FALSE, FALSE);
INSERT INTO config.marc_subfield(marc_format, marc_record_type, tag, code, description,
                                 repeatable, mandatory, hidden)
VALUES (1, 'biblio', '770', '7', $$Control subfield$$,
FALSE, FALSE, FALSE);
INSERT INTO config.marc_subfield(marc_format, marc_record_type, tag, code, description,
                                 repeatable, mandatory, hidden)
VALUES (1, 'biblio', '770', '8', $$Field link and sequence number$$,
TRUE, FALSE, FALSE);
INSERT INTO config.marc_field(marc_format, marc_record_type, tag, name, description,
                              fixed_field, repeatable, mandatory, hidden)
VALUES (1, 'biblio', '772', $$Supplement Parent Entry$$, $$Information concerning the related parent record when the target item is a single issue, supplement or special issue (vertical relationship) of the parent item. When a note is generated from this field, the introductory phrase may be generated based on the field tag for display.$$,
FALSE, TRUE, FALSE, FALSE);
INSERT INTO config.record_attr_definition(name, label)
VALUES ('marc21_biblio_772_ind_1', 'MARC 21 biblio field 772 indicator position 1');
INSERT INTO config.coded_value_map(ctype, code, value, opac_visible, is_simple)
VALUES ('marc21_biblio_772_ind_1', '0', $$Display note$$, FALSE, TRUE);
INSERT INTO config.coded_value_map(ctype, code, value, opac_visible, is_simple)
VALUES ('marc21_biblio_772_ind_1', '1', $$Do not display note$$, FALSE, TRUE);
INSERT INTO config.record_attr_definition(name, label)
VALUES ('marc21_biblio_772_ind_2', 'MARC 21 biblio field 772 indicator position 2');
INSERT INTO config.coded_value_map(ctype, code, value, opac_visible, is_simple)
VALUES ('marc21_biblio_772_ind_2', '#', $$Supplement to$$, FALSE, TRUE);
INSERT INTO config.coded_value_map(ctype, code, value, opac_visible, is_simple)
VALUES ('marc21_biblio_772_ind_2', '0', $$Parent$$, FALSE, TRUE);
INSERT INTO config.coded_value_map(ctype, code, value, opac_visible, is_simple)
VALUES ('marc21_biblio_772_ind_2', '8', $$No display constant generated$$, FALSE, TRUE);
INSERT INTO config.marc_subfield(marc_format, marc_record_type, tag, code, description,
                                 repeatable, mandatory, hidden)
VALUES (1, 'biblio', '772', 'a', $$Main entry heading$$,
FALSE, FALSE, FALSE);
INSERT INTO config.marc_subfield(marc_format, marc_record_type, tag, code, description,
                                 repeatable, mandatory, hidden)
VALUES (1, 'biblio', '772', 'b', $$Edition$$,
FALSE, FALSE, FALSE);
INSERT INTO config.marc_subfield(marc_format, marc_record_type, tag, code, description,
                                 repeatable, mandatory, hidden)
VALUES (1, 'biblio', '772', 'c', $$Qualifying information$$,
FALSE, FALSE, FALSE);
INSERT INTO config.marc_subfield(marc_format, marc_record_type, tag, code, description,
                                 repeatable, mandatory, hidden)
VALUES (1, 'biblio', '772', 'd', $$Place, publisher, and date of publication$$,
FALSE, FALSE, FALSE);
INSERT INTO config.marc_subfield(marc_format, marc_record_type, tag, code, description,
                                 repeatable, mandatory, hidden)
VALUES (1, 'biblio', '772', 'g', $$Related parts$$,
TRUE, FALSE, FALSE);
INSERT INTO config.marc_subfield(marc_format, marc_record_type, tag, code, description,
                                 repeatable, mandatory, hidden)
VALUES (1, 'biblio', '772', 'h', $$Physical description$$,
FALSE, FALSE, FALSE);
INSERT INTO config.marc_subfield(marc_format, marc_record_type, tag, code, description,
                                 repeatable, mandatory, hidden)
VALUES (1, 'biblio', '772', 'i', $$Relationship information$$,
TRUE, FALSE, FALSE);
INSERT INTO config.marc_subfield(marc_format, marc_record_type, tag, code, description,
                                 repeatable, mandatory, hidden)
VALUES (1, 'biblio', '772', 'k', $$Series data for related item$$,
TRUE, FALSE, FALSE);
INSERT INTO config.marc_subfield(marc_format, marc_record_type, tag, code, description,
                                 repeatable, mandatory, hidden)
VALUES (1, 'biblio', '772', 'm', $$Material-specific details$$,
FALSE, FALSE, FALSE);
INSERT INTO config.marc_subfield(marc_format, marc_record_type, tag, code, description,
                                 repeatable, mandatory, hidden)
VALUES (1, 'biblio', '772', 'n', $$Note$$,
TRUE, FALSE, FALSE);
INSERT INTO config.marc_subfield(marc_format, marc_record_type, tag, code, description,
                                 repeatable, mandatory, hidden)
VALUES (1, 'biblio', '772', 'o', $$Other item identifier$$,
TRUE, FALSE, FALSE);
INSERT INTO config.marc_subfield(marc_format, marc_record_type, tag, code, description,
                                 repeatable, mandatory, hidden)
VALUES (1, 'biblio', '772', 'r', $$Report number$$,
TRUE, FALSE, FALSE);
INSERT INTO config.marc_subfield(marc_format, marc_record_type, tag, code, description,
                                 repeatable, mandatory, hidden)
VALUES (1, 'biblio', '772', 's', $$Uniform title$$,
FALSE, FALSE, FALSE);
INSERT INTO config.marc_subfield(marc_format, marc_record_type, tag, code, description,
                                 repeatable, mandatory, hidden)
VALUES (1, 'biblio', '772', 't', $$Title$$,
FALSE, FALSE, FALSE);
INSERT INTO config.marc_subfield(marc_format, marc_record_type, tag, code, description,
                                 repeatable, mandatory, hidden)
VALUES (1, 'biblio', '772', 'u', $$Standard Technical Report Number$$,
FALSE, FALSE, FALSE);
INSERT INTO config.marc_subfield(marc_format, marc_record_type, tag, code, description,
                                 repeatable, mandatory, hidden)
VALUES (1, 'biblio', '772', 'w', $$Record control number$$,
TRUE, FALSE, FALSE);
INSERT INTO config.marc_subfield(marc_format, marc_record_type, tag, code, description,
                                 repeatable, mandatory, hidden)
VALUES (1, 'biblio', '772', 'x', $$International Standard Serial Number$$,
FALSE, FALSE, FALSE);
INSERT INTO config.marc_subfield(marc_format, marc_record_type, tag, code, description,
                                 repeatable, mandatory, hidden)
VALUES (1, 'biblio', '772', 'y', $$CODEN designation$$,
FALSE, FALSE, FALSE);
INSERT INTO config.marc_subfield(marc_format, marc_record_type, tag, code, description,
                                 repeatable, mandatory, hidden)
VALUES (1, 'biblio', '772', 'z', $$International Standard Book Number$$,
TRUE, FALSE, FALSE);
INSERT INTO config.marc_subfield(marc_format, marc_record_type, tag, code, description,
                                 repeatable, mandatory, hidden)
VALUES (1, 'biblio', '772', '6', $$Linkage$$,
FALSE, FALSE, FALSE);
INSERT INTO config.marc_subfield(marc_format, marc_record_type, tag, code, description,
                                 repeatable, mandatory, hidden)
VALUES (1, 'biblio', '772', '7', $$Control subfield$$,
FALSE, FALSE, FALSE);
INSERT INTO config.marc_subfield(marc_format, marc_record_type, tag, code, description,
                                 repeatable, mandatory, hidden)
VALUES (1, 'biblio', '772', '8', $$Field link and sequence number$$,
TRUE, FALSE, FALSE);
INSERT INTO config.marc_field(marc_format, marc_record_type, tag, name, description,
                              fixed_field, repeatable, mandatory, hidden)
VALUES (1, 'biblio', '773', $$Host Item Entry$$, $$Information concerning the host item for the constituent unit described in the record (vertical relationship). In the case of host items that are serial or multi-volume in nature, information in subfields $g and $q is necessary to point to the exact location of the component part within the bibliographic item.$$,
FALSE, TRUE, FALSE, FALSE);
INSERT INTO config.record_attr_definition(name, label)
VALUES ('marc21_biblio_773_ind_1', 'MARC 21 biblio field 773 indicator position 1');
INSERT INTO config.coded_value_map(ctype, code, value, opac_visible, is_simple)
VALUES ('marc21_biblio_773_ind_1', '0', $$Display note$$, FALSE, TRUE);
INSERT INTO config.coded_value_map(ctype, code, value, opac_visible, is_simple)
VALUES ('marc21_biblio_773_ind_1', '1', $$Do not display note$$, FALSE, TRUE);
INSERT INTO config.record_attr_definition(name, label)
VALUES ('marc21_biblio_773_ind_2', 'MARC 21 biblio field 773 indicator position 2');
INSERT INTO config.coded_value_map(ctype, code, value, opac_visible, is_simple)
VALUES ('marc21_biblio_773_ind_2', '#', $$In$$, FALSE, TRUE);
INSERT INTO config.coded_value_map(ctype, code, value, opac_visible, is_simple)
VALUES ('marc21_biblio_773_ind_2', '8', $$No display constant generated$$, FALSE, TRUE);
INSERT INTO config.marc_subfield(marc_format, marc_record_type, tag, code, description,
                                 repeatable, mandatory, hidden)
VALUES (1, 'biblio', '773', 'a', $$Main entry heading$$,
FALSE, FALSE, FALSE);
INSERT INTO config.marc_subfield(marc_format, marc_record_type, tag, code, description,
                                 repeatable, mandatory, hidden)
VALUES (1, 'biblio', '773', 'b', $$Edition$$,
FALSE, FALSE, FALSE);
INSERT INTO config.marc_subfield(marc_format, marc_record_type, tag, code, description,
                                 repeatable, mandatory, hidden)
VALUES (1, 'biblio', '773', 'd', $$Place, publisher, and date of publication$$,
FALSE, FALSE, FALSE);
INSERT INTO config.marc_subfield(marc_format, marc_record_type, tag, code, description,
                                 repeatable, mandatory, hidden)
VALUES (1, 'biblio', '773', 'g', $$Related parts$$,
TRUE, FALSE, FALSE);
INSERT INTO config.marc_subfield(marc_format, marc_record_type, tag, code, description,
                                 repeatable, mandatory, hidden)
VALUES (1, 'biblio', '773', 'h', $$Physical description$$,
FALSE, FALSE, FALSE);
INSERT INTO config.marc_subfield(marc_format, marc_record_type, tag, code, description,
                                 repeatable, mandatory, hidden)
VALUES (1, 'biblio', '773', 'i', $$Relationship information$$,
TRUE, FALSE, FALSE);
INSERT INTO config.marc_subfield(marc_format, marc_record_type, tag, code, description,
                                 repeatable, mandatory, hidden)
VALUES (1, 'biblio', '773', 'k', $$Series data for related item$$,
TRUE, FALSE, FALSE);
INSERT INTO config.marc_subfield(marc_format, marc_record_type, tag, code, description,
                                 repeatable, mandatory, hidden)
VALUES (1, 'biblio', '773', 'm', $$Material-specific details$$,
FALSE, FALSE, FALSE);
INSERT INTO config.marc_subfield(marc_format, marc_record_type, tag, code, description,
                                 repeatable, mandatory, hidden)
VALUES (1, 'biblio', '773', 'n', $$Note$$,
TRUE, FALSE, FALSE);
INSERT INTO config.marc_subfield(marc_format, marc_record_type, tag, code, description,
                                 repeatable, mandatory, hidden)
VALUES (1, 'biblio', '773', 'o', $$Other item identifier$$,
TRUE, FALSE, FALSE);
INSERT INTO config.marc_subfield(marc_format, marc_record_type, tag, code, description,
                                 repeatable, mandatory, hidden)
VALUES (1, 'biblio', '773', 'p', $$Abbreviated title$$,
FALSE, FALSE, FALSE);
INSERT INTO config.marc_subfield(marc_format, marc_record_type, tag, code, description,
                                 repeatable, mandatory, hidden)
VALUES (1, 'biblio', '773', 'q', $$Enumeration and first page$$,
FALSE, FALSE, FALSE);
INSERT INTO config.marc_subfield(marc_format, marc_record_type, tag, code, description,
                                 repeatable, mandatory, hidden)
VALUES (1, 'biblio', '773', 'r', $$Report number$$,
TRUE, FALSE, FALSE);
INSERT INTO config.marc_subfield(marc_format, marc_record_type, tag, code, description,
                                 repeatable, mandatory, hidden)
VALUES (1, 'biblio', '773', 's', $$Uniform title$$,
FALSE, FALSE, FALSE);
INSERT INTO config.marc_subfield(marc_format, marc_record_type, tag, code, description,
                                 repeatable, mandatory, hidden)
VALUES (1, 'biblio', '773', 't', $$Title$$,
FALSE, FALSE, FALSE);
INSERT INTO config.marc_subfield(marc_format, marc_record_type, tag, code, description,
                                 repeatable, mandatory, hidden)
VALUES (1, 'biblio', '773', 'u', $$Standard Technical Report Number$$,
FALSE, FALSE, FALSE);
INSERT INTO config.marc_subfield(marc_format, marc_record_type, tag, code, description,
                                 repeatable, mandatory, hidden)
VALUES (1, 'biblio', '773', 'w', $$Record control number$$,
TRUE, FALSE, FALSE);
INSERT INTO config.marc_subfield(marc_format, marc_record_type, tag, code, description,
                                 repeatable, mandatory, hidden)
VALUES (1, 'biblio', '773', 'x', $$International Standard Serial Number$$,
FALSE, FALSE, FALSE);
INSERT INTO config.marc_subfield(marc_format, marc_record_type, tag, code, description,
                                 repeatable, mandatory, hidden)
VALUES (1, 'biblio', '773', 'y', $$CODEN designation$$,
FALSE, FALSE, FALSE);
INSERT INTO config.marc_subfield(marc_format, marc_record_type, tag, code, description,
                                 repeatable, mandatory, hidden)
VALUES (1, 'biblio', '773', 'z', $$International Standard Book Number$$,
TRUE, FALSE, FALSE);
INSERT INTO config.marc_subfield(marc_format, marc_record_type, tag, code, description,
                                 repeatable, mandatory, hidden)
VALUES (1, 'biblio', '773', '3', $$Materials specified$$,
FALSE, FALSE, FALSE);
INSERT INTO config.marc_subfield(marc_format, marc_record_type, tag, code, description,
                                 repeatable, mandatory, hidden)
VALUES (1, 'biblio', '773', '6', $$Linkage$$,
FALSE, FALSE, FALSE);
INSERT INTO config.marc_subfield(marc_format, marc_record_type, tag, code, description,
                                 repeatable, mandatory, hidden)
VALUES (1, 'biblio', '773', '7', $$Control subfield$$,
FALSE, FALSE, FALSE);
INSERT INTO config.marc_subfield(marc_format, marc_record_type, tag, code, description,
                                 repeatable, mandatory, hidden)
VALUES (1, 'biblio', '773', '8', $$Field link and sequence number$$,
TRUE, FALSE, FALSE);
INSERT INTO config.marc_field(marc_format, marc_record_type, tag, name, description,
                              fixed_field, repeatable, mandatory, hidden)
VALUES (1, 'biblio', '774', $$Constituent Unit Entry$$, $$Information concerning a constituent unit associated with a larger bibliographic unit (vertical relationship). When a note is generated from this field, the introductory term may be generated based on the field tag for display.$$,
FALSE, TRUE, FALSE, FALSE);
INSERT INTO config.record_attr_definition(name, label)
VALUES ('marc21_biblio_774_ind_1', 'MARC 21 biblio field 774 indicator position 1');
INSERT INTO config.coded_value_map(ctype, code, value, opac_visible, is_simple)
VALUES ('marc21_biblio_774_ind_1', '0', $$Display note$$, FALSE, TRUE);
INSERT INTO config.coded_value_map(ctype, code, value, opac_visible, is_simple)
VALUES ('marc21_biblio_774_ind_1', '1', $$Do not display note$$, FALSE, TRUE);
INSERT INTO config.record_attr_definition(name, label)
VALUES ('marc21_biblio_774_ind_2', 'MARC 21 biblio field 774 indicator position 2');
INSERT INTO config.coded_value_map(ctype, code, value, opac_visible, is_simple)
VALUES ('marc21_biblio_774_ind_2', '#', $$Constituent unit$$, FALSE, TRUE);
INSERT INTO config.coded_value_map(ctype, code, value, opac_visible, is_simple)
VALUES ('marc21_biblio_774_ind_2', '8', $$No display constant generated$$, FALSE, TRUE);
INSERT INTO config.marc_subfield(marc_format, marc_record_type, tag, code, description,
                                 repeatable, mandatory, hidden)
VALUES (1, 'biblio', '774', 'a', $$Main entry heading$$,
FALSE, FALSE, FALSE);
INSERT INTO config.marc_subfield(marc_format, marc_record_type, tag, code, description,
                                 repeatable, mandatory, hidden)
VALUES (1, 'biblio', '774', 'b', $$Edition$$,
FALSE, FALSE, FALSE);
INSERT INTO config.marc_subfield(marc_format, marc_record_type, tag, code, description,
                                 repeatable, mandatory, hidden)
VALUES (1, 'biblio', '774', 'c', $$Qualifying information$$,
FALSE, FALSE, FALSE);
INSERT INTO config.marc_subfield(marc_format, marc_record_type, tag, code, description,
                                 repeatable, mandatory, hidden)
VALUES (1, 'biblio', '774', 'd', $$Place, publisher, and date of publication$$,
FALSE, FALSE, FALSE);
INSERT INTO config.marc_subfield(marc_format, marc_record_type, tag, code, description,
                                 repeatable, mandatory, hidden)
VALUES (1, 'biblio', '774', 'g', $$Related parts$$,
TRUE, FALSE, FALSE);
INSERT INTO config.marc_subfield(marc_format, marc_record_type, tag, code, description,
                                 repeatable, mandatory, hidden)
VALUES (1, 'biblio', '774', 'h', $$Physical description$$,
FALSE, FALSE, FALSE);
INSERT INTO config.marc_subfield(marc_format, marc_record_type, tag, code, description,
                                 repeatable, mandatory, hidden)
VALUES (1, 'biblio', '774', 'i', $$Relationship information$$,
TRUE, FALSE, FALSE);
INSERT INTO config.marc_subfield(marc_format, marc_record_type, tag, code, description,
                                 repeatable, mandatory, hidden)
VALUES (1, 'biblio', '774', 'k', $$Series data for related item$$,
TRUE, FALSE, FALSE);
INSERT INTO config.marc_subfield(marc_format, marc_record_type, tag, code, description,
                                 repeatable, mandatory, hidden)
VALUES (1, 'biblio', '774', 'm', $$Material-specific details$$,
FALSE, FALSE, FALSE);
INSERT INTO config.marc_subfield(marc_format, marc_record_type, tag, code, description,
                                 repeatable, mandatory, hidden)
VALUES (1, 'biblio', '774', 'n', $$Note$$,
TRUE, FALSE, FALSE);
INSERT INTO config.marc_subfield(marc_format, marc_record_type, tag, code, description,
                                 repeatable, mandatory, hidden)
VALUES (1, 'biblio', '774', 'o', $$Other item identifier$$,
TRUE, FALSE, FALSE);
INSERT INTO config.marc_subfield(marc_format, marc_record_type, tag, code, description,
                                 repeatable, mandatory, hidden)
VALUES (1, 'biblio', '774', 'r', $$Report number$$,
TRUE, FALSE, FALSE);
INSERT INTO config.marc_subfield(marc_format, marc_record_type, tag, code, description,
                                 repeatable, mandatory, hidden)
VALUES (1, 'biblio', '774', 's', $$Uniform title$$,
FALSE, FALSE, FALSE);
INSERT INTO config.marc_subfield(marc_format, marc_record_type, tag, code, description,
                                 repeatable, mandatory, hidden)
VALUES (1, 'biblio', '774', 't', $$Title$$,
FALSE, FALSE, FALSE);
INSERT INTO config.marc_subfield(marc_format, marc_record_type, tag, code, description,
                                 repeatable, mandatory, hidden)
VALUES (1, 'biblio', '774', 'u', $$Standard Technical Report Number$$,
FALSE, FALSE, FALSE);
INSERT INTO config.marc_subfield(marc_format, marc_record_type, tag, code, description,
                                 repeatable, mandatory, hidden)
VALUES (1, 'biblio', '774', 'w', $$Record control number$$,
TRUE, FALSE, FALSE);
INSERT INTO config.marc_subfield(marc_format, marc_record_type, tag, code, description,
                                 repeatable, mandatory, hidden)
VALUES (1, 'biblio', '774', 'x', $$International Standard Serial Number$$,
FALSE, FALSE, FALSE);
INSERT INTO config.marc_subfield(marc_format, marc_record_type, tag, code, description,
                                 repeatable, mandatory, hidden)
VALUES (1, 'biblio', '774', 'y', $$CODEN designation$$,
FALSE, FALSE, FALSE);
INSERT INTO config.marc_subfield(marc_format, marc_record_type, tag, code, description,
                                 repeatable, mandatory, hidden)
VALUES (1, 'biblio', '774', 'z', $$International Standard Book Number$$,
TRUE, FALSE, FALSE);
INSERT INTO config.marc_subfield(marc_format, marc_record_type, tag, code, description,
                                 repeatable, mandatory, hidden)
VALUES (1, 'biblio', '774', '6', $$Linkage$$,
FALSE, FALSE, FALSE);
INSERT INTO config.marc_subfield(marc_format, marc_record_type, tag, code, description,
                                 repeatable, mandatory, hidden)
VALUES (1, 'biblio', '774', '7', $$Control subfield$$,
FALSE, FALSE, FALSE);
INSERT INTO config.marc_subfield(marc_format, marc_record_type, tag, code, description,
                                 repeatable, mandatory, hidden)
VALUES (1, 'biblio', '774', '8', $$Field link and sequence number$$,
TRUE, FALSE, FALSE);
INSERT INTO config.marc_field(marc_format, marc_record_type, tag, name, description,
                              fixed_field, repeatable, mandatory, hidden)
VALUES (1, 'biblio', '775', $$Other Edition Entry$$, $$Entry for another available edition of the target item (horizontal relationship). When a note is generated from this field, the introductory phrase may be generated based on the field tag for display.$$,
FALSE, TRUE, FALSE, FALSE);
INSERT INTO config.record_attr_definition(name, label)
VALUES ('marc21_biblio_775_ind_1', 'MARC 21 biblio field 775 indicator position 1');
INSERT INTO config.coded_value_map(ctype, code, value, opac_visible, is_simple)
VALUES ('marc21_biblio_775_ind_1', '0', $$Display note$$, FALSE, TRUE);
INSERT INTO config.coded_value_map(ctype, code, value, opac_visible, is_simple)
VALUES ('marc21_biblio_775_ind_1', '1', $$Do not display note$$, FALSE, TRUE);
INSERT INTO config.record_attr_definition(name, label)
VALUES ('marc21_biblio_775_ind_2', 'MARC 21 biblio field 775 indicator position 2');
INSERT INTO config.coded_value_map(ctype, code, value, opac_visible, is_simple)
VALUES ('marc21_biblio_775_ind_2', '#', $$Other edition available$$, FALSE, TRUE);
INSERT INTO config.coded_value_map(ctype, code, value, opac_visible, is_simple)
VALUES ('marc21_biblio_775_ind_2', '8', $$No display constant generated$$, FALSE, TRUE);
INSERT INTO config.marc_subfield(marc_format, marc_record_type, tag, code, description,
                                 repeatable, mandatory, hidden)
VALUES (1, 'biblio', '775', 'a', $$Main entry heading$$,
FALSE, FALSE, FALSE);
INSERT INTO config.marc_subfield(marc_format, marc_record_type, tag, code, description,
                                 repeatable, mandatory, hidden)
VALUES (1, 'biblio', '775', 'b', $$Edition$$,
FALSE, FALSE, FALSE);
INSERT INTO config.marc_subfield(marc_format, marc_record_type, tag, code, description,
                                 repeatable, mandatory, hidden)
VALUES (1, 'biblio', '775', 'c', $$Qualifying information$$,
FALSE, FALSE, FALSE);
INSERT INTO config.marc_subfield(marc_format, marc_record_type, tag, code, description,
                                 repeatable, mandatory, hidden)
VALUES (1, 'biblio', '775', 'd', $$Place, publisher, and date of publication$$,
FALSE, FALSE, FALSE);
INSERT INTO config.marc_subfield(marc_format, marc_record_type, tag, code, description,
                                 repeatable, mandatory, hidden)
VALUES (1, 'biblio', '775', 'e', $$Language code$$,
FALSE, FALSE, FALSE);
INSERT INTO config.marc_subfield(marc_format, marc_record_type, tag, code, description,
                                 repeatable, mandatory, hidden)
VALUES (1, 'biblio', '775', 'f', $$Country code$$,
FALSE, FALSE, FALSE);
INSERT INTO config.marc_subfield(marc_format, marc_record_type, tag, code, description,
                                 repeatable, mandatory, hidden)
VALUES (1, 'biblio', '775', 'g', $$Related parts$$,
TRUE, FALSE, FALSE);
INSERT INTO config.marc_subfield(marc_format, marc_record_type, tag, code, description,
                                 repeatable, mandatory, hidden)
VALUES (1, 'biblio', '775', 'h', $$Physical description$$,
FALSE, FALSE, FALSE);
INSERT INTO config.marc_subfield(marc_format, marc_record_type, tag, code, description,
                                 repeatable, mandatory, hidden)
VALUES (1, 'biblio', '775', 'i', $$Relationship information$$,
TRUE, FALSE, FALSE);
INSERT INTO config.marc_subfield(marc_format, marc_record_type, tag, code, description,
                                 repeatable, mandatory, hidden)
VALUES (1, 'biblio', '775', 'k', $$Series data for related item$$,
TRUE, FALSE, FALSE);
INSERT INTO config.marc_subfield(marc_format, marc_record_type, tag, code, description,
                                 repeatable, mandatory, hidden)
VALUES (1, 'biblio', '775', 'm', $$Material-specific details$$,
FALSE, FALSE, FALSE);
INSERT INTO config.marc_subfield(marc_format, marc_record_type, tag, code, description,
                                 repeatable, mandatory, hidden)
VALUES (1, 'biblio', '775', 'n', $$Note$$,
TRUE, FALSE, FALSE);
INSERT INTO config.marc_subfield(marc_format, marc_record_type, tag, code, description,
                                 repeatable, mandatory, hidden)
VALUES (1, 'biblio', '775', 'o', $$Other item identifier$$,
TRUE, FALSE, FALSE);
INSERT INTO config.marc_subfield(marc_format, marc_record_type, tag, code, description,
                                 repeatable, mandatory, hidden)
VALUES (1, 'biblio', '775', 'r', $$Report number$$,
TRUE, FALSE, FALSE);
INSERT INTO config.marc_subfield(marc_format, marc_record_type, tag, code, description,
                                 repeatable, mandatory, hidden)
VALUES (1, 'biblio', '775', 's', $$Uniform title$$,
FALSE, FALSE, FALSE);
INSERT INTO config.marc_subfield(marc_format, marc_record_type, tag, code, description,
                                 repeatable, mandatory, hidden)
VALUES (1, 'biblio', '775', 't', $$Title$$,
FALSE, FALSE, FALSE);
INSERT INTO config.marc_subfield(marc_format, marc_record_type, tag, code, description,
                                 repeatable, mandatory, hidden)
VALUES (1, 'biblio', '775', 'u', $$Standard Technical Report Number$$,
FALSE, FALSE, FALSE);
INSERT INTO config.marc_subfield(marc_format, marc_record_type, tag, code, description,
                                 repeatable, mandatory, hidden)
VALUES (1, 'biblio', '775', 'w', $$Record control number$$,
TRUE, FALSE, FALSE);
INSERT INTO config.marc_subfield(marc_format, marc_record_type, tag, code, description,
                                 repeatable, mandatory, hidden)
VALUES (1, 'biblio', '775', 'x', $$International Standard Serial Number$$,
FALSE, FALSE, FALSE);
INSERT INTO config.marc_subfield(marc_format, marc_record_type, tag, code, description,
                                 repeatable, mandatory, hidden)
VALUES (1, 'biblio', '775', 'y', $$CODEN designation$$,
FALSE, FALSE, FALSE);
INSERT INTO config.marc_subfield(marc_format, marc_record_type, tag, code, description,
                                 repeatable, mandatory, hidden)
VALUES (1, 'biblio', '775', 'z', $$International Standard Book Number$$,
TRUE, FALSE, FALSE);
INSERT INTO config.marc_subfield(marc_format, marc_record_type, tag, code, description,
                                 repeatable, mandatory, hidden)
VALUES (1, 'biblio', '775', '6', $$Linkage$$,
FALSE, FALSE, FALSE);
INSERT INTO config.marc_subfield(marc_format, marc_record_type, tag, code, description,
                                 repeatable, mandatory, hidden)
VALUES (1, 'biblio', '775', '7', $$Control subfield$$,
FALSE, FALSE, FALSE);
INSERT INTO config.marc_subfield(marc_format, marc_record_type, tag, code, description,
                                 repeatable, mandatory, hidden)
VALUES (1, 'biblio', '775', '8', $$Field link and sequence number$$,
TRUE, FALSE, FALSE);
INSERT INTO config.marc_field(marc_format, marc_record_type, tag, name, description,
                              fixed_field, repeatable, mandatory, hidden)
VALUES (1, 'biblio', '776', $$Additional Physical Form Entry$$, $$Information concerning another available physical form of the target item (horizontal relationship). When a note is generated from this field, the introductory phrase may be generated based on the field tag for display.$$,
FALSE, TRUE, FALSE, FALSE);
INSERT INTO config.record_attr_definition(name, label)
VALUES ('marc21_biblio_776_ind_1', 'MARC 21 biblio field 776 indicator position 1');
INSERT INTO config.coded_value_map(ctype, code, value, opac_visible, is_simple)
VALUES ('marc21_biblio_776_ind_1', '0', $$Display note$$, FALSE, TRUE);
INSERT INTO config.coded_value_map(ctype, code, value, opac_visible, is_simple)
VALUES ('marc21_biblio_776_ind_1', '1', $$Do not display note$$, FALSE, TRUE);
INSERT INTO config.record_attr_definition(name, label)
VALUES ('marc21_biblio_776_ind_2', 'MARC 21 biblio field 776 indicator position 2');
INSERT INTO config.coded_value_map(ctype, code, value, opac_visible, is_simple)
VALUES ('marc21_biblio_776_ind_2', '#', $$Available in another form$$, FALSE, TRUE);
INSERT INTO config.coded_value_map(ctype, code, value, opac_visible, is_simple)
VALUES ('marc21_biblio_776_ind_2', '8', $$No display constant generated$$, FALSE, TRUE);
INSERT INTO config.marc_subfield(marc_format, marc_record_type, tag, code, description,
                                 repeatable, mandatory, hidden)
VALUES (1, 'biblio', '776', 'a', $$Main entry heading$$,
FALSE, FALSE, FALSE);
INSERT INTO config.marc_subfield(marc_format, marc_record_type, tag, code, description,
                                 repeatable, mandatory, hidden)
VALUES (1, 'biblio', '776', 'b', $$Edition$$,
FALSE, FALSE, FALSE);
INSERT INTO config.marc_subfield(marc_format, marc_record_type, tag, code, description,
                                 repeatable, mandatory, hidden)
VALUES (1, 'biblio', '776', 'c', $$Qualifying information$$,
FALSE, FALSE, FALSE);
INSERT INTO config.marc_subfield(marc_format, marc_record_type, tag, code, description,
                                 repeatable, mandatory, hidden)
VALUES (1, 'biblio', '776', 'd', $$Place, publisher, and date of publication$$,
FALSE, FALSE, FALSE);
INSERT INTO config.marc_subfield(marc_format, marc_record_type, tag, code, description,
                                 repeatable, mandatory, hidden)
VALUES (1, 'biblio', '776', 'g', $$Related parts$$,
TRUE, FALSE, FALSE);
INSERT INTO config.marc_subfield(marc_format, marc_record_type, tag, code, description,
                                 repeatable, mandatory, hidden)
VALUES (1, 'biblio', '776', 'h', $$Physical description$$,
FALSE, FALSE, FALSE);
INSERT INTO config.marc_subfield(marc_format, marc_record_type, tag, code, description,
                                 repeatable, mandatory, hidden)
VALUES (1, 'biblio', '776', 'i', $$Relationship information$$,
TRUE, FALSE, FALSE);
INSERT INTO config.marc_subfield(marc_format, marc_record_type, tag, code, description,
                                 repeatable, mandatory, hidden)
VALUES (1, 'biblio', '776', 'k', $$Series data for related item$$,
TRUE, FALSE, FALSE);
INSERT INTO config.marc_subfield(marc_format, marc_record_type, tag, code, description,
                                 repeatable, mandatory, hidden)
VALUES (1, 'biblio', '776', 'm', $$Material-specific details$$,
FALSE, FALSE, FALSE);
INSERT INTO config.marc_subfield(marc_format, marc_record_type, tag, code, description,
                                 repeatable, mandatory, hidden)
VALUES (1, 'biblio', '776', 'n', $$Note$$,
TRUE, FALSE, FALSE);
INSERT INTO config.marc_subfield(marc_format, marc_record_type, tag, code, description,
                                 repeatable, mandatory, hidden)
VALUES (1, 'biblio', '776', 'o', $$Other item identifier$$,
TRUE, FALSE, FALSE);
INSERT INTO config.marc_subfield(marc_format, marc_record_type, tag, code, description,
                                 repeatable, mandatory, hidden)
VALUES (1, 'biblio', '776', 'r', $$Report number$$,
TRUE, FALSE, FALSE);
INSERT INTO config.marc_subfield(marc_format, marc_record_type, tag, code, description,
                                 repeatable, mandatory, hidden)
VALUES (1, 'biblio', '776', 's', $$Uniform title$$,
FALSE, FALSE, FALSE);
INSERT INTO config.marc_subfield(marc_format, marc_record_type, tag, code, description,
                                 repeatable, mandatory, hidden)
VALUES (1, 'biblio', '776', 't', $$Title$$,
FALSE, FALSE, FALSE);
INSERT INTO config.marc_subfield(marc_format, marc_record_type, tag, code, description,
                                 repeatable, mandatory, hidden)
VALUES (1, 'biblio', '776', 'u', $$Standard Technical Report Number$$,
FALSE, FALSE, FALSE);
INSERT INTO config.marc_subfield(marc_format, marc_record_type, tag, code, description,
                                 repeatable, mandatory, hidden)
VALUES (1, 'biblio', '776', 'w', $$Record control number$$,
TRUE, FALSE, FALSE);
INSERT INTO config.marc_subfield(marc_format, marc_record_type, tag, code, description,
                                 repeatable, mandatory, hidden)
VALUES (1, 'biblio', '776', 'x', $$International Standard Serial Number$$,
FALSE, FALSE, FALSE);
INSERT INTO config.marc_subfield(marc_format, marc_record_type, tag, code, description,
                                 repeatable, mandatory, hidden)
VALUES (1, 'biblio', '776', 'y', $$CODEN designation$$,
FALSE, FALSE, FALSE);
INSERT INTO config.marc_subfield(marc_format, marc_record_type, tag, code, description,
                                 repeatable, mandatory, hidden)
VALUES (1, 'biblio', '776', 'z', $$International Standard Book Number$$,
TRUE, FALSE, FALSE);
INSERT INTO config.marc_subfield(marc_format, marc_record_type, tag, code, description,
                                 repeatable, mandatory, hidden)
VALUES (1, 'biblio', '776', '6', $$Linkage$$,
FALSE, FALSE, FALSE);
INSERT INTO config.marc_subfield(marc_format, marc_record_type, tag, code, description,
                                 repeatable, mandatory, hidden)
VALUES (1, 'biblio', '776', '7', $$Control subfield$$,
FALSE, FALSE, FALSE);
INSERT INTO config.marc_subfield(marc_format, marc_record_type, tag, code, description,
                                 repeatable, mandatory, hidden)
VALUES (1, 'biblio', '776', '8', $$Field link and sequence number$$,
TRUE, FALSE, FALSE);
INSERT INTO config.marc_field(marc_format, marc_record_type, tag, name, description,
                              fixed_field, repeatable, mandatory, hidden)
VALUES (1, 'biblio', '777', $$Issued With Entry$$, $$Information concerning the publication that is separately cataloged but that is issued with or included in the target item (horizontal relationship). When a note is generated from this field, the introductory phrase may be generated based on the field tag for display.$$,
FALSE, TRUE, FALSE, FALSE);
INSERT INTO config.record_attr_definition(name, label)
VALUES ('marc21_biblio_777_ind_1', 'MARC 21 biblio field 777 indicator position 1');
INSERT INTO config.coded_value_map(ctype, code, value, opac_visible, is_simple)
VALUES ('marc21_biblio_777_ind_1', '0', $$Display note$$, FALSE, TRUE);
INSERT INTO config.coded_value_map(ctype, code, value, opac_visible, is_simple)
VALUES ('marc21_biblio_777_ind_1', '1', $$Do not display note$$, FALSE, TRUE);
INSERT INTO config.record_attr_definition(name, label)
VALUES ('marc21_biblio_777_ind_2', 'MARC 21 biblio field 777 indicator position 2');
INSERT INTO config.coded_value_map(ctype, code, value, opac_visible, is_simple)
VALUES ('marc21_biblio_777_ind_2', '#', $$Issued with$$, FALSE, TRUE);
INSERT INTO config.coded_value_map(ctype, code, value, opac_visible, is_simple)
VALUES ('marc21_biblio_777_ind_2', '8', $$No display constant generated$$, FALSE, TRUE);
INSERT INTO config.marc_subfield(marc_format, marc_record_type, tag, code, description,
                                 repeatable, mandatory, hidden)
VALUES (1, 'biblio', '777', 'a', $$Main entry heading$$,
FALSE, FALSE, FALSE);
INSERT INTO config.marc_subfield(marc_format, marc_record_type, tag, code, description,
                                 repeatable, mandatory, hidden)
VALUES (1, 'biblio', '777', 'b', $$Edition$$,
FALSE, FALSE, FALSE);
INSERT INTO config.marc_subfield(marc_format, marc_record_type, tag, code, description,
                                 repeatable, mandatory, hidden)
VALUES (1, 'biblio', '777', 'c', $$Qualifying information$$,
FALSE, FALSE, FALSE);
INSERT INTO config.marc_subfield(marc_format, marc_record_type, tag, code, description,
                                 repeatable, mandatory, hidden)
VALUES (1, 'biblio', '777', 'd', $$Place, publisher, and date of publication$$,
FALSE, FALSE, FALSE);
INSERT INTO config.marc_subfield(marc_format, marc_record_type, tag, code, description,
                                 repeatable, mandatory, hidden)
VALUES (1, 'biblio', '777', 'g', $$Related parts$$,
TRUE, FALSE, FALSE);
INSERT INTO config.marc_subfield(marc_format, marc_record_type, tag, code, description,
                                 repeatable, mandatory, hidden)
VALUES (1, 'biblio', '777', 'h', $$Physical description$$,
FALSE, FALSE, FALSE);
INSERT INTO config.marc_subfield(marc_format, marc_record_type, tag, code, description,
                                 repeatable, mandatory, hidden)
VALUES (1, 'biblio', '777', 'i', $$Relationship information$$,
TRUE, FALSE, FALSE);
INSERT INTO config.marc_subfield(marc_format, marc_record_type, tag, code, description,
                                 repeatable, mandatory, hidden)
VALUES (1, 'biblio', '777', 'k', $$Series data for related item$$,
TRUE, FALSE, FALSE);
INSERT INTO config.marc_subfield(marc_format, marc_record_type, tag, code, description,
                                 repeatable, mandatory, hidden)
VALUES (1, 'biblio', '777', 'm', $$Material-specific details$$,
FALSE, FALSE, FALSE);
INSERT INTO config.marc_subfield(marc_format, marc_record_type, tag, code, description,
                                 repeatable, mandatory, hidden)
VALUES (1, 'biblio', '777', 'n', $$Note$$,
TRUE, FALSE, FALSE);
INSERT INTO config.marc_subfield(marc_format, marc_record_type, tag, code, description,
                                 repeatable, mandatory, hidden)
VALUES (1, 'biblio', '777', 'o', $$Other item identifier$$,
TRUE, FALSE, FALSE);
INSERT INTO config.marc_subfield(marc_format, marc_record_type, tag, code, description,
                                 repeatable, mandatory, hidden)
VALUES (1, 'biblio', '777', 's', $$Uniform title$$,
FALSE, FALSE, FALSE);
INSERT INTO config.marc_subfield(marc_format, marc_record_type, tag, code, description,
                                 repeatable, mandatory, hidden)
VALUES (1, 'biblio', '777', 't', $$Title$$,
FALSE, FALSE, FALSE);
INSERT INTO config.marc_subfield(marc_format, marc_record_type, tag, code, description,
                                 repeatable, mandatory, hidden)
VALUES (1, 'biblio', '777', 'w', $$Record control number$$,
TRUE, FALSE, FALSE);
INSERT INTO config.marc_subfield(marc_format, marc_record_type, tag, code, description,
                                 repeatable, mandatory, hidden)
VALUES (1, 'biblio', '777', 'x', $$International Standard Serial Number$$,
FALSE, FALSE, FALSE);
INSERT INTO config.marc_subfield(marc_format, marc_record_type, tag, code, description,
                                 repeatable, mandatory, hidden)
VALUES (1, 'biblio', '777', 'y', $$CODEN designation$$,
FALSE, FALSE, FALSE);
INSERT INTO config.marc_subfield(marc_format, marc_record_type, tag, code, description,
                                 repeatable, mandatory, hidden)
VALUES (1, 'biblio', '777', '6', $$Linkage$$,
FALSE, FALSE, FALSE);
INSERT INTO config.marc_subfield(marc_format, marc_record_type, tag, code, description,
                                 repeatable, mandatory, hidden)
VALUES (1, 'biblio', '777', '7', $$Control subfield$$,
FALSE, FALSE, FALSE);
INSERT INTO config.marc_subfield(marc_format, marc_record_type, tag, code, description,
                                 repeatable, mandatory, hidden)
VALUES (1, 'biblio', '777', '8', $$Field link and sequence number$$,
TRUE, FALSE, FALSE);
INSERT INTO config.marc_field(marc_format, marc_record_type, tag, name, description,
                              fixed_field, repeatable, mandatory, hidden)
VALUES (1, 'biblio', '780', $$Preceding Entry$$, $$Information concerning the immediate predecessor of the target item (chronological relationship). When a note is generated from this field, the introductory term or phrase may be generated based on the value in the second indicator position for display.$$,
FALSE, TRUE, FALSE, FALSE);
INSERT INTO config.record_attr_definition(name, label)
VALUES ('marc21_biblio_780_ind_1', 'MARC 21 biblio field 780 indicator position 1');
INSERT INTO config.coded_value_map(ctype, code, value, opac_visible, is_simple)
VALUES ('marc21_biblio_780_ind_1', '0', $$Display note$$, FALSE, TRUE);
INSERT INTO config.coded_value_map(ctype, code, value, opac_visible, is_simple)
VALUES ('marc21_biblio_780_ind_1', '1', $$Do not display note$$, FALSE, TRUE);
INSERT INTO config.record_attr_definition(name, label)
VALUES ('marc21_biblio_780_ind_2', 'MARC 21 biblio field 780 indicator position 2');
INSERT INTO config.coded_value_map(ctype, code, value, opac_visible, is_simple)
VALUES ('marc21_biblio_780_ind_2', '0', $$Continues$$, FALSE, TRUE);
INSERT INTO config.coded_value_map(ctype, code, value, opac_visible, is_simple)
VALUES ('marc21_biblio_780_ind_2', '1', $$Continues in part$$, FALSE, TRUE);
INSERT INTO config.coded_value_map(ctype, code, value, opac_visible, is_simple)
VALUES ('marc21_biblio_780_ind_2', '2', $$Supersedes$$, FALSE, TRUE);
INSERT INTO config.coded_value_map(ctype, code, value, opac_visible, is_simple)
VALUES ('marc21_biblio_780_ind_2', '3', $$Supersedes in part$$, FALSE, TRUE);
INSERT INTO config.coded_value_map(ctype, code, value, opac_visible, is_simple)
VALUES ('marc21_biblio_780_ind_2', '4', $$Formed by the union of ... and ...$$, FALSE, TRUE);
INSERT INTO config.coded_value_map(ctype, code, value, opac_visible, is_simple)
VALUES ('marc21_biblio_780_ind_2', '5', $$Absorbed$$, FALSE, TRUE);
INSERT INTO config.coded_value_map(ctype, code, value, opac_visible, is_simple)
VALUES ('marc21_biblio_780_ind_2', '6', $$Absorbed in part$$, FALSE, TRUE);
INSERT INTO config.coded_value_map(ctype, code, value, opac_visible, is_simple)
VALUES ('marc21_biblio_780_ind_2', '7', $$Separated from$$, FALSE, TRUE);
INSERT INTO config.marc_subfield(marc_format, marc_record_type, tag, code, description,
                                 repeatable, mandatory, hidden)
VALUES (1, 'biblio', '780', 'a', $$Main entry heading$$,
FALSE, FALSE, FALSE);
INSERT INTO config.marc_subfield(marc_format, marc_record_type, tag, code, description,
                                 repeatable, mandatory, hidden)
VALUES (1, 'biblio', '780', 'b', $$Edition$$,
FALSE, FALSE, FALSE);
INSERT INTO config.marc_subfield(marc_format, marc_record_type, tag, code, description,
                                 repeatable, mandatory, hidden)
VALUES (1, 'biblio', '780', 'c', $$Qualifying information$$,
FALSE, FALSE, FALSE);
INSERT INTO config.marc_subfield(marc_format, marc_record_type, tag, code, description,
                                 repeatable, mandatory, hidden)
VALUES (1, 'biblio', '780', 'd', $$Place, publisher, and date of publication$$,
FALSE, FALSE, FALSE);
INSERT INTO config.marc_subfield(marc_format, marc_record_type, tag, code, description,
                                 repeatable, mandatory, hidden)
VALUES (1, 'biblio', '780', 'g', $$Related parts$$,
TRUE, FALSE, FALSE);
INSERT INTO config.marc_subfield(marc_format, marc_record_type, tag, code, description,
                                 repeatable, mandatory, hidden)
VALUES (1, 'biblio', '780', 'h', $$Physical description$$,
FALSE, FALSE, FALSE);
INSERT INTO config.marc_subfield(marc_format, marc_record_type, tag, code, description,
                                 repeatable, mandatory, hidden)
VALUES (1, 'biblio', '780', 'i', $$Relationship information$$,
TRUE, FALSE, FALSE);
INSERT INTO config.marc_subfield(marc_format, marc_record_type, tag, code, description,
                                 repeatable, mandatory, hidden)
VALUES (1, 'biblio', '780', 'k', $$Series data for related item$$,
TRUE, FALSE, FALSE);
INSERT INTO config.marc_subfield(marc_format, marc_record_type, tag, code, description,
                                 repeatable, mandatory, hidden)
VALUES (1, 'biblio', '780', 'm', $$Material-specific details$$,
FALSE, FALSE, FALSE);
INSERT INTO config.marc_subfield(marc_format, marc_record_type, tag, code, description,
                                 repeatable, mandatory, hidden)
VALUES (1, 'biblio', '780', 'n', $$Note$$,
TRUE, FALSE, FALSE);
INSERT INTO config.marc_subfield(marc_format, marc_record_type, tag, code, description,
                                 repeatable, mandatory, hidden)
VALUES (1, 'biblio', '780', 'o', $$Other item identifier$$,
TRUE, FALSE, FALSE);
INSERT INTO config.marc_subfield(marc_format, marc_record_type, tag, code, description,
                                 repeatable, mandatory, hidden)
VALUES (1, 'biblio', '780', 'r', $$Report number$$,
TRUE, FALSE, FALSE);
INSERT INTO config.marc_subfield(marc_format, marc_record_type, tag, code, description,
                                 repeatable, mandatory, hidden)
VALUES (1, 'biblio', '780', 's', $$Uniform title$$,
FALSE, FALSE, FALSE);
INSERT INTO config.marc_subfield(marc_format, marc_record_type, tag, code, description,
                                 repeatable, mandatory, hidden)
VALUES (1, 'biblio', '780', 't', $$Title$$,
FALSE, FALSE, FALSE);
INSERT INTO config.marc_subfield(marc_format, marc_record_type, tag, code, description,
                                 repeatable, mandatory, hidden)
VALUES (1, 'biblio', '780', 'u', $$Standard Technical Report Number$$,
FALSE, FALSE, FALSE);
INSERT INTO config.marc_subfield(marc_format, marc_record_type, tag, code, description,
                                 repeatable, mandatory, hidden)
VALUES (1, 'biblio', '780', 'w', $$Record control number$$,
TRUE, FALSE, FALSE);
INSERT INTO config.marc_subfield(marc_format, marc_record_type, tag, code, description,
                                 repeatable, mandatory, hidden)
VALUES (1, 'biblio', '780', 'x', $$International Standard Serial Number$$,
FALSE, FALSE, FALSE);
INSERT INTO config.marc_subfield(marc_format, marc_record_type, tag, code, description,
                                 repeatable, mandatory, hidden)
VALUES (1, 'biblio', '780', 'y', $$CODEN designation$$,
FALSE, FALSE, FALSE);
INSERT INTO config.marc_subfield(marc_format, marc_record_type, tag, code, description,
                                 repeatable, mandatory, hidden)
VALUES (1, 'biblio', '780', 'z', $$International Standard Book Number$$,
TRUE, FALSE, FALSE);
INSERT INTO config.marc_subfield(marc_format, marc_record_type, tag, code, description,
                                 repeatable, mandatory, hidden)
VALUES (1, 'biblio', '780', '6', $$Linkage$$,
FALSE, FALSE, FALSE);
INSERT INTO config.marc_subfield(marc_format, marc_record_type, tag, code, description,
                                 repeatable, mandatory, hidden)
VALUES (1, 'biblio', '780', '7', $$Control subfield$$,
FALSE, FALSE, FALSE);
INSERT INTO config.marc_subfield(marc_format, marc_record_type, tag, code, description,
                                 repeatable, mandatory, hidden)
VALUES (1, 'biblio', '780', '8', $$Field link and sequence number$$,
TRUE, FALSE, FALSE);
INSERT INTO config.marc_field(marc_format, marc_record_type, tag, name, description,
                              fixed_field, repeatable, mandatory, hidden)
VALUES (1, 'biblio', '785', $$Succeeding Entry$$, $$Information concerning the immediate successor to the target item (chronological relationship). When a note is generated from this field, the introductory phrase may be generated based on the value in the second indicator position for display.$$,
FALSE, TRUE, FALSE, FALSE);
INSERT INTO config.record_attr_definition(name, label)
VALUES ('marc21_biblio_785_ind_1', 'MARC 21 biblio field 785 indicator position 1');
INSERT INTO config.coded_value_map(ctype, code, value, opac_visible, is_simple)
VALUES ('marc21_biblio_785_ind_1', '0', $$Display note$$, FALSE, TRUE);
INSERT INTO config.coded_value_map(ctype, code, value, opac_visible, is_simple)
VALUES ('marc21_biblio_785_ind_1', '1', $$Do not display note$$, FALSE, TRUE);
INSERT INTO config.record_attr_definition(name, label)
VALUES ('marc21_biblio_785_ind_2', 'MARC 21 biblio field 785 indicator position 2');
INSERT INTO config.coded_value_map(ctype, code, value, opac_visible, is_simple)
VALUES ('marc21_biblio_785_ind_2', '0', $$Continued by$$, FALSE, TRUE);
INSERT INTO config.coded_value_map(ctype, code, value, opac_visible, is_simple)
VALUES ('marc21_biblio_785_ind_2', '1', $$Continued in part by$$, FALSE, TRUE);
INSERT INTO config.coded_value_map(ctype, code, value, opac_visible, is_simple)
VALUES ('marc21_biblio_785_ind_2', '2', $$Superseded by$$, FALSE, TRUE);
INSERT INTO config.coded_value_map(ctype, code, value, opac_visible, is_simple)
VALUES ('marc21_biblio_785_ind_2', '3', $$Superseded in part by$$, FALSE, TRUE);
INSERT INTO config.coded_value_map(ctype, code, value, opac_visible, is_simple)
VALUES ('marc21_biblio_785_ind_2', '4', $$Absorbed by$$, FALSE, TRUE);
INSERT INTO config.coded_value_map(ctype, code, value, opac_visible, is_simple)
VALUES ('marc21_biblio_785_ind_2', '5', $$Absorbed in part by$$, FALSE, TRUE);
INSERT INTO config.coded_value_map(ctype, code, value, opac_visible, is_simple)
VALUES ('marc21_biblio_785_ind_2', '6', $$Split into ... and ...$$, FALSE, TRUE);
INSERT INTO config.coded_value_map(ctype, code, value, opac_visible, is_simple)
VALUES ('marc21_biblio_785_ind_2', '7', $$Merged with ... to form ...$$, FALSE, TRUE);
INSERT INTO config.coded_value_map(ctype, code, value, opac_visible, is_simple)
VALUES ('marc21_biblio_785_ind_2', '8', $$Changed back to$$, FALSE, TRUE);
INSERT INTO config.marc_subfield(marc_format, marc_record_type, tag, code, description,
                                 repeatable, mandatory, hidden)
VALUES (1, 'biblio', '785', 'a', $$Main entry heading$$,
FALSE, FALSE, FALSE);
INSERT INTO config.marc_subfield(marc_format, marc_record_type, tag, code, description,
                                 repeatable, mandatory, hidden)
VALUES (1, 'biblio', '785', 'b', $$Edition$$,
FALSE, FALSE, FALSE);
INSERT INTO config.marc_subfield(marc_format, marc_record_type, tag, code, description,
                                 repeatable, mandatory, hidden)
VALUES (1, 'biblio', '785', 'c', $$Qualifying information$$,
FALSE, FALSE, FALSE);
INSERT INTO config.marc_subfield(marc_format, marc_record_type, tag, code, description,
                                 repeatable, mandatory, hidden)
VALUES (1, 'biblio', '785', 'd', $$Place, publisher, and date of publication$$,
FALSE, FALSE, FALSE);
INSERT INTO config.marc_subfield(marc_format, marc_record_type, tag, code, description,
                                 repeatable, mandatory, hidden)
VALUES (1, 'biblio', '785', 'g', $$Related parts$$,
TRUE, FALSE, FALSE);
INSERT INTO config.marc_subfield(marc_format, marc_record_type, tag, code, description,
                                 repeatable, mandatory, hidden)
VALUES (1, 'biblio', '785', 'h', $$Physical description$$,
FALSE, FALSE, FALSE);
INSERT INTO config.marc_subfield(marc_format, marc_record_type, tag, code, description,
                                 repeatable, mandatory, hidden)
VALUES (1, 'biblio', '785', 'i', $$Relationship information$$,
TRUE, FALSE, FALSE);
INSERT INTO config.marc_subfield(marc_format, marc_record_type, tag, code, description,
                                 repeatable, mandatory, hidden)
VALUES (1, 'biblio', '785', 'k', $$Series data for related item$$,
TRUE, FALSE, FALSE);
INSERT INTO config.marc_subfield(marc_format, marc_record_type, tag, code, description,
                                 repeatable, mandatory, hidden)
VALUES (1, 'biblio', '785', 'm', $$Material-specific details$$,
FALSE, FALSE, FALSE);
INSERT INTO config.marc_subfield(marc_format, marc_record_type, tag, code, description,
                                 repeatable, mandatory, hidden)
VALUES (1, 'biblio', '785', 'n', $$Note$$,
TRUE, FALSE, FALSE);
INSERT INTO config.marc_subfield(marc_format, marc_record_type, tag, code, description,
                                 repeatable, mandatory, hidden)
VALUES (1, 'biblio', '785', 'o', $$Other item identifier$$,
TRUE, FALSE, FALSE);
INSERT INTO config.marc_subfield(marc_format, marc_record_type, tag, code, description,
                                 repeatable, mandatory, hidden)
VALUES (1, 'biblio', '785', 'r', $$Report number$$,
TRUE, FALSE, FALSE);
INSERT INTO config.marc_subfield(marc_format, marc_record_type, tag, code, description,
                                 repeatable, mandatory, hidden)
VALUES (1, 'biblio', '785', 's', $$Uniform title$$,
FALSE, FALSE, FALSE);
INSERT INTO config.marc_subfield(marc_format, marc_record_type, tag, code, description,
                                 repeatable, mandatory, hidden)
VALUES (1, 'biblio', '785', 't', $$Title$$,
FALSE, FALSE, FALSE);
INSERT INTO config.marc_subfield(marc_format, marc_record_type, tag, code, description,
                                 repeatable, mandatory, hidden)
VALUES (1, 'biblio', '785', 'u', $$Standard Technical Report Number$$,
FALSE, FALSE, FALSE);
INSERT INTO config.marc_subfield(marc_format, marc_record_type, tag, code, description,
                                 repeatable, mandatory, hidden)
VALUES (1, 'biblio', '785', 'w', $$Record control number$$,
TRUE, FALSE, FALSE);
INSERT INTO config.marc_subfield(marc_format, marc_record_type, tag, code, description,
                                 repeatable, mandatory, hidden)
VALUES (1, 'biblio', '785', 'x', $$International Standard Serial Number$$,
FALSE, FALSE, FALSE);
INSERT INTO config.marc_subfield(marc_format, marc_record_type, tag, code, description,
                                 repeatable, mandatory, hidden)
VALUES (1, 'biblio', '785', 'y', $$CODEN designation$$,
FALSE, FALSE, FALSE);
INSERT INTO config.marc_subfield(marc_format, marc_record_type, tag, code, description,
                                 repeatable, mandatory, hidden)
VALUES (1, 'biblio', '785', 'z', $$International Standard Book Number$$,
TRUE, FALSE, FALSE);
INSERT INTO config.marc_subfield(marc_format, marc_record_type, tag, code, description,
                                 repeatable, mandatory, hidden)
VALUES (1, 'biblio', '785', '6', $$Linkage$$,
FALSE, FALSE, FALSE);
INSERT INTO config.marc_subfield(marc_format, marc_record_type, tag, code, description,
                                 repeatable, mandatory, hidden)
VALUES (1, 'biblio', '785', '7', $$Control subfield$$,
FALSE, FALSE, FALSE);
INSERT INTO config.marc_subfield(marc_format, marc_record_type, tag, code, description,
                                 repeatable, mandatory, hidden)
VALUES (1, 'biblio', '785', '8', $$Field link and sequence number$$,
TRUE, FALSE, FALSE);
INSERT INTO config.marc_field(marc_format, marc_record_type, tag, name, description,
                              fixed_field, repeatable, mandatory, hidden)
VALUES (1, 'biblio', '786', $$Data Source Entry$$, $$Information pertaining to a data source to which the described item is related. It may contain information about other files, printed sources, or collection procedures.$$,
FALSE, TRUE, FALSE, FALSE);
INSERT INTO config.record_attr_definition(name, label)
VALUES ('marc21_biblio_786_ind_1', 'MARC 21 biblio field 786 indicator position 1');
INSERT INTO config.coded_value_map(ctype, code, value, opac_visible, is_simple)
VALUES ('marc21_biblio_786_ind_1', '0', $$Display note$$, FALSE, TRUE);
INSERT INTO config.coded_value_map(ctype, code, value, opac_visible, is_simple)
VALUES ('marc21_biblio_786_ind_1', '1', $$Do not display note$$, FALSE, TRUE);
INSERT INTO config.record_attr_definition(name, label)
VALUES ('marc21_biblio_786_ind_2', 'MARC 21 biblio field 786 indicator position 2');
INSERT INTO config.coded_value_map(ctype, code, value, opac_visible, is_simple)
VALUES ('marc21_biblio_786_ind_2', '#', $$Data source$$, FALSE, TRUE);
INSERT INTO config.coded_value_map(ctype, code, value, opac_visible, is_simple)
VALUES ('marc21_biblio_786_ind_2', '8', $$No display constant generated$$, FALSE, TRUE);
INSERT INTO config.marc_subfield(marc_format, marc_record_type, tag, code, description,
                                 repeatable, mandatory, hidden)
VALUES (1, 'biblio', '786', 'a', $$Main entry heading$$,
FALSE, FALSE, FALSE);
INSERT INTO config.marc_subfield(marc_format, marc_record_type, tag, code, description,
                                 repeatable, mandatory, hidden)
VALUES (1, 'biblio', '786', 'b', $$Edition$$,
FALSE, FALSE, FALSE);
INSERT INTO config.marc_subfield(marc_format, marc_record_type, tag, code, description,
                                 repeatable, mandatory, hidden)
VALUES (1, 'biblio', '786', 'c', $$Qualifying information$$,
FALSE, FALSE, FALSE);
INSERT INTO config.marc_subfield(marc_format, marc_record_type, tag, code, description,
                                 repeatable, mandatory, hidden)
VALUES (1, 'biblio', '786', 'd', $$Place, publisher, and date of publication$$,
FALSE, FALSE, FALSE);
INSERT INTO config.marc_subfield(marc_format, marc_record_type, tag, code, description,
                                 repeatable, mandatory, hidden)
VALUES (1, 'biblio', '786', 'g', $$Related parts$$,
TRUE, FALSE, FALSE);
INSERT INTO config.marc_subfield(marc_format, marc_record_type, tag, code, description,
                                 repeatable, mandatory, hidden)
VALUES (1, 'biblio', '786', 'h', $$Physical description$$,
FALSE, FALSE, FALSE);
INSERT INTO config.marc_subfield(marc_format, marc_record_type, tag, code, description,
                                 repeatable, mandatory, hidden)
VALUES (1, 'biblio', '786', 'i', $$Relationship information$$,
TRUE, FALSE, FALSE);
INSERT INTO config.marc_subfield(marc_format, marc_record_type, tag, code, description,
                                 repeatable, mandatory, hidden)
VALUES (1, 'biblio', '786', 'j', $$Period of content$$,
FALSE, FALSE, FALSE);
INSERT INTO config.marc_subfield(marc_format, marc_record_type, tag, code, description,
                                 repeatable, mandatory, hidden)
VALUES (1, 'biblio', '786', 'k', $$Series data for related item$$,
TRUE, FALSE, FALSE);
INSERT INTO config.marc_subfield(marc_format, marc_record_type, tag, code, description,
                                 repeatable, mandatory, hidden)
VALUES (1, 'biblio', '786', 'm', $$Material-specific details$$,
FALSE, FALSE, FALSE);
INSERT INTO config.marc_subfield(marc_format, marc_record_type, tag, code, description,
                                 repeatable, mandatory, hidden)
VALUES (1, 'biblio', '786', 'n', $$Note$$,
TRUE, FALSE, FALSE);
INSERT INTO config.marc_subfield(marc_format, marc_record_type, tag, code, description,
                                 repeatable, mandatory, hidden)
VALUES (1, 'biblio', '786', 'o', $$Other item identifier$$,
TRUE, FALSE, FALSE);
INSERT INTO config.marc_subfield(marc_format, marc_record_type, tag, code, description,
                                 repeatable, mandatory, hidden)
VALUES (1, 'biblio', '786', 'p', $$Abbreviated title$$,
FALSE, FALSE, FALSE);
INSERT INTO config.marc_subfield(marc_format, marc_record_type, tag, code, description,
                                 repeatable, mandatory, hidden)
VALUES (1, 'biblio', '786', 'r', $$Report number$$,
TRUE, FALSE, FALSE);
INSERT INTO config.marc_subfield(marc_format, marc_record_type, tag, code, description,
                                 repeatable, mandatory, hidden)
VALUES (1, 'biblio', '786', 's', $$Uniform title$$,
FALSE, FALSE, FALSE);
INSERT INTO config.marc_subfield(marc_format, marc_record_type, tag, code, description,
                                 repeatable, mandatory, hidden)
VALUES (1, 'biblio', '786', 't', $$Title$$,
FALSE, FALSE, FALSE);
INSERT INTO config.marc_subfield(marc_format, marc_record_type, tag, code, description,
                                 repeatable, mandatory, hidden)
VALUES (1, 'biblio', '786', 'u', $$Standard Technical Report Number$$,
FALSE, FALSE, FALSE);
INSERT INTO config.marc_subfield(marc_format, marc_record_type, tag, code, description,
                                 repeatable, mandatory, hidden)
VALUES (1, 'biblio', '786', 'v', $$Source Contribution$$,
FALSE, FALSE, FALSE);
INSERT INTO config.marc_subfield(marc_format, marc_record_type, tag, code, description,
                                 repeatable, mandatory, hidden)
VALUES (1, 'biblio', '786', 'w', $$Record control number$$,
TRUE, FALSE, FALSE);
INSERT INTO config.marc_subfield(marc_format, marc_record_type, tag, code, description,
                                 repeatable, mandatory, hidden)
VALUES (1, 'biblio', '786', 'x', $$International Standard Serial Number$$,
FALSE, FALSE, FALSE);
INSERT INTO config.marc_subfield(marc_format, marc_record_type, tag, code, description,
                                 repeatable, mandatory, hidden)
VALUES (1, 'biblio', '786', 'y', $$CODEN designation$$,
FALSE, FALSE, FALSE);
INSERT INTO config.marc_subfield(marc_format, marc_record_type, tag, code, description,
                                 repeatable, mandatory, hidden)
VALUES (1, 'biblio', '786', 'z', $$International Standard Book Number$$,
TRUE, FALSE, FALSE);
INSERT INTO config.marc_subfield(marc_format, marc_record_type, tag, code, description,
                                 repeatable, mandatory, hidden)
VALUES (1, 'biblio', '786', '6', $$Linkage$$,
FALSE, FALSE, FALSE);
INSERT INTO config.marc_subfield(marc_format, marc_record_type, tag, code, description,
                                 repeatable, mandatory, hidden)
VALUES (1, 'biblio', '786', '7', $$Control subfield$$,
FALSE, FALSE, FALSE);
INSERT INTO config.marc_subfield(marc_format, marc_record_type, tag, code, description,
                                 repeatable, mandatory, hidden)
VALUES (1, 'biblio', '786', '8', $$Field link and sequence number$$,
TRUE, FALSE, FALSE);
INSERT INTO config.marc_field(marc_format, marc_record_type, tag, name, description,
                              fixed_field, repeatable, mandatory, hidden)
VALUES (1, 'biblio', '787', $$Other Relationship Entry$$, $$Information concerning the work related to the target item when the relationship does not fit any of those defined in fields 760-785.$$,
FALSE, TRUE, FALSE, FALSE);
INSERT INTO config.record_attr_definition(name, label)
VALUES ('marc21_biblio_787_ind_1', 'MARC 21 biblio field 787 indicator position 1');
INSERT INTO config.coded_value_map(ctype, code, value, opac_visible, is_simple)
VALUES ('marc21_biblio_787_ind_1', '0', $$Display note$$, FALSE, TRUE);
INSERT INTO config.coded_value_map(ctype, code, value, opac_visible, is_simple)
VALUES ('marc21_biblio_787_ind_1', '1', $$Do not display note$$, FALSE, TRUE);
INSERT INTO config.record_attr_definition(name, label)
VALUES ('marc21_biblio_787_ind_2', 'MARC 21 biblio field 787 indicator position 2');
INSERT INTO config.coded_value_map(ctype, code, value, opac_visible, is_simple)
VALUES ('marc21_biblio_787_ind_2', '#', $$Related item$$, FALSE, TRUE);
INSERT INTO config.coded_value_map(ctype, code, value, opac_visible, is_simple)
VALUES ('marc21_biblio_787_ind_2', '8', $$No display constant generated$$, FALSE, TRUE);
INSERT INTO config.marc_subfield(marc_format, marc_record_type, tag, code, description,
                                 repeatable, mandatory, hidden)
VALUES (1, 'biblio', '787', 'a', $$Main entry heading$$,
FALSE, FALSE, FALSE);
INSERT INTO config.marc_subfield(marc_format, marc_record_type, tag, code, description,
                                 repeatable, mandatory, hidden)
VALUES (1, 'biblio', '787', 'b', $$Edition$$,
FALSE, FALSE, FALSE);
INSERT INTO config.marc_subfield(marc_format, marc_record_type, tag, code, description,
                                 repeatable, mandatory, hidden)
VALUES (1, 'biblio', '787', 'c', $$Qualifying information$$,
FALSE, FALSE, FALSE);
INSERT INTO config.marc_subfield(marc_format, marc_record_type, tag, code, description,
                                 repeatable, mandatory, hidden)
VALUES (1, 'biblio', '787', 'd', $$Place, publisher, and date of publication$$,
FALSE, FALSE, FALSE);
INSERT INTO config.marc_subfield(marc_format, marc_record_type, tag, code, description,
                                 repeatable, mandatory, hidden)
VALUES (1, 'biblio', '787', 'g', $$Related parts$$,
TRUE, FALSE, FALSE);
INSERT INTO config.marc_subfield(marc_format, marc_record_type, tag, code, description,
                                 repeatable, mandatory, hidden)
VALUES (1, 'biblio', '787', 'h', $$Physical description$$,
FALSE, FALSE, FALSE);
INSERT INTO config.marc_subfield(marc_format, marc_record_type, tag, code, description,
                                 repeatable, mandatory, hidden)
VALUES (1, 'biblio', '787', 'i', $$Relationship information$$,
TRUE, FALSE, FALSE);
INSERT INTO config.marc_subfield(marc_format, marc_record_type, tag, code, description,
                                 repeatable, mandatory, hidden)
VALUES (1, 'biblio', '787', 'k', $$Series data for related item$$,
TRUE, FALSE, FALSE);
INSERT INTO config.marc_subfield(marc_format, marc_record_type, tag, code, description,
                                 repeatable, mandatory, hidden)
VALUES (1, 'biblio', '787', 'm', $$Material-specific details$$,
FALSE, FALSE, FALSE);
INSERT INTO config.marc_subfield(marc_format, marc_record_type, tag, code, description,
                                 repeatable, mandatory, hidden)
VALUES (1, 'biblio', '787', 'n', $$Note$$,
TRUE, FALSE, FALSE);
INSERT INTO config.marc_subfield(marc_format, marc_record_type, tag, code, description,
                                 repeatable, mandatory, hidden)
VALUES (1, 'biblio', '787', 'o', $$Other item identifier$$,
TRUE, FALSE, FALSE);
INSERT INTO config.marc_subfield(marc_format, marc_record_type, tag, code, description,
                                 repeatable, mandatory, hidden)
VALUES (1, 'biblio', '787', 'r', $$Report number$$,
TRUE, FALSE, FALSE);
INSERT INTO config.marc_subfield(marc_format, marc_record_type, tag, code, description,
                                 repeatable, mandatory, hidden)
VALUES (1, 'biblio', '787', 's', $$Uniform title$$,
FALSE, FALSE, FALSE);
INSERT INTO config.marc_subfield(marc_format, marc_record_type, tag, code, description,
                                 repeatable, mandatory, hidden)
VALUES (1, 'biblio', '787', 't', $$Title$$,
FALSE, FALSE, FALSE);
INSERT INTO config.marc_subfield(marc_format, marc_record_type, tag, code, description,
                                 repeatable, mandatory, hidden)
VALUES (1, 'biblio', '787', 'u', $$Standard Technical Report Number$$,
FALSE, FALSE, FALSE);
INSERT INTO config.marc_subfield(marc_format, marc_record_type, tag, code, description,
                                 repeatable, mandatory, hidden)
VALUES (1, 'biblio', '787', 'w', $$Record control number$$,
TRUE, FALSE, FALSE);
INSERT INTO config.marc_subfield(marc_format, marc_record_type, tag, code, description,
                                 repeatable, mandatory, hidden)
VALUES (1, 'biblio', '787', 'x', $$International Standard Serial Number$$,
FALSE, FALSE, FALSE);
INSERT INTO config.marc_subfield(marc_format, marc_record_type, tag, code, description,
                                 repeatable, mandatory, hidden)
VALUES (1, 'biblio', '787', 'y', $$CODEN designation$$,
FALSE, FALSE, FALSE);
INSERT INTO config.marc_subfield(marc_format, marc_record_type, tag, code, description,
                                 repeatable, mandatory, hidden)
VALUES (1, 'biblio', '787', 'z', $$International Standard Book Number$$,
TRUE, FALSE, FALSE);
INSERT INTO config.marc_subfield(marc_format, marc_record_type, tag, code, description,
                                 repeatable, mandatory, hidden)
VALUES (1, 'biblio', '787', '6', $$Linkage$$,
FALSE, FALSE, FALSE);
INSERT INTO config.marc_subfield(marc_format, marc_record_type, tag, code, description,
                                 repeatable, mandatory, hidden)
VALUES (1, 'biblio', '787', '7', $$Control subfield$$,
FALSE, FALSE, FALSE);
INSERT INTO config.marc_subfield(marc_format, marc_record_type, tag, code, description,
                                 repeatable, mandatory, hidden)
VALUES (1, 'biblio', '787', '8', $$Field link and sequence number$$,
TRUE, FALSE, FALSE);
INSERT INTO config.marc_field(marc_format, marc_record_type, tag, name, description,
                              fixed_field, repeatable, mandatory, hidden)
VALUES (1, 'biblio', '800', $$Series Added Entry-Personal Name$$, $$Author/title series added entry in which the author portion is a personal name.$$,
FALSE, TRUE, FALSE, FALSE);
INSERT INTO config.record_attr_definition(name, label)
VALUES ('marc21_biblio_800_ind_1', 'MARC 21 biblio field 800 indicator position 1');
INSERT INTO config.coded_value_map(ctype, code, value, opac_visible, is_simple)
VALUES ('marc21_biblio_800_ind_1', '0', $$Forename$$, FALSE, TRUE);
INSERT INTO config.coded_value_map(ctype, code, value, opac_visible, is_simple)
VALUES ('marc21_biblio_800_ind_1', '1', $$Surname$$, FALSE, TRUE);
INSERT INTO config.coded_value_map(ctype, code, value, opac_visible, is_simple)
VALUES ('marc21_biblio_800_ind_1', '3', $$Family name$$, FALSE, TRUE);
INSERT INTO config.record_attr_definition(name, label)
VALUES ('marc21_biblio_800_ind_2', 'MARC 21 biblio field 800 indicator position 2');
INSERT INTO config.coded_value_map(ctype, code, value, opac_visible, is_simple)
VALUES ('marc21_biblio_800_ind_2', '#', $$Undefined$$, FALSE, TRUE);
INSERT INTO config.marc_subfield(marc_format, marc_record_type, tag, code, description,
                                 repeatable, mandatory, hidden)
VALUES (1, 'biblio', '800', 'a', $$Personal name$$,
FALSE, FALSE, FALSE);
INSERT INTO config.marc_subfield(marc_format, marc_record_type, tag, code, description,
                                 repeatable, mandatory, hidden)
VALUES (1, 'biblio', '800', 'b', $$Numeration$$,
FALSE, FALSE, FALSE);
INSERT INTO config.marc_subfield(marc_format, marc_record_type, tag, code, description,
                                 repeatable, mandatory, hidden)
VALUES (1, 'biblio', '800', 'c', $$Titles and other words associated with a name$$,
TRUE, FALSE, FALSE);
INSERT INTO config.marc_subfield(marc_format, marc_record_type, tag, code, description,
                                 repeatable, mandatory, hidden)
VALUES (1, 'biblio', '800', 'd', $$Dates associated with a name$$,
FALSE, FALSE, FALSE);
INSERT INTO config.marc_subfield(marc_format, marc_record_type, tag, code, description,
                                 repeatable, mandatory, hidden)
VALUES (1, 'biblio', '800', 'e', $$Relator term$$,
TRUE, FALSE, FALSE);
INSERT INTO config.marc_subfield(marc_format, marc_record_type, tag, code, description,
                                 repeatable, mandatory, hidden)
VALUES (1, 'biblio', '800', 'f', $$Date of a work$$,
FALSE, FALSE, FALSE);
INSERT INTO config.marc_subfield(marc_format, marc_record_type, tag, code, description,
                                 repeatable, mandatory, hidden)
VALUES (1, 'biblio', '800', 'g', $$Miscellaneous information$$,
FALSE, FALSE, FALSE);
INSERT INTO config.marc_subfield(marc_format, marc_record_type, tag, code, description,
                                 repeatable, mandatory, hidden)
VALUES (1, 'biblio', '800', 'h', $$Medium$$,
FALSE, FALSE, FALSE);
INSERT INTO config.marc_subfield(marc_format, marc_record_type, tag, code, description,
                                 repeatable, mandatory, hidden)
VALUES (1, 'biblio', '800', 'j', $$Attribution qualifier$$,
TRUE, FALSE, FALSE);
INSERT INTO config.marc_subfield(marc_format, marc_record_type, tag, code, description,
                                 repeatable, mandatory, hidden)
VALUES (1, 'biblio', '800', 'k', $$Form subheading$$,
TRUE, FALSE, FALSE);
INSERT INTO config.marc_subfield(marc_format, marc_record_type, tag, code, description,
                                 repeatable, mandatory, hidden)
VALUES (1, 'biblio', '800', 'l', $$Language of a work$$,
FALSE, FALSE, FALSE);
INSERT INTO config.marc_subfield(marc_format, marc_record_type, tag, code, description,
                                 repeatable, mandatory, hidden)
VALUES (1, 'biblio', '800', 'm', $$Medium of performance for music$$,
TRUE, FALSE, FALSE);
INSERT INTO config.marc_subfield(marc_format, marc_record_type, tag, code, description,
                                 repeatable, mandatory, hidden)
VALUES (1, 'biblio', '800', 'n', $$Number of part/section of a work$$,
TRUE, FALSE, FALSE);
INSERT INTO config.marc_subfield(marc_format, marc_record_type, tag, code, description,
                                 repeatable, mandatory, hidden)
VALUES (1, 'biblio', '800', 'o', $$Arranged statement for music$$,
FALSE, FALSE, FALSE);
INSERT INTO config.marc_subfield(marc_format, marc_record_type, tag, code, description,
                                 repeatable, mandatory, hidden)
VALUES (1, 'biblio', '800', 'p', $$Name of part/section of a work$$,
TRUE, FALSE, FALSE);
INSERT INTO config.marc_subfield(marc_format, marc_record_type, tag, code, description,
                                 repeatable, mandatory, hidden)
VALUES (1, 'biblio', '800', 'q', $$Fuller form of name$$,
FALSE, FALSE, FALSE);
INSERT INTO config.marc_subfield(marc_format, marc_record_type, tag, code, description,
                                 repeatable, mandatory, hidden)
VALUES (1, 'biblio', '800', 'r', $$Key for music$$,
FALSE, FALSE, FALSE);
INSERT INTO config.marc_subfield(marc_format, marc_record_type, tag, code, description,
                                 repeatable, mandatory, hidden)
VALUES (1, 'biblio', '800', 's', $$Version$$,
FALSE, FALSE, FALSE);
INSERT INTO config.marc_subfield(marc_format, marc_record_type, tag, code, description,
                                 repeatable, mandatory, hidden)
VALUES (1, 'biblio', '800', 't', $$Title of a work$$,
FALSE, FALSE, FALSE);
INSERT INTO config.marc_subfield(marc_format, marc_record_type, tag, code, description,
                                 repeatable, mandatory, hidden)
VALUES (1, 'biblio', '800', 'u', $$Affiliation$$,
FALSE, FALSE, FALSE);
INSERT INTO config.marc_subfield(marc_format, marc_record_type, tag, code, description,
                                 repeatable, mandatory, hidden)
VALUES (1, 'biblio', '800', 'v', $$Volume/sequential designation$$,
FALSE, FALSE, FALSE);
INSERT INTO config.marc_subfield(marc_format, marc_record_type, tag, code, description,
                                 repeatable, mandatory, hidden)
VALUES (1, 'biblio', '800', 'w', $$Bibliographic record control number$$,
TRUE, FALSE, FALSE);
INSERT INTO config.marc_subfield(marc_format, marc_record_type, tag, code, description,
                                 repeatable, mandatory, hidden)
VALUES (1, 'biblio', '800', 'x', $$International Standard Serial Number$$,
FALSE, FALSE, FALSE);
INSERT INTO config.marc_subfield(marc_format, marc_record_type, tag, code, description,
                                 repeatable, mandatory, hidden)
VALUES (1, 'biblio', '800', '0', $$Authority record control number$$,
TRUE, FALSE, FALSE);
INSERT INTO config.marc_subfield(marc_format, marc_record_type, tag, code, description,
                                 repeatable, mandatory, hidden)
VALUES (1, 'biblio', '800', '3', $$Materials specified$$,
FALSE, FALSE, FALSE);
INSERT INTO config.marc_subfield(marc_format, marc_record_type, tag, code, description,
                                 repeatable, mandatory, hidden)
VALUES (1, 'biblio', '800', '4', $$Relator code$$,
TRUE, FALSE, FALSE);
INSERT INTO config.marc_subfield(marc_format, marc_record_type, tag, code, description,
                                 repeatable, mandatory, hidden)
VALUES (1, 'biblio', '800', '5', $$Institution to which field applies$$,
TRUE, FALSE, FALSE);
INSERT INTO config.marc_subfield(marc_format, marc_record_type, tag, code, description,
                                 repeatable, mandatory, hidden)
VALUES (1, 'biblio', '800', '6', $$Linkage$$,
FALSE, FALSE, FALSE);
INSERT INTO config.marc_subfield(marc_format, marc_record_type, tag, code, description,
                                 repeatable, mandatory, hidden)
VALUES (1, 'biblio', '800', '8', $$Field link and sequence number$$,
TRUE, FALSE, FALSE);
INSERT INTO config.marc_field(marc_format, marc_record_type, tag, name, description,
                              fixed_field, repeatable, mandatory, hidden)
VALUES (1, 'biblio', '810', $$Series Added Entry-Corporate Name$$, $$Author/title series added entry in which the author portion is a corporate name.$$,
FALSE, TRUE, FALSE, FALSE);
INSERT INTO config.record_attr_definition(name, label)
VALUES ('marc21_biblio_810_ind_1', 'MARC 21 biblio field 810 indicator position 1');
INSERT INTO config.coded_value_map(ctype, code, value, opac_visible, is_simple)
VALUES ('marc21_biblio_810_ind_1', '0', $$Inverted name$$, FALSE, TRUE);
INSERT INTO config.coded_value_map(ctype, code, value, opac_visible, is_simple)
VALUES ('marc21_biblio_810_ind_1', '1', $$Jurisdiction name$$, FALSE, TRUE);
INSERT INTO config.coded_value_map(ctype, code, value, opac_visible, is_simple)
VALUES ('marc21_biblio_810_ind_1', '2', $$Name in direct order$$, FALSE, TRUE);
INSERT INTO config.record_attr_definition(name, label)
VALUES ('marc21_biblio_810_ind_2', 'MARC 21 biblio field 810 indicator position 2');
INSERT INTO config.coded_value_map(ctype, code, value, opac_visible, is_simple)
VALUES ('marc21_biblio_810_ind_2', '#', $$Undefined$$, FALSE, TRUE);
INSERT INTO config.marc_subfield(marc_format, marc_record_type, tag, code, description,
                                 repeatable, mandatory, hidden)
VALUES (1, 'biblio', '810', 'a', $$Corporate name or jurisdiction name as entry element$$,
FALSE, FALSE, FALSE);
INSERT INTO config.marc_subfield(marc_format, marc_record_type, tag, code, description,
                                 repeatable, mandatory, hidden)
VALUES (1, 'biblio', '810', 'b', $$Subordinate unit$$,
TRUE, FALSE, FALSE);
INSERT INTO config.marc_subfield(marc_format, marc_record_type, tag, code, description,
                                 repeatable, mandatory, hidden)
VALUES (1, 'biblio', '810', 'c', $$Location of meeting$$,
FALSE, FALSE, FALSE);
INSERT INTO config.marc_subfield(marc_format, marc_record_type, tag, code, description,
                                 repeatable, mandatory, hidden)
VALUES (1, 'biblio', '810', 'd', $$Date of meeting or treaty signing$$,
TRUE, FALSE, FALSE);
INSERT INTO config.marc_subfield(marc_format, marc_record_type, tag, code, description,
                                 repeatable, mandatory, hidden)
VALUES (1, 'biblio', '810', 'e', $$Relator term$$,
TRUE, FALSE, FALSE);
INSERT INTO config.marc_subfield(marc_format, marc_record_type, tag, code, description,
                                 repeatable, mandatory, hidden)
VALUES (1, 'biblio', '810', 'f', $$Date of a work$$,
FALSE, FALSE, FALSE);
INSERT INTO config.marc_subfield(marc_format, marc_record_type, tag, code, description,
                                 repeatable, mandatory, hidden)
VALUES (1, 'biblio', '810', 'g', $$Miscellaneous information$$,
FALSE, FALSE, FALSE);
INSERT INTO config.marc_subfield(marc_format, marc_record_type, tag, code, description,
                                 repeatable, mandatory, hidden)
VALUES (1, 'biblio', '810', 'h', $$Medium$$,
FALSE, FALSE, FALSE);
INSERT INTO config.marc_subfield(marc_format, marc_record_type, tag, code, description,
                                 repeatable, mandatory, hidden)
VALUES (1, 'biblio', '810', 'k', $$Form subheading$$,
TRUE, FALSE, FALSE);
INSERT INTO config.marc_subfield(marc_format, marc_record_type, tag, code, description,
                                 repeatable, mandatory, hidden)
VALUES (1, 'biblio', '810', 'l', $$Language of a work$$,
FALSE, FALSE, FALSE);
INSERT INTO config.marc_subfield(marc_format, marc_record_type, tag, code, description,
                                 repeatable, mandatory, hidden)
VALUES (1, 'biblio', '810', 'm', $$Medium of performance for music$$,
TRUE, FALSE, FALSE);
INSERT INTO config.marc_subfield(marc_format, marc_record_type, tag, code, description,
                                 repeatable, mandatory, hidden)
VALUES (1, 'biblio', '810', 'n', $$Number of part/section/meeting$$,
TRUE, FALSE, FALSE);
INSERT INTO config.marc_subfield(marc_format, marc_record_type, tag, code, description,
                                 repeatable, mandatory, hidden)
VALUES (1, 'biblio', '810', 'o', $$Arranged statement for music$$,
FALSE, FALSE, FALSE);
INSERT INTO config.marc_subfield(marc_format, marc_record_type, tag, code, description,
                                 repeatable, mandatory, hidden)
VALUES (1, 'biblio', '810', 'p', $$Name of part/section of a work$$,
TRUE, FALSE, FALSE);
INSERT INTO config.marc_subfield(marc_format, marc_record_type, tag, code, description,
                                 repeatable, mandatory, hidden)
VALUES (1, 'biblio', '810', 'r', $$Key for music$$,
FALSE, FALSE, FALSE);
INSERT INTO config.marc_subfield(marc_format, marc_record_type, tag, code, description,
                                 repeatable, mandatory, hidden)
VALUES (1, 'biblio', '810', 's', $$Version$$,
FALSE, FALSE, FALSE);
INSERT INTO config.marc_subfield(marc_format, marc_record_type, tag, code, description,
                                 repeatable, mandatory, hidden)
VALUES (1, 'biblio', '810', 't', $$Title of a work$$,
FALSE, FALSE, FALSE);
INSERT INTO config.marc_subfield(marc_format, marc_record_type, tag, code, description,
                                 repeatable, mandatory, hidden)
VALUES (1, 'biblio', '810', 'u', $$Affiliation$$,
FALSE, FALSE, FALSE);
INSERT INTO config.marc_subfield(marc_format, marc_record_type, tag, code, description,
                                 repeatable, mandatory, hidden)
VALUES (1, 'biblio', '810', 'v', $$Volume/sequential designation$$,
FALSE, FALSE, FALSE);
INSERT INTO config.marc_subfield(marc_format, marc_record_type, tag, code, description,
                                 repeatable, mandatory, hidden)
VALUES (1, 'biblio', '810', 'w', $$Bibliographic record control number$$,
TRUE, FALSE, FALSE);
INSERT INTO config.marc_subfield(marc_format, marc_record_type, tag, code, description,
                                 repeatable, mandatory, hidden)
VALUES (1, 'biblio', '810', 'x', $$International Standard Serial Number$$,
FALSE, FALSE, FALSE);
INSERT INTO config.marc_subfield(marc_format, marc_record_type, tag, code, description,
                                 repeatable, mandatory, hidden)
VALUES (1, 'biblio', '810', '0', $$Authority record control number$$,
TRUE, FALSE, FALSE);
INSERT INTO config.marc_subfield(marc_format, marc_record_type, tag, code, description,
                                 repeatable, mandatory, hidden)
VALUES (1, 'biblio', '810', '3', $$Materials specified$$,
FALSE, FALSE, FALSE);
INSERT INTO config.marc_subfield(marc_format, marc_record_type, tag, code, description,
                                 repeatable, mandatory, hidden)
VALUES (1, 'biblio', '810', '4', $$Relator code$$,
TRUE, FALSE, FALSE);
INSERT INTO config.marc_subfield(marc_format, marc_record_type, tag, code, description,
                                 repeatable, mandatory, hidden)
VALUES (1, 'biblio', '810', '5', $$Institution to which field applies$$,
TRUE, FALSE, FALSE);
INSERT INTO config.marc_subfield(marc_format, marc_record_type, tag, code, description,
                                 repeatable, mandatory, hidden)
VALUES (1, 'biblio', '810', '6', $$Linkage$$,
FALSE, FALSE, FALSE);
INSERT INTO config.marc_subfield(marc_format, marc_record_type, tag, code, description,
                                 repeatable, mandatory, hidden)
VALUES (1, 'biblio', '810', '8', $$Field link and sequence number$$,
TRUE, FALSE, FALSE);
INSERT INTO config.marc_field(marc_format, marc_record_type, tag, name, description,
                              fixed_field, repeatable, mandatory, hidden)
VALUES (1, 'biblio', '811', $$Series Added Entry-Meeting Name$$, $$Author/title series added entry in which the author portion is a meeting name or conference name.$$,
FALSE, TRUE, FALSE, FALSE);
INSERT INTO config.record_attr_definition(name, label)
VALUES ('marc21_biblio_811_ind_1', 'MARC 21 biblio field 811 indicator position 1');
INSERT INTO config.coded_value_map(ctype, code, value, opac_visible, is_simple)
VALUES ('marc21_biblio_811_ind_1', '0', $$Inverted name$$, FALSE, TRUE);
INSERT INTO config.coded_value_map(ctype, code, value, opac_visible, is_simple)
VALUES ('marc21_biblio_811_ind_1', '1', $$Jurisdiction name$$, FALSE, TRUE);
INSERT INTO config.coded_value_map(ctype, code, value, opac_visible, is_simple)
VALUES ('marc21_biblio_811_ind_1', '2', $$Name in direct order$$, FALSE, TRUE);
INSERT INTO config.record_attr_definition(name, label)
VALUES ('marc21_biblio_811_ind_2', 'MARC 21 biblio field 811 indicator position 2');
INSERT INTO config.coded_value_map(ctype, code, value, opac_visible, is_simple)
VALUES ('marc21_biblio_811_ind_2', '#', $$Undefined$$, FALSE, TRUE);
INSERT INTO config.marc_subfield(marc_format, marc_record_type, tag, code, description,
                                 repeatable, mandatory, hidden)
VALUES (1, 'biblio', '811', 'a', $$Meeting name or jurisdiction name as entry element$$,
FALSE, FALSE, FALSE);
INSERT INTO config.marc_subfield(marc_format, marc_record_type, tag, code, description,
                                 repeatable, mandatory, hidden)
VALUES (1, 'biblio', '811', 'c', $$Location of meeting$$,
FALSE, FALSE, FALSE);
INSERT INTO config.marc_subfield(marc_format, marc_record_type, tag, code, description,
                                 repeatable, mandatory, hidden)
VALUES (1, 'biblio', '811', 'd', $$Date of meeting$$,
FALSE, FALSE, FALSE);
INSERT INTO config.marc_subfield(marc_format, marc_record_type, tag, code, description,
                                 repeatable, mandatory, hidden)
VALUES (1, 'biblio', '811', 'e', $$Subordinate unit$$,
TRUE, FALSE, FALSE);
INSERT INTO config.marc_subfield(marc_format, marc_record_type, tag, code, description,
                                 repeatable, mandatory, hidden)
VALUES (1, 'biblio', '811', 'f', $$Date of a work$$,
FALSE, FALSE, FALSE);
INSERT INTO config.marc_subfield(marc_format, marc_record_type, tag, code, description,
                                 repeatable, mandatory, hidden)
VALUES (1, 'biblio', '811', 'g', $$Miscellaneous information$$,
FALSE, FALSE, FALSE);
INSERT INTO config.marc_subfield(marc_format, marc_record_type, tag, code, description,
                                 repeatable, mandatory, hidden)
VALUES (1, 'biblio', '811', 'h', $$Medium$$,
FALSE, FALSE, FALSE);
INSERT INTO config.marc_subfield(marc_format, marc_record_type, tag, code, description,
                                 repeatable, mandatory, hidden)
VALUES (1, 'biblio', '811', 'j', $$Relator term$$,
TRUE, FALSE, FALSE);
INSERT INTO config.marc_subfield(marc_format, marc_record_type, tag, code, description,
                                 repeatable, mandatory, hidden)
VALUES (1, 'biblio', '811', 'k', $$Form subheading$$,
TRUE, FALSE, FALSE);
INSERT INTO config.marc_subfield(marc_format, marc_record_type, tag, code, description,
                                 repeatable, mandatory, hidden)
VALUES (1, 'biblio', '811', 'l', $$Language of a work$$,
FALSE, FALSE, FALSE);
INSERT INTO config.marc_subfield(marc_format, marc_record_type, tag, code, description,
                                 repeatable, mandatory, hidden)
VALUES (1, 'biblio', '811', 'n', $$Number of part/section/meeting$$,
TRUE, FALSE, FALSE);
INSERT INTO config.marc_subfield(marc_format, marc_record_type, tag, code, description,
                                 repeatable, mandatory, hidden)
VALUES (1, 'biblio', '811', 'p', $$Name of part/section of a work$$,
TRUE, FALSE, FALSE);
INSERT INTO config.marc_subfield(marc_format, marc_record_type, tag, code, description,
                                 repeatable, mandatory, hidden)
VALUES (1, 'biblio', '811', 'q', $$Name of meeting following jurisdiction name entry element$$,
FALSE, FALSE, FALSE);
INSERT INTO config.marc_subfield(marc_format, marc_record_type, tag, code, description,
                                 repeatable, mandatory, hidden)
VALUES (1, 'biblio', '811', 's', $$Version$$,
FALSE, FALSE, FALSE);
INSERT INTO config.marc_subfield(marc_format, marc_record_type, tag, code, description,
                                 repeatable, mandatory, hidden)
VALUES (1, 'biblio', '811', 't', $$Title of a work$$,
FALSE, FALSE, FALSE);
INSERT INTO config.marc_subfield(marc_format, marc_record_type, tag, code, description,
                                 repeatable, mandatory, hidden)
VALUES (1, 'biblio', '811', 'u', $$Affiliation$$,
FALSE, FALSE, FALSE);
INSERT INTO config.marc_subfield(marc_format, marc_record_type, tag, code, description,
                                 repeatable, mandatory, hidden)
VALUES (1, 'biblio', '811', 'v', $$Volume/sequential designation$$,
FALSE, FALSE, FALSE);
INSERT INTO config.marc_subfield(marc_format, marc_record_type, tag, code, description,
                                 repeatable, mandatory, hidden)
VALUES (1, 'biblio', '811', 'w', $$Bibliographic record control number$$,
TRUE, FALSE, FALSE);
INSERT INTO config.marc_subfield(marc_format, marc_record_type, tag, code, description,
                                 repeatable, mandatory, hidden)
VALUES (1, 'biblio', '811', 'x', $$International Standard Serial Number$$,
FALSE, FALSE, FALSE);
INSERT INTO config.marc_subfield(marc_format, marc_record_type, tag, code, description,
                                 repeatable, mandatory, hidden)
VALUES (1, 'biblio', '811', '0', $$Authority record control number$$,
TRUE, FALSE, FALSE);
INSERT INTO config.marc_subfield(marc_format, marc_record_type, tag, code, description,
                                 repeatable, mandatory, hidden)
VALUES (1, 'biblio', '811', '3', $$Materials specified$$,
FALSE, FALSE, FALSE);
INSERT INTO config.marc_subfield(marc_format, marc_record_type, tag, code, description,
                                 repeatable, mandatory, hidden)
VALUES (1, 'biblio', '811', '4', $$Relator code$$,
TRUE, FALSE, FALSE);
INSERT INTO config.marc_subfield(marc_format, marc_record_type, tag, code, description,
                                 repeatable, mandatory, hidden)
VALUES (1, 'biblio', '811', '5', $$Institution to which field applies$$,
TRUE, FALSE, FALSE);
INSERT INTO config.marc_subfield(marc_format, marc_record_type, tag, code, description,
                                 repeatable, mandatory, hidden)
VALUES (1, 'biblio', '811', '6', $$Linkage$$,
FALSE, FALSE, FALSE);
INSERT INTO config.marc_subfield(marc_format, marc_record_type, tag, code, description,
                                 repeatable, mandatory, hidden)
VALUES (1, 'biblio', '811', '8', $$Field link and sequence number$$,
TRUE, FALSE, FALSE);
INSERT INTO config.marc_field(marc_format, marc_record_type, tag, name, description,
                              fixed_field, repeatable, mandatory, hidden)
VALUES (1, 'biblio', '830', $$Series Added Entry-Uniform Title$$, $$Series added entry consisting of a series title alone.$$,
FALSE, TRUE, FALSE, FALSE);
INSERT INTO config.record_attr_definition(name, label)
VALUES ('marc21_biblio_830_ind_1', 'MARC 21 biblio field 830 indicator position 1');
INSERT INTO config.coded_value_map(ctype, code, value, opac_visible, is_simple)
VALUES ('marc21_biblio_830_ind_1', '#', $$Undefined$$, FALSE, TRUE);
INSERT INTO config.record_attr_definition(name, label)
VALUES ('marc21_biblio_830_ind_2', 'MARC 21 biblio field 830 indicator position 2');
INSERT INTO config.coded_value_map(ctype, code, value, opac_visible, is_simple)
VALUES ('marc21_biblio_830_ind_2', '0', $$No nonfiling characters$$, FALSE, TRUE);
INSERT INTO config.coded_value_map(ctype, code, value, opac_visible, is_simple)
VALUES ('marc21_biblio_830_ind_2', '1', $$Number of nonfiling characters - 1$$, FALSE, TRUE);
INSERT INTO config.coded_value_map(ctype, code, value, opac_visible, is_simple)
VALUES ('marc21_biblio_830_ind_2', '2', $$Number of nonfiling characters - 2$$, FALSE, TRUE);
INSERT INTO config.coded_value_map(ctype, code, value, opac_visible, is_simple)
VALUES ('marc21_biblio_830_ind_2', '3', $$Number of nonfiling characters - 3$$, FALSE, TRUE);
INSERT INTO config.coded_value_map(ctype, code, value, opac_visible, is_simple)
VALUES ('marc21_biblio_830_ind_2', '4', $$Number of nonfiling characters - 4$$, FALSE, TRUE);
INSERT INTO config.coded_value_map(ctype, code, value, opac_visible, is_simple)
VALUES ('marc21_biblio_830_ind_2', '5', $$Number of nonfiling characters - 5$$, FALSE, TRUE);
INSERT INTO config.coded_value_map(ctype, code, value, opac_visible, is_simple)
VALUES ('marc21_biblio_830_ind_2', '6', $$Number of nonfiling characters - 6$$, FALSE, TRUE);
INSERT INTO config.coded_value_map(ctype, code, value, opac_visible, is_simple)
VALUES ('marc21_biblio_830_ind_2', '7', $$Number of nonfiling characters - 7$$, FALSE, TRUE);
INSERT INTO config.coded_value_map(ctype, code, value, opac_visible, is_simple)
VALUES ('marc21_biblio_830_ind_2', '8', $$Number of nonfiling characters - 8$$, FALSE, TRUE);
INSERT INTO config.coded_value_map(ctype, code, value, opac_visible, is_simple)
VALUES ('marc21_biblio_830_ind_2', '9', $$Number of nonfiling characters - 9$$, FALSE, TRUE);
INSERT INTO config.marc_subfield(marc_format, marc_record_type, tag, code, description,
                                 repeatable, mandatory, hidden)
VALUES (1, 'biblio', '830', 'a', $$Uniform title$$,
FALSE, FALSE, FALSE);
INSERT INTO config.marc_subfield(marc_format, marc_record_type, tag, code, description,
                                 repeatable, mandatory, hidden)
VALUES (1, 'biblio', '830', 'd', $$Date of treaty signing$$,
TRUE, FALSE, FALSE);
INSERT INTO config.marc_subfield(marc_format, marc_record_type, tag, code, description,
                                 repeatable, mandatory, hidden)
VALUES (1, 'biblio', '830', 'f', $$Date of a work$$,
FALSE, FALSE, FALSE);
INSERT INTO config.marc_subfield(marc_format, marc_record_type, tag, code, description,
                                 repeatable, mandatory, hidden)
VALUES (1, 'biblio', '830', 'g', $$Miscellaneous information$$,
FALSE, FALSE, FALSE);
INSERT INTO config.marc_subfield(marc_format, marc_record_type, tag, code, description,
                                 repeatable, mandatory, hidden)
VALUES (1, 'biblio', '830', 'h', $$Medium$$,
FALSE, FALSE, FALSE);
INSERT INTO config.marc_subfield(marc_format, marc_record_type, tag, code, description,
                                 repeatable, mandatory, hidden)
VALUES (1, 'biblio', '830', 'k', $$Form subheading$$,
TRUE, FALSE, FALSE);
INSERT INTO config.marc_subfield(marc_format, marc_record_type, tag, code, description,
                                 repeatable, mandatory, hidden)
VALUES (1, 'biblio', '830', 'l', $$Language of a work$$,
FALSE, FALSE, FALSE);
INSERT INTO config.marc_subfield(marc_format, marc_record_type, tag, code, description,
                                 repeatable, mandatory, hidden)
VALUES (1, 'biblio', '830', 'm', $$Medium of performance for music$$,
TRUE, FALSE, FALSE);
INSERT INTO config.marc_subfield(marc_format, marc_record_type, tag, code, description,
                                 repeatable, mandatory, hidden)
VALUES (1, 'biblio', '830', 'n', $$Number of part/section of a work$$,
TRUE, FALSE, FALSE);
INSERT INTO config.marc_subfield(marc_format, marc_record_type, tag, code, description,
                                 repeatable, mandatory, hidden)
VALUES (1, 'biblio', '830', 'o', $$Arranged statement for music$$,
FALSE, FALSE, FALSE);
INSERT INTO config.marc_subfield(marc_format, marc_record_type, tag, code, description,
                                 repeatable, mandatory, hidden)
VALUES (1, 'biblio', '830', 'p', $$Name of part/section of a work$$,
TRUE, FALSE, FALSE);
INSERT INTO config.marc_subfield(marc_format, marc_record_type, tag, code, description,
                                 repeatable, mandatory, hidden)
VALUES (1, 'biblio', '830', 'r', $$Key for music$$,
FALSE, FALSE, FALSE);
INSERT INTO config.marc_subfield(marc_format, marc_record_type, tag, code, description,
                                 repeatable, mandatory, hidden)
VALUES (1, 'biblio', '830', 's', $$Version$$,
FALSE, FALSE, FALSE);
INSERT INTO config.marc_subfield(marc_format, marc_record_type, tag, code, description,
                                 repeatable, mandatory, hidden)
VALUES (1, 'biblio', '830', 't', $$Title of a work$$,
FALSE, FALSE, FALSE);
INSERT INTO config.marc_subfield(marc_format, marc_record_type, tag, code, description,
                                 repeatable, mandatory, hidden)
VALUES (1, 'biblio', '830', 'v', $$Volume/sequential designation$$,
FALSE, FALSE, FALSE);
INSERT INTO config.marc_subfield(marc_format, marc_record_type, tag, code, description,
                                 repeatable, mandatory, hidden)
VALUES (1, 'biblio', '830', 'w', $$Bibliographic record control number$$,
TRUE, FALSE, FALSE);
INSERT INTO config.marc_subfield(marc_format, marc_record_type, tag, code, description,
                                 repeatable, mandatory, hidden)
VALUES (1, 'biblio', '830', 'x', $$International Standard Serial Number$$,
FALSE, FALSE, FALSE);
INSERT INTO config.marc_subfield(marc_format, marc_record_type, tag, code, description,
                                 repeatable, mandatory, hidden)
VALUES (1, 'biblio', '830', '0', $$Authority record control number$$,
TRUE, FALSE, FALSE);
INSERT INTO config.marc_subfield(marc_format, marc_record_type, tag, code, description,
                                 repeatable, mandatory, hidden)
VALUES (1, 'biblio', '830', '3', $$Materials specified$$,
FALSE, FALSE, FALSE);
INSERT INTO config.marc_subfield(marc_format, marc_record_type, tag, code, description,
                                 repeatable, mandatory, hidden)
VALUES (1, 'biblio', '830', '5', $$Institution to which field applies$$,
TRUE, FALSE, FALSE);
INSERT INTO config.marc_subfield(marc_format, marc_record_type, tag, code, description,
                                 repeatable, mandatory, hidden)
VALUES (1, 'biblio', '830', '6', $$Linkage$$,
FALSE, FALSE, FALSE);
INSERT INTO config.marc_subfield(marc_format, marc_record_type, tag, code, description,
                                 repeatable, mandatory, hidden)
VALUES (1, 'biblio', '830', '8', $$Field link and sequence number$$,
TRUE, FALSE, FALSE);
INSERT INTO config.marc_field(marc_format, marc_record_type, tag, name, description,
                              fixed_field, repeatable, mandatory, hidden)
VALUES (1, 'biblio', '841', $$Holdings Coded Data Values$$, $$When holdings data are embedded in a bibliographic record, this field contains certain coded information that would apply to the holdings information if it were in a separate holdings record in field 008 (Fixed-Length Data Elements).$$,
FALSE, FALSE, FALSE, FALSE);
INSERT INTO config.record_attr_definition(name, label)
VALUES ('marc21_biblio_841_ind_1', 'MARC 21 biblio field 841 indicator position 1');
INSERT INTO config.coded_value_map(ctype, code, value, opac_visible, is_simple)
VALUES ('marc21_biblio_841_ind_1', '#', $$Undefined$$, FALSE, TRUE);
INSERT INTO config.record_attr_definition(name, label)
VALUES ('marc21_biblio_841_ind_2', 'MARC 21 biblio field 841 indicator position 2');
INSERT INTO config.coded_value_map(ctype, code, value, opac_visible, is_simple)
VALUES ('marc21_biblio_841_ind_2', '#', $$Undefined$$, FALSE, TRUE);
INSERT INTO config.marc_subfield(marc_format, marc_record_type, tag, code, description,
                                 repeatable, mandatory, hidden)
VALUES (1, 'biblio', '841', 'a', $$Type of record$$,
FALSE, FALSE, FALSE);
INSERT INTO config.marc_subfield(marc_format, marc_record_type, tag, code, description,
                                 repeatable, mandatory, hidden)
VALUES (1, 'biblio', '841', 'b', $$Fixed-length data elements$$,
FALSE, FALSE, FALSE);
INSERT INTO config.marc_subfield(marc_format, marc_record_type, tag, code, description,
                                 repeatable, mandatory, hidden)
VALUES (1, 'biblio', '841', 'e', $$Encoding level$$,
FALSE, FALSE, FALSE);
INSERT INTO config.marc_field(marc_format, marc_record_type, tag, name, description,
                              fixed_field, repeatable, mandatory, hidden)
VALUES (1, 'biblio', '842', $$Textual Physical Form Designator$$, $$Designation in textual form of the physical form of the item. The physical form designator specifies the physical medium or form, or type of material of the unit held. The general physical form designator in coded form is recorded in field 007 (Physical Description Fixed Field).$$,
FALSE, FALSE, FALSE, FALSE);
INSERT INTO config.record_attr_definition(name, label)
VALUES ('marc21_biblio_842_ind_1', 'MARC 21 biblio field 842 indicator position 1');
INSERT INTO config.coded_value_map(ctype, code, value, opac_visible, is_simple)
VALUES ('marc21_biblio_842_ind_1', '#', $$Undefined$$, FALSE, TRUE);
INSERT INTO config.record_attr_definition(name, label)
VALUES ('marc21_biblio_842_ind_2', 'MARC 21 biblio field 842 indicator position 2');
INSERT INTO config.coded_value_map(ctype, code, value, opac_visible, is_simple)
VALUES ('marc21_biblio_842_ind_2', '#', $$Undefined$$, FALSE, TRUE);
INSERT INTO config.marc_subfield(marc_format, marc_record_type, tag, code, description,
                                 repeatable, mandatory, hidden)
VALUES (1, 'biblio', '842', 'a', $$Textual physical form designator$$,
FALSE, FALSE, FALSE);
INSERT INTO config.marc_subfield(marc_format, marc_record_type, tag, code, description,
                                 repeatable, mandatory, hidden)
VALUES (1, 'biblio', '842', '6', $$Linkage$$,
FALSE, FALSE, FALSE);
INSERT INTO config.marc_subfield(marc_format, marc_record_type, tag, code, description,
                                 repeatable, mandatory, hidden)
VALUES (1, 'biblio', '842', '8', $$Field link and sequence number$$,
TRUE, FALSE, FALSE);
INSERT INTO config.marc_field(marc_format, marc_record_type, tag, name, description,
                              fixed_field, repeatable, mandatory, hidden)
VALUES (1, 'biblio', '843', $$Reproduction Note$$, $$Description of an item that is a reproduction of original materials. Used when an institution chooses to have the main portion of the bibliographic record description reflect the original and the notes in field 843 reflect information about the copy.$$,
FALSE, TRUE, FALSE, FALSE);
INSERT INTO config.record_attr_definition(name, label)
VALUES ('marc21_biblio_843_ind_1', 'MARC 21 biblio field 843 indicator position 1');
INSERT INTO config.coded_value_map(ctype, code, value, opac_visible, is_simple)
VALUES ('marc21_biblio_843_ind_1', '#', $$Undefined$$, FALSE, TRUE);
INSERT INTO config.record_attr_definition(name, label)
VALUES ('marc21_biblio_843_ind_2', 'MARC 21 biblio field 843 indicator position 2');
INSERT INTO config.coded_value_map(ctype, code, value, opac_visible, is_simple)
VALUES ('marc21_biblio_843_ind_2', '#', $$Undefined$$, FALSE, TRUE);
INSERT INTO config.marc_subfield(marc_format, marc_record_type, tag, code, description,
                                 repeatable, mandatory, hidden)
VALUES (1, 'biblio', '843', 'a', $$Type of reproduction$$,
FALSE, FALSE, FALSE);
INSERT INTO config.marc_subfield(marc_format, marc_record_type, tag, code, description,
                                 repeatable, mandatory, hidden)
VALUES (1, 'biblio', '843', 'b', $$Place of reproduction$$,
TRUE, FALSE, FALSE);
INSERT INTO config.marc_subfield(marc_format, marc_record_type, tag, code, description,
                                 repeatable, mandatory, hidden)
VALUES (1, 'biblio', '843', 'c', $$Agency responsible for reproduction$$,
TRUE, FALSE, FALSE);
INSERT INTO config.marc_subfield(marc_format, marc_record_type, tag, code, description,
                                 repeatable, mandatory, hidden)
VALUES (1, 'biblio', '843', 'd', $$Date of reproduction$$,
FALSE, FALSE, FALSE);
INSERT INTO config.marc_subfield(marc_format, marc_record_type, tag, code, description,
                                 repeatable, mandatory, hidden)
VALUES (1, 'biblio', '843', 'e', $$Physical description of reproduction$$,
FALSE, FALSE, FALSE);
INSERT INTO config.marc_subfield(marc_format, marc_record_type, tag, code, description,
                                 repeatable, mandatory, hidden)
VALUES (1, 'biblio', '843', 'f', $$Series statement of reproduction$$,
TRUE, FALSE, FALSE);
INSERT INTO config.marc_subfield(marc_format, marc_record_type, tag, code, description,
                                 repeatable, mandatory, hidden)
VALUES (1, 'biblio', '843', 'm', $$Dates of publication and/or sequential designation of issues reproduced$$,
TRUE, FALSE, FALSE);
INSERT INTO config.marc_subfield(marc_format, marc_record_type, tag, code, description,
                                 repeatable, mandatory, hidden)
VALUES (1, 'biblio', '843', 'n', $$Note about reproduction$$,
TRUE, FALSE, FALSE);
INSERT INTO config.marc_subfield(marc_format, marc_record_type, tag, code, description,
                                 repeatable, mandatory, hidden)
VALUES (1, 'biblio', '843', '3', $$Materials specified$$,
FALSE, FALSE, FALSE);
INSERT INTO config.marc_subfield(marc_format, marc_record_type, tag, code, description,
                                 repeatable, mandatory, hidden)
VALUES (1, 'biblio', '843', '5', $$Institution to which field applies$$,
FALSE, FALSE, FALSE);
INSERT INTO config.marc_subfield(marc_format, marc_record_type, tag, code, description,
                                 repeatable, mandatory, hidden)
VALUES (1, 'biblio', '843', '6', $$Linkage$$,
FALSE, FALSE, FALSE);
INSERT INTO config.marc_subfield(marc_format, marc_record_type, tag, code, description,
                                 repeatable, mandatory, hidden)
VALUES (1, 'biblio', '843', '7', $$Fixed-length data elements of reproduction$$,
FALSE, FALSE, FALSE);
INSERT INTO config.marc_subfield(marc_format, marc_record_type, tag, code, description,
                                 repeatable, mandatory, hidden)
VALUES (1, 'biblio', '843', '8', $$Field link and sequence number$$,
TRUE, FALSE, FALSE);
INSERT INTO config.marc_field(marc_format, marc_record_type, tag, name, description,
                              fixed_field, repeatable, mandatory, hidden)
VALUES (1, 'biblio', '844', $$Name of Unit$$, $$Bibliographic title or a supplied designation describing a basic bibliographic unit, supplementary material, or an index. A supplement or index designation used as a caption is contained in fields 853-855 (Captions and Pattern), subfield $a-$h (Enumeration captions).$$,
FALSE, FALSE, FALSE, FALSE);
INSERT INTO config.record_attr_definition(name, label)
VALUES ('marc21_biblio_844_ind_1', 'MARC 21 biblio field 844 indicator position 1');
INSERT INTO config.coded_value_map(ctype, code, value, opac_visible, is_simple)
VALUES ('marc21_biblio_844_ind_1', '#', $$Undefined$$, FALSE, TRUE);
INSERT INTO config.record_attr_definition(name, label)
VALUES ('marc21_biblio_844_ind_2', 'MARC 21 biblio field 844 indicator position 2');
INSERT INTO config.coded_value_map(ctype, code, value, opac_visible, is_simple)
VALUES ('marc21_biblio_844_ind_2', '#', $$Undefined$$, FALSE, TRUE);
INSERT INTO config.marc_subfield(marc_format, marc_record_type, tag, code, description,
                                 repeatable, mandatory, hidden)
VALUES (1, 'biblio', '844', 'a', $$Name of unit$$,
FALSE, FALSE, FALSE);
INSERT INTO config.marc_subfield(marc_format, marc_record_type, tag, code, description,
                                 repeatable, mandatory, hidden)
VALUES (1, 'biblio', '844', '6', $$Linkage$$,
FALSE, FALSE, FALSE);
INSERT INTO config.marc_subfield(marc_format, marc_record_type, tag, code, description,
                                 repeatable, mandatory, hidden)
VALUES (1, 'biblio', '844', '8', $$Field link and sequence number$$,
TRUE, FALSE, FALSE);
INSERT INTO config.marc_field(marc_format, marc_record_type, tag, name, description,
                              fixed_field, repeatable, mandatory, hidden)
VALUES (1, 'biblio', '845', $$Terms Governing Use and Reproduction Note$$, $$Terms governing the use and reproduction of a bibliographic item when the holding organization will lend (008/20, Lending policy, code a) and reproduce (008/21, Reproduction policy, code a) the item.$$,
FALSE, TRUE, FALSE, FALSE);
INSERT INTO config.record_attr_definition(name, label)
VALUES ('marc21_biblio_845_ind_1', 'MARC 21 biblio field 845 indicator position 1');
INSERT INTO config.coded_value_map(ctype, code, value, opac_visible, is_simple)
VALUES ('marc21_biblio_845_ind_1', '#', $$Undefined$$, FALSE, TRUE);
INSERT INTO config.record_attr_definition(name, label)
VALUES ('marc21_biblio_845_ind_2', 'MARC 21 biblio field 845 indicator position 2');
INSERT INTO config.coded_value_map(ctype, code, value, opac_visible, is_simple)
VALUES ('marc21_biblio_845_ind_2', '#', $$Undefined$$, FALSE, TRUE);
INSERT INTO config.marc_subfield(marc_format, marc_record_type, tag, code, description,
                                 repeatable, mandatory, hidden)
VALUES (1, 'biblio', '845', 'a', $$Terms governing use and reproduction$$,
FALSE, FALSE, FALSE);
INSERT INTO config.marc_subfield(marc_format, marc_record_type, tag, code, description,
                                 repeatable, mandatory, hidden)
VALUES (1, 'biblio', '845', 'b', $$Jurisdiction$$,
FALSE, FALSE, FALSE);
INSERT INTO config.marc_subfield(marc_format, marc_record_type, tag, code, description,
                                 repeatable, mandatory, hidden)
VALUES (1, 'biblio', '845', 'c', $$Authorization$$,
FALSE, FALSE, FALSE);
INSERT INTO config.marc_subfield(marc_format, marc_record_type, tag, code, description,
                                 repeatable, mandatory, hidden)
VALUES (1, 'biblio', '845', 'd', $$Authorized users$$,
FALSE, FALSE, FALSE);
INSERT INTO config.marc_subfield(marc_format, marc_record_type, tag, code, description,
                                 repeatable, mandatory, hidden)
VALUES (1, 'biblio', '845', 'u', $$Uniform Resource Identifier$$,
TRUE, FALSE, FALSE);
INSERT INTO config.marc_subfield(marc_format, marc_record_type, tag, code, description,
                                 repeatable, mandatory, hidden)
VALUES (1, 'biblio', '845', '3', $$Materials specified$$,
FALSE, FALSE, FALSE);
INSERT INTO config.marc_subfield(marc_format, marc_record_type, tag, code, description,
                                 repeatable, mandatory, hidden)
VALUES (1, 'biblio', '845', '5', $$Institution to which field applies$$,
FALSE, FALSE, FALSE);
INSERT INTO config.marc_subfield(marc_format, marc_record_type, tag, code, description,
                                 repeatable, mandatory, hidden)
VALUES (1, 'biblio', '845', '6', $$Linkage$$,
FALSE, FALSE, FALSE);
INSERT INTO config.marc_subfield(marc_format, marc_record_type, tag, code, description,
                                 repeatable, mandatory, hidden)
VALUES (1, 'biblio', '845', '8', $$Field link and sequence number$$,
TRUE, FALSE, FALSE);
INSERT INTO config.marc_field(marc_format, marc_record_type, tag, name, description,
                              fixed_field, repeatable, mandatory, hidden)
VALUES (1, 'biblio', '850', $$Holding Institution$$, $$Information concerning holdings of the described item by the specified institution.$$,
FALSE, TRUE, FALSE, FALSE);
INSERT INTO config.record_attr_definition(name, label)
VALUES ('marc21_biblio_850_ind_1', 'MARC 21 biblio field 850 indicator position 1');
INSERT INTO config.coded_value_map(ctype, code, value, opac_visible, is_simple)
VALUES ('marc21_biblio_850_ind_1', '#', $$Undefined$$, FALSE, TRUE);
INSERT INTO config.record_attr_definition(name, label)
VALUES ('marc21_biblio_850_ind_2', 'MARC 21 biblio field 850 indicator position 2');
INSERT INTO config.coded_value_map(ctype, code, value, opac_visible, is_simple)
VALUES ('marc21_biblio_850_ind_2', '#', $$Undefined$$, FALSE, TRUE);
INSERT INTO config.marc_subfield(marc_format, marc_record_type, tag, code, description,
                                 repeatable, mandatory, hidden)
VALUES (1, 'biblio', '850', 'a', $$Holding institution$$,
TRUE, FALSE, FALSE);
INSERT INTO config.marc_subfield(marc_format, marc_record_type, tag, code, description,
                                 repeatable, mandatory, hidden)
VALUES (1, 'biblio', '850', '8', $$Field link and sequence number$$,
TRUE, FALSE, FALSE);
INSERT INTO config.marc_field(marc_format, marc_record_type, tag, name, description,
                              fixed_field, repeatable, mandatory, hidden)
VALUES (1, 'biblio', '852', $$Location$$, $$Identifies the organization holding the item or from which it is available. May also contain detailed information about how to locate the item in a collection.$$,
FALSE, TRUE, FALSE, FALSE);
INSERT INTO config.record_attr_definition(name, label)
VALUES ('marc21_biblio_852_ind_1', 'MARC 21 biblio field 852 indicator position 1');
INSERT INTO config.coded_value_map(ctype, code, value, opac_visible, is_simple)
VALUES ('marc21_biblio_852_ind_1', '#', $$No information provided$$, FALSE, TRUE);
INSERT INTO config.coded_value_map(ctype, code, value, opac_visible, is_simple)
VALUES ('marc21_biblio_852_ind_1', '0', $$Library of Congress classification$$, FALSE, TRUE);
INSERT INTO config.coded_value_map(ctype, code, value, opac_visible, is_simple)
VALUES ('marc21_biblio_852_ind_1', '1', $$Dewey Decimal classification$$, FALSE, TRUE);
INSERT INTO config.coded_value_map(ctype, code, value, opac_visible, is_simple)
VALUES ('marc21_biblio_852_ind_1', '2', $$National Library of Medicine classification$$, FALSE, TRUE);
INSERT INTO config.coded_value_map(ctype, code, value, opac_visible, is_simple)
VALUES ('marc21_biblio_852_ind_1', '3', $$Superintendent of Documents classification$$, FALSE, TRUE);
INSERT INTO config.coded_value_map(ctype, code, value, opac_visible, is_simple)
VALUES ('marc21_biblio_852_ind_1', '4', $$Shelving control number$$, FALSE, TRUE);
INSERT INTO config.coded_value_map(ctype, code, value, opac_visible, is_simple)
VALUES ('marc21_biblio_852_ind_1', '5', $$Title$$, FALSE, TRUE);
INSERT INTO config.coded_value_map(ctype, code, value, opac_visible, is_simple)
VALUES ('marc21_biblio_852_ind_1', '6', $$Shelved separately$$, FALSE, TRUE);
INSERT INTO config.coded_value_map(ctype, code, value, opac_visible, is_simple)
VALUES ('marc21_biblio_852_ind_1', '7', $$Source specified in subfield $2$$, FALSE, TRUE);
INSERT INTO config.coded_value_map(ctype, code, value, opac_visible, is_simple)
VALUES ('marc21_biblio_852_ind_1', '8', $$Other scheme$$, FALSE, TRUE);
INSERT INTO config.record_attr_definition(name, label)
VALUES ('marc21_biblio_852_ind_2', 'MARC 21 biblio field 852 indicator position 2');
INSERT INTO config.coded_value_map(ctype, code, value, opac_visible, is_simple)
VALUES ('marc21_biblio_852_ind_2', '#', $$No information provided$$, FALSE, TRUE);
INSERT INTO config.coded_value_map(ctype, code, value, opac_visible, is_simple)
VALUES ('marc21_biblio_852_ind_2', '0', $$Not enumeration$$, FALSE, TRUE);
INSERT INTO config.coded_value_map(ctype, code, value, opac_visible, is_simple)
VALUES ('marc21_biblio_852_ind_2', '1', $$Primary enumeration$$, FALSE, TRUE);
INSERT INTO config.coded_value_map(ctype, code, value, opac_visible, is_simple)
VALUES ('marc21_biblio_852_ind_2', '2', $$Alternative enumeration$$, FALSE, TRUE);
INSERT INTO config.marc_subfield(marc_format, marc_record_type, tag, code, description,
                                 repeatable, mandatory, hidden)
VALUES (1, 'biblio', '852', 'a', $$Location$$,
FALSE, FALSE, FALSE);
INSERT INTO config.marc_subfield(marc_format, marc_record_type, tag, code, description,
                                 repeatable, mandatory, hidden)
VALUES (1, 'biblio', '852', 'b', $$Sublocation or collection$$,
TRUE, FALSE, FALSE);
INSERT INTO config.marc_subfield(marc_format, marc_record_type, tag, code, description,
                                 repeatable, mandatory, hidden)
VALUES (1, 'biblio', '852', 'c', $$Shelving location$$,
TRUE, FALSE, FALSE);
INSERT INTO config.marc_subfield(marc_format, marc_record_type, tag, code, description,
                                 repeatable, mandatory, hidden)
VALUES (1, 'biblio', '852', 'd', $$Former shelving location$$,
TRUE, FALSE, FALSE);
INSERT INTO config.marc_subfield(marc_format, marc_record_type, tag, code, description,
                                 repeatable, mandatory, hidden)
VALUES (1, 'biblio', '852', 'e', $$Address$$,
TRUE, FALSE, FALSE);
INSERT INTO config.marc_subfield(marc_format, marc_record_type, tag, code, description,
                                 repeatable, mandatory, hidden)
VALUES (1, 'biblio', '852', 'f', $$Coded location qualifier$$,
TRUE, FALSE, FALSE);
INSERT INTO config.marc_subfield(marc_format, marc_record_type, tag, code, description,
                                 repeatable, mandatory, hidden)
VALUES (1, 'biblio', '852', 'g', $$Non-coded location qualifier$$,
TRUE, FALSE, FALSE);
INSERT INTO config.marc_subfield(marc_format, marc_record_type, tag, code, description,
                                 repeatable, mandatory, hidden)
VALUES (1, 'biblio', '852', 'h', $$Classification part$$,
FALSE, FALSE, FALSE);
INSERT INTO config.marc_subfield(marc_format, marc_record_type, tag, code, description,
                                 repeatable, mandatory, hidden)
VALUES (1, 'biblio', '852', 'i', $$Item part$$,
TRUE, FALSE, FALSE);
INSERT INTO config.marc_subfield(marc_format, marc_record_type, tag, code, description,
                                 repeatable, mandatory, hidden)
VALUES (1, 'biblio', '852', 'j', $$Shelving control number$$,
FALSE, FALSE, FALSE);
INSERT INTO config.marc_subfield(marc_format, marc_record_type, tag, code, description,
                                 repeatable, mandatory, hidden)
VALUES (1, 'biblio', '852', 'k', $$Call number prefix$$,
TRUE, FALSE, FALSE);
INSERT INTO config.marc_subfield(marc_format, marc_record_type, tag, code, description,
                                 repeatable, mandatory, hidden)
VALUES (1, 'biblio', '852', 'l', $$Shelving form of title$$,
FALSE, FALSE, FALSE);
INSERT INTO config.marc_subfield(marc_format, marc_record_type, tag, code, description,
                                 repeatable, mandatory, hidden)
VALUES (1, 'biblio', '852', 'm', $$Call number suffix$$,
TRUE, FALSE, FALSE);
INSERT INTO config.marc_subfield(marc_format, marc_record_type, tag, code, description,
                                 repeatable, mandatory, hidden)
VALUES (1, 'biblio', '852', 'n', $$Country code$$,
FALSE, FALSE, FALSE);
INSERT INTO config.marc_subfield(marc_format, marc_record_type, tag, code, description,
                                 repeatable, mandatory, hidden)
VALUES (1, 'biblio', '852', 'p', $$Piece designation$$,
FALSE, FALSE, FALSE);
INSERT INTO config.marc_subfield(marc_format, marc_record_type, tag, code, description,
                                 repeatable, mandatory, hidden)
VALUES (1, 'biblio', '852', 'q', $$Piece physical condition$$,
FALSE, FALSE, FALSE);
INSERT INTO config.marc_subfield(marc_format, marc_record_type, tag, code, description,
                                 repeatable, mandatory, hidden)
VALUES (1, 'biblio', '852', 's', $$Copyright article-fee code$$,
TRUE, FALSE, FALSE);
INSERT INTO config.marc_subfield(marc_format, marc_record_type, tag, code, description,
                                 repeatable, mandatory, hidden)
VALUES (1, 'biblio', '852', 't', $$Copy number$$,
FALSE, FALSE, FALSE);
INSERT INTO config.marc_subfield(marc_format, marc_record_type, tag, code, description,
                                 repeatable, mandatory, hidden)
VALUES (1, 'biblio', '852', 'u', $$Uniform Resource Identifier$$,
TRUE, FALSE, FALSE);
INSERT INTO config.marc_subfield(marc_format, marc_record_type, tag, code, description,
                                 repeatable, mandatory, hidden)
VALUES (1, 'biblio', '852', 'x', $$Nonpublic note$$,
TRUE, FALSE, FALSE);
INSERT INTO config.marc_subfield(marc_format, marc_record_type, tag, code, description,
                                 repeatable, mandatory, hidden)
VALUES (1, 'biblio', '852', 'z', $$Public note$$,
TRUE, FALSE, FALSE);
INSERT INTO config.marc_subfield(marc_format, marc_record_type, tag, code, description,
                                 repeatable, mandatory, hidden)
VALUES (1, 'biblio', '852', '2', $$Source of classification or shelving scheme$$,
FALSE, FALSE, FALSE);
